000
CDUS44 KMEG 270638
CLIMKL


CLIMATE REPORT
NATIONAL WEATHER SERVICE MEMPHIS TN
138 AM CDT FRI MAR 27 2015


...................................

...THE JACKSON CLIMATE SUMMARY FOR MARCH 26 2015...

CLIMATE NORMAL PERIOD 1981 TO 2010
CLIMATE RECORD PERIOD 1948 TO 2015


WEATHER ITEM   OBSERVED TIME   RECORD YEAR NORMAL DEPARTURE LAST
                VALUE   (LST)  VALUE       VALUE  FROM      YEAR
                                                  NORMAL
..................................................................
TEMPERATURE (F)
 YESTERDAY
  MAXIMUM         67   1202 AM  84    2007  66      1       55
                                      1991
  MINIMUM         35   1159 PM  16    1955  42     -7       20
  AVERAGE         51                        54     -3       38

PRECIPITATION (IN)
  YESTERDAY        0.08          0.76 2002   0.17  -0.09     0.00
  MONTH TO DATE    4.65                      3.92   0.73     4.14
  SINCE MAR 1      4.65                      3.92   0.73     4.14
  SINCE JAN 1     10.54                     12.16  -1.62    12.30

SNOWFALL (IN)
  YESTERDAY        0.0           T    2013   0.0    0.0      0.0
                                      1978
                                      1969
  MONTH TO DATE    4.4                       0.3    4.1      0.8
  SINCE MAR 1      4.4                       0.3    4.1      0.8
  SINCE JUL 1      5.9                       4.5    1.4      1.3
  SNOW DEPTH       0

DEGREE DAYS
 HEATING
  YESTERDAY       14                        12      2       27
  MONTH TO DATE  391                       391      0      539
  SINCE MAR 1    391                       391      0      539
  SINCE JUL 1   3564                      3275    289     3835

 COOLING
  YESTERDAY        0                         1     -1        0
  MONTH TO DATE    2                         2      0        0
  SINCE MAR 1      2                         2      0        0
  SINCE JAN 1      2                         3     -1        0
..................................................................


WIND (MPH)
  HIGHEST WIND SPEED    25   HIGHEST WIND DIRECTION     N (350)
  HIGHEST GUST SPEED    32   HIGHEST GUST DIRECTION     N (350)
  AVERAGE WIND SPEED     9.4


SKY COVER
  POSSIBLE SUNSHINE  MM
  AVERAGE SKY COVER 0.8


WEATHER CONDITIONS
 THE FOLLOWING WEATHER WAS RECORDED YESTERDAY.
  LIGHT RAIN
  FOG


RELATIVE HUMIDITY (PERCENT)
 HIGHEST    93           600 AM
 LOWEST     63          1200 AM
 AVERAGE    78

..........................................................


THE JACKSON CLIMATE NORMALS FOR TODAY
                         NORMAL    RECORD    YEAR
 MAXIMUM TEMPERATURE (F)   66        82      2012
 MINIMUM TEMPERATURE (F)   42        19      1955


SUNRISE AND SUNSET
MARCH 27 2015.........SUNRISE   650 AM CDT   SUNSET   713 PM CDT
MARCH 28 2015.........SUNRISE   648 AM CDT   SUNSET   714 PM CDT


-  INDICATES NEGATIVE NUMBERS.
R  INDICATES RECORD WAS SET OR TIED.
MM INDICATES DATA IS MISSING.
T  INDICATES TRACE AMOUNT.




$$
