000
CDUS44 KMEG 310733
CLIMKL


CLIMATE REPORT
NATIONAL WEATHER SERVICE MEMPHIS TN
132 AM CST SAT JAN 31 2015


...................................

...THE JACKSON CLIMATE SUMMARY FOR JANUARY 30 2015...

CLIMATE NORMAL PERIOD 1981 TO 2010
CLIMATE RECORD PERIOD 1948 TO 2015


WEATHER ITEM   OBSERVED TIME   RECORD YEAR NORMAL DEPARTURE LAST
                VALUE   (LST)  VALUE       VALUE  FROM      YEAR
                                                  NORMAL
..................................................................
TEMPERATURE (F)
 YESTERDAY
  MAXIMUM         48    417 PM  73    2002  49     -1       44
  MINIMUM         26   1141 PM  -6    1966  29     -3        9
  AVERAGE         37                        39     -2       27

PRECIPITATION (IN)
  YESTERDAY        0.00          2.41 1950   0.15  -0.15     0.00
  MONTH TO DATE    0.74                      3.92  -3.18     3.01
  SINCE DEC 1      3.82                      9.27  -5.45     7.81
  SINCE JAN 1      0.74                      3.92  -3.18     3.01

SNOWFALL (IN)
  YESTERDAY        0.0           3.0  1949   0.1   -0.1      0.0
  MONTH TO DATE    T                         2.2   -2.2       T
  SINCE DEC 1      T                         2.4   -2.4       T
  SINCE JUL 1      0.1                       2.5   -2.4       T
  SNOW DEPTH       0

DEGREE DAYS
 HEATING
  YESTERDAY       28                        26      2       38
  MONTH TO DATE  811                       806      5      976
  SINCE DEC 1   1466                      1557    -91     1743
  SINCE JUL 1   2258                      2224     34     2533

 COOLING
  YESTERDAY        0                         0      0        0
  MONTH TO DATE    0                         0      0        0
  SINCE DEC 1      0                         1     -1        8
  SINCE JAN 1      0                         0      0        0
..................................................................


WIND (MPH)
  HIGHEST WIND SPEED    20   HIGHEST WIND DIRECTION     N (360)
  HIGHEST GUST SPEED    25   HIGHEST GUST DIRECTION     N (360)
  AVERAGE WIND SPEED     6.9


SKY COVER
  POSSIBLE SUNSHINE  MM
  AVERAGE SKY COVER 0.4


WEATHER CONDITIONS
 THE FOLLOWING WEATHER WAS RECORDED YESTERDAY.
  NO SIGNIFICANT WEATHER WAS OBSERVED.


RELATIVE HUMIDITY (PERCENT)
 HIGHEST    75          1000 PM
 LOWEST     34           300 PM
 AVERAGE    55

..........................................................


THE JACKSON CLIMATE NORMALS FOR TODAY
                         NORMAL    RECORD    YEAR
 MAXIMUM TEMPERATURE (F)   49        76      2002
 MINIMUM TEMPERATURE (F)   29        -3      1966


SUNRISE AND SUNSET
JANUARY 31 2015.......SUNRISE   656 AM CST   SUNSET   522 PM CST
FEBRUARY  1 2015......SUNRISE   656 AM CST   SUNSET   523 PM CST


-  INDICATES NEGATIVE NUMBERS.
R  INDICATES RECORD WAS SET OR TIED.
MM INDICATES DATA IS MISSING.
T  INDICATES TRACE AMOUNT.




$$
