000
CDUS44 KMEG 300634
CLIMKL


CLIMATE REPORT
NATIONAL WEATHER SERVICE MEMPHIS TN
133 AM CDT WED JUL 30 2014


...................................

...THE JACKSON CLIMATE SUMMARY FOR JULY 29 2014...

CLIMATE NORMAL PERIOD 1981 TO 2010
CLIMATE RECORD PERIOD 1948 TO 2014


WEATHER ITEM   OBSERVED TIME   RECORD YEAR NORMAL DEPARTURE LAST
                VALUE   (LST)  VALUE       VALUE  FROM      YEAR
                                                  NORMAL
..................................................................
TEMPERATURE (F)
 YESTERDAY
  MAXIMUM         79    401 PM 105    1952  91    -12       84
  MINIMUM         57   1159 PM  56    1994  68    -11       62
  AVERAGE         68                        80    -12       73

PRECIPITATION (IN)
  YESTERDAY        0.00          2.01 2001   0.13  -0.13     0.00
  MONTH TO DATE    3.79                      4.23  -0.44     4.91
  SINCE JUN 1     16.38                      9.07   7.31     7.69
  SINCE JAN 1     38.39                     32.61   5.78    42.67

SNOWFALL (IN)
  YESTERDAY        0.0          MM      MM   0.0    0.0      0.0
  MONTH TO DATE    0.0                       0.0    0.0      0.0
  SINCE JUN 1      0.0                       0.0    0.0      0.0
  SINCE JUL 1      0.0                       0.0    0.0      0.0
  SNOW DEPTH       0

DEGREE DAYS
 HEATING
  YESTERDAY        0                         0      0        0
  MONTH TO DATE    0                         0      0        0
  SINCE JUN 1      0                         2     -2        0
  SINCE JUL 1      0                         0      0        0

 COOLING
  YESTERDAY        3                        14    -11        8
  MONTH TO DATE  277                       426   -149      344
  SINCE JUN 1    640                       765   -125      687
  SINCE JAN 1    890                       980    -90      887
..................................................................


WIND (MPH)
  HIGHEST WIND SPEED    13   HIGHEST WIND DIRECTION     N (350)
  HIGHEST GUST SPEED    16   HIGHEST GUST DIRECTION     N (340)
  AVERAGE WIND SPEED     3.9


SKY COVER
  POSSIBLE SUNSHINE  MM
  AVERAGE SKY COVER 0.2


WEATHER CONDITIONS
 THE FOLLOWING WEATHER WAS RECORDED YESTERDAY.
  NO SIGNIFICANT WEATHER WAS OBSERVED.


RELATIVE HUMIDITY (PERCENT)
 HIGHEST    93          1100 PM
 LOWEST     39           200 PM
 AVERAGE    66

..........................................................


THE JACKSON CLIMATE NORMALS FOR TODAY
                         NORMAL    RECORD    YEAR
 MAXIMUM TEMPERATURE (F)   91       101      1999
 MINIMUM TEMPERATURE (F)   68        57      1994
                                             1971
                                             1965


SUNRISE AND SUNSET
JULY 30 2014..........SUNRISE   602 AM CDT   SUNSET   801 PM CDT
JULY 31 2014..........SUNRISE   603 AM CDT   SUNSET   801 PM CDT


-  INDICATES NEGATIVE NUMBERS.
R  INDICATES RECORD WAS SET OR TIED.
MM INDICATES DATA IS MISSING.
T  INDICATES TRACE AMOUNT.




$$
