216
CDUS44 KMEG 190732
CLIMKL


CLIMATE REPORT
NATIONAL WEATHER SERVICE MEMPHIS TN
132 AM CST MON FEB 19 2018


...................................

...THE JACKSON CLIMATE SUMMARY FOR FEBRUARY 18 2018...

CLIMATE NORMAL PERIOD 1981 TO 2010
CLIMATE RECORD PERIOD 1948 TO 2018


WEATHER ITEM   OBSERVED TIME   RECORD YEAR NORMAL DEPARTURE LAST
                VALUE   (LST)  VALUE       VALUE  FROM      YEAR
                                                  NORMAL
..................................................................
TEMPERATURE (F)
 YESTERDAY
  MAXIMUM         61    323 PM  75    1986  54      7       62
  MINIMUM         31    652 AM  -4    1958  33     -2       49
  AVERAGE         46                        43      3       56

PRECIPITATION (IN)
  YESTERDAY        0.00          1.27 1991   0.15  -0.15     0.25
  MONTH TO DATE    5.91                      2.70   3.21     1.39
  SINCE DEC 1     16.69                     12.12   4.57    11.49
  SINCE JAN 1     10.08                      6.77   3.31     4.31

DEGREE DAYS
 HEATING
  YESTERDAY       19                        22     -3        9
  MONTH TO DATE  397                       432    -35      289
  SINCE DEC 1   2078                      2014     64     1579
  SINCE JUL 1   2679                      2681     -2     1963

 COOLING
  YESTERDAY        0                         0      0        0
  MONTH TO DATE    7                         0      7        2
  SINCE DEC 1      7                         1      6        4
  SINCE JAN 1      7                         0      7        2
..................................................................


WIND (MPH)
  HIGHEST WIND SPEED    17   HIGHEST WIND DIRECTION     S (180)
  HIGHEST GUST SPEED    21   HIGHEST GUST DIRECTION     S (170)
  AVERAGE WIND SPEED     6.4


SKY COVER
  POSSIBLE SUNSHINE  MM
  AVERAGE SKY COVER 0.6


WEATHER CONDITIONS
 THE FOLLOWING WEATHER WAS RECORDED YESTERDAY.
  FOG
  FOG W/VISIBILITY <= 1/4 MILE


RELATIVE HUMIDITY (PERCENT)
 HIGHEST   100          1200 AM
 LOWEST     36           300 PM
 AVERAGE    68

..........................................................


THE JACKSON CLIMATE NORMALS FOR TODAY
                         NORMAL    RECORD    YEAR
 MAXIMUM TEMPERATURE (F)   54        75      2017
 MINIMUM TEMPERATURE (F)   33         5      1958


SUNRISE AND SUNSET
FEBRUARY 19 2018......SUNRISE   638 AM CST   SUNSET   542 PM CST
FEBRUARY 20 2018......SUNRISE   637 AM CST   SUNSET   543 PM CST


-  INDICATES NEGATIVE NUMBERS.
R  INDICATES RECORD WAS SET OR TIED.
MM INDICATES DATA IS MISSING.
T  INDICATES TRACE AMOUNT.




$$
