000
CDUS44 KMEG 170633
CLIMKL


CLIMATE REPORT
NATIONAL WEATHER SERVICE MEMPHIS TN
133 AM CDT TUE OCT 17 2017


...................................

...THE JACKSON CLIMATE SUMMARY FOR OCTOBER 16 2017...

CLIMATE NORMAL PERIOD 1981 TO 2010
CLIMATE RECORD PERIOD 1948 TO 2017


WEATHER ITEM   OBSERVED TIME   RECORD YEAR NORMAL DEPARTURE LAST
                VALUE   (LST)  VALUE       VALUE  FROM      YEAR
                                                  NORMAL
..................................................................
TEMPERATURE (F)
 YESTERDAY
  MAXIMUM         67    320 PM  89    1953  73     -6       85
  MINIMUM         42   1148 PM  30    1952  48     -6       58
  AVERAGE         55                        60     -5       72

PRECIPITATION (IN)
  YESTERDAY        0.00          2.00 1975   0.12  -0.12     0.00
  MONTH TO DATE    1.51                      1.93  -0.42     1.00
  SINCE SEP 1      3.37                      5.31  -1.94     2.69
  SINCE JAN 1     38.40                     41.18  -2.78    36.56

DEGREE DAYS
 HEATING
  YESTERDAY       10                         6      4        0
  MONTH TO DATE   20                        69    -49       15
  SINCE SEP 1     27                        95    -68       20
  SINCE JUL 1     27                        95    -68       20

 COOLING
  YESTERDAY        0                         1     -1        7
  MONTH TO DATE   87                        34     53       59
  SINCE SEP 1    307                       254     53      381
  SINCE JAN 1   1787                      1677    110     2010
..................................................................


WIND (MPH)
  HIGHEST WIND SPEED    16   HIGHEST WIND DIRECTION    NE (30)
  HIGHEST GUST SPEED    23   HIGHEST GUST DIRECTION     N (360)
  AVERAGE WIND SPEED     7.4


SKY COVER
  POSSIBLE SUNSHINE  MM
  AVERAGE SKY COVER 0.0


WEATHER CONDITIONS
 THE FOLLOWING WEATHER WAS RECORDED YESTERDAY.
  NO SIGNIFICANT WEATHER WAS OBSERVED.


RELATIVE HUMIDITY (PERCENT)
 HIGHEST   100          1000 PM
 LOWEST     40           300 PM
 AVERAGE    70

..........................................................


THE JACKSON CLIMATE NORMALS FOR TODAY
                         NORMAL    RECORD    YEAR
 MAXIMUM TEMPERATURE (F)   73        89      1996
                                             1953
 MINIMUM TEMPERATURE (F)   47        29      1948


SUNRISE AND SUNSET
OCTOBER 17 2017.......SUNRISE   704 AM CDT   SUNSET   617 PM CDT
OCTOBER 18 2017.......SUNRISE   705 AM CDT   SUNSET   616 PM CDT


-  INDICATES NEGATIVE NUMBERS.
R  INDICATES RECORD WAS SET OR TIED.
MM INDICATES DATA IS MISSING.
T  INDICATES TRACE AMOUNT.




$$
