000
CDUS44 KMEG 250741
CLIMKL


CLIMATE REPORT
NATIONAL WEATHER SERVICE MEMPHIS TN
140 AM CST THU DEC 25 2014


...................................

...THE JACKSON CLIMATE SUMMARY FOR DECEMBER 24 2014...

CLIMATE NORMAL PERIOD 1981 TO 2010
CLIMATE RECORD PERIOD 1948 TO 2014


WEATHER ITEM   OBSERVED TIME   RECORD YEAR NORMAL DEPARTURE LAST
                VALUE   (LST)  VALUE       VALUE  FROM      YEAR
                                                  NORMAL
..................................................................
TEMPERATURE (F)
 YESTERDAY
  MAXIMUM         46   1242 PM  76    1955  49     -3       32
  MINIMUM         38   1158 PM -10    1963  30      8       21
  AVERAGE         42                        39      3       27

PRECIPITATION (IN)
  YESTERDAY        0.12          4.12 1987   0.17  -0.05     0.00
  MONTH TO DATE    2.64                      4.30  -1.66     4.55
  SINCE DEC 1      2.64                      4.30  -1.66     4.55
  SINCE JAN 1     57.82                     52.22   5.60    58.12

SNOWFALL (IN)
  YESTERDAY        0.0           2.0  1962   0.0    0.0      0.0
  MONTH TO DATE    T                         0.1   -0.1       T
  SINCE DEC 1      T                         0.1   -0.1       T
  SINCE JUL 1      0.1                       0.2   -0.1       T
  SNOW DEPTH       0

DEGREE DAYS
 HEATING
  YESTERDAY       23                        26     -3       38
  MONTH TO DATE  490                       568    -78      557
  SINCE DEC 1    490                       568    -78      557
  SINCE JUL 1   1282                      1235     47     1347

 COOLING
  YESTERDAY        0                         0      0        0
  MONTH TO DATE    0                         0      0        8
  SINCE DEC 1      0                         0      0        8
  SINCE JAN 1   1609                      1697    -88     1600
..................................................................


WIND (MPH)
  HIGHEST WIND SPEED    18   HIGHEST WIND DIRECTION    NW (330)
  HIGHEST GUST SPEED    24   HIGHEST GUST DIRECTION    NW (330)
  AVERAGE WIND SPEED     9.3


SKY COVER
  POSSIBLE SUNSHINE  MM
  AVERAGE SKY COVER 1.0


WEATHER CONDITIONS
 THE FOLLOWING WEATHER WAS RECORDED YESTERDAY.
  RAIN
  LIGHT RAIN
  FOG


RELATIVE HUMIDITY (PERCENT)
 HIGHEST    93          1200 AM
 LOWEST     70           500 PM
 AVERAGE    82

..........................................................


THE JACKSON CLIMATE NORMALS FOR TODAY
                         NORMAL    RECORD    YEAR
 MAXIMUM TEMPERATURE (F)   49        71      1982
 MINIMUM TEMPERATURE (F)   30        -2      1983


SUNRISE AND SUNSET
DECEMBER 25 2014......SUNRISE   703 AM CST   SUNSET   448 PM CST
DECEMBER 26 2014......SUNRISE   704 AM CST   SUNSET   449 PM CST


-  INDICATES NEGATIVE NUMBERS.
R  INDICATES RECORD WAS SET OR TIED.
MM INDICATES DATA IS MISSING.
T  INDICATES TRACE AMOUNT.




$$
