000
CDUS44 KMEG 190733
CLIMKL


CLIMATE REPORT
NATIONAL WEATHER SERVICE MEMPHIS TN
132 AM CST SUN FEB 19 2017


...................................

...THE JACKSON CLIMATE SUMMARY FOR FEBRUARY 18 2017...

CLIMATE NORMAL PERIOD 1981 TO 2010
CLIMATE RECORD PERIOD 1948 TO 2017


WEATHER ITEM   OBSERVED TIME   RECORD YEAR NORMAL DEPARTURE LAST
                VALUE   (LST)  VALUE       VALUE  FROM      YEAR
                                                  NORMAL
..................................................................
TEMPERATURE (F)
 YESTERDAY
  MAXIMUM         62    502 PM  75    1986  54      8       66
  MINIMUM         49    830 AM  -4    1958  33     16       31
  AVERAGE         56                        43     13       49

PRECIPITATION (IN)
  YESTERDAY        0.25          1.27 1991   0.15   0.10     0.00
  MONTH TO DATE    1.39                      2.70  -1.31     2.37
  SINCE DEC 1     11.49                     12.12  -0.63     9.56
  SINCE JAN 1      4.31                      6.77  -2.46     4.41

DEGREE DAYS
 HEATING
  YESTERDAY        9                        22    -13       16
  MONTH TO DATE  289                       432   -143      449
  SINCE DEC 1   1579                      2014   -435     1739
  SINCE JUL 1   1963                      2681   -718     2214

 COOLING
  YESTERDAY        0                         0      0        0
  MONTH TO DATE    2                         0      2        0
  SINCE DEC 1      4                         1      3        9
  SINCE JAN 1      2                         0      2        0
..................................................................


WIND (MPH)
  HIGHEST WIND SPEED     9   HIGHEST WIND DIRECTION     S (190)
  HIGHEST GUST SPEED    11   HIGHEST GUST DIRECTION     S (180)
  AVERAGE WIND SPEED     2.4


SKY COVER
  POSSIBLE SUNSHINE  MM
  AVERAGE SKY COVER 0.8


WEATHER CONDITIONS
 THE FOLLOWING WEATHER WAS RECORDED YESTERDAY.
  RAIN
  LIGHT RAIN
  FOG


RELATIVE HUMIDITY (PERCENT)
 HIGHEST   100           900 AM
 LOWEST     55          1200 AM
 AVERAGE    78

..........................................................


THE JACKSON CLIMATE NORMALS FOR TODAY
                         NORMAL    RECORD    YEAR
 MAXIMUM TEMPERATURE (F)   54        73      1994
 MINIMUM TEMPERATURE (F)   33         5      1958


SUNRISE AND SUNSET
FEBRUARY 19 2017......SUNRISE   638 AM CST   SUNSET   542 PM CST
FEBRUARY 20 2017......SUNRISE   636 AM CST   SUNSET   543 PM CST


-  INDICATES NEGATIVE NUMBERS.
R  INDICATES RECORD WAS SET OR TIED.
MM INDICATES DATA IS MISSING.
T  INDICATES TRACE AMOUNT.




$$
