000
CDUS42 KMLB 220628
CLIMLB


CLIMATE REPORT
NATIONAL WEATHER SERVICE MELBOURNE FL
128 AM EST WED FEB 22 2017


...................................

...THE MELBOURNE CLIMATE SUMMARY FOR FEBRUARY 21 2017...

CLIMATE NORMAL PERIOD 1981 TO 2010
CLIMATE RECORD PERIOD 1939 TO 2017


WEATHER ITEM   OBSERVED TIME   RECORD YEAR NORMAL DEPARTURE LAST
                VALUE   (LST)  VALUE       VALUE  FROM      YEAR
                                                  NORMAL
..................................................................
TEMPERATURE (F)
 YESTERDAY
  MAXIMUM         77    315 PM  88    1989  74      3       76
  MINIMUM         56    600 AM  30    1977  53      3       55
  AVERAGE         67                        63      4       66

PRECIPITATION (IN)
  YESTERDAY        0.00          0.91 1984   0.09  -0.09     0.00
  MONTH TO DATE    0.93                      1.86  -0.93     2.00
  SINCE DEC 1      2.71                      6.70  -3.99    13.52
  SINCE JAN 1      2.39                      4.13  -1.74     9.83

SNOWFALL (IN)
  YESTERDAY        0.0
  MONTH TO DATE    0.0
  SINCE JUL 1      0.0

DEGREE DAYS
 HEATING
  YESTERDAY        0                         4     -4        0
  MONTH TO DATE   30                        96    -66      103
  SINCE DEC 1    159                       423   -264      281
  SINCE JUL 1    178                       465   -287      286

 COOLING
  YESTERDAY        2                         2      0        1
  MONTH TO DATE   57                        42     15       41
  SINCE DEC 1    311                       162    149      361
  SINCE JAN 1    135                        86     49       77
..................................................................


WIND (MPH)
  HIGHEST WIND SPEED    18   HIGHEST WIND DIRECTION    SE (150)
  HIGHEST GUST SPEED    23   HIGHEST GUST DIRECTION    SE (120)
  AVERAGE WIND SPEED     6.7


SKY COVER
  AVERAGE SKY COVER 0.2


WEATHER CONDITIONS
 THE FOLLOWING WEATHER WAS RECORDED YESTERDAY.
  NO SIGNIFICANT WEATHER WAS OBSERVED.


RELATIVE HUMIDITY (PERCENT)
 HIGHEST   100           700 AM
 LOWEST     60           200 PM
 AVERAGE    80

..........................................................


THE MELBOURNE CLIMATE NORMALS FOR TODAY
                         NORMAL    RECORD    YEAR
 MAXIMUM TEMPERATURE (F)   74        88      2003
                                             1976
                                             1971
 MINIMUM TEMPERATURE (F)   53        34      1977


SUNRISE AND SUNSET
FEBRUARY 22 2017......SUNRISE   654 AM EST   SUNSET   619 PM EST
FEBRUARY 23 2017......SUNRISE   653 AM EST   SUNSET   619 PM EST


-  INDICATES NEGATIVE NUMBERS.
R  INDICATES RECORD WAS SET OR TIED.
MM INDICATES DATA IS MISSING.
T  INDICATES TRACE AMOUNT.




$$
