000
CDUS42 KMLB 060627
CLIMLB


CLIMATE REPORT
NATIONAL WEATHER SERVICE MELBOURNE FL
126 AM EST FRI MAR 6 2015


...................................

...THE MELBOURNE CLIMATE SUMMARY FOR MARCH 5 2015...

CLIMATE NORMAL PERIOD 1981 TO 2010
CLIMATE RECORD PERIOD 1939 TO 2015


WEATHER ITEM   OBSERVED TIME   RECORD YEAR NORMAL DEPARTURE LAST
                VALUE   (LST)  VALUE       VALUE  FROM      YEAR
                                                  NORMAL
..................................................................
TEMPERATURE (F)
 YESTERDAY
  MAXIMUM         88R   407 PM  88    1982  75     13       74
                                      1964
  MINIMUM         68    703 AM  35    2010  54     14       60
  AVERAGE         78                        65     13       67

PRECIPITATION (IN)
  YESTERDAY        0.00          0.68 1988   0.10  -0.10     0.00
  MONTH TO DATE    T                         0.49  -0.49     0.00
  SINCE MAR 1      T                         0.49  -0.49     0.00
  SINCE JAN 1      6.11                      5.29   0.82     7.06

SNOWFALL (IN)
  YESTERDAY        0.0
  MONTH TO DATE    0.0
  SINCE JUL 1      0.0

DEGREE DAYS
 HEATING
  YESTERDAY        0                         3     -3        0
  MONTH TO DATE    0                        15    -15        1
  SINCE MAR 1      0                        15    -15        1
  SINCE JUL 1    410                       504    -94      307

 COOLING
  YESTERDAY       13                         3     10        2
  MONTH TO DATE   42                        14     28       15
  SINCE MAR 1     42                        14     28       15
  SINCE JAN 1    140                       112     28      183
..................................................................


WIND (MPH)
  HIGHEST WIND SPEED    18   HIGHEST WIND DIRECTION     S (190)
  HIGHEST GUST SPEED    24   HIGHEST GUST DIRECTION     S (170)
  AVERAGE WIND SPEED     8.8


SKY COVER
  AVERAGE SKY COVER 0.2


WEATHER CONDITIONS
 THE FOLLOWING WEATHER WAS RECORDED YESTERDAY.
  NO SIGNIFICANT WEATHER WAS OBSERVED.


RELATIVE HUMIDITY (PERCENT)
 HIGHEST    93           400 AM
 LOWEST     40           300 PM
 AVERAGE    67

..........................................................


THE MELBOURNE CLIMATE NORMALS FOR TODAY
                         NORMAL    RECORD    YEAR
 MAXIMUM TEMPERATURE (F)   76        90      1938
 MINIMUM TEMPERATURE (F)   54        35      1962


SUNRISE AND SUNSET
MARCH  6 2015.........SUNRISE   642 AM EST   SUNSET   626 PM EST
MARCH  7 2015.........SUNRISE   641 AM EST   SUNSET   626 PM EST


-  INDICATES NEGATIVE NUMBERS.
R  INDICATES RECORD WAS SET OR TIED.
MM INDICATES DATA IS MISSING.
T  INDICATES TRACE AMOUNT.




$$
