000
CDUS42 KMLB 090635
CLIMLB


CLIMATE REPORT
NATIONAL WEATHER SERVICE MELBOURNE FL
135 AM EST FRI DEC 9 2016


...................................

...THE MELBOURNE CLIMATE SUMMARY FOR DECEMBER 8 2016...

CLIMATE NORMAL PERIOD 1981 TO 2010
CLIMATE RECORD PERIOD 1939 TO 2016


WEATHER ITEM   OBSERVED TIME   RECORD YEAR NORMAL DEPARTURE LAST
                VALUE   (LST)  VALUE       VALUE  FROM      YEAR
                                                  NORMAL
..................................................................
TEMPERATURE (F)
 YESTERDAY
  MAXIMUM         74    212 PM  86    1948  75     -1       77
  MINIMUM         55    723 AM  31    2010  55      0       56
                                      1937
  AVERAGE         65                        64      1       67

PRECIPITATION (IN)
  YESTERDAY        0.00          1.72 2005   0.09  -0.09     0.00
  MONTH TO DATE    0.14                      0.69  -0.55     2.86
  SINCE DEC 1      0.14                      0.69  -0.55     2.86
  SINCE JAN 1     59.46                     50.12   9.34    52.36

SNOWFALL (IN)
  YESTERDAY        0.0
  MONTH TO DATE    0.0
  SINCE JUL 1      0.0

DEGREE DAYS
 HEATING
  YESTERDAY        0                         3     -3        0
  MONTH TO DATE    0                        24    -24        2
  SINCE DEC 1      0                        24    -24        2
  SINCE JUL 1     19                        66    -47        7

 COOLING
  YESTERDAY        0                         3     -3        2
  MONTH TO DATE   51                        24     27       54
  SINCE DEC 1     51                        24     27       54
  SINCE JAN 1   3779                      3219    560     3961
..................................................................


WIND (MPH)
  HIGHEST WIND SPEED    17   HIGHEST WIND DIRECTION     N (10)
  HIGHEST GUST SPEED    21   HIGHEST GUST DIRECTION     N (10)
  AVERAGE WIND SPEED     8.0


SKY COVER
  AVERAGE SKY COVER 0.4


WEATHER CONDITIONS
 THE FOLLOWING WEATHER WAS RECORDED YESTERDAY.
  FOG


RELATIVE HUMIDITY (PERCENT)
 HIGHEST   100           100 AM
 LOWEST     64           200 PM
 AVERAGE    82

..........................................................


THE MELBOURNE CLIMATE NORMALS FOR TODAY
                         NORMAL    RECORD    YEAR
 MAXIMUM TEMPERATURE (F)   74        88      1978
 MINIMUM TEMPERATURE (F)   54        35      1984


SUNRISE AND SUNSET
DECEMBER  9 2016......SUNRISE   703 AM EST   SUNSET   527 PM EST
DECEMBER 10 2016......SUNRISE   704 AM EST   SUNSET   528 PM EST


-  INDICATES NEGATIVE NUMBERS.
R  INDICATES RECORD WAS SET OR TIED.
MM INDICATES DATA IS MISSING.
T  INDICATES TRACE AMOUNT.




$$
