000
CDUS42 KMLB 192116
CLIMLB


CLIMATE REPORT
NATIONAL WEATHER SERVICE MELBOURNE FL
416 PM EST FRI JAN 19 2018


...................................

...THE MELBOURNE CLIMATE SUMMARY FOR JANUARY 19 2018...
VALID TODAY AS OF 0400 PM LOCAL TIME.

CLIMATE NORMAL PERIOD 1981 TO 2010
CLIMATE RECORD PERIOD 1939 TO 2018


WEATHER ITEM   OBSERVED TIME   RECORD YEAR NORMAL DEPARTURE LAST
                VALUE   (LST)  VALUE       VALUE  FROM      YEAR
                                                  NORMAL
..................................................................
TEMPERATURE (F)
 TODAY
  MAXIMUM         67    308 PM  88    1943  71     -4       78
  MINIMUM         42    337 AM  27    1977  49     -7       56
  AVERAGE         55                        60     -5       67

PRECIPITATION (IN)
  TODAY            0.00          0.79 1978   0.07  -0.07     0.00
  MONTH TO DATE    2.17                      1.34   0.83     0.56
  SINCE DEC 1      3.24                      3.91  -0.67     0.88
  SINCE JAN 1      2.17                      1.34   0.83     0.56

SNOWFALL (IN)
  TODAY            0.0
  MONTH TO DATE    0.0
  SINCE JUL 1      0.0

DEGREE DAYS
 HEATING
  TODAY           10                         6      4        0
  MONTH TO DATE  144                       114     30       39
  SINCE DEC 1    216                       251    -35       67
  SINCE JUL 1    229                       293    -64       86

 COOLING
  TODAY            0                         1     -1        2
  MONTH TO DATE   33                        22     11       48
  SINCE DEC 1    176                        98     78      224
  SINCE JAN 1     33                        22     11       48
..................................................................


WIND (MPH)
  HIGHEST WIND SPEED    14   HIGHEST WIND DIRECTION     N (360)
  HIGHEST GUST SPEED    17   HIGHEST GUST DIRECTION     N (10)
  AVERAGE WIND SPEED     8.2


SKY COVER
  AVERAGE SKY COVER 0.0


WEATHER CONDITIONS
 THE FOLLOWING WEATHER WAS RECORDED TODAY.
  NO SIGNIFICANT WEATHER WAS OBSERVED.


RELATIVE HUMIDITY (PERCENT)
 HIGHEST    82           100 AM
 LOWEST     52           300 PM
 AVERAGE    67

..........................................................


THE MELBOURNE CLIMATE NORMALS FOR TOMORROW
                         NORMAL    RECORD    YEAR
 MAXIMUM TEMPERATURE (F)   71        86      1987
 MINIMUM TEMPERATURE (F)   49        19      1977


SUNRISE AND SUNSET
JANUARY 19 2018.......SUNRISE   715 AM EST   SUNSET   552 PM EST
JANUARY 20 2018.......SUNRISE   714 AM EST   SUNSET   553 PM EST


-  INDICATES NEGATIVE NUMBERS.
R  INDICATES RECORD WAS SET OR TIED.
MM INDICATES DATA IS MISSING.
T  INDICATES TRACE AMOUNT.




$$
