000
CDUS42 KMLB 200628
CLIMLB


CLIMATE REPORT
NATIONAL WEATHER SERVICE MELBOURNE FL
228 AM EDT FRI OCT 20 2017


...................................

...THE MELBOURNE CLIMATE SUMMARY FOR OCTOBER 19 2017...

CLIMATE NORMAL PERIOD 1981 TO 2010
CLIMATE RECORD PERIOD 1939 TO 2017


WEATHER ITEM   OBSERVED TIME   RECORD YEAR NORMAL DEPARTURE LAST
                VALUE   (LST)  VALUE       VALUE  FROM      YEAR
                                                  NORMAL
..................................................................
TEMPERATURE (F)
 YESTERDAY
  MAXIMUM         86   1245 PM  93    1968  84      2       84
  MINIMUM         78    723 PM  49    2009  67     11       76
  AVERAGE         82                        75      7       80

PRECIPITATION (IN)
  YESTERDAY        0.01          3.15 1958   0.15  -0.14     0.00
  MONTH TO DATE   10.33                      3.47   6.86     6.32
  SINCE SEP 1     31.27                     11.11  20.16    20.49
  SINCE JAN 1     58.96                     44.96  14.00    59.05

SNOWFALL (IN)
  YESTERDAY        0.0
  MONTH TO DATE    0.0
  SINCE JUL 1      0.0

DEGREE DAYS
 HEATING
  YESTERDAY        0                         0      0        0
  MONTH TO DATE    0                         0      0        0
  SINCE SEP 1      0                         0      0        0
  SINCE JUL 1      0                         0      0        0

 COOLING
  YESTERDAY       17                        11      6       15
  MONTH TO DATE  323                       236     87      279
  SINCE SEP 1    852                       702    150      790
  SINCE JAN 1   3740                      2928    812     3438
..................................................................


WIND (MPH)
  HIGHEST WIND SPEED    22   HIGHEST WIND DIRECTION    NE (50)
  HIGHEST GUST SPEED    26   HIGHEST GUST DIRECTION    NE (60)
  AVERAGE WIND SPEED    15.4


SKY COVER
  AVERAGE SKY COVER 0.5


WEATHER CONDITIONS
 THE FOLLOWING WEATHER WAS RECORDED YESTERDAY.
  LIGHT RAIN


RELATIVE HUMIDITY (PERCENT)
 HIGHEST    85           800 PM
 LOWEST     65          1000 AM
 AVERAGE    75

..........................................................


THE MELBOURNE CLIMATE NORMALS FOR TODAY
                         NORMAL    RECORD    YEAR
 MAXIMUM TEMPERATURE (F)   83        92      1982
 MINIMUM TEMPERATURE (F)   67        47      1989


SUNRISE AND SUNSET
OCTOBER 20 2017.......SUNRISE   726 AM EDT   SUNSET   648 PM EDT
OCTOBER 21 2017.......SUNRISE   727 AM EDT   SUNSET   647 PM EDT


-  INDICATES NEGATIVE NUMBERS.
R  INDICATES RECORD WAS SET OR TIED.
MM INDICATES DATA IS MISSING.
T  INDICATES TRACE AMOUNT.




$$
