000
CDUS42 KMLB 070626
CLIMLB


CLIMATE REPORT
NATIONAL WEATHER SERVICE MELBOURNE FL
226 AM EDT TUE JUL 7 2015


...................................

...THE MELBOURNE CLIMATE SUMMARY FOR JULY 6 2015...

CLIMATE NORMAL PERIOD 1981 TO 2010
CLIMATE RECORD PERIOD 1939 TO 2015


WEATHER ITEM   OBSERVED TIME   RECORD YEAR NORMAL DEPARTURE LAST
                VALUE   (LST)  VALUE       VALUE  FROM      YEAR
                                                  NORMAL
..................................................................
TEMPERATURE (F)
 YESTERDAY
  MAXIMUM         89   1120 AM  99    1998  90     -1       89
                                      1966
  MINIMUM         71   1045 PM  69    1982  72     -1       72
                                      1977
                                      1976
  AVERAGE         80                        81     -1       81

PRECIPITATION (IN)
  YESTERDAY        0.56          2.39 2006   0.20   0.36     0.37
  MONTH TO DATE    1.84                      1.18   0.66     2.44
  SINCE JUN 1      8.09                      7.89   0.20     8.50
  SINCE JAN 1     20.94                     21.39  -0.45    24.72

SNOWFALL (IN)
  YESTERDAY        0.0
  MONTH TO DATE    0.0
  SINCE JUL 1      0.0

DEGREE DAYS
 HEATING
  YESTERDAY        0                         0      0        0
  MONTH TO DATE    0                         0      0        0
  SINCE JUN 1      0                         0      0        0
  SINCE JUL 1      0                         0      0        0

 COOLING
  YESTERDAY       15                        16     -1       16
  MONTH TO DATE   98                        96      2      104
  SINCE JUN 1    588                       558     30      565
  SINCE JAN 1   1700                      1284    416     1458
..................................................................


WIND (MPH)
  HIGHEST WIND SPEED    26   HIGHEST WIND DIRECTION    NW (300)
  HIGHEST GUST SPEED    33   HIGHEST GUST DIRECTION     W (290)
  AVERAGE WIND SPEED     6.2


SKY COVER
  AVERAGE SKY COVER 0.2


WEATHER CONDITIONS
 THE FOLLOWING WEATHER WAS RECORDED YESTERDAY.
  THUNDERSTORM
  HEAVY RAIN
  LIGHT RAIN
  FOG


RELATIVE HUMIDITY (PERCENT)
 HIGHEST    93          1200 AM
 LOWEST     46           300 PM
 AVERAGE    70

..........................................................


THE MELBOURNE CLIMATE NORMALS FOR TODAY
                         NORMAL    RECORD    YEAR
 MAXIMUM TEMPERATURE (F)   90        96      1980
                                             1963
 MINIMUM TEMPERATURE (F)   72        67      1947


SUNRISE AND SUNSET
JULY  7 2015..........SUNRISE   632 AM EDT   SUNSET   823 PM EDT
JULY  8 2015..........SUNRISE   632 AM EDT   SUNSET   823 PM EDT


-  INDICATES NEGATIVE NUMBERS.
R  INDICATES RECORD WAS SET OR TIED.
MM INDICATES DATA IS MISSING.
T  INDICATES TRACE AMOUNT.




$$
