000
CDUS42 KMLB 191016
CLIMLB


CLIMATE REPORT
NATIONAL WEATHER SERVICE MELBOURNE FL
606 AM EDT FRI SEP 19 2014


...................................

...THE MELBOURNE CLIMATE SUMMARY FOR SEPTEMBER 18 2014...

CLIMATE NORMAL PERIOD 1981 TO 2010
CLIMATE RECORD PERIOD 1939 TO 2014


WEATHER ITEM   OBSERVED TIME   RECORD YEAR NORMAL DEPARTURE LAST
                VALUE   (LST)  VALUE       VALUE  FROM      YEAR
                                                  NORMAL
..................................................................
TEMPERATURE (F)
 YESTERDAY
  MAXIMUM         89    204 PM  93    1962  88      1       87
  MINIMUM         74    701 AM  63    1985  73      1       78
  AVERAGE         82                        80      2       83

PRECIPITATION (IN)
  YESTERDAY        0.00          2.30 1956   0.27  -0.27     0.10
  MONTH TO DATE    1.47                      4.58  -3.11     1.64
  SINCE SEP 1      1.47                      4.58  -3.11     1.64
  SINCE JAN 1     39.30                     38.43   0.87    32.83

SNOWFALL (IN)
  YESTERDAY        0.0
  MONTH TO DATE    0.0
  SINCE JUL 1      0.0

DEGREE DAYS
 HEATING
  YESTERDAY        0                         0      0        0
  MONTH TO DATE    0                         0      0        0
  SINCE SEP 1      0                         0      0        0
  SINCE JUL 1      0                         0      0        0

 COOLING
  YESTERDAY       17                        16      1       18
  MONTH TO DATE  303                       288     15      310
  SINCE SEP 1    303                       288     15      310
  SINCE JAN 1   2790                      2514    276     2759
..................................................................


WIND (MPH)
  HIGHEST WIND SPEED    13   HIGHEST WIND DIRECTION    NE (60)
  HIGHEST GUST SPEED    16   HIGHEST GUST DIRECTION    NE (50)
  AVERAGE WIND SPEED     7.4


SKY COVER
  AVERAGE SKY COVER 0.4


WEATHER CONDITIONS
 THE FOLLOWING WEATHER WAS RECORDED YESTERDAY.
  FOG
  FOG W/VISIBILITY <= 1/4 MILE


RELATIVE HUMIDITY (PERCENT)
 HIGHEST   100           700 AM
 LOWEST     55           100 PM
 AVERAGE    78

..........................................................


THE MELBOURNE CLIMATE NORMALS FOR TODAY
                         NORMAL    RECORD    YEAR
 MAXIMUM TEMPERATURE (F)   88        94      1952
 MINIMUM TEMPERATURE (F)   73        63      1981


SUNRISE AND SUNSET
SEPTEMBER 19 2014.....SUNRISE   710 AM EDT   SUNSET   723 PM EDT
SEPTEMBER 20 2014.....SUNRISE   710 AM EDT   SUNSET   721 PM EDT


-  INDICATES NEGATIVE NUMBERS.
R  INDICATES RECORD WAS SET OR TIED.
MM INDICATES DATA IS MISSING.
T  INDICATES TRACE AMOUNT.




$$
