000
CDUS43 KDVN 232122
CLIMLI


CLIMATE REPORT
NATIONAL WEATHER SERVICE QUAD CITIES IA IL
422 PM CDT MON OCT 23 2017


...................................

...THE MOLINE IL CLIMATE SUMMARY FOR OCTOBER 23 2017...
VALID TODAY AS OF 0400 PM LOCAL TIME.

CLIMATE NORMAL PERIOD 1981 TO 2010
CLIMATE RECORD PERIOD 1872 TO 2017


WEATHER ITEM   OBSERVED TIME   RECORD YEAR NORMAL DEPARTURE LAST
                VALUE   (LST)  VALUE       VALUE  FROM      YEAR
                                                  NORMAL
..................................................................
TEMPERATURE (F)
 TODAY
  MAXIMUM         62    230 PM  85    1963  61      1       76
  MINIMUM         45    502 AM  23    1981  40      5       42
  AVERAGE         54                        51      3       59

PRECIPITATION (IN)
  TODAY            0.00          1.53 1991   0.09  -0.09     0.00
  MONTH TO DATE    6.07                      2.18   3.89     1.53
  SINCE SEP 1      8.46                      5.27   3.19     2.75
  SINCE JAN 1     34.58                     32.43   2.15    32.17

SNOWFALL (IN)
  TODAY            0.0          MM      MM   0.0    0.0      0.0
  MONTH TO DATE    0.0                       0.0    0.0      0.0
  SINCE SEP 1      0.0                       0.0    0.0      0.0
  SINCE JUL 1      0.0                       0.0    0.0      0.0
  SNOW DEPTH       0

DEGREE DAYS
 HEATING
  TODAY           11                        14     -3        6
  MONTH TO DATE   83                       250   -167      138
  SINCE SEP 1    131                       346   -215      155
  SINCE JUL 1    132                       354   -222      156

 COOLING
  TODAY            0                         0      0        0
  MONTH TO DATE   33                        11     22       43
  SINCE SEP 1    182                       117     65      232
  SINCE JAN 1    993                      1000     -7     1305
..................................................................


WIND (MPH)
  HIGHEST WIND SPEED    17   HIGHEST WIND DIRECTION    NW (300)
  HIGHEST GUST SPEED    22   HIGHEST GUST DIRECTION    NW (300)
  AVERAGE WIND SPEED     3.8


SKY COVER
  POSSIBLE SUNSHINE  MM
  AVERAGE SKY COVER 0.4


WEATHER CONDITIONS
 THE FOLLOWING WEATHER WAS RECORDED TODAY.
  FOG
  FOG W/VISIBILITY <= 1/4 MILE


RELATIVE HUMIDITY (PERCENT)
 HIGHEST    93          1200 AM
 LOWEST     55           300 PM
 AVERAGE    74

..........................................................


THE MOLINE IL CLIMATE NORMALS FOR TOMORROW
                         NORMAL    RECORD    YEAR
 MAXIMUM TEMPERATURE (F)   61        83      1963
 MINIMUM TEMPERATURE (F)   40        23      2013
                                             1981


SUNRISE AND SUNSET
OCTOBER 23 2017.......SUNRISE   723 AM CDT   SUNSET   609 PM CDT
OCTOBER 24 2017.......SUNRISE   725 AM CDT   SUNSET   607 PM CDT


-  INDICATES NEGATIVE NUMBERS.
R  INDICATES RECORD WAS SET OR TIED.
MM INDICATES DATA IS MISSING.
T  INDICATES TRACE AMOUNT.




$$
