000
CDUS43 KDVN 250929
CLIMLI


CLIMATE REPORT
NATIONAL WEATHER SERVICE QUAD CITIES IA IL
428 AM CDT THU AUG 25 2016


...................................

...THE MOLINE IL CLIMATE SUMMARY FOR AUGUST 24 2016...

CLIMATE NORMAL PERIOD 1981 TO 2010
CLIMATE RECORD PERIOD 1872 TO 2016


WEATHER ITEM   OBSERVED TIME   RECORD YEAR NORMAL DEPARTURE LAST
                VALUE   (LST)  VALUE       VALUE  FROM      YEAR
                                                  NORMAL
..................................................................
TEMPERATURE (F)
 YESTERDAY
  MAXIMUM         87    336 PM 100    1936  83      4       74
  MINIMUM         71   1146 PM  43    1942  62      9       52
  AVERAGE         79                        73      6       63

PRECIPITATION (IN)
  YESTERDAY        1.48          2.25 1963   0.14   1.34     0.00
  MONTH TO DATE    6.55                      3.54   3.01     3.76
  SINCE JUN 1     17.90                     12.32   5.58    19.45
  SINCE JAN 1     27.90                     26.18   1.72    28.39

SNOWFALL (IN)
  YESTERDAY        0.0          MM      MM   0.0    0.0      0.0
  MONTH TO DATE    0.0                       0.0    0.0       T
  SINCE JUN 1      0.0                       0.0    0.0       T
  SINCE JUL 1      0.0                       0.0    0.0       T
  SNOW DEPTH       0

DEGREE DAYS
 HEATING
  YESTERDAY        0                         0      0        2
  MONTH TO DATE    0                         0      0        2
  SINCE JUN 1      2                        21    -19       13
  SINCE JUL 1      1                         2     -1        6

 COOLING
  YESTERDAY       14                         8      6        0
  MONTH TO DATE  252                       219     33      194
  SINCE JUN 1    898                       757    141      687
  SINCE JAN 1   1000                       833    167      768
..................................................................


WIND (MPH)
  HIGHEST WIND SPEED    22   HIGHEST WIND DIRECTION    SW (220)
  HIGHEST GUST SPEED    32   HIGHEST GUST DIRECTION     W (250)
  AVERAGE WIND SPEED     7.5


SKY COVER
  POSSIBLE SUNSHINE  MM
  AVERAGE SKY COVER 0.6


WEATHER CONDITIONS
 THE FOLLOWING WEATHER WAS RECORDED YESTERDAY.
  THUNDERSTORM
  HEAVY RAIN
  RAIN
  LIGHT RAIN
  FOG


RELATIVE HUMIDITY (PERCENT)
 HIGHEST    93           300 AM
 LOWEST     55           300 PM
 AVERAGE    74

..........................................................


THE MOLINE IL CLIMATE NORMALS FOR TODAY
                         NORMAL    RECORD    YEAR
 MAXIMUM TEMPERATURE (F)   83        97      2003
                                             1936
 MINIMUM TEMPERATURE (F)   62        43      1958


SUNRISE AND SUNSET
AUGUST 25 2016........SUNRISE   622 AM CDT   SUNSET   745 PM CDT
AUGUST 26 2016........SUNRISE   623 AM CDT   SUNSET   744 PM CDT


-  INDICATES NEGATIVE NUMBERS.
R  INDICATES RECORD WAS SET OR TIED.
MM INDICATES DATA IS MISSING.
T  INDICATES TRACE AMOUNT.




$$
