711
CDUS43 KDVN 230911
CLIMLI


CLIMATE REPORT
NATIONAL WEATHER SERVICE QUAD CITIES IA IL
410 AM CDT FRI JUN 23 2017


...................................

...THE MOLINE IL CLIMATE SUMMARY FOR JUNE 22 2017...

CLIMATE NORMAL PERIOD 1981 TO 2010
CLIMATE RECORD PERIOD 1872 TO 2017


WEATHER ITEM   OBSERVED TIME   RECORD YEAR NORMAL DEPARTURE LAST
                VALUE   (LST)  VALUE       VALUE  FROM      YEAR
                                                  NORMAL
..................................................................
TEMPERATURE (F)
 YESTERDAY
  MAXIMUM         89    127 PM  98    1911  84      5       87
  MINIMUM         73    529 AM  45    1963  63     10       64
  AVERAGE         81                        74      7       76

PRECIPITATION (IN)
  YESTERDAY        0.00          2.69 1974   0.15  -0.15     2.03
  MONTH TO DATE    1.78                      3.25  -1.47     3.49
  SINCE JUN 1      1.78                      3.25  -1.47     3.49
  SINCE JAN 1     16.13                     17.11  -0.98    13.49

SNOWFALL (IN)
  YESTERDAY        0.0          MM      MM   0.0    0.0      0.0
  MONTH TO DATE    0.0                       0.0    0.0      0.0
  SINCE JUN 1      0.0                       0.0    0.0      0.0
  SINCE JUL 1     22.4                      31.6   -9.2     24.1
  SNOW DEPTH       0

DEGREE DAYS
 HEATING
  YESTERDAY        0                         0      0        0
  MONTH TO DATE    0                        17    -17        1
  SINCE JUN 1      0                        17    -17        1
  SINCE JUL 1   5028                      6201  -1173     5164

 COOLING
  YESTERDAY       16                         9      7       11
  MONTH TO DATE  232                       139     93      229
  SINCE JUN 1    232                       139     93      229
  SINCE JAN 1    293                       215     78      331
..................................................................


WIND (MPH)
  HIGHEST WIND SPEED    21   HIGHEST WIND DIRECTION     S (190)
  HIGHEST GUST SPEED    30   HIGHEST GUST DIRECTION     S (170)
  AVERAGE WIND SPEED     8.2


SKY COVER
  POSSIBLE SUNSHINE  MM
  AVERAGE SKY COVER 0.2


WEATHER CONDITIONS
 THE FOLLOWING WEATHER WAS RECORDED YESTERDAY.
  NO SIGNIFICANT WEATHER WAS OBSERVED.


RELATIVE HUMIDITY (PERCENT)
 HIGHEST    87          1100 PM
 LOWEST     57          1200 PM
 AVERAGE    72

..........................................................


THE MOLINE IL CLIMATE NORMALS FOR TODAY
                         NORMAL    RECORD    YEAR
 MAXIMUM TEMPERATURE (F)   84        97      1931
 MINIMUM TEMPERATURE (F)   63        47      1972


SUNRISE AND SUNSET
JUNE 23 2017..........SUNRISE   529 AM CDT   SUNSET   840 PM CDT
JUNE 24 2017..........SUNRISE   529 AM CDT   SUNSET   840 PM CDT


-  INDICATES NEGATIVE NUMBERS.
R  INDICATES RECORD WAS SET OR TIED.
MM INDICATES DATA IS MISSING.
T  INDICATES TRACE AMOUNT.




$$
