000
CDUS43 KDVN 020939
CLIMLI


CLIMATE REPORT
NATIONAL WEATHER SERVICE QUAD CITIES IA IL
436 AM CDT THU OCT 2 2014


...................................

...THE MOLINE IL CLIMATE SUMMARY FOR OCTOBER 1 2014...

CLIMATE NORMAL PERIOD 1981 TO 2010
CLIMATE RECORD PERIOD 1872 TO 2014


WEATHER ITEM   OBSERVED TIME   RECORD YEAR NORMAL DEPARTURE LAST
                VALUE   (LST)  VALUE       VALUE  FROM      YEAR
                                                  NORMAL
..................................................................
TEMPERATURE (F)
 YESTERDAY
  MAXIMUM         72    410 PM  89    2006  70      2       83
                                      1897
  MINIMUM         50    527 AM  30    2003  47      3       59
                                      1974
                                      1886
  AVERAGE         61                        59      2       71

PRECIPITATION (IN)
  YESTERDAY        T             1.37 1883   0.09  -0.09     0.00
  MONTH TO DATE    T                         0.09  -0.09     0.00
  SINCE SEP 1      5.63                      3.18   2.45     0.96
  SINCE JAN 1     34.20                     30.34   3.86    33.57

SNOWFALL (IN)
  YESTERDAY        0.0          MM      MM   0.0    0.0      0.0
  MONTH TO DATE    0.0                       0.0    0.0      0.0
  SINCE SEP 1      0.0                       0.0    0.0      0.0
  SINCE JUL 1      0.0                       0.0    0.0      0.0
  SNOW DEPTH       0

DEGREE DAYS
 HEATING
  YESTERDAY        4                         8     -4        0
  MONTH TO DATE    4                         8     -4        0
  SINCE SEP 1    123                       104     19       67
  SINCE JUL 1    128                       112     16       78

 COOLING
  YESTERDAY        0                         1     -1        6
  MONTH TO DATE    0                         1     -1        6
  SINCE SEP 1     70                       107    -37      163
  SINCE JAN 1    836                       990   -154      977
..................................................................


WIND (MPH)
  HIGHEST WIND SPEED    20   HIGHEST WIND DIRECTION     S (160)
  HIGHEST GUST SPEED    25   HIGHEST GUST DIRECTION     S (160)
  AVERAGE WIND SPEED     6.4


SKY COVER
  POSSIBLE SUNSHINE  MM
  AVERAGE SKY COVER 0.3


WEATHER CONDITIONS
 THE FOLLOWING WEATHER WAS RECORDED YESTERDAY.
  LIGHT RAIN
  FOG


RELATIVE HUMIDITY (PERCENT)
 HIGHEST    93          1100 PM
 LOWEST     57           200 PM
 AVERAGE    75

..........................................................


THE MOLINE IL CLIMATE NORMALS FOR TODAY
                         NORMAL    RECORD    YEAR
 MAXIMUM TEMPERATURE (F)   70        91      1953
 MINIMUM TEMPERATURE (F)   47        24      1974


SUNRISE AND SUNSET
OCTOBER  2 2014.......SUNRISE   700 AM CDT   SUNSET   642 PM CDT
OCTOBER  3 2014.......SUNRISE   701 AM CDT   SUNSET   640 PM CDT


-  INDICATES NEGATIVE NUMBERS.
R  INDICATES RECORD WAS SET OR TIED.
MM INDICATES DATA IS MISSING.
T  INDICATES TRACE AMOUNT.




$$
