000
CDUS43 KDVN 310921
CLIMLI


CLIMATE REPORT
NATIONAL WEATHER SERVICE QUAD CITIES IA IL
419 AM CDT SUN AUG 31 2014


...................................

...THE MOLINE IL CLIMATE SUMMARY FOR AUGUST 30 2014...

CLIMATE NORMAL PERIOD 1981 TO 2010
CLIMATE RECORD PERIOD 1872 TO 2014


WEATHER ITEM   OBSERVED TIME   RECORD YEAR NORMAL DEPARTURE LAST
                VALUE   (LST)  VALUE       VALUE  FROM      YEAR
                                                  NORMAL
..................................................................
TEMPERATURE (F)
 YESTERDAY
  MAXIMUM         83    317 PM  98    2013  82      1       98
                                      1953
                                      1947
  MINIMUM         65   1159 PM  40    1915  61      4       72
  AVERAGE         74                        71      3       85

PRECIPITATION (IN)
  YESTERDAY        0.30          1.76 1965   0.15   0.15     0.00
  MONTH TO DATE    4.32                      4.38  -0.06     0.76
  SINCE JUN 1     17.01                     13.16   3.85     9.46
  SINCE JAN 1     28.57                     27.02   1.55    32.61

SNOWFALL (IN)
  YESTERDAY        0.0          MM      MM   0.0    0.0      0.0
  MONTH TO DATE    0.0                       0.0    0.0      0.0
  SINCE JUN 1      0.0                       0.0    0.0      0.0
  SINCE JUL 1      0.0                       0.0    0.0      0.0
  SNOW DEPTH       0

DEGREE DAYS
 HEATING
  YESTERDAY        0                         0      0        0
  MONTH TO DATE    1                         0      1        4
  SINCE JUN 1      9                        21    -12       38
  SINCE JUL 1      5                         2      3       11

 COOLING
  YESTERDAY        9                         7      2       20
  MONTH TO DATE  253                       263    -10      250
  SINCE JUN 1    652                       801   -149      711
  SINCE JAN 1    757                       877   -120      801
..................................................................


WIND (MPH)
  HIGHEST WIND SPEED    18   HIGHEST WIND DIRECTION    SW (240)
  HIGHEST GUST SPEED    25   HIGHEST GUST DIRECTION     W (250)
  AVERAGE WIND SPEED     7.1


SKY COVER
  POSSIBLE SUNSHINE  MM
  AVERAGE SKY COVER 0.5


WEATHER CONDITIONS
 THE FOLLOWING WEATHER WAS RECORDED YESTERDAY.
  THUNDERSTORM
  HEAVY RAIN
  RAIN
  LIGHT RAIN
  FOG


RELATIVE HUMIDITY (PERCENT)
 HIGHEST   100          1100 PM
 LOWEST     62           100 PM
 AVERAGE    81

..........................................................


THE MOLINE IL CLIMATE NORMALS FOR TODAY
                         NORMAL    RECORD    YEAR
 MAXIMUM TEMPERATURE (F)   82       100      1953
 MINIMUM TEMPERATURE (F)   60        45      2009
                                             1967


SUNRISE AND SUNSET
AUGUST 31 2014........SUNRISE   627 AM CDT   SUNSET   737 PM CDT
SEPTEMBER  1 2014.....SUNRISE   628 AM CDT   SUNSET   735 PM CDT


-  INDICATES NEGATIVE NUMBERS.
R  INDICATES RECORD WAS SET OR TIED.
MM INDICATES DATA IS MISSING.
T  INDICATES TRACE AMOUNT.




$$
