000
CDUS43 KDVN 221018
CLIMLI


CLIMATE REPORT
NATIONAL WEATHER SERVICE QUAD CITIES IA IL
415 AM CST MON DEC 22 2014


...................................

...THE MOLINE IL CLIMATE SUMMARY FOR DECEMBER 21 2014...

CLIMATE NORMAL PERIOD 1981 TO 2010
CLIMATE RECORD PERIOD 1872 TO 2014


WEATHER ITEM   OBSERVED TIME   RECORD YEAR NORMAL DEPARTURE LAST
                VALUE   (LST)  VALUE       VALUE  FROM      YEAR
                                                  NORMAL
..................................................................
TEMPERATURE (F)
 YESTERDAY
  MAXIMUM         41    234 PM  63    1877  33      8       31
  MINIMUM         34    211 AM -22    1963  17     17       26
  AVERAGE         38                        25     13       29

PRECIPITATION (IN)
  YESTERDAY        T             0.68 2006   0.07  -0.07     0.05
  MONTH TO DATE    0.30                      1.59  -1.29     0.63
  SINCE DEC 1      0.30                      1.59  -1.29     0.63
  SINCE JAN 1     38.87                     37.37   1.50    38.65

SNOWFALL (IN)
  YESTERDAY        0.0          MM      MM   0.3   -0.3       T
  MONTH TO DATE    0.0                       5.9   -5.9      6.6
  SINCE DEC 1      0.0                       5.9   -5.9      6.6
  SINCE JUL 1      4.6                       7.1   -2.5      7.6
  SNOW DEPTH       0

DEGREE DAYS
 HEATING
  YESTERDAY       27                        40    -13       36
  MONTH TO DATE  703                       779    -76      897
  SINCE DEC 1    703                       779    -76      897
  SINCE JUL 1   2208                      2010    198     2243

 COOLING
  YESTERDAY        0                         0      0        0
  MONTH TO DATE    0                         0      0        0
  SINCE DEC 1      0                         0      0        0
  SINCE JAN 1    839                      1004   -165      998
..................................................................


WIND (MPH)
  HIGHEST WIND SPEED    17   HIGHEST WIND DIRECTION     S (160)
  HIGHEST GUST SPEED    23   HIGHEST GUST DIRECTION     S (160)
  AVERAGE WIND SPEED    10.4


SKY COVER
  POSSIBLE SUNSHINE  MM
  AVERAGE SKY COVER 1.0


WEATHER CONDITIONS
 THE FOLLOWING WEATHER WAS RECORDED YESTERDAY.
  LIGHT RAIN
  FOG
  HAZE


RELATIVE HUMIDITY (PERCENT)
 HIGHEST    96           200 AM
 LOWEST     73           100 PM
 AVERAGE    85

..........................................................


THE MOLINE IL CLIMATE NORMALS FOR TODAY
                         NORMAL    RECORD    YEAR
 MAXIMUM TEMPERATURE (F)   33        58      1933
                                             1904
                                             1877
 MINIMUM TEMPERATURE (F)   17       -21      1963


SUNRISE AND SUNSET
DECEMBER 22 2014......SUNRISE   725 AM CST   SUNSET   436 PM CST
DECEMBER 23 2014......SUNRISE   726 AM CST   SUNSET   437 PM CST


-  INDICATES NEGATIVE NUMBERS.
R  INDICATES RECORD WAS SET OR TIED.
MM INDICATES DATA IS MISSING.
T  INDICATES TRACE AMOUNT.




$$
