000
CDUS43 KDVN 272122
CLIMLI


CLIMATE REPORT
NATIONAL WEATHER SERVICE QUAD CITIES IA IL
421 PM CDT MON JUL 27 2015


...................................

...THE MOLINE IL CLIMATE SUMMARY FOR JULY 27 2015...
VALID TODAY AS OF 0400 PM LOCAL TIME.

CLIMATE NORMAL PERIOD 1981 TO 2010
CLIMATE RECORD PERIOD 1872 TO 2015


WEATHER ITEM   OBSERVED TIME   RECORD YEAR NORMAL DEPARTURE LAST
                VALUE   (LST)  VALUE       VALUE  FROM      YEAR
                                                  NORMAL
..................................................................
TEMPERATURE (F)
 TODAY
  MAXIMUM         87    215 PM 105    1930  85      2       82
  MINIMUM         67    511 AM  50    1962  65      2       66
                                      1937
  AVERAGE         77                        75      2       74

PRECIPITATION (IN)
  TODAY            0.00          2.86 1875   0.12  -0.12     0.00
  MONTH TO DATE    4.44                      3.80   0.64     1.78
  SINCE JUN 1     15.34                      8.29   7.05    12.69
  SINCE JAN 1     24.28                     22.15   2.13    24.25

SNOWFALL (IN)
  TODAY            0.0          MM      MM   0.0    0.0      0.0
  MONTH TO DATE    0.0                       0.0    0.0      0.0
  SINCE JUN 1      0.0                       0.0    0.0      0.0
  SINCE JUL 1      0.0                       0.0    0.0      0.0
  SNOW DEPTH       0

DEGREE DAYS
 HEATING
  TODAY            0                         0      0        0
  MONTH TO DATE    4                         0      4        4
  SINCE JUN 1     11                        19     -8        8
  SINCE JUL 1      4                         0      4        4

 COOLING
  TODAY           12                        10      2        9
  MONTH TO DATE  239                       286    -47      159
  SINCE JUN 1    446                       500    -54      388
  SINCE JAN 1    527                       576    -49      493
..................................................................


WIND (MPH)
  HIGHEST WIND SPEED    14   HIGHEST WIND DIRECTION     E (90)
  HIGHEST GUST SPEED    23   HIGHEST GUST DIRECTION     E (110)
  AVERAGE WIND SPEED     7.3


SKY COVER
  POSSIBLE SUNSHINE  MM
  AVERAGE SKY COVER 0.1


WEATHER CONDITIONS
 THE FOLLOWING WEATHER WAS RECORDED TODAY.
  FOG
  HAZE


RELATIVE HUMIDITY (PERCENT)
 HIGHEST    93           500 AM
 LOWEST     57           200 PM
 AVERAGE    75

..........................................................


THE MOLINE IL CLIMATE NORMALS FOR TOMORROW
                         NORMAL    RECORD    YEAR
 MAXIMUM TEMPERATURE (F)   85       102      1983
                                             1916
 MINIMUM TEMPERATURE (F)   65        52      1925


SUNRISE AND SUNSET
JULY 27 2015..........SUNRISE   552 AM CDT   SUNSET   825 PM CDT
JULY 28 2015..........SUNRISE   553 AM CDT   SUNSET   824 PM CDT


-  INDICATES NEGATIVE NUMBERS.
R  INDICATES RECORD WAS SET OR TIED.
MM INDICATES DATA IS MISSING.
T  INDICATES TRACE AMOUNT.




$$
