000
CDUS43 KDVN 221026
CLIMLI


CLIMATE REPORT
NATIONAL WEATHER SERVICE QUAD CITIES IA IL
426 AM CST MON JAN 22 2018


...................................

...THE MOLINE IL CLIMATE SUMMARY FOR JANUARY 21 2018...

CLIMATE NORMAL PERIOD 1981 TO 2010
CLIMATE RECORD PERIOD 1872 TO 2018


WEATHER ITEM   OBSERVED TIME   RECORD YEAR NORMAL DEPARTURE LAST
                VALUE   (LST)  VALUE       VALUE  FROM      YEAR
                                                  NORMAL
..................................................................
TEMPERATURE (F)
 YESTERDAY
  MAXIMUM         48   1159 PM  64    1957  31     17       53
  MINIMUM         39    341 AM -21    1970  14     25       40
  AVERAGE         44                        22     22       47

PRECIPITATION (IN)
  YESTERDAY        T             1.35 1874   0.04  -0.04     0.05
  MONTH TO DATE    0.28                      1.03  -0.75     1.40
  SINCE DEC 1      0.80                      3.21  -2.41     3.02
  SINCE JAN 1      0.28                      1.03  -0.75     1.40

SNOWFALL (IN)
  YESTERDAY        0.0          MM      MM   0.3   -0.3      0.0
  MONTH TO DATE    2.2                       6.4   -4.2       T
  SINCE DEC 1     11.8                      15.7   -3.9     13.8
  SINCE JUL 1     11.8                      16.9   -5.1     13.8
  SNOW DEPTH       0

DEGREE DAYS
 HEATING
  YESTERDAY       21                        43    -22       18
  MONTH TO DATE  997                       892    105      797
  SINCE DEC 1   2163                      2082     81     1973
  SINCE JUL 1   3236                      3313    -77     2754

 COOLING
  YESTERDAY        0                         0      0        0
  MONTH TO DATE    0                         0      0        0
  SINCE DEC 1      0                         0      0        0
  SINCE JAN 1      0                         0      0        0
..................................................................


WIND (MPH)
  HIGHEST WIND SPEED    12   HIGHEST WIND DIRECTION     E (80)
  HIGHEST GUST SPEED    13   HIGHEST GUST DIRECTION     E (70)
  AVERAGE WIND SPEED     5.8


SKY COVER
  POSSIBLE SUNSHINE  MM
  AVERAGE SKY COVER 1.0


WEATHER CONDITIONS
 THE FOLLOWING WEATHER WAS RECORDED YESTERDAY.
  LIGHT RAIN
  FOG
  FOG W/VISIBILITY <= 1/4 MILE


RELATIVE HUMIDITY (PERCENT)
 HIGHEST   100          1200 PM
 LOWEST     86           400 AM
 AVERAGE    93

..........................................................


THE MOLINE IL CLIMATE NORMALS FOR TODAY
                         NORMAL    RECORD    YEAR
 MAXIMUM TEMPERATURE (F)   31        58      2002
                                             1964
 MINIMUM TEMPERATURE (F)   14       -23      1883


SUNRISE AND SUNSET
JANUARY 22 2018.......SUNRISE   722 AM CST   SUNSET   506 PM CST
JANUARY 23 2018.......SUNRISE   721 AM CST   SUNSET   507 PM CST


-  INDICATES NEGATIVE NUMBERS.
R  INDICATES RECORD WAS SET OR TIED.
MM INDICATES DATA IS MISSING.
T  INDICATES TRACE AMOUNT.




$$
