000
CDUS45 KBYZ 140723
CLIMLS


CLIMATE REPORT
NATIONAL WEATHER SERVICE BILLINGS MT
1223 AM MST THU DEC 14 2017


...................................

...THE MILES CITY MT CLIMATE SUMMARY FOR DECEMBER 13 2017...

CLIMATE NORMAL PERIOD 1981 TO 2010
CLIMATE RECORD PERIOD 1937 TO 2017


WEATHER ITEM   OBSERVED TIME   RECORD YEAR NORMAL DEPARTURE LAST
                VALUE   (LST)  VALUE       VALUE  FROM      YEAR
                                                  NORMAL
..................................................................
TEMPERATURE (F)
 YESTERDAY
  MAXIMUM         44   1151 AM  54    2014  31     13       18
                                      1997
  MINIMUM         32    727 AM -25    1985  10     22       -4
  AVERAGE         38                        20     18        7

PRECIPITATION (IN)
  YESTERDAY        0.00          0.33 1951   0.00   0.00     0.00
  MONTH TO DATE    T                         0.10  -0.10     0.07
  SINCE OCT 1      0.97                      1.41  -0.44     1.04
  SINCE JAN 1      6.11                     12.25  -6.14    14.50

DEGREE DAYS
 HEATING
  YESTERDAY       27                        45    -18       58
  MONTH TO DATE  381                       558   -177      672
  SINCE DEC 1    381                       558   -177      672
  SINCE JUL 1   2124                      2357   -233     1987

 COOLING
  YESTERDAY        0                         0      0        0
  MONTH TO DATE    0                         0      0        0
  SINCE DEC 1      0                         0      0        0
  SINCE JAN 1    985                       730    255      873
..................................................................


WIND (MPH)
  HIGHEST WIND SPEED    25   HIGHEST WIND DIRECTION    NW (300)
  HIGHEST GUST SPEED    33   HIGHEST GUST DIRECTION    NW (310)
  AVERAGE WIND SPEED    14.1


SKY COVER
  POSSIBLE SUNSHINE  MM
  AVERAGE SKY COVER 0.6


WEATHER CONDITIONS
 THE FOLLOWING WEATHER WAS RECORDED YESTERDAY.
  NO SIGNIFICANT WEATHER WAS OBSERVED.


RELATIVE HUMIDITY (PERCENT)
 HIGHEST    64           700 PM
 LOWEST     39          1200 AM
 AVERAGE    52

..........................................................


THE MILES CITY MT CLIMATE NORMALS FOR TODAY
                         NORMAL    RECORD    YEAR
 MAXIMUM TEMPERATURE (F)   31        56      1979
 MINIMUM TEMPERATURE (F)   10       -24      1963


SUNRISE AND SUNSET
DECEMBER 14 2017......SUNRISE   740 AM MST   SUNSET   417 PM MST
DECEMBER 15 2017......SUNRISE   741 AM MST   SUNSET   417 PM MST


-  INDICATES NEGATIVE NUMBERS.
R  INDICATES RECORD WAS SET OR TIED.
MM INDICATES DATA IS MISSING.
T  INDICATES TRACE AMOUNT.




$$
