000
CDUS45 KBYZ 192223
CLIMLS


CLIMATE REPORT
NATIONAL WEATHER SERVICE BILLINGS MT
423 PM MDT THU OCT 19 2017


...................................

...THE MILES CITY MT CLIMATE SUMMARY FOR OCTOBER 19 2017...
VALID TODAY AS OF 0400 PM LOCAL TIME.

CLIMATE NORMAL PERIOD 1981 TO 2010
CLIMATE RECORD PERIOD 1937 TO 2017


WEATHER ITEM   OBSERVED TIME   RECORD YEAR NORMAL DEPARTURE LAST
                VALUE   (LST)  VALUE       VALUE  FROM      YEAR
                                                  NORMAL
..................................................................
TEMPERATURE (F)
 TODAY
  MAXIMUM         82    248 PM  86    1947  58     24       54
  MINIMUM         44    651 AM  15    1976  33     11       35
  AVERAGE         63                        45     18       45

PRECIPITATION (IN)
  TODAY            0.00          0.29 1943   0.03  -0.03     0.21
  MONTH TO DATE    0.56                      0.64  -0.08     0.97
  SINCE OCT 1      0.56                      0.64  -0.08     0.97
  SINCE JAN 1      5.70                     11.48  -5.78    14.43

DEGREE DAYS
 HEATING
  TODAY            2                        20    -18       20
  MONTH TO DATE  319                       305     14      302
  SINCE SEP 1    543                       507     36      449
  SINCE JUL 1    547                       541      6      463

 COOLING
  TODAY            0                         0      0        0
  MONTH TO DATE    0                         0      0        3
  SINCE SEP 1     91                        56     35       62
  SINCE JAN 1    985                       728    257      873
..................................................................


WIND (MPH)
  HIGHEST WIND SPEED    14   HIGHEST WIND DIRECTION     S (170)
  HIGHEST GUST SPEED    16   HIGHEST GUST DIRECTION     S (160)
  AVERAGE WIND SPEED    10.5


SKY COVER
  POSSIBLE SUNSHINE  MM
  AVERAGE SKY COVER 0.0


WEATHER CONDITIONS
 THE FOLLOWING WEATHER WAS RECORDED TODAY.
  NO SIGNIFICANT WEATHER WAS OBSERVED.


RELATIVE HUMIDITY (PERCENT)
 HIGHEST    65           100 AM
 LOWEST     15           300 PM
 AVERAGE    40

..........................................................


THE MILES CITY MT CLIMATE NORMALS FOR TOMORROW
                         NORMAL    RECORD    YEAR
 MAXIMUM TEMPERATURE (F)   57        82      2003
 MINIMUM TEMPERATURE (F)   32        13      1987


SUNRISE AND SUNSET
OCTOBER 19 2017.......SUNRISE   727 AM MDT   SUNSET   609 PM MDT
OCTOBER 20 2017.......SUNRISE   728 AM MDT   SUNSET   607 PM MDT


-  INDICATES NEGATIVE NUMBERS.
R  INDICATES RECORD WAS SET OR TIED.
MM INDICATES DATA IS MISSING.
T  INDICATES TRACE AMOUNT.




$$
