000
CDUS45 KBYZ 032323
CLIMLS


CLIMATE REPORT
NATIONAL WEATHER SERVICE BILLINGS MT
422 PM MST SAT DEC 3 2016


...................................

...THE MILES CITY MT CLIMATE SUMMARY FOR DECEMBER 3 2016...
VALID TODAY AS OF 0400 PM LOCAL TIME.

CLIMATE NORMAL PERIOD 1981 TO 2010
CLIMATE RECORD PERIOD 1937 TO 2016


WEATHER ITEM   OBSERVED TIME   RECORD YEAR NORMAL DEPARTURE LAST
                VALUE   (LST)  VALUE       VALUE  FROM      YEAR
                                                  NORMAL
..................................................................
TEMPERATURE (F)
 TODAY
  MAXIMUM         47    234 PM  60    1943  34     13       47
  MINIMUM         20    430 AM -12    1972  13      7       22
  AVERAGE         34                        24     10       35

PRECIPITATION (IN)
  TODAY            0.00          0.44 1941   0.01  -0.01     0.00
  MONTH TO DATE    0.00                      0.03  -0.03     0.00
  SINCE OCT 1      0.97                      1.34  -0.37     1.24
  SINCE JAN 1     14.43                     12.18   2.25     8.48

DEGREE DAYS
 HEATING
  TODAY           31                        42    -11       30
  MONTH TO DATE  114                       124    -10      108
  SINCE DEC 1    114                       124    -10      108
  SINCE JUL 1   1429                      1923   -494     1536

 COOLING
  TODAY            0                         0      0        0
  MONTH TO DATE    0                         0      0        0
  SINCE DEC 1      0                         0      0        0
  SINCE JAN 1    873                       730    143      837
..................................................................


WIND (MPH)
  HIGHEST WIND SPEED    31   HIGHEST WIND DIRECTION    NW (300)
  HIGHEST GUST SPEED    37   HIGHEST GUST DIRECTION    NW (300)
  AVERAGE WIND SPEED    12.4


SKY COVER
  POSSIBLE SUNSHINE  MM
  AVERAGE SKY COVER 0.7


WEATHER CONDITIONS
 THE FOLLOWING WEATHER WAS RECORDED TODAY.
  NO SIGNIFICANT WEATHER WAS OBSERVED.


RELATIVE HUMIDITY (PERCENT)
 HIGHEST    84           200 AM
 LOWEST     37           200 PM
 AVERAGE    61

..........................................................


THE MILES CITY MT CLIMATE NORMALS FOR TOMORROW
                         NORMAL    RECORD    YEAR
 MAXIMUM TEMPERATURE (F)   34        67      1979
 MINIMUM TEMPERATURE (F)   13       -21      1972


SUNRISE AND SUNSET
DECEMBER  3 2016......SUNRISE   729 AM MST   SUNSET   418 PM MST
DECEMBER  4 2016......SUNRISE   731 AM MST   SUNSET   417 PM MST


-  INDICATES NEGATIVE NUMBERS.
R  INDICATES RECORD WAS SET OR TIED.
MM INDICATES DATA IS MISSING.
T  INDICATES TRACE AMOUNT.





&&

THIS IS AN AUTOMATED...UNATTENDED WEATHER STATION AND MAY
UNDERESTIMATE WINTER PRECIPITATION.

$$
