000
CDUS45 KBYZ 290934
CLIMLS


CLIMATE REPORT
NATIONAL WEATHER SERVICE BILLINGS MT
333 AM MDT SAT AUG 29 2015


...................................

...THE MILES CITY MT CLIMATE SUMMARY FOR AUGUST 28 2015...

CLIMATE NORMAL PERIOD 1981 TO 2010
CLIMATE RECORD PERIOD 1937 TO 2015


WEATHER ITEM   OBSERVED TIME   RECORD YEAR NORMAL DEPARTURE LAST
                VALUE   (LST)  VALUE       VALUE  FROM      YEAR
                                                  NORMAL
..................................................................
TEMPERATURE (F)
 YESTERDAY
  MAXIMUM         92    316 PM 102    2012  84      8       90
  MINIMUM         59    406 AM  43    1960  54      5       56
  AVERAGE         76                        69      7       73

PRECIPITATION (IN)
  YESTERDAY        0.00          0.48 1985   0.02  -0.02     0.00
  MONTH TO DATE    0.64                      0.83  -0.19     2.17
  SINCE OCT 1      7.95                     11.28  -3.33    13.62
  SINCE JAN 1      6.94                      9.68  -2.74    11.94

DEGREE DAYS
 HEATING
  YESTERDAY        0                         2     -2        0
  MONTH TO DATE   41                        13     28       33
  SINCE JUN 1     66                       114    -48      128
  SINCE JUL 1     41                        25     16       34

 COOLING
  YESTERDAY       11                         6      5        8
  MONTH TO DATE  253                       243     10      236
  SINCE JUN 1    711                       638     73      557
  SINCE JAN 1    712                       658     54      591
..................................................................


WIND (MPH)
  HIGHEST WIND SPEED    17   HIGHEST WIND DIRECTION     W (290)
  HIGHEST GUST SPEED    22   HIGHEST GUST DIRECTION     W (250)
  AVERAGE WIND SPEED     8.9


SKY COVER
  POSSIBLE SUNSHINE  MM
  AVERAGE SKY COVER 0.5


WEATHER CONDITIONS
 THE FOLLOWING WEATHER WAS RECORDED YESTERDAY.
  HAZE


RELATIVE HUMIDITY (PERCENT)
 HIGHEST    64           400 AM
 LOWEST     19           300 PM
 AVERAGE    42

..........................................................


THE MILES CITY MT CLIMATE NORMALS FOR TODAY
                         NORMAL    RECORD    YEAR
 MAXIMUM TEMPERATURE (F)   83       101      1995
 MINIMUM TEMPERATURE (F)   54        41      1965


SUNRISE AND SUNSET
AUGUST 29 2015........SUNRISE   620 AM MDT   SUNSET   748 PM MDT
AUGUST 30 2015........SUNRISE   621 AM MDT   SUNSET   746 PM MDT


-  INDICATES NEGATIVE NUMBERS.
R  INDICATES RECORD WAS SET OR TIED.
MM INDICATES DATA IS MISSING.
T  INDICATES TRACE AMOUNT.





&&

THIS IS AN AUTOMATED...UNATTENDED WEATHER STATION AND MAY
UNDERESTIMATE WINTER PRECIPITATION.

$$
