000
CDUS45 KBYZ 060941
CLIMLS


CLIMATE REPORT
NATIONAL WEATHER SERVICE BILLINGS MT
340 AM MDT MON JUL 6 2015


...................................

...THE MILES CITY MT CLIMATE SUMMARY FOR JULY 5 2015...

CLIMATE NORMAL PERIOD 1981 TO 2010
CLIMATE RECORD PERIOD 1937 TO 2015


WEATHER ITEM   OBSERVED TIME   RECORD YEAR NORMAL DEPARTURE LAST
                VALUE   (LST)  VALUE       VALUE  FROM      YEAR
                                                  NORMAL
..................................................................
TEMPERATURE (F)
 YESTERDAY
  MAXIMUM         72    443 PM 109    1937  86    -14       95
  MINIMUM         58   1159 PM  48    1960  58      0       67
  AVERAGE         65                        72     -7       81

PRECIPITATION (IN)
  YESTERDAY        0.04          1.31 1992   0.05  -0.01     0.00
  MONTH TO DATE    0.04                      0.29  -0.25     0.03
  SINCE OCT 1      6.45                      9.10  -2.65    11.39
  SINCE JAN 1      5.44                      7.50  -2.06     9.71

DEGREE DAYS
 HEATING
  YESTERDAY        0                         1     -1        0
  MONTH TO DATE    0                         5     -5        0
  SINCE JUN 1     25                        94    -69       94
  SINCE JUL 1      0                         5     -5        0

 COOLING
  YESTERDAY        0                         8     -8       16
  MONTH TO DATE   45                        36      9       43
  SINCE JUN 1    207                       143     64       80
  SINCE JAN 1    208                       163     45      114
..................................................................


WIND (MPH)
  HIGHEST WIND SPEED    33   HIGHEST WIND DIRECTION    NE (40)
  HIGHEST GUST SPEED    44   HIGHEST GUST DIRECTION    NE (30)
  AVERAGE WIND SPEED    14.7


SKY COVER
  POSSIBLE SUNSHINE  MM
  AVERAGE SKY COVER 0.7


WEATHER CONDITIONS
 THE FOLLOWING WEATHER WAS RECORDED YESTERDAY.
  RAIN
  LIGHT RAIN
  FOG
  HAZE


RELATIVE HUMIDITY (PERCENT)
 HIGHEST    81           200 AM
 LOWEST     44           400 PM
 AVERAGE    63

..........................................................


THE MILES CITY MT CLIMATE NORMALS FOR TODAY
                         NORMAL    RECORD    YEAR
 MAXIMUM TEMPERATURE (F)   86       106      1937
 MINIMUM TEMPERATURE (F)   58        44      1958


SUNRISE AND SUNSET
JULY  6 2015..........SUNRISE   518 AM MDT   SUNSET   858 PM MDT
JULY  7 2015..........SUNRISE   519 AM MDT   SUNSET   858 PM MDT


-  INDICATES NEGATIVE NUMBERS.
R  INDICATES RECORD WAS SET OR TIED.
MM INDICATES DATA IS MISSING.
T  INDICATES TRACE AMOUNT.





&&

THIS IS AN AUTOMATED...UNATTENDED WEATHER STATION AND MAY
UNDERESTIMATE WINTER PRECIPITATION.

$$
