000
CDUS45 KBYZ 212230
CLIMLS


CLIMATE REPORT
NATIONAL WEATHER SERVICE BILLINGS MT
426 PM MDT THU MAY 21 2015


...................................

...THE MILES CITY MT CLIMATE SUMMARY FOR MAY 21 2015...
VALID TODAY AS OF 0400 PM LOCAL TIME.

CLIMATE NORMAL PERIOD 1981 TO 2010
CLIMATE RECORD PERIOD 1937 TO 2015


WEATHER ITEM   OBSERVED TIME   RECORD YEAR NORMAL DEPARTURE LAST
                VALUE   (LST)  VALUE       VALUE  FROM      YEAR
                                                  NORMAL
..................................................................
TEMPERATURE (F)
 TODAY
  MAXIMUM         73    259 PM  96    1980  70      3       73
  MINIMUM         37    431 AM  29    1963  45     -8       42
  AVERAGE         55                        57     -2       58

PRECIPITATION (IN)
  TODAY            0.00          1.04        0.07  -0.07     0.00
  MONTH TO DATE    0.52                      1.38  -0.86     2.09
  SINCE OCT 1      2.43                      5.50  -3.07     5.66
  SINCE JAN 1      1.42                      3.90  -2.48     3.98

DEGREE DAYS
 HEATING
  TODAY           10                         8      2        7
  MONTH TO DATE  274                       234     40      305
  SINCE MAR 1   1461                      1746   -285     1966
  SINCE JUL 1   6931                      7480   -549     8005

 COOLING
  TODAY            0                         1     -1        0
  MONTH TO DATE    1                         8     -7        0
  SINCE MAR 1      1                         9     -8        0
  SINCE JAN 1      1                         9     -8        0
..................................................................


WIND (MPH)
  HIGHEST WIND SPEED    25   HIGHEST WIND DIRECTION    SE (150)
  HIGHEST GUST SPEED    31   HIGHEST GUST DIRECTION    SE (140)
  AVERAGE WIND SPEED    10.6


SKY COVER
  POSSIBLE SUNSHINE  MM
  AVERAGE SKY COVER 0.0


WEATHER CONDITIONS
 THE FOLLOWING WEATHER WAS RECORDED TODAY.
  NO SIGNIFICANT WEATHER WAS OBSERVED.


RELATIVE HUMIDITY (PERCENT)
 HIGHEST    70           400 AM
 LOWEST     17           200 PM
 AVERAGE    44

..........................................................


THE MILES CITY MT CLIMATE NORMALS FOR TOMORROW
                         NORMAL    RECORD    YEAR
 MAXIMUM TEMPERATURE (F)   70        99      1980
 MINIMUM TEMPERATURE (F)   45        33      2002


SUNRISE AND SUNSET
MAY 21 2015...........SUNRISE   524 AM MDT   SUNSET   837 PM MDT
MAY 22 2015...........SUNRISE   523 AM MDT   SUNSET   838 PM MDT


-  INDICATES NEGATIVE NUMBERS.
R  INDICATES RECORD WAS SET OR TIED.
MM INDICATES DATA IS MISSING.
T  INDICATES TRACE AMOUNT.





&&

THIS IS AN AUTOMATED...UNATTENDED WEATHER STATION AND MAY
UNDERESTIMATE WINTER PRECIPITATION.

$$
