000
CDUS41 KCAR 202138
CLIMLT


CLIMATE REPORT
NATIONAL WEATHER SERVICE CARIBOU, ME
430 PM EST SAT DEC 20 2014


...................................

...THE MILLINOCKET ME CLIMATE SUMMARY FOR DECEMBER 20 2014...
VALID TODAY AS OF 0400 PM LOCAL TIME.

CLIMATE NORMAL PERIOD 1981 TO 2010
CLIMATE RECORD PERIOD 1903 TO 2014


WEATHER ITEM   OBSERVED TIME   RECORD YEAR NORMAL DEPARTURE LAST
                VALUE   (LST)  VALUE       VALUE  FROM      YEAR
                                                  NORMAL
..................................................................
TEMPERATURE (F)
 TODAY
  MAXIMUM         20    359 PM  50    1936  29     -9       26
  MINIMUM          5    746 AM -24    1922  12     -7       16
  AVERAGE         13                        21     -8       21

PRECIPITATION (IN)
  TODAY            0.00          1.96 2002   0.10  -0.10     0.14
  MONTH TO DATE    4.45                      2.61   1.84     0.95
  SINCE DEC 1      4.45                      2.61   1.84     0.95
  SINCE JAN 1     37.92                     41.76  -3.84    36.66

SNOWFALL (IN)
  TODAY           MM            MM      MM  MM     MM       MM
  MONTH TO DATE   MM                        MM     MM       MM
  SINCE DEC 1     MM                        MM     MM       MM
  SINCE JUL 1     MM                        MM     MM       MM
  SNOW DEPTH      MM

DEGREE DAYS
 HEATING
  TODAY           52                        44      8       44
  MONTH TO DATE  786                       811    -25      920
  SINCE DEC 1    786                       811    -25      920
  SINCE JUL 1   2382                      2654   -272     2612

 COOLING
  TODAY            0                         0      0        0
  MONTH TO DATE    0                         0      0        0
  SINCE DEC 1      0                         0      0        0
  SINCE JAN 1    375                       268    107      380
..................................................................


WIND (MPH)
  HIGHEST WIND SPEED     8   HIGHEST WIND DIRECTION     N (340)
  HIGHEST GUST SPEED    11   HIGHEST GUST DIRECTION    NE (50)
  AVERAGE WIND SPEED     3.2


SKY COVER
  POSSIBLE SUNSHINE  MM
  AVERAGE SKY COVER 0.4


WEATHER CONDITIONS
 THE FOLLOWING WEATHER WAS RECORDED TODAY.
  FOG
  HAZE


RELATIVE HUMIDITY (PERCENT)
 HIGHEST    91           900 AM
 LOWEST     80           800 AM
 AVERAGE    86

..........................................................


THE MILLINOCKET ME CLIMATE NORMALS FOR TOMORROW
                         NORMAL    RECORD    YEAR
 MAXIMUM TEMPERATURE (F)   29        57      1957
 MINIMUM TEMPERATURE (F)   12       -20      1906


SUNRISE AND SUNSET
DECEMBER 20 2014......SUNRISE   712 AM EST   SUNSET   353 PM EST
DECEMBER 21 2014......SUNRISE   712 AM EST   SUNSET   353 PM EST


-  INDICATES NEGATIVE NUMBERS.
R  INDICATES RECORD WAS SET OR TIED.
MM INDICATES DATA IS MISSING.
T  INDICATES TRACE AMOUNT.




$$
