000
CDUS41 KCAR 302037
CLIMLT


CLIMATE REPORT
NATIONAL WEATHER SERVICE CARIBOU, ME
435 PM EDT SAT APR 30 2016


...................................

...THE MILLINOCKET ME CLIMATE SUMMARY FOR APRIL 30 2016...
VALID TODAY AS OF 0400 PM LOCAL TIME.

CLIMATE NORMAL PERIOD 1981 TO 2010
CLIMATE RECORD PERIOD 1903 TO 2016


WEATHER ITEM   OBSERVED TIME   RECORD YEAR NORMAL DEPARTURE LAST
                VALUE   (LST)  VALUE       VALUE  FROM      YEAR
                                                  NORMAL
..................................................................
TEMPERATURE (F)
 TODAY
  MAXIMUM         60    259 PM  84    2004  59      1       54
                                      1911
  MINIMUM         25    434 AM  20    1909  37    -12       41
  AVERAGE         43                        48     -5       48

PRECIPITATION (IN)
  TODAY            0.00          2.23 1915   0.11  -0.11      T
  MONTH TO DATE    2.80                      3.56  -0.76     2.13
  SINCE MAR 1      6.02                      6.62  -0.60     3.92
  SINCE JAN 1     11.33                     11.73  -0.40     7.15

SNOWFALL (IN)
  TODAY           MM            MM      MM  MM     MM       MM
  MONTH TO DATE    0.0                      MM     MM       MM
  SINCE MAR 1      0.0                      MM     MM       MM
  SINCE JUL 1      0.0                      MM     MM       MM
  SNOW DEPTH      MM

DEGREE DAYS
 HEATING
  TODAY           22                        17      5       17
  MONTH TO DATE  778                       721     57      750
  SINCE MAR 1   1874                      1869      5     2007
  SINCE JUL 1   6838                      7921  -1083     8052

 COOLING
  TODAY            0                         0      0        0
  MONTH TO DATE    0                         0      0        0
  SINCE MAR 1      0                         0      0        0
  SINCE JAN 1      0                         0      0        0
..................................................................


WIND (MPH)
  HIGHEST WIND SPEED    14   HIGHEST WIND DIRECTION    NW (330)
  HIGHEST GUST SPEED    19   HIGHEST GUST DIRECTION    NW (300)
  AVERAGE WIND SPEED     3.6


SKY COVER
  POSSIBLE SUNSHINE  MM
  AVERAGE SKY COVER 0.0


WEATHER CONDITIONS
 THE FOLLOWING WEATHER WAS RECORDED TODAY.
  NO SIGNIFICANT WEATHER WAS OBSERVED.


RELATIVE HUMIDITY (PERCENT)
 HIGHEST    75           500 AM
 LOWEST     14           100 PM
 AVERAGE    45

..........................................................


THE MILLINOCKET ME CLIMATE NORMALS FOR TOMORROW
                         NORMAL    RECORD    YEAR
 MAXIMUM TEMPERATURE (F)   59        82      2004
                                             1949
 MINIMUM TEMPERATURE (F)   38        20      1922


SUNRISE AND SUNSET
APRIL 30 2016.........SUNRISE   523 AM EDT   SUNSET   741 PM EDT
MAY  1 2016...........SUNRISE   522 AM EDT   SUNSET   742 PM EDT


-  INDICATES NEGATIVE NUMBERS.
R  INDICATES RECORD WAS SET OR TIED.
MM INDICATES DATA IS MISSING.
T  INDICATES TRACE AMOUNT.




$$
