000
CDUS41 KCAR 220528
CLIMLT


CLIMATE REPORT
NATIONAL WEATHER SERVICE CARIBOU, ME
1228 AM EST WED NOV 22 2017


...................................

...THE MILLINOCKET ME CLIMATE SUMMARY FOR NOVEMBER 21 2017...

CLIMATE NORMAL PERIOD 1981 TO 2010
CLIMATE RECORD PERIOD 1903 TO 2017


WEATHER ITEM   OBSERVED TIME   RECORD YEAR NORMAL DEPARTURE LAST
                VALUE   (LST)  VALUE       VALUE  FROM      YEAR
                                                  NORMAL
..................................................................
TEMPERATURE (F)
 YESTERDAY
  MAXIMUM         40    326 PM  63    1991  39      1       39
  MINIMUM         14    610 AM   6    1962  26    -12       28
                                      1959
                                      1933
  AVERAGE         27                        33     -6       34

PRECIPITATION (IN)
  YESTERDAY        0.00          2.07 1950   0.16  -0.16     0.08
  MONTH TO DATE    1.89                      2.95  -1.06     1.75
  SINCE SEP 1     12.51                     10.74   1.77     5.71
  SINCE JAN 1     37.15                     37.67  -0.52    28.71

SNOWFALL (IN)
  YESTERDAY       MM            MM      MM  MM     MM       MM
  MONTH TO DATE   MM                        MM     MM       MM
  SINCE SEP 1     MM                        MM     MM       MM
  SINCE JUL 1     MM                        MM     MM       MM
  SNOW DEPTH      MM

DEGREE DAYS
 HEATING
  YESTERDAY       38                        32      6       31
  MONTH TO DATE  644                       599     45      505
  SINCE SEP 1   1131                      1454   -323     1214
  SINCE JUL 1   1230                      1533   -303     1254

 COOLING
  YESTERDAY        0                         0      0        0
  MONTH TO DATE    0                         0      0        0
  SINCE SEP 1     47                        17     30       43
  SINCE JAN 1    263                       268     -5      350
..................................................................


WIND (MPH)
  HIGHEST WIND SPEED    15   HIGHEST WIND DIRECTION    NW (300)
  HIGHEST GUST SPEED    25   HIGHEST GUST DIRECTION    NW (300)
  AVERAGE WIND SPEED     3.7


SKY COVER
  POSSIBLE SUNSHINE  MM
  AVERAGE SKY COVER 0.1


WEATHER CONDITIONS
 THE FOLLOWING WEATHER WAS RECORDED YESTERDAY.
  FOG


RELATIVE HUMIDITY (PERCENT)
 HIGHEST   100          1100 PM
 LOWEST     54          1200 PM
 AVERAGE    77

..........................................................


THE MILLINOCKET ME CLIMATE NORMALS FOR TODAY
                         NORMAL    RECORD    YEAR
 MAXIMUM TEMPERATURE (F)   39        64      1903
 MINIMUM TEMPERATURE (F)   25         2      1978


SUNRISE AND SUNSET
NOVEMBER 22 2017......SUNRISE   644 AM EST   SUNSET   358 PM EST
NOVEMBER 23 2017......SUNRISE   645 AM EST   SUNSET   357 PM EST


-  INDICATES NEGATIVE NUMBERS.
R  INDICATES RECORD WAS SET OR TIED.
MM INDICATES DATA IS MISSING.
T  INDICATES TRACE AMOUNT.




$$
