000
CDUS41 KCAR 010527
CLIMLT


CLIMATE REPORT
NATIONAL WEATHER SERVICE CARIBOU, ME
126 AM EDT FRI AUG 1 2014


...................................

...THE MILLINOCKET ME CLIMATE SUMMARY FOR JULY 31 2014...

CLIMATE NORMAL PERIOD 1981 TO 2010
CLIMATE RECORD PERIOD 1903 TO 2014


WEATHER ITEM   OBSERVED TIME   RECORD YEAR NORMAL DEPARTURE LAST
                VALUE   (LST)  VALUE       VALUE  FROM      YEAR
                                                  NORMAL
..................................................................
TEMPERATURE (F)
 YESTERDAY
  MAXIMUM         77    221 PM  96    1908  78     -1       81
  MINIMUM         58   1200 AM  41    1932  57      1       56
  AVERAGE         68                        68      0       69

PRECIPITATION (IN)
  YESTERDAY        0.07          1.35 1977   0.12  -0.05     0.00
  MONTH TO DATE    4.41                      3.85   0.56     3.59
  SINCE JUN 1      8.98                      7.92   1.06     9.30
  SINCE JAN 1     22.88                     22.99  -0.11    20.46

SNOWFALL (IN)
  YESTERDAY       MM            MM      MM  MM     MM       MM
  MONTH TO DATE   MM                        MM     MM       MM
  SINCE JUN 1     MM                        MM     MM       MM
  SINCE JUL 1     MM                        MM     MM       MM
  SNOW DEPTH      MM

DEGREE DAYS
 HEATING
  YESTERDAY        0                         1     -1        0
  MONTH TO DATE    9                        31    -22       10
  SINCE JUN 1     85                       140    -55      111
  SINCE JUL 1      9                        24    -15       10

 COOLING
  YESTERDAY        3                         3      0        4
  MONTH TO DATE  174                       117     57      213
  SINCE JUN 1    232                       166     66      274
  SINCE JAN 1    234                       172     62      282
..................................................................


WIND (MPH)
  HIGHEST WIND SPEED    10   HIGHEST WIND DIRECTION     S (170)
  HIGHEST GUST SPEED    18   HIGHEST GUST DIRECTION    SE (150)
  AVERAGE WIND SPEED     2.4


SKY COVER
  POSSIBLE SUNSHINE  MM
  AVERAGE SKY COVER 0.6


WEATHER CONDITIONS
 THE FOLLOWING WEATHER WAS RECORDED YESTERDAY.
  THUNDERSTORM
  RAIN
  LIGHT RAIN
  FOG
  FOG W/VISIBILITY <= 1/4 MILE


RELATIVE HUMIDITY (PERCENT)
 HIGHEST    93          1200 AM
 LOWEST     53           300 PM
 AVERAGE    73

..........................................................


THE MILLINOCKET ME CLIMATE NORMALS FOR TODAY
                         NORMAL    RECORD    YEAR
 MAXIMUM TEMPERATURE (F)   78        91      1908
 MINIMUM TEMPERATURE (F)   57        42      1961


SUNRISE AND SUNSET
AUGUST  1 2014........SUNRISE   518 AM EDT   SUNSET   803 PM EDT
AUGUST  2 2014........SUNRISE   519 AM EDT   SUNSET   802 PM EDT


-  INDICATES NEGATIVE NUMBERS.
R  INDICATES RECORD WAS SET OR TIED.
MM INDICATES DATA IS MISSING.
T  INDICATES TRACE AMOUNT.




$$
