709
CDUS41 KCAR 060532
CLIMLT


CLIMATE REPORT
NATIONAL WEATHER SERVICE CARIBOU, ME
1231 AM EST SAT FEB 6 2016


...................................

...THE MILLINOCKET ME CLIMATE SUMMARY FOR FEBRUARY 5 2016...

CLIMATE NORMAL PERIOD 1981 TO 2010
CLIMATE RECORD PERIOD 1903 TO 2016


WEATHER ITEM   OBSERVED TIME   RECORD YEAR NORMAL DEPARTURE LAST
                VALUE   (LST)  VALUE       VALUE  FROM      YEAR
                                                  NORMAL
..................................................................
TEMPERATURE (F)
 YESTERDAY
  MAXIMUM         37   1214 AM  48    1947  25     12       24
  MINIMUM         18   1159 PM -35    1935   5     13       -9
  AVERAGE         28                        15     13        8

PRECIPITATION (IN)
  YESTERDAY        0.25          2.07 1920   0.06   0.19     0.01
  MONTH TO DATE    0.77                      0.30   0.47     0.10
  SINCE DEC 1      7.24                      6.76   0.48     7.94
  SINCE JAN 1      2.84                      3.23  -0.39     1.94

SNOWFALL (IN)
  YESTERDAY       MM            MM      MM  MM     MM       MM
  MONTH TO DATE   MM                        MM     MM       MM
  SINCE DEC 1     MM                        MM     MM       MM
  SINCE JUL 1     MM                        MM     MM       MM
  SNOW DEPTH      MM

DEGREE DAYS
 HEATING
  YESTERDAY       37                        50    -13       57
  MONTH TO DATE  161                       251    -90      310
  SINCE DEC 1   2438                      3154   -716     3112
  SINCE JUL 1   3979                      4997  -1018     4708

 COOLING
  YESTERDAY        0                         0      0        0
  MONTH TO DATE    0                         0      0        0
  SINCE DEC 1      0                         0      0        0
  SINCE JAN 1      0                         0      0        0
..................................................................


WIND (MPH)
  HIGHEST WIND SPEED    18   HIGHEST WIND DIRECTION     N (340)
  HIGHEST GUST SPEED    25   HIGHEST GUST DIRECTION     N (340)
  AVERAGE WIND SPEED     6.0


SKY COVER
  POSSIBLE SUNSHINE  MM
  AVERAGE SKY COVER 0.7


WEATHER CONDITIONS
 THE FOLLOWING WEATHER WAS RECORDED YESTERDAY.
  HEAVY SNOW
  SNOW
  LIGHT SNOW
  FOG
  FOG W/VISIBILITY <= 1/4 MILE


RELATIVE HUMIDITY (PERCENT)
 HIGHEST    85          1000 AM
 LOWEST     57           900 PM
 AVERAGE    71

..........................................................


THE MILLINOCKET ME CLIMATE NORMALS FOR TODAY
                         NORMAL    RECORD    YEAR
 MAXIMUM TEMPERATURE (F)   26        53      1909
 MINIMUM TEMPERATURE (F)    6       -32      1934


SUNRISE AND SUNSET
FEBRUARY  6 2016......SUNRISE   650 AM EST   SUNSET   448 PM EST
FEBRUARY  7 2016......SUNRISE   649 AM EST   SUNSET   449 PM EST


-  INDICATES NEGATIVE NUMBERS.
R  INDICATES RECORD WAS SET OR TIED.
MM INDICATES DATA IS MISSING.
T  INDICATES TRACE AMOUNT.




$$
