653
CDUS41 KCAR 210532
CLIMLT


CLIMATE REPORT
NATIONAL WEATHER SERVICE CARIBOU, ME
126 AM EDT THU SEP 21 2017


...................................

...THE MILLINOCKET ME CLIMATE SUMMARY FOR SEPTEMBER 20 2017...

CLIMATE NORMAL PERIOD 1981 TO 2010
CLIMATE RECORD PERIOD 1903 TO 2017


WEATHER ITEM   OBSERVED TIME   RECORD YEAR NORMAL DEPARTURE LAST
                VALUE   (LST)  VALUE       VALUE  FROM      YEAR
                                                  NORMAL
..................................................................
TEMPERATURE (F)
 YESTERDAY
  MAXIMUM         76    327 PM  85    1946  66     10       77
  MINIMUM         62   1159 PM  25    1929  45     17       60
  AVERAGE         69                        56     13       69

PRECIPITATION (IN)
  YESTERDAY        0.00          1.38 1918   0.13  -0.13      T
  MONTH TO DATE    3.14                      2.34   0.80     0.98
  SINCE SEP 1      3.14                      2.34   0.80     0.98
  SINCE JAN 1     27.78                     29.27  -1.49    23.98

SNOWFALL (IN)
  YESTERDAY       MM            MM      MM  MM     MM       MM
  MONTH TO DATE   MM                        MM     MM       MM
  SINCE SEP 1     MM                        MM     MM       MM
  SINCE JUL 1     MM                        MM     MM       MM
  SNOW DEPTH      MM

DEGREE DAYS
 HEATING
  YESTERDAY        0                        10    -10        0
  MONTH TO DATE   62                       129    -67       52
  SINCE SEP 1     62                       129    -67       52
  SINCE JUL 1    161                       208    -47       92

 COOLING
  YESTERDAY        4                         0      4        4
  MONTH TO DATE   16                        15      1       41
  SINCE SEP 1     16                        15      1       41
  SINCE JAN 1    232                       266    -34      348
..................................................................


WIND (MPH)
  HIGHEST WIND SPEED    12   HIGHEST WIND DIRECTION    NE (50)
  HIGHEST GUST SPEED    17   HIGHEST GUST DIRECTION    NE (50)
  AVERAGE WIND SPEED     5.4


SKY COVER
  POSSIBLE SUNSHINE  MM
  AVERAGE SKY COVER 0.7


WEATHER CONDITIONS
 THE FOLLOWING WEATHER WAS RECORDED YESTERDAY.
  FOG


RELATIVE HUMIDITY (PERCENT)
 HIGHEST   100          1200 AM
 LOWEST     60          1100 PM
 AVERAGE    80

..........................................................


THE MILLINOCKET ME CLIMATE NORMALS FOR TODAY
                         NORMAL    RECORD    YEAR
 MAXIMUM TEMPERATURE (F)   65        89      1965
                                             1907
 MINIMUM TEMPERATURE (F)   45        27      1950
                                             1929


SUNRISE AND SUNSET
SEPTEMBER 21 2017.....SUNRISE   621 AM EDT   SUNSET   634 PM EDT
SEPTEMBER 22 2017.....SUNRISE   622 AM EDT   SUNSET   632 PM EDT


-  INDICATES NEGATIVE NUMBERS.
R  INDICATES RECORD WAS SET OR TIED.
MM INDICATES DATA IS MISSING.
T  INDICATES TRACE AMOUNT.




$$
