409
CDUS41 KCAR 240535
CLIMLT


CLIMATE REPORT
NATIONAL WEATHER SERVICE CARIBOU, ME
132 AM EDT TUE MAY 24 2016


...................................

...THE MILLINOCKET ME CLIMATE SUMMARY FOR MAY 23 2016...

CLIMATE NORMAL PERIOD 1981 TO 2010
CLIMATE RECORD PERIOD 1903 TO 2016


WEATHER ITEM   OBSERVED TIME   RECORD YEAR NORMAL DEPARTURE LAST
                VALUE   (LST)  VALUE       VALUE  FROM      YEAR
                                                  NORMAL
..................................................................
TEMPERATURE (F)
 YESTERDAY
  MAXIMUM         80    351 PM  94    1977  67     13       56
  MINIMUM         45    458 AM  27    1905  44      1       37
  AVERAGE         63                        55      8       47

PRECIPITATION (IN)
  YESTERDAY        0.00          1.49 1931   0.12  -0.12     0.00
  MONTH TO DATE    2.05                      2.39  -0.34     2.64
  SINCE MAR 1      8.07                      9.01  -0.94     6.56
  SINCE JAN 1     13.38                     14.12  -0.74     9.79

SNOWFALL (IN)
  YESTERDAY       MM            MM      MM  MM     MM       MM
  MONTH TO DATE   MM                        MM     MM       MM
  SINCE MAR 1     MM                        MM     MM       MM
  SINCE JUL 1     MM                        MM     MM       MM
  SNOW DEPTH      MM

DEGREE DAYS
 HEATING
  YESTERDAY        2                        10     -8       18
  MONTH TO DATE  290                       300    -10      225
  SINCE MAR 1   2164                      2169     -5     2232
  SINCE JUL 1   7128                      8221  -1093     8277

 COOLING
  YESTERDAY        0                         0      0        0
  MONTH TO DATE    0                         0      0        1
  SINCE MAR 1      0                         0      0        1
  SINCE JAN 1      0                         0      0        1
..................................................................


WIND (MPH)
  HIGHEST WIND SPEED    16   HIGHEST WIND DIRECTION    NE (60)
  HIGHEST GUST SPEED    22   HIGHEST GUST DIRECTION    NE (40)
  AVERAGE WIND SPEED     4.4


SKY COVER
  POSSIBLE SUNSHINE  MM
  AVERAGE SKY COVER 0.0


WEATHER CONDITIONS
 THE FOLLOWING WEATHER WAS RECORDED YESTERDAY.
  NO SIGNIFICANT WEATHER WAS OBSERVED.


RELATIVE HUMIDITY (PERCENT)
 HIGHEST    96          1200 AM
 LOWEST     25           200 PM
 AVERAGE    61

..........................................................


THE MILLINOCKET ME CLIMATE NORMALS FOR TODAY
                         NORMAL    RECORD    YEAR
 MAXIMUM TEMPERATURE (F)   67        96      1977
 MINIMUM TEMPERATURE (F)   44        27      1956


SUNRISE AND SUNSET
MAY 24 2016...........SUNRISE   454 AM EDT   SUNSET   810 PM EDT
MAY 25 2016...........SUNRISE   453 AM EDT   SUNSET   811 PM EDT


-  INDICATES NEGATIVE NUMBERS.
R  INDICATES RECORD WAS SET OR TIED.
MM INDICATES DATA IS MISSING.
T  INDICATES TRACE AMOUNT.




$$
