000
CDUS41 KCAR 250542
CLIMLT


CLIMATE REPORT
NATIONAL WEATHER SERVICE CARIBOU, ME
139 AM EDT THU AUG 25 2016


...................................

...THE MILLINOCKET ME CLIMATE SUMMARY FOR AUGUST 24 2016...

CLIMATE NORMAL PERIOD 1981 TO 2010
CLIMATE RECORD PERIOD 1903 TO 2016


WEATHER ITEM   OBSERVED TIME   RECORD YEAR NORMAL DEPARTURE LAST
                VALUE   (LST)  VALUE       VALUE  FROM      YEAR
                                                  NORMAL
..................................................................
TEMPERATURE (F)
 YESTERDAY
  MAXIMUM         83    307 PM  88    2014  76      7       78
                                      1925
  MINIMUM         57    427 AM  35    1923  54      3       69
  AVERAGE         70                        65      5       74

PRECIPITATION (IN)
  YESTERDAY        0.00          2.00 1933   0.14  -0.14     0.98
  MONTH TO DATE    4.14                      3.03   1.11     4.63
  SINCE JUN 1      9.29                     10.95  -1.66    12.66
  SINCE JAN 1     22.90                     26.02  -3.12    24.35

SNOWFALL (IN)
  YESTERDAY       MM            MM      MM  MM     MM       MM
  MONTH TO DATE   MM                        MM     MM       MM
  SINCE JUN 1     MM                        MM     MM       MM
  SINCE JUL 1     MM                        MM     MM       MM
  SNOW DEPTH      MM

DEGREE DAYS
 HEATING
  YESTERDAY        0                         2     -2        0
  MONTH TO DATE    4                        33    -29        0
  SINCE JUN 1    153                       173    -20      181
  SINCE JUL 1     37                        57    -20       21

 COOLING
  YESTERDAY        5                         2      3        9
  MONTH TO DATE   86                        65     21      127
  SINCE JUN 1    270                       231     39      251
  SINCE JAN 1    276                       237     39      285
..................................................................


WIND (MPH)
  HIGHEST WIND SPEED    10   HIGHEST WIND DIRECTION     W (270)
  HIGHEST GUST SPEED    16   HIGHEST GUST DIRECTION     W (260)
  AVERAGE WIND SPEED     2.7


SKY COVER
  POSSIBLE SUNSHINE  MM
  AVERAGE SKY COVER 0.0


WEATHER CONDITIONS
 THE FOLLOWING WEATHER WAS RECORDED YESTERDAY.
  NO SIGNIFICANT WEATHER WAS OBSERVED.


RELATIVE HUMIDITY (PERCENT)
 HIGHEST    87           600 AM
 LOWEST     47           200 PM
 AVERAGE    67

..........................................................


THE MILLINOCKET ME CLIMATE NORMALS FOR TODAY
                         NORMAL    RECORD    YEAR
 MAXIMUM TEMPERATURE (F)   75        90      2014
                                             1925
 MINIMUM TEMPERATURE (F)   54        37      1978


SUNRISE AND SUNSET
AUGUST 25 2016........SUNRISE   548 AM EDT   SUNSET   725 PM EDT
AUGUST 26 2016........SUNRISE   549 AM EDT   SUNSET   723 PM EDT


-  INDICATES NEGATIVE NUMBERS.
R  INDICATES RECORD WAS SET OR TIED.
MM INDICATES DATA IS MISSING.
T  INDICATES TRACE AMOUNT.




$$
