000
CDUS41 KCAR 240611
CLIMLT


CLIMATE REPORT
NATIONAL WEATHER SERVICE CARIBOU, ME
110 AM EST TUE JAN 24 2017


...................................

...THE MILLINOCKET ME CLIMATE SUMMARY FOR JANUARY 23 2017...

CLIMATE NORMAL PERIOD 1981 TO 2010
CLIMATE RECORD PERIOD 1903 TO 2017


WEATHER ITEM   OBSERVED TIME   RECORD YEAR NORMAL DEPARTURE LAST
                VALUE   (LST)  VALUE       VALUE  FROM      YEAR
                                                  NORMAL
..................................................................
TEMPERATURE (F)
 YESTERDAY
  MAXIMUM         31    212 PM  49    1957  23      8       20
  MINIMUM         20   1120 PM -27    1961   3     17       -3
  AVERAGE         26                        13     13        9

PRECIPITATION (IN)
  YESTERDAY        0.00          1.90 1935   0.09  -0.09     0.00
  MONTH TO DATE    1.44                      2.26  -0.82     2.04
  SINCE DEC 1      4.75                      5.79  -1.04     6.44
  SINCE JAN 1      1.44                      2.26  -0.82     2.04

SNOWFALL (IN)
  YESTERDAY       MM            MM      MM  MM     MM       MM
  MONTH TO DATE   MM                        MM     MM       MM
  SINCE DEC 1     MM                        MM     MM       MM
  SINCE JUL 1     MM                        MM     MM       MM
  SNOW DEPTH      MM

DEGREE DAYS
 HEATING
  YESTERDAY       39                        52    -13       56
  MONTH TO DATE  987                      1170   -183     1008
  SINCE DEC 1   2389                      2492   -103     1967
  SINCE JUL 1   3939                      4335   -396     3508

 COOLING
  YESTERDAY        0                         0      0        0
  MONTH TO DATE    0                         0      0        0
  SINCE DEC 1      0                         0      0        0
  SINCE JAN 1      0                         0      0        0
..................................................................


WIND (MPH)
  HIGHEST WIND SPEED    14   HIGHEST WIND DIRECTION     E (80)
  HIGHEST GUST SPEED    17   HIGHEST GUST DIRECTION    NE (50)
  AVERAGE WIND SPEED     5.8


SKY COVER
  POSSIBLE SUNSHINE  MM
  AVERAGE SKY COVER 0.5


WEATHER CONDITIONS
 THE FOLLOWING WEATHER WAS RECORDED YESTERDAY.
  NO SIGNIFICANT WEATHER WAS OBSERVED.


RELATIVE HUMIDITY (PERCENT)
 HIGHEST    75           100 AM
 LOWEST     53           200 PM
 AVERAGE    64

..........................................................


THE MILLINOCKET ME CLIMATE NORMALS FOR TODAY
                         NORMAL    RECORD    YEAR
 MAXIMUM TEMPERATURE (F)   23        50      1992
 MINIMUM TEMPERATURE (F)    3       -27      1905


SUNRISE AND SUNSET
JANUARY 24 2017.......SUNRISE   704 AM EST   SUNSET   430 PM EST
JANUARY 25 2017.......SUNRISE   703 AM EST   SUNSET   431 PM EST


-  INDICATES NEGATIVE NUMBERS.
R  INDICATES RECORD WAS SET OR TIED.
MM INDICATES DATA IS MISSING.
T  INDICATES TRACE AMOUNT.




$$
