000
CDUS41 KCAR 200554
CLIMLT


CLIMATE REPORT
NATIONAL WEATHER SERVICE CARIBOU, ME
1254 AM EST TUE FEB 20 2018


...................................

...THE MILLINOCKET ME CLIMATE SUMMARY FOR FEBRUARY 19 2018...

CLIMATE NORMAL PERIOD 1981 TO 2010
CLIMATE RECORD PERIOD 1903 TO 2018


WEATHER ITEM   OBSERVED TIME   RECORD YEAR NORMAL DEPARTURE LAST
                VALUE   (LST)  VALUE       VALUE  FROM      YEAR
                                                  NORMAL
..................................................................
TEMPERATURE (F)
 YESTERDAY
  MAXIMUM         43    410 PM  53    1954  30     13       39
  MINIMUM          1    609 AM -30    1967  10     -9       28
  AVERAGE         22                        20      2       34

PRECIPITATION (IN)
  YESTERDAY        0.02          1.83 1998   0.09  -0.07     0.03
  MONTH TO DATE    1.61                      1.32   0.29     1.35
  SINCE DEC 1      7.99                      7.78   0.21     7.57
  SINCE JAN 1      5.31                      4.25   1.06     4.26

SNOWFALL (IN)
  YESTERDAY       MM            MM      MM  MM     MM       MM
  MONTH TO DATE   MM                        MM     MM       MM
  SINCE DEC 1     MM                        MM     MM       MM
  SINCE JUL 1     MM                        MM     MM       MM
  SNOW DEPTH      MM

DEGREE DAYS
 HEATING
  YESTERDAY       43                        45     -2       31
  MONTH TO DATE  891                       915    -24      956
  SINCE DEC 1   3907                      3818     89     3661
  SINCE JUL 1   5444                      5661   -217     5211

 COOLING
  YESTERDAY        0                         0      0        0
  MONTH TO DATE    0                         0      0        0
  SINCE DEC 1      0                         0      0        0
  SINCE JAN 1      0                         0      0        0
..................................................................


WIND (MPH)
  HIGHEST WIND SPEED    15   HIGHEST WIND DIRECTION     S (170)
  HIGHEST GUST SPEED    26   HIGHEST GUST DIRECTION     S (180)
  AVERAGE WIND SPEED     3.7


SKY COVER
  POSSIBLE SUNSHINE  MM
  AVERAGE SKY COVER 0.3


WEATHER CONDITIONS
 THE FOLLOWING WEATHER WAS RECORDED YESTERDAY.
  LIGHT RAIN
  FOG
  HAZE


RELATIVE HUMIDITY (PERCENT)
 HIGHEST   100          1000 PM
 LOWEST     49           400 PM
 AVERAGE    75

..........................................................


THE MILLINOCKET ME CLIMATE NORMALS FOR TODAY
                         NORMAL    RECORD    YEAR
 MAXIMUM TEMPERATURE (F)   30        56      1981
                                             1954
 MINIMUM TEMPERATURE (F)   10       -27      1967


SUNRISE AND SUNSET
FEBRUARY 20 2018......SUNRISE   629 AM EST   SUNSET   509 PM EST
FEBRUARY 21 2018......SUNRISE   627 AM EST   SUNSET   510 PM EST


-  INDICATES NEGATIVE NUMBERS.
R  INDICATES RECORD WAS SET OR TIED.
MM INDICATES DATA IS MISSING.
T  INDICATES TRACE AMOUNT.




$$
