000
CDUS44 KSHV 280843
CLIMLU


CLIMATE REPORT
NATIONAL WEATHER SERVICE SHREVEPORT, LA
243 AM CST FRI NOV 28 2014


...................................

...THE MONROE CLIMATE SUMMARY FOR NOVEMBER 27 2014...

CLIMATE NORMAL PERIOD 1981 TO 2010
CLIMATE RECORD PERIOD 1930 TO 2014


WEATHER ITEM   OBSERVED TIME   RECORD YEAR NORMAL DEPARTURE LAST
                VALUE   (LST)  VALUE       VALUE  FROM      YEAR
                                                  NORMAL
..................................................................
TEMPERATURE (F)
 YESTERDAY
  MAXIMUM         54    320 PM  84    1989  64    -10       44
  MINIMUM         34   1159 PM  23    1975  41     -7       26
  AVERAGE         44                        53     -9       35

PRECIPITATION (IN)
  YESTERDAY        0.00          4.30 1968   0.17  -0.17     0.00
  MONTH TO DATE    3.22                      4.28  -1.06     4.90
  SINCE DEC 1     50.87                     53.46  -2.59    51.78
  SINCE JAN 1     47.61                     48.17  -0.56    47.05

SNOWFALL (IN)
  YESTERDAY        0.0
  MONTH TO DATE    0.0
  SINCE SEP 1      0.0
  SINCE JUL 1      0.0
  SNOW DEPTH       0

DEGREE DAYS
 HEATING
  YESTERDAY       21                        13      8       30
  MONTH TO DATE  399                       242    157      342
  SINCE SEP 1    452                       332    120      408
  SINCE JUL 1    452                       332    120      408

 COOLING
  YESTERDAY        0                         0      0        0
  MONTH TO DATE    2                        22    -20       13
  SINCE SEP 1    529                       499     30      588
  SINCE JAN 1   2280                      2506   -226     2433
..................................................................


WIND (MPH)
  HIGHEST WIND SPEED    15   HIGHEST WIND DIRECTION    NE (30)
  HIGHEST GUST SPEED    20   HIGHEST GUST DIRECTION     N (20)
  AVERAGE WIND SPEED     6.8


SKY COVER
  POSSIBLE SUNSHINE  MM
  AVERAGE SKY COVER 0.0


WEATHER CONDITIONS
 THE FOLLOWING WEATHER WAS RECORDED YESTERDAY.
  NO SIGNIFICANT WEATHER WAS OBSERVED.


RELATIVE HUMIDITY (PERCENT)
 HIGHEST    92           800 PM
 LOWEST     41           200 PM
 AVERAGE    67

..........................................................


THE MONROE CLIMATE NORMALS FOR TODAY
                         NORMAL    RECORD    YEAR
 MAXIMUM TEMPERATURE (F)   64        84      1949
 MINIMUM TEMPERATURE (F)   41        23      2013


SUNRISE AND SUNSET
NOVEMBER 28 2014......SUNRISE   649 AM CST   SUNSET   503 PM CST
NOVEMBER 29 2014......SUNRISE   650 AM CST   SUNSET   503 PM CST


-  INDICATES NEGATIVE NUMBERS.
R  INDICATES RECORD WAS SET OR TIED.
MM INDICATES DATA IS MISSING.
T  INDICATES TRACE AMOUNT.




$$
