000
CDUS44 KSHV 140853
CLIMLU


CLIMATE REPORT
NATIONAL WEATHER SERVICE SHREVEPORT, LA
244 AM CST SUN FEB 14 2016


...................................

...THE MONROE CLIMATE SUMMARY FOR FEBRUARY 13 2016...

CLIMATE NORMAL PERIOD 1981 TO 2010
CLIMATE RECORD PERIOD 1930 TO 2016


WEATHER ITEM   OBSERVED TIME   RECORD YEAR NORMAL DEPARTURE LAST
                VALUE   (LST)  VALUE       VALUE  FROM      YEAR
                                                  NORMAL
..................................................................
TEMPERATURE (F)
 YESTERDAY
  MAXIMUM         51    324 PM  83    1949  61    -10       49
  MINIMUM         39    914 PM  21    1958  39      0       25
  AVERAGE         45                        50     -5       37

PRECIPITATION (IN)
  YESTERDAY        0.00          1.22 1935   0.17  -0.17     0.00
  MONTH TO DATE    0.22                      2.06  -1.84     0.39
  SINCE DEC 1     11.33                     12.36  -1.03     9.78
  SINCE JAN 1      4.94                      7.07  -2.13     5.30

SNOWFALL (IN)
  YESTERDAY        0.0
  MONTH TO DATE    0.0
  SINCE DEC 1      T
  SINCE JUL 1      T
  SNOW DEPTH       0

DEGREE DAYS
 HEATING
  YESTERDAY       20                        15      5       28
  MONTH TO DATE  197                       212    -15      238
  SINCE DEC 1   1093                      1321   -228     1341
  SINCE JUL 1   1281                      1693   -412     1815

 COOLING
  YESTERDAY        0                         0      0        0
  MONTH TO DATE    1                         0      1        0
  SINCE DEC 1     57                        11     46        1
  SINCE JAN 1      4                         4      0        0
..................................................................


WIND (MPH)
  HIGHEST WIND SPEED    22   HIGHEST WIND DIRECTION    NE (40)
  HIGHEST GUST SPEED    26   HIGHEST GUST DIRECTION    NE (40)
  AVERAGE WIND SPEED     9.0


SKY COVER
  POSSIBLE SUNSHINE  MM
  AVERAGE SKY COVER 0.1


WEATHER CONDITIONS
 THE FOLLOWING WEATHER WAS RECORDED YESTERDAY.
  NO SIGNIFICANT WEATHER WAS OBSERVED.


RELATIVE HUMIDITY (PERCENT)
 HIGHEST    79           400 AM
 LOWEST     29           300 PM
 AVERAGE    54

..........................................................


THE MONROE CLIMATE NORMALS FOR TODAY
                         NORMAL    RECORD    YEAR
 MAXIMUM TEMPERATURE (F)   61        82      1949
 MINIMUM TEMPERATURE (F)   39        20      1960


SUNRISE AND SUNSET
FEBRUARY 14 2016......SUNRISE   652 AM CST   SUNSET   553 PM CST
FEBRUARY 15 2016......SUNRISE   651 AM CST   SUNSET   554 PM CST


-  INDICATES NEGATIVE NUMBERS.
R  INDICATES RECORD WAS SET OR TIED.
MM INDICATES DATA IS MISSING.
T  INDICATES TRACE AMOUNT.




$$
