000
CDUS44 KSHV 180834
CLIMLU


CLIMATE REPORT
NATIONAL WEATHER SERVICE SHREVEPORT, LA
231 AM CST WED JAN 18 2017


...................................

...THE MONROE CLIMATE SUMMARY FOR JANUARY 17 2017...

CLIMATE NORMAL PERIOD 1981 TO 2010
CLIMATE RECORD PERIOD 1930 TO 2017


WEATHER ITEM   OBSERVED TIME   RECORD YEAR NORMAL DEPARTURE LAST
                VALUE   (LST)  VALUE       VALUE  FROM      YEAR
                                                  NORMAL
..................................................................
TEMPERATURE (F)
 YESTERDAY
  MAXIMUM         69    206 AM  80    1936  57     12       52
  MINIMUM         54   1159 PM  12    1982  35     19       30
  AVERAGE         62                        46     16       41

PRECIPITATION (IN)
  YESTERDAY        1.75          2.58 1990   0.15   1.60     0.00
  MONTH TO DATE    3.58                      2.71   0.87     1.48
  SINCE DEC 1      8.41                      8.00   0.41     7.87
  SINCE JAN 1      3.58                      2.71   0.87     1.48

SNOWFALL (IN)
  YESTERDAY        0.0
  MONTH TO DATE    0.2
  SINCE DEC 1      0.2
  SINCE JUL 1      0.2
  SNOW DEPTH       0

DEGREE DAYS
 HEATING
  YESTERDAY        3                        19    -16       24
  MONTH TO DATE  203                       323   -120      332
  SINCE DEC 1    651                       853   -202      640
  SINCE JUL 1    864                      1225   -361      828

 COOLING
  YESTERDAY        0                         0      0        0
  MONTH TO DATE   16                         0     16        0
  SINCE DEC 1     36                         7     29       53
  SINCE JAN 1     16                         0     16        0
..................................................................


WIND (MPH)
  HIGHEST WIND SPEED    17   HIGHEST WIND DIRECTION    NW (320)
  HIGHEST GUST SPEED    21   HIGHEST GUST DIRECTION    NW (310)
  AVERAGE WIND SPEED     5.0


SKY COVER
  POSSIBLE SUNSHINE  MM
  AVERAGE SKY COVER 1.0


WEATHER CONDITIONS
 THE FOLLOWING WEATHER WAS RECORDED YESTERDAY.
  THUNDERSTORM
  HEAVY RAIN
  RAIN
  LIGHT RAIN
  FOG


RELATIVE HUMIDITY (PERCENT)
 HIGHEST   100           400 PM
 LOWEST     84          1200 AM
 AVERAGE    92

..........................................................


THE MONROE CLIMATE NORMALS FOR TODAY
                         NORMAL    RECORD    YEAR
 MAXIMUM TEMPERATURE (F)   57        78      1950
 MINIMUM TEMPERATURE (F)   35         9      1930


SUNRISE AND SUNSET
JANUARY 18 2017.......SUNRISE   709 AM CST   SUNSET   528 PM CST
JANUARY 19 2017.......SUNRISE   709 AM CST   SUNSET   529 PM CST


-  INDICATES NEGATIVE NUMBERS.
R  INDICATES RECORD WAS SET OR TIED.
MM INDICATES DATA IS MISSING.
T  INDICATES TRACE AMOUNT.




$$
