000
CDUS44 KSHV 240746
CLIMLU


CLIMATE REPORT
NATIONAL WEATHER SERVICE SHREVEPORT, LA
246 AM CDT THU APR 24 2014


...................................

...THE MONROE CLIMATE SUMMARY FOR APRIL 23 2014...

CLIMATE NORMAL PERIOD 1981 TO 2010
CLIMATE RECORD PERIOD 1930 TO 2014


WEATHER ITEM   OBSERVED TIME   RECORD YEAR NORMAL DEPARTURE LAST
                VALUE   (LST)  VALUE       VALUE  FROM      YEAR
                                                  NORMAL
..................................................................
TEMPERATURE (F)
 YESTERDAY
  MAXIMUM         83    259 PM  91    1965  80      3       81
  MINIMUM         53    416 AM  41    1931  56     -3       60
  AVERAGE         68                        68      0       71

PRECIPITATION (IN)
  YESTERDAY        0.00          2.00 1952   0.16  -0.16     0.00
  MONTH TO DATE    7.88                      3.44   4.44     5.09
  SINCE DEC 1     19.91                     23.09  -3.18    26.03
  SINCE JAN 1     16.65                     17.80  -1.15    21.30

SNOWFALL (IN)
  YESTERDAY        0.0
  MONTH TO DATE    0.0
  SINCE MAR 1      0.0
  SINCE JUL 1      0.5
  SNOW DEPTH       0

DEGREE DAYS
 HEATING
  YESTERDAY        0                         1     -1        0
  MONTH TO DATE  106                        74     32      120
  SINCE MAR 1    480                       324    156      485
  SINCE JUL 1   2806                      2218    588     2147

 COOLING
  YESTERDAY        3                         4     -1        6
  MONTH TO DATE   49                        68    -19       61
  SINCE MAR 1     56                       100    -44       69
  SINCE JAN 1     58                       111    -53       82
..................................................................


WIND (MPH)
  HIGHEST WIND SPEED    10   HIGHEST WIND DIRECTION     E (70)
  HIGHEST GUST SPEED    15   HIGHEST GUST DIRECTION     E (100)
  AVERAGE WIND SPEED     2.4


SKY COVER
  POSSIBLE SUNSHINE  MM
  AVERAGE SKY COVER 0.1


WEATHER CONDITIONS
 THE FOLLOWING WEATHER WAS RECORDED YESTERDAY.
  FOG
  FOG W/VISIBILITY <= 1/4 MILE


RELATIVE HUMIDITY (PERCENT)
 HIGHEST   100           200 AM
 LOWEST     28           200 PM
 AVERAGE    64

..........................................................


THE MONROE CLIMATE NORMALS FOR TODAY
                         NORMAL    RECORD    YEAR
 MAXIMUM TEMPERATURE (F)   80        91      1965
 MINIMUM TEMPERATURE (F)   56        43      2005


SUNRISE AND SUNSET
APRIL 24 2014.........SUNRISE   629 AM CDT   SUNSET   744 PM CDT
APRIL 25 2014.........SUNRISE   627 AM CDT   SUNSET   745 PM CDT


-  INDICATES NEGATIVE NUMBERS.
R  INDICATES RECORD WAS SET OR TIED.
MM INDICATES DATA IS MISSING.
T  INDICATES TRACE AMOUNT.




$$
