000
CDUS44 KSHV 270739
CLIMLU


CLIMATE REPORT
NATIONAL WEATHER SERVICE SHREVEPORT, LA
239 AM CDT FRI MAY 27 2016


...................................

...THE MONROE CLIMATE SUMMARY FOR MAY 26 2016...

CLIMATE NORMAL PERIOD 1981 TO 2010
CLIMATE RECORD PERIOD 1930 TO 2016


WEATHER ITEM   OBSERVED TIME   RECORD YEAR NORMAL DEPARTURE LAST
                VALUE   (LST)  VALUE       VALUE  FROM      YEAR
                                                  NORMAL
..................................................................
TEMPERATURE (F)
 YESTERDAY
  MAXIMUM         89   1220 PM  97    1963  88      1       86
  MINIMUM         72    952 PM  53    1979  66      6       63
  AVERAGE         81                        77      4       75

PRECIPITATION (IN)
  YESTERDAY        0.02          2.52 1932   0.16  -0.14     0.17
  MONTH TO DATE    0.70                      4.37  -3.67     6.60
  SINCE DEC 1     48.40                     28.52  19.88    29.55
  SINCE JAN 1     42.01                     23.23  18.78    25.07

SNOWFALL (IN)
  YESTERDAY        0.0
  MONTH TO DATE    0.0
  SINCE MAR 1      0.0
  SINCE JUL 1      T
  SNOW DEPTH       0

DEGREE DAYS
 HEATING
  YESTERDAY        0                         0      0        0
  MONTH TO DATE    1                         3     -2        3
  SINCE MAR 1    167                       333   -166      311
  SINCE JUL 1   1595                      2227   -632     2515

 COOLING
  YESTERDAY       16                        12      4       10
  MONTH TO DATE  168                       227    -59      219
  SINCE MAR 1    309                       363    -54      363
  SINCE JAN 1    317                       374    -57      363
..................................................................


WIND (MPH)
  HIGHEST WIND SPEED    16   HIGHEST WIND DIRECTION     S (180)
  HIGHEST GUST SPEED    22   HIGHEST GUST DIRECTION     S (180)
  AVERAGE WIND SPEED     7.9


SKY COVER
  POSSIBLE SUNSHINE  MM
  AVERAGE SKY COVER 0.3


WEATHER CONDITIONS
 THE FOLLOWING WEATHER WAS RECORDED YESTERDAY.
  THUNDERSTORM
  LIGHT RAIN
  FOG
  HAZE


RELATIVE HUMIDITY (PERCENT)
 HIGHEST   100           400 AM
 LOWEST     59          1200 PM
 AVERAGE    80

..........................................................


THE MONROE CLIMATE NORMALS FOR TODAY
                         NORMAL    RECORD    YEAR
 MAXIMUM TEMPERATURE (F)   88        97      1964
 MINIMUM TEMPERATURE (F)   66        50      1961


SUNRISE AND SUNSET
MAY 27 2016...........SUNRISE   603 AM CDT   SUNSET   808 PM CDT
MAY 28 2016...........SUNRISE   603 AM CDT   SUNSET   809 PM CDT


-  INDICATES NEGATIVE NUMBERS.
R  INDICATES RECORD WAS SET OR TIED.
MM INDICATES DATA IS MISSING.
T  INDICATES TRACE AMOUNT.




$$
