000
CDUS44 KSHV 240852
CLIMLU


CLIMATE REPORT
NATIONAL WEATHER SERVICE SHREVEPORT, LA
252 AM CST FRI FEB 24 2017


...................................

...THE MONROE CLIMATE SUMMARY FOR FEBRUARY 23 2017...

CLIMATE NORMAL PERIOD 1981 TO 2010
CLIMATE RECORD PERIOD 1930 TO 2017


WEATHER ITEM   OBSERVED TIME   RECORD YEAR NORMAL DEPARTURE LAST
                VALUE   (LST)  VALUE       VALUE  FROM      YEAR
                                                  NORMAL
..................................................................
TEMPERATURE (F)
 YESTERDAY
  MAXIMUM         79    430 PM  89    2012  64     15       62
  MINIMUM         48    627 AM  23    1963  41      7       47
  AVERAGE         64                        52     12       55

PRECIPITATION (IN)
  YESTERDAY        0.00          2.75 1979   0.18  -0.18     0.94
  MONTH TO DATE    2.80                      3.80  -1.00     2.68
  SINCE DEC 1     13.14                     14.10  -0.96    13.79
  SINCE JAN 1      8.31                      8.81  -0.50     7.40

SNOWFALL (IN)
  YESTERDAY        0.0
  MONTH TO DATE    0.0
  SINCE DEC 1      0.2
  SINCE JUL 1      0.2
  SNOW DEPTH       0

DEGREE DAYS
 HEATING
  YESTERDAY        1                        13    -12       10
  MONTH TO DATE  168                       351   -183      263
  SINCE DEC 1    952                      1460   -508     1159
  SINCE JUL 1   1165                      1832   -667     1347

 COOLING
  YESTERDAY        0                         0      0        0
  MONTH TO DATE   30                         0     30        5
  SINCE DEC 1     67                        11     56       61
  SINCE JAN 1     47                         4     43        8
..................................................................


WIND (MPH)
  HIGHEST WIND SPEED    15   HIGHEST WIND DIRECTION     S (190)
  HIGHEST GUST SPEED    22   HIGHEST GUST DIRECTION     S (170)
  AVERAGE WIND SPEED     6.7


SKY COVER
  POSSIBLE SUNSHINE  MM
  AVERAGE SKY COVER 0.1


WEATHER CONDITIONS
 THE FOLLOWING WEATHER WAS RECORDED YESTERDAY.
  FOG
  FOG W/VISIBILITY <= 1/4 MILE


RELATIVE HUMIDITY (PERCENT)
 HIGHEST   100           200 AM
 LOWEST     45           200 PM
 AVERAGE    73

..........................................................


THE MONROE CLIMATE NORMALS FOR TODAY
                         NORMAL    RECORD    YEAR
 MAXIMUM TEMPERATURE (F)   64        83      2000
 MINIMUM TEMPERATURE (F)   42        23      1989


SUNRISE AND SUNSET
FEBRUARY 24 2017......SUNRISE   641 AM CST   SUNSET   602 PM CST
FEBRUARY 25 2017......SUNRISE   640 AM CST   SUNSET   603 PM CST


-  INDICATES NEGATIVE NUMBERS.
R  INDICATES RECORD WAS SET OR TIED.
MM INDICATES DATA IS MISSING.
T  INDICATES TRACE AMOUNT.




$$
