000
CDUS46 KPQR 271145
CLIMMV


CLIMATE REPORT
NATIONAL WEATHER SERVICE PORTLAND OREGON
345 AM PST THU NOV 27 2014


...................................

...THE MCMINNVILLE OR CLIMATE SUMMARY FOR NOVEMBER 26 2014...

CLIMATE NORMAL PERIOD 1981 TO 2010
CLIMATE RECORD PERIOD 1894 TO 2014


WEATHER ITEM   OBSERVED TIME   RECORD YEAR NORMAL DEPARTURE LAST
                VALUE   (LST)  VALUE       VALUE  FROM      YEAR
                                                  NORMAL
..................................................................
TEMPERATURE (F)
 YESTERDAY
  MAXIMUM         60   1155 PM  62    1977  49     11       45
  MINIMUM         49    643 AM  18    1896  37     12       26
  AVERAGE         55                        43     12       36

PRECIPITATION (IN)
  YESTERDAY        0.00          2.30 1945   0.27  -0.27     0.00
  MONTH TO DATE    2.60                      5.63  -3.03     2.90
  SINCE OCT 1      9.61                      8.78   0.83     3.63
  SINCE JAN 1     33.39                     32.49   0.90    20.88

DEGREE DAYS
 HEATING
  YESTERDAY       10                        22    -12       29
  MONTH TO DATE  477                       508    -31      486
  SINCE JUL 1    706                      1131   -425     1029

 COOLING
  YESTERDAY        0                         0      0        0
  MONTH TO DATE    0                         0      0        0
  SINCE JAN 1    529                       215    314      405
..................................................................


WIND (MPH)
  HIGHEST WIND SPEED    18   HIGHEST WIND DIRECTION     S (190)
  HIGHEST GUST SPEED    22   HIGHEST GUST DIRECTION     S (190)
  AVERAGE WIND SPEED     4.2


SKY COVER
  POSSIBLE SUNSHINE  MM
  AVERAGE SKY COVER 0.5


WEATHER CONDITIONS
 THE FOLLOWING WEATHER WAS RECORDED YESTERDAY.
  FOG
  FOG W/VISIBILITY <= 1/4 MILE
  HAZE


RELATIVE HUMIDITY (PERCENT)
 HIGHEST   100           800 AM
 LOWEST     75          1200 PM
 AVERAGE    88

..........................................................


THE MCMINNVILLE OR CLIMATE NORMALS FOR TODAY
                         NORMAL    RECORD    YEAR
 MAXIMUM TEMPERATURE (F)   49        63      1903
 MINIMUM TEMPERATURE (F)   37        16      1896


SUNRISE AND SUNSET
NOVEMBER 27 2014......SUNRISE   727 AM PST   SUNSET   434 PM PST
NOVEMBER 28 2014......SUNRISE   728 AM PST   SUNSET   433 PM PST


-  INDICATES NEGATIVE NUMBERS.
R  INDICATES RECORD WAS SET OR TIED.
MM INDICATES DATA IS MISSING.
T  INDICATES TRACE AMOUNT.




$$
