000
CDUS46 KPQR 161152
CLIMMV


CLIMATE REPORT
NATIONAL WEATHER SERVICE PORTLAND OREGON
351 AM PST TUE JAN 16 2018


...................................

...THE MCMINNVILLE OR CLIMATE SUMMARY FOR JANUARY 15 2018...

CLIMATE NORMAL PERIOD 1981 TO 2010
CLIMATE RECORD PERIOD 1894 TO 2018


WEATHER ITEM   OBSERVED TIME   RECORD YEAR NORMAL DEPARTURE LAST
                VALUE   (LST)  VALUE       VALUE  FROM      YEAR
                                                  NORMAL
..................................................................
TEMPERATURE (F)
 YESTERDAY
  MAXIMUM         58    159 PM  65    1958  48     10       34
  MINIMUM         43    804 AM   9    1911  34      9       12
  AVERAGE         51                        41     10       23

PRECIPITATION (IN)
  YESTERDAY        0.14          1.43 1937   0.19  -0.05     0.00
  MONTH TO DATE    2.31                      3.20  -0.89     1.68
  SINCE OCT 1     17.85                     19.23  -1.38    25.49
  SINCE JAN 1      2.31                      3.20  -0.89     1.68

DEGREE DAYS
 HEATING
  YESTERDAY       14                        24    -10       42
  MONTH TO DATE  282                       372    -90      530
  SINCE JUL 1   2028                      2377   -349     2299

 COOLING
  YESTERDAY        0                         0      0        0
  MONTH TO DATE    0                         0      0        0
  SINCE JAN 1      0                         0      0        0
..................................................................


WIND (MPH)
  HIGHEST WIND SPEED    14   HIGHEST WIND DIRECTION    NW (330)
  HIGHEST GUST SPEED    17   HIGHEST GUST DIRECTION     N (340)
  AVERAGE WIND SPEED     7.3


SKY COVER
  POSSIBLE SUNSHINE  MM
  AVERAGE SKY COVER 0.6


WEATHER CONDITIONS
 THE FOLLOWING WEATHER WAS RECORDED YESTERDAY.
  LIGHT RAIN
  FOG


RELATIVE HUMIDITY (PERCENT)
 HIGHEST   100           900 PM
 LOWEST     61           300 PM
 AVERAGE    81

..........................................................


THE MCMINNVILLE OR CLIMATE NORMALS FOR TODAY
                         NORMAL    RECORD    YEAR
 MAXIMUM TEMPERATURE (F)   48        64      1958
 MINIMUM TEMPERATURE (F)   34        18      1930


SUNRISE AND SUNSET
JANUARY 16 2018.......SUNRISE   747 AM PST   SUNSET   458 PM PST
JANUARY 17 2018.......SUNRISE   746 AM PST   SUNSET   459 PM PST


-  INDICATES NEGATIVE NUMBERS.
R  INDICATES RECORD WAS SET OR TIED.
MM INDICATES DATA IS MISSING.
T  INDICATES TRACE AMOUNT.




$$
