130
CDUS46 KPQR 250221
CLIMMV


CLIMATE REPORT
NATIONAL WEATHER SERVICE PORTLAND OREGON
721 PM PDT MON APR 24 2017


...................................

...THE MCMINNVILLE OR CLIMATE SUMMARY FOR APRIL 24 2017...
VALID TODAY AS OF 0700 PM LOCAL TIME.

CLIMATE NORMAL PERIOD 1981 TO 2010
CLIMATE RECORD PERIOD 1894 TO 2017


WEATHER ITEM   OBSERVED TIME   RECORD YEAR NORMAL DEPARTURE LAST
                VALUE   (LST)  VALUE       VALUE  FROM      YEAR
                                                  NORMAL
..................................................................
TEMPERATURE (F)
 TODAY
  MAXIMUM         59    141 PM  85    1923  63     -4       56
  MINIMUM         46    609 AM  27    1955  40      6       42
  AVERAGE         53                        51      2       49

PRECIPITATION (IN)
  TODAY            0.28                      0.08   0.20     0.26
  MONTH TO DATE    3.42                      2.46   0.96     2.62
  SINCE OCT 1     49.53                     33.06  16.47    46.48
  SINCE JAN 1     25.72                     17.03   8.69    21.41

DEGREE DAYS
 HEATING
  TODAY           12                                        16
  MONTH TO DATE  357                                       200
  SINCE MAR 1    894                                       688
  SINCE JUL 1   4190                                      3448

 COOLING
  TODAY            0                                         0
  MONTH TO DATE    0                                        11
  SINCE MAR 1      0                                        11
  SINCE JAN 1      0                                        11
..................................................................


WIND (MPH)
  HIGHEST WIND SPEED    26   HIGHEST WIND DIRECTION     W (260)
  HIGHEST GUST SPEED    32   HIGHEST GUST DIRECTION     W (260)
  AVERAGE WIND SPEED    11.9


SKY COVER
  POSSIBLE SUNSHINE  MM
  AVERAGE SKY COVER 0.9


WEATHER CONDITIONS
 THE FOLLOWING WEATHER WAS RECORDED TODAY.
  RAIN
  LIGHT RAIN
  FOG


RELATIVE HUMIDITY (PERCENT)
 HIGHEST    93           100 AM
 LOWEST     61           400 PM
 AVERAGE    77

..........................................................


THE MCMINNVILLE OR CLIMATE NORMALS FOR TOMORROW
                         NORMAL    RECORD    YEAR
 MAXIMUM TEMPERATURE (F)   63        83      1923
 MINIMUM TEMPERATURE (F)   40        29      1955


SUNRISE AND SUNSET
APRIL 24 2017.........SUNRISE   512 AM PST   SUNSET   710 PM PST
APRIL 25 2017.........SUNRISE   510 AM PST   SUNSET   712 PM PST


-  INDICATES NEGATIVE NUMBERS.
R  INDICATES RECORD WAS SET OR TIED.
MM INDICATES DATA IS MISSING.
T  INDICATES TRACE AMOUNT.




$$
