000
CDUS46 KPQR 301143
CLIMMV


CLIMATE REPORT
NATIONAL WEATHER SERVICE PORTLAND OREGON
442 AM PDT SAT MAY 30 2015


...................................

...THE MCMINNVILLE OR CLIMATE SUMMARY FOR MAY 29 2015...

CLIMATE NORMAL PERIOD 1981 TO 2010
CLIMATE RECORD PERIOD 1894 TO 2015


WEATHER ITEM   OBSERVED TIME   RECORD YEAR NORMAL DEPARTURE LAST
                VALUE   (LST)  VALUE       VALUE  FROM      YEAR
                                                  NORMAL
..................................................................
TEMPERATURE (F)
 YESTERDAY
  MAXIMUM         79    217 PM  99    1983  70      9       70
  MINIMUM         52    519 AM  29    1951  45      7       50
  AVERAGE         66                        57      9       60

PRECIPITATION (IN)
  YESTERDAY        0.00          0.35 1991   0.07  -0.07     0.00
  MONTH TO DATE    0.89                      2.11  -1.22     1.83
  SINCE OCT 1     31.77                     35.62  -3.85    25.82
  SINCE JAN 1     15.53                     19.59  -4.06    20.86

DEGREE DAYS
 HEATING
  YESTERDAY        0                         8     -8        5
  MONTH TO DATE  182                       288   -106      180
  SINCE JUL 1   3528                      4686  -1158     4499

 COOLING
  YESTERDAY        1                         0      1        0
  MONTH TO DATE    4                         0      4       16
  SINCE JAN 1      4                         0      4       20
..................................................................


WIND (MPH)
  HIGHEST WIND SPEED    18   HIGHEST WIND DIRECTION    SW (230)
  HIGHEST GUST SPEED    23   HIGHEST GUST DIRECTION    SW (220)
  AVERAGE WIND SPEED     7.5


SKY COVER
  POSSIBLE SUNSHINE  MM
  AVERAGE SKY COVER 0.0


WEATHER CONDITIONS
 THE FOLLOWING WEATHER WAS RECORDED YESTERDAY.
  NO SIGNIFICANT WEATHER WAS OBSERVED.


RELATIVE HUMIDITY (PERCENT)
 HIGHEST    96           400 AM
 LOWEST     52           100 PM
 AVERAGE    74

..........................................................


THE MCMINNVILLE OR CLIMATE NORMALS FOR TODAY
                         NORMAL    RECORD    YEAR
 MAXIMUM TEMPERATURE (F)   70        97      1922
 MINIMUM TEMPERATURE (F)   45        33      1966


SUNRISE AND SUNSET
MAY 30 2015...........SUNRISE   430 AM PST   SUNSET   751 PM PST
MAY 31 2015...........SUNRISE   429 AM PST   SUNSET   752 PM PST


-  INDICATES NEGATIVE NUMBERS.
R  INDICATES RECORD WAS SET OR TIED.
MM INDICATES DATA IS MISSING.
T  INDICATES TRACE AMOUNT.




$$
