000
CDUS46 KPQR 291157
CLIMMV


CLIMATE REPORT
NATIONAL WEATHER SERVICE PORTLAND OREGON
457 AM PDT WED JUL 29 2015


...................................

...THE MCMINNVILLE OR CLIMATE SUMMARY FOR JULY 28 2015...

CLIMATE NORMAL PERIOD 1981 TO 2010
CLIMATE RECORD PERIOD 1894 TO 2015


WEATHER ITEM   OBSERVED TIME   RECORD YEAR NORMAL DEPARTURE LAST
                VALUE   (LST)  VALUE       VALUE  FROM      YEAR
                                                  NORMAL
..................................................................
TEMPERATURE (F)
 YESTERDAY
  MAXIMUM         89    355 PM 106    2009  84      5       96
  MINIMUM         48    403 AM  35    1956  52     -4       57
  AVERAGE         69                        68      1       77

PRECIPITATION (IN)
  YESTERDAY        0.00          0.28 1950   0.01  -0.01     0.00
  MONTH TO DATE    T                         0.48  -0.48     0.38
  SINCE OCT 1     32.44                     37.76  -5.32    27.46
  SINCE JAN 1     16.20                     21.73  -5.53    22.50

DEGREE DAYS
 HEATING
  YESTERDAY        0                         1     -1        0
  MONTH TO DATE    5                        42    -37        4
  SINCE JUL 1      5                        42    -37        4

 COOLING
  YESTERDAY        4                         3      1       12
  MONTH TO DATE  171                        68    103      181
  SINCE JAN 1    301                        90    211      211
..................................................................


WIND (MPH)
  HIGHEST WIND SPEED    20   HIGHEST WIND DIRECTION     N (20)
  HIGHEST GUST SPEED    26   HIGHEST GUST DIRECTION     N (360)
  AVERAGE WIND SPEED     8.3


SKY COVER
  POSSIBLE SUNSHINE  MM
  AVERAGE SKY COVER 0.0


WEATHER CONDITIONS
 THE FOLLOWING WEATHER WAS RECORDED YESTERDAY.
  NO SIGNIFICANT WEATHER WAS OBSERVED.


RELATIVE HUMIDITY (PERCENT)
 HIGHEST    89           400 AM
 LOWEST     25           600 PM
 AVERAGE    57

..........................................................


THE MCMINNVILLE OR CLIMATE NORMALS FOR TODAY
                         NORMAL    RECORD    YEAR
 MAXIMUM TEMPERATURE (F)   84       105      2009
 MINIMUM TEMPERATURE (F)   52        35      1917


SUNRISE AND SUNSET
JULY 29 2015..........SUNRISE   454 AM PST   SUNSET   744 PM PST
JULY 30 2015..........SUNRISE   455 AM PST   SUNSET   742 PM PST


-  INDICATES NEGATIVE NUMBERS.
R  INDICATES RECORD WAS SET OR TIED.
MM INDICATES DATA IS MISSING.
T  INDICATES TRACE AMOUNT.




$$
