662
CDUS46 KPQR 311141
CLIMMV


CLIMATE REPORT
NATIONAL WEATHER SERVICE PORTLAND OREGON
440 AM PDT WED AUG 31 2016


...................................

...THE MCMINNVILLE OR CLIMATE SUMMARY FOR AUGUST 30 2016...

CLIMATE NORMAL PERIOD 1981 TO 2010
CLIMATE RECORD PERIOD 1894 TO 2016


WEATHER ITEM   OBSERVED TIME   RECORD YEAR NORMAL DEPARTURE LAST
                VALUE   (LST)  VALUE       VALUE  FROM      YEAR
                                                  NORMAL
..................................................................
TEMPERATURE (F)
 YESTERDAY
  MAXIMUM         75    418 PM  98    1987  81     -6       73
  MINIMUM         52    211 AM  35    1907  49      3       59
  AVERAGE         64                        65     -1       66

PRECIPITATION (IN)
  YESTERDAY        0.00          0.51 1896   0.03  -0.03     0.31
  MONTH TO DATE    0.26                      0.55  -0.29     0.70
  SINCE OCT 1     49.80                     38.33  11.47    33.14
  SINCE JAN 1     24.73                     22.30   2.43    16.90

DEGREE DAYS
 HEATING
  YESTERDAY        1                         2     -1        0
  MONTH TO DATE   17                        37    -20        0
  SINCE JUL 1     34                        81    -47        5

 COOLING
  YESTERDAY        0                         2     -2        1
  MONTH TO DATE  169                        79     90      147
  SINCE JAN 1    349                       179    170      493
..................................................................


WIND (MPH)
  HIGHEST WIND SPEED    13   HIGHEST WIND DIRECTION     S (200)
  HIGHEST GUST SPEED    17   HIGHEST GUST DIRECTION    NW (310)
  AVERAGE WIND SPEED     3.2


SKY COVER
  POSSIBLE SUNSHINE  MM
  AVERAGE SKY COVER 0.6


WEATHER CONDITIONS
 THE FOLLOWING WEATHER WAS RECORDED YESTERDAY.
  NO SIGNIFICANT WEATHER WAS OBSERVED.


RELATIVE HUMIDITY (PERCENT)
 HIGHEST    83           100 AM
 LOWEST     46           400 PM
 AVERAGE    65

..........................................................


THE MCMINNVILLE OR CLIMATE NORMALS FOR TODAY
                         NORMAL    RECORD    YEAR
 MAXIMUM TEMPERATURE (F)   81       101      1987
 MINIMUM TEMPERATURE (F)   49        34      1905


SUNRISE AND SUNSET
AUGUST 31 2016........SUNRISE   534 AM PST   SUNSET   651 PM PST
SEPTEMBER  1 2016.....SUNRISE   535 AM PST   SUNSET   649 PM PST


-  INDICATES NEGATIVE NUMBERS.
R  INDICATES RECORD WAS SET OR TIED.
MM INDICATES DATA IS MISSING.
T  INDICATES TRACE AMOUNT.




$$
