000
CDUS46 KPQR 291143
CLIMMV


CLIMATE REPORT
NATIONAL WEATHER SERVICE PORTLAND OREGON
442 AM PDT FRI APR 29 2016


...................................

...THE MCMINNVILLE OR CLIMATE SUMMARY FOR APRIL 28 2016...

CLIMATE NORMAL PERIOD 1981 TO 2010
CLIMATE RECORD PERIOD 1894 TO 2016


WEATHER ITEM   OBSERVED TIME   RECORD YEAR NORMAL DEPARTURE LAST
                VALUE   (LST)  VALUE       VALUE  FROM      YEAR
                                                  NORMAL
..................................................................
TEMPERATURE (F)
 YESTERDAY
  MAXIMUM         63    448 PM  93    1926  64     -1       64
  MINIMUM         45   1207 AM  25    1973  40      5       42
  AVERAGE         54                        52      2       53

PRECIPITATION (IN)
  YESTERDAY        0.00          0.62 1912   0.07  -0.07     0.04
  MONTH TO DATE    2.69                      2.78  -0.09     1.54
  SINCE OCT 1     46.55                     33.38  13.17    30.88
  SINCE JAN 1     21.48                     17.35   4.13    14.64

DEGREE DAYS
 HEATING
  YESTERDAY       11                        13     -2       12
  MONTH TO DATE  259                       422   -163      412
  SINCE JUL 1   3507                      4373   -866     3322

 COOLING
  YESTERDAY        0                         0      0        0
  MONTH TO DATE   11                         0     11        0
  SINCE JAN 1     11                         0     11        0
..................................................................


WIND (MPH)
  HIGHEST WIND SPEED    10   HIGHEST WIND DIRECTION     W (250)
  HIGHEST GUST SPEED    13   HIGHEST GUST DIRECTION     W (250)
  AVERAGE WIND SPEED     3.4


SKY COVER
  POSSIBLE SUNSHINE  MM
  AVERAGE SKY COVER 0.9


WEATHER CONDITIONS
 THE FOLLOWING WEATHER WAS RECORDED YESTERDAY.
  NO SIGNIFICANT WEATHER WAS OBSERVED.


RELATIVE HUMIDITY (PERCENT)
 HIGHEST    93           300 AM
 LOWEST     55          1200 PM
 AVERAGE    74

..........................................................


THE MCMINNVILLE OR CLIMATE NORMALS FOR TODAY
                         NORMAL    RECORD    YEAR
 MAXIMUM TEMPERATURE (F)   64        89      1931
 MINIMUM TEMPERATURE (F)   41        30      1982


SUNRISE AND SUNSET
APRIL 29 2016.........SUNRISE   503 AM PST   SUNSET   717 PM PST
APRIL 30 2016.........SUNRISE   502 AM PST   SUNSET   718 PM PST


-  INDICATES NEGATIVE NUMBERS.
R  INDICATES RECORD WAS SET OR TIED.
MM INDICATES DATA IS MISSING.
T  INDICATES TRACE AMOUNT.




$$
