000
CDUS44 KMOB 190645
CLIMOB


CLIMATE REPORT
NATIONAL WEATHER SERVICE MOBILE AL
1245 AM CST SUN NOV 19 2017


...................................

...THE MOBILE CLIMATE SUMMARY FOR NOVEMBER 18 2017...

CLIMATE NORMAL PERIOD 1981 TO 2010
CLIMATE RECORD PERIOD 1842 TO 2017


WEATHER ITEM   OBSERVED TIME   RECORD YEAR NORMAL DEPARTURE LAST
                VALUE   (LST)  VALUE       VALUE  FROM      YEAR
                                                  NORMAL
..................................................................
TEMPERATURE (F)
 YESTERDAY
  MAXIMUM         80    114 PM  82    1958  70     10       80
  MINIMUM         60   1159 PM  25    1951  48     12       51
  AVERAGE         70                        59     11       66

PRECIPITATION (IN)
  YESTERDAY        0.08          2.52 2000   0.17  -0.09     0.00
  MONTH TO DATE    0.32                      3.10  -2.78     0.51
  SINCE MAR 1     67.04                     48.29  18.75    43.27
  SINCE JAN 1     79.25                     59.06  20.19    52.72

SNOWFALL (IN)
  YESTERDAY        0.0           0.0  2002   0.0    0.0      0.0
                                      2001
                                      2000
  MONTH TO DATE    0.0                       0.0    0.0      0.0
  SINCE MAR 1      0.0                       0.1   -0.1      0.0
  SINCE JUL 1      0.0                       0.0    0.0      0.0
  SNOW DEPTH       0

DEGREE DAYS
 HEATING
  YESTERDAY        0                         7     -7        0
  MONTH TO DATE   42                        97    -55       38
  SINCE SEP 1    100                       152    -52       49
  SINCE JUL 1    100                       152    -52       49

 COOLING
  YESTERDAY        5                         1      4        1
  MONTH TO DATE   56                        30     26       43
  SINCE SEP 1    689                       565    124      741
  SINCE JAN 1   2775                      2492    283     2791
..................................................................


WIND (MPH)
  HIGHEST WIND SPEED    25   HIGHEST WIND DIRECTION     N (340)
  HIGHEST GUST SPEED    33   HIGHEST GUST DIRECTION     N (340)
  AVERAGE WIND SPEED    11.4


SKY COVER
  POSSIBLE SUNSHINE  MM
  AVERAGE SKY COVER 0.5


WEATHER CONDITIONS
 THE FOLLOWING WEATHER WAS RECORDED YESTERDAY.
  LIGHT RAIN
  FOG


RELATIVE HUMIDITY (PERCENT)
 HIGHEST   100           100 AM
 LOWEST     54          1200 PM
 AVERAGE    77

..........................................................


THE MOBILE CLIMATE NORMALS FOR TODAY
                         NORMAL    RECORD    YEAR
 MAXIMUM TEMPERATURE (F)   70        82      1985
 MINIMUM TEMPERATURE (F)   48        23      2014


SUNRISE AND SUNSET
NOVEMBER 19 2017......SUNRISE   623 AM CST   SUNSET   454 PM CST
NOVEMBER 20 2017......SUNRISE   624 AM CST   SUNSET   453 PM CST


-  INDICATES NEGATIVE NUMBERS.
R  INDICATES RECORD WAS SET OR TIED.
MM INDICATES DATA IS MISSING.
T  INDICATES TRACE AMOUNT.




$$
