000
CDUS44 KMOB 040628
CLIMOB


CLIMATE REPORT
NATIONAL WEATHER SERVICE MOBILE AL
126 AM CDT SAT JUL 4 2015


...................................

...THE MOBILE CLIMATE SUMMARY FOR JULY 3 2015...

CLIMATE NORMAL PERIOD 1981 TO 2010
CLIMATE RECORD PERIOD 1842 TO 2015


WEATHER ITEM   OBSERVED TIME   RECORD YEAR NORMAL DEPARTURE LAST
                VALUE   (LST)  VALUE       VALUE  FROM      YEAR
                                                  NORMAL
..................................................................
TEMPERATURE (F)
 YESTERDAY
  MAXIMUM         92    132 PM  99    1970  91      1       90
  MINIMUM         77    534 AM  62    1924  73      4       70
  AVERAGE         85                        82      3       80

PRECIPITATION (IN)
  YESTERDAY        0.00          2.87 1949   0.22  -0.22     0.00
  MONTH TO DATE    0.05                      0.67  -0.62     0.00
  SINCE MAR 1     31.02                     22.85   8.17    39.53
  SINCE JAN 1     37.07                     33.62   3.45    46.65

DEGREE DAYS
 COOLING
  YESTERDAY       20                        17      3       15
  MONTH TO DATE   51                        49      2       53
  SINCE JUN 1    529                       493     36      463
  SINCE JAN 1   1129                       938    191      801
..................................................................


WIND (MPH)
  HIGHEST WIND SPEED    16   HIGHEST WIND DIRECTION     S (190)
  HIGHEST GUST SPEED    21   HIGHEST GUST DIRECTION     S (200)
  AVERAGE WIND SPEED     7.8


SKY COVER
  POSSIBLE SUNSHINE  MM
  AVERAGE SKY COVER 0.4


WEATHER CONDITIONS
 THE FOLLOWING WEATHER WAS RECORDED YESTERDAY.
  FOG
  HAZE


RELATIVE HUMIDITY (PERCENT)
 HIGHEST   100           500 AM
 LOWEST     59          1200 PM
 AVERAGE    80

..........................................................


THE MOBILE CLIMATE NORMALS FOR TODAY
                         NORMAL    RECORD    YEAR
 MAXIMUM TEMPERATURE (F)   91        99      1938
 MINIMUM TEMPERATURE (F)   73        65      1924


SUNRISE AND SUNSET
JULY  4 2015..........SUNRISE   555 AM CDT   SUNSET   800 PM CDT
JULY  5 2015..........SUNRISE   555 AM CDT   SUNSET   800 PM CDT


-  INDICATES NEGATIVE NUMBERS.
R  INDICATES RECORD WAS SET OR TIED.
MM INDICATES DATA IS MISSING.
T  INDICATES TRACE AMOUNT.




$$
