545
CDUS44 KMOB 230645
CLIMOB


CLIMATE REPORT
NATIONAL WEATHER SERVICE MOBILE AL
145 AM CDT SAT JUL 23 2016


...................................

...THE MOBILE CLIMATE SUMMARY FOR JULY 22 2016...

CLIMATE NORMAL PERIOD 1981 TO 2010
CLIMATE RECORD PERIOD 1842 TO 2016


WEATHER ITEM   OBSERVED TIME   RECORD YEAR NORMAL DEPARTURE LAST
                VALUE   (LST)  VALUE       VALUE  FROM      YEAR
                                                  NORMAL
..................................................................
TEMPERATURE (F)
 YESTERDAY
  MAXIMUM         87    355 PM  98    1907  91     -4       93
  MINIMUM         74    741 AM  67    1956  73      1       78
                                      1950
                                      1947
  AVERAGE         81                        82     -1       86

PRECIPITATION (IN)
  YESTERDAY        0.31          4.63 1873   0.23   0.08     0.00
  MONTH TO DATE    5.41                      5.12   0.29     5.36
  SINCE MAR 1     31.59                     27.30   4.29    36.33
  SINCE JAN 1     41.04                     38.07   2.97    42.38

DEGREE DAYS
 COOLING
  YESTERDAY       16                        17     -1       21
  MONTH TO DATE  401                       372     29      400
  SINCE JUN 1    881                       816     65      878
  SINCE JAN 1   1340                      1261     79     1478
..................................................................


WIND (MPH)
  HIGHEST WIND SPEED    14   HIGHEST WIND DIRECTION     W (280)
  HIGHEST GUST SPEED    21   HIGHEST GUST DIRECTION     W (260)
  AVERAGE WIND SPEED     3.6


SKY COVER
  POSSIBLE SUNSHINE  MM
  AVERAGE SKY COVER 0.5


WEATHER CONDITIONS
 THE FOLLOWING WEATHER WAS RECORDED YESTERDAY.
  THUNDERSTORM
  HEAVY RAIN
  RAIN
  LIGHT RAIN
  FOG


RELATIVE HUMIDITY (PERCENT)
 HIGHEST    97          1200 AM
 LOWEST     70           400 PM
 AVERAGE    84

..........................................................


THE MOBILE CLIMATE NORMALS FOR TODAY
                         NORMAL    RECORD    YEAR
 MAXIMUM TEMPERATURE (F)   91       100      1976
                                             1924
 MINIMUM TEMPERATURE (F)   73        62      1947


SUNRISE AND SUNSET
JULY 23 2016..........SUNRISE   606 AM CDT   SUNSET   753 PM CDT
JULY 24 2016..........SUNRISE   606 AM CDT   SUNSET   753 PM CDT


-  INDICATES NEGATIVE NUMBERS.
R  INDICATES RECORD WAS SET OR TIED.
MM INDICATES DATA IS MISSING.
T  INDICATES TRACE AMOUNT.




$$
