000
CDUS44 KMOB 180645
CLIMOB


CLIMATE REPORT
NATIONAL WEATHER SERVICE MOBILE AL
145 AM CDT THU SEP 18 2014


...................................

...THE MOBILE CLIMATE SUMMARY FOR SEPTEMBER 17 2014...

CLIMATE NORMAL PERIOD 1981 TO 2010
CLIMATE RECORD PERIOD 1842 TO 2014


WEATHER ITEM   OBSERVED TIME   RECORD YEAR NORMAL DEPARTURE LAST
                VALUE   (LST)  VALUE       VALUE  FROM      YEAR
                                                  NORMAL
..................................................................
TEMPERATURE (F)
 YESTERDAY
  MAXIMUM         90    159 PM 100    1927  87      3       93
  MINIMUM         69    616 AM  57    1961  68      1       72
  AVERAGE         80                        77      3       83

PRECIPITATION (IN)
  YESTERDAY        0.00          1.41 1930   0.17  -0.17     0.00
  MONTH TO DATE    3.99                      2.97   1.02     2.90
  SINCE MAR 1     54.27                     39.36  14.91    40.42
  SINCE JAN 1     61.39                     50.13  11.26    54.60

DEGREE DAYS
 HEATING
  YESTERDAY        0                         0      0        0
  MONTH TO DATE    0                         0      0        0
  SINCE SEP 1      0                         0      0        0
  SINCE JUL 1      0                         0      0        0

 COOLING
  YESTERDAY       15                        12      3       18
  MONTH TO DATE  278                       241     37      286
  SINCE SEP 1    278                       241     37      286
  SINCE JAN 1   2026                      2168   -142     2116
..................................................................


WIND (MPH)
  HIGHEST WIND SPEED    13   HIGHEST WIND DIRECTION     S (200)
  HIGHEST GUST SPEED    16   HIGHEST GUST DIRECTION    SW (210)
  AVERAGE WIND SPEED     3.5


SKY COVER
  POSSIBLE SUNSHINE  MM
  AVERAGE SKY COVER 0.4


WEATHER CONDITIONS
 THE FOLLOWING WEATHER WAS RECORDED YESTERDAY.
  FOG


RELATIVE HUMIDITY (PERCENT)
 HIGHEST   100          1200 AM
 LOWEST     52           100 PM
 AVERAGE    76

..........................................................


THE MOBILE CLIMATE NORMALS FOR TODAY
                         NORMAL    RECORD    YEAR
 MAXIMUM TEMPERATURE (F)   87        96      2005
                                             1925
 MINIMUM TEMPERATURE (F)   68        54      1981
                                             1961


SUNRISE AND SUNSET
SEPTEMBER 18 2014.....SUNRISE   639 AM CDT   SUNSET   655 PM CDT
SEPTEMBER 19 2014.....SUNRISE   640 AM CDT   SUNSET   653 PM CDT


-  INDICATES NEGATIVE NUMBERS.
R  INDICATES RECORD WAS SET OR TIED.
MM INDICATES DATA IS MISSING.
T  INDICATES TRACE AMOUNT.




$$
