000
CDUS44 KMOB 230645
CLIMOB


CLIMATE REPORT
NATIONAL WEATHER SERVICE MOBILE AL
1245 AM CST MON JAN 23 2017


...................................

...THE MOBILE CLIMATE SUMMARY FOR JANUARY 22 2017...

CLIMATE NORMAL PERIOD 1981 TO 2010
CLIMATE RECORD PERIOD 1842 TO 2017


WEATHER ITEM   OBSERVED TIME   RECORD YEAR NORMAL DEPARTURE LAST
                VALUE   (LST)  VALUE       VALUE  FROM      YEAR
                                                  NORMAL
..................................................................
TEMPERATURE (F)
 YESTERDAY
  MAXIMUM         72    100 AM  81    1952  61     11       59
  MINIMUM         55   1159 PM  16    1985  40     15       35
  AVERAGE         64                        50     14       47

PRECIPITATION (IN)
  YESTERDAY        0.08          3.70 1965   0.18  -0.10     0.01
  MONTH TO DATE   10.81                      3.98   6.83     5.06
  SINCE MAR 1     63.95                     59.36   4.59    80.38
  SINCE JAN 1     10.81                      3.98   6.83     5.06

SNOWFALL (IN)
  YESTERDAY        0.0          MM      MM   0.0    0.0      0.0
  MONTH TO DATE    0.0                       0.0    0.0      0.0
  SINCE MAR 1      0.0                       0.1   -0.1      0.0
  SINCE JUL 1      0.0                       T      0.0      0.0
  SNOW DEPTH       0

DEGREE DAYS
 HEATING
  YESTERDAY        1                        15    -14       18
  MONTH TO DATE  145                       330   -185      358
  SINCE DEC 1    420                       734   -314      536
  SINCE JUL 1    554                       992   -438      662

 COOLING
  YESTERDAY        0                         0      0        0
  MONTH TO DATE   46                         0     46        0
  SINCE DEC 1     87                        15     72       71
  SINCE JAN 1     46                         0     46        0
..................................................................


WIND (MPH)
  HIGHEST WIND SPEED    25   HIGHEST WIND DIRECTION     W (280)
  HIGHEST GUST SPEED    39   HIGHEST GUST DIRECTION     W (280)
  AVERAGE WIND SPEED     9.2


SKY COVER
  POSSIBLE SUNSHINE  MM
  AVERAGE SKY COVER 0.5


WEATHER CONDITIONS
 THE FOLLOWING WEATHER WAS RECORDED YESTERDAY.
  THUNDERSTORM
  HEAVY RAIN
  RAIN
  LIGHT RAIN
  FOG
  HAZE


RELATIVE HUMIDITY (PERCENT)
 HIGHEST    93           600 AM
 LOWEST     39           500 PM
 AVERAGE    66

..........................................................


THE MOBILE CLIMATE NORMALS FOR TODAY
                         NORMAL    RECORD    YEAR
 MAXIMUM TEMPERATURE (F)   61        79      2002
                                             1974
 MINIMUM TEMPERATURE (F)   40        18      1963


SUNRISE AND SUNSET
JANUARY 23 2017.......SUNRISE   649 AM CST   SUNSET   521 PM CST
JANUARY 24 2017.......SUNRISE   648 AM CST   SUNSET   522 PM CST


-  INDICATES NEGATIVE NUMBERS.
R  INDICATES RECORD WAS SET OR TIED.
MM INDICATES DATA IS MISSING.
T  INDICATES TRACE AMOUNT.




$$
