000
CDUS44 KMOB 290645
CLIMOB


CLIMATE REPORT
NATIONAL WEATHER SERVICE MOBILE AL
145 AM CDT TUE JUL 29 2014


...................................

...THE MOBILE CLIMATE SUMMARY FOR JULY 28 2014...

CLIMATE NORMAL PERIOD 1981 TO 2010
CLIMATE RECORD PERIOD 1842 TO 2014


WEATHER ITEM   OBSERVED TIME   RECORD YEAR NORMAL DEPARTURE LAST
                VALUE   (LST)  VALUE       VALUE  FROM      YEAR
                                                  NORMAL
..................................................................
TEMPERATURE (F)
 YESTERDAY
  MAXIMUM         94    129 PM 100    1968  91      3       90
  MINIMUM         76    550 AM  67    1994  73      3       72
  AVERAGE         85                        82      3       81

PRECIPITATION (IN)
  YESTERDAY        0.00          1.53 1950   0.24  -0.24     0.00
  MONTH TO DATE    7.92                      6.53   1.39     9.09
  SINCE MAR 1     47.45                     28.71  18.74    27.56
  SINCE JAN 1     54.57                     39.48  15.09    41.74

DEGREE DAYS
 COOLING
  YESTERDAY       20                        17      3       16
  MONTH TO DATE  428                       474    -46      425
  SINCE JUN 1    838                       918    -80      911
  SINCE JAN 1   1176                      1363   -187     1275
..................................................................


WIND (MPH)
  HIGHEST WIND SPEED    20   HIGHEST WIND DIRECTION     N (360)
  HIGHEST GUST SPEED    22   HIGHEST GUST DIRECTION     N (360)
  AVERAGE WIND SPEED     6.9


SKY COVER
  POSSIBLE SUNSHINE  MM
  AVERAGE SKY COVER 0.5


WEATHER CONDITIONS
 THE FOLLOWING WEATHER WAS RECORDED YESTERDAY.
  NO SIGNIFICANT WEATHER WAS OBSERVED.


RELATIVE HUMIDITY (PERCENT)
 HIGHEST   100           300 AM
 LOWEST     56           200 PM
 AVERAGE    78

..........................................................


THE MOBILE CLIMATE NORMALS FOR TODAY
                         NORMAL    RECORD    YEAR
 MAXIMUM TEMPERATURE (F)   91       100      1877
 MINIMUM TEMPERATURE (F)   73        66      1994


SUNRISE AND SUNSET
JULY 29 2014..........SUNRISE   609 AM CDT   SUNSET   750 PM CDT
JULY 30 2014..........SUNRISE   610 AM CDT   SUNSET   749 PM CDT


-  INDICATES NEGATIVE NUMBERS.
R  INDICATES RECORD WAS SET OR TIED.
MM INDICATES DATA IS MISSING.
T  INDICATES TRACE AMOUNT.




$$
