000
CDUS44 KMOB 210645
CLIMOB


CLIMATE REPORT
NATIONAL WEATHER SERVICE MOBILE AL
145 AM CDT THU SEP 21 2017


...................................

...THE MOBILE CLIMATE SUMMARY FOR SEPTEMBER 20 2017...

CLIMATE NORMAL PERIOD 1981 TO 2010
CLIMATE RECORD PERIOD 1842 TO 2017


WEATHER ITEM   OBSERVED TIME   RECORD YEAR NORMAL DEPARTURE LAST
                VALUE   (LST)  VALUE       VALUE  FROM      YEAR
                                                  NORMAL
..................................................................
TEMPERATURE (F)
 YESTERDAY
  MAXIMUM         90   1215 PM 100    1925  86      4       93
  MINIMUM         71   1114 PM  50    1981  67      4       70
  AVERAGE         81                        76      5       82

PRECIPITATION (IN)
  YESTERDAY        0.20          7.61 1926   0.17   0.03     0.00
  MONTH TO DATE    1.13                      3.47  -2.34     3.59
  SINCE MAR 1     51.38                     39.86  11.52    41.11
  SINCE JAN 1     63.59                     50.63  12.96    50.56

DEGREE DAYS
 HEATING
  YESTERDAY        0                         0      0        0
  MONTH TO DATE    0                         0      0        0
  SINCE SEP 1      0                         0      0        0
  SINCE JUL 1      0                         0      0        0

 COOLING
  YESTERDAY       16                        12      4       17
  MONTH TO DATE  240                       277    -37      326
  SINCE SEP 1    240                       277    -37      326
  SINCE JAN 1   2326                      2204    122     2376
..................................................................


WIND (MPH)
  HIGHEST WIND SPEED    24   HIGHEST WIND DIRECTION    NE (30)
  HIGHEST GUST SPEED    33   HIGHEST GUST DIRECTION     N (20)
  AVERAGE WIND SPEED     3.9


SKY COVER
  POSSIBLE SUNSHINE  MM
  AVERAGE SKY COVER 0.5


WEATHER CONDITIONS
 THE FOLLOWING WEATHER WAS RECORDED YESTERDAY.
  THUNDERSTORM
  LIGHT RAIN
  FOG
  HAZE


RELATIVE HUMIDITY (PERCENT)
 HIGHEST    94          1200 AM
 LOWEST     63          1200 PM
 AVERAGE    79

..........................................................


THE MOBILE CLIMATE NORMALS FOR TODAY
                         NORMAL    RECORD    YEAR
 MAXIMUM TEMPERATURE (F)   86        99      1925
 MINIMUM TEMPERATURE (F)   67        51      1918


SUNRISE AND SUNSET
SEPTEMBER 21 2017.....SUNRISE   641 AM CDT   SUNSET   650 PM CDT
SEPTEMBER 22 2017.....SUNRISE   641 AM CDT   SUNSET   649 PM CDT


-  INDICATES NEGATIVE NUMBERS.
R  INDICATES RECORD WAS SET OR TIED.
MM INDICATES DATA IS MISSING.
T  INDICATES TRACE AMOUNT.




$$
