829
CDUS44 KMOB 031537
CLIMOB


CLIMATE REPORT
NATIONAL WEATHER SERVICE MOBILE AL
936 AM CST SAT DEC 3 2016


...................................

...THE MOBILE CLIMATE SUMMARY FOR DECEMBER 2 2016...

CLIMATE NORMAL PERIOD 1981 TO 2010
CLIMATE RECORD PERIOD 1842 TO 2016


WEATHER ITEM   OBSERVED TIME   RECORD YEAR NORMAL DEPARTURE LAST
                VALUE   (LST)  VALUE       VALUE  FROM      YEAR
                                                  NORMAL
..................................................................
TEMPERATURE (F)
 YESTERDAY
  MAXIMUM         66    241 PM  79    1991  66      0       65
                                      1941
  MINIMUM         41    153 AM  22    1876  45     -4       49
  AVERAGE         54                        55     -1       57

PRECIPITATION (IN)
  YESTERDAY        T             1.87 1905   0.16  -0.16      T
  MONTH TO DATE    T                         0.32  -0.32      T
  SINCE MAR 1     44.81                     50.64  -5.83    62.94
  SINCE JAN 1     54.26                     61.41  -7.15    68.99

SNOWFALL (IN)
  YESTERDAY       MM             0.0  2002   0.0   MM        0.0
                                      2001
                                      2000
  MONTH TO DATE    0.0                       0.0    0.0      0.0
  SINCE MAR 1      0.0                       0.1   -0.1      0.0
  SINCE JUL 1      0.0                       0.0    0.0      0.0
  SNOW DEPTH       0

DEGREE DAYS
 HEATING
  YESTERDAY       11                        11      0        8
  MONTH TO DATE   24                        21      3        8
  SINCE DEC 1     24                        21      3        8
  SINCE JUL 1    158                       279   -121      134

 COOLING
  YESTERDAY        0                         1     -1        0
  MONTH TO DATE    0                         2     -2        6
  SINCE DEC 1      0                         2     -2        6
  SINCE JAN 1   2807                      2505    302     2807
..................................................................


WIND (MPH)
  HIGHEST WIND SPEED    16   HIGHEST WIND DIRECTION     E (70)
  HIGHEST GUST SPEED    21   HIGHEST GUST DIRECTION    NE (50)
  AVERAGE WIND SPEED     7.6


SKY COVER
  POSSIBLE SUNSHINE  MM
  AVERAGE SKY COVER 0.7


WEATHER CONDITIONS
 THE FOLLOWING WEATHER WAS RECORDED YESTERDAY.
  NO SIGNIFICANT WEATHER WAS OBSERVED.


RELATIVE HUMIDITY (PERCENT)
 HIGHEST    76          1200 AM
 LOWEST     24           200 PM
 AVERAGE    50

..........................................................


THE MOBILE CLIMATE NORMALS FOR TODAY
                         NORMAL    RECORD    YEAR
 MAXIMUM TEMPERATURE (F)   65        79      1933
 MINIMUM TEMPERATURE (F)   44        22      1929


SUNRISE AND SUNSET
DECEMBER  3 2016......SUNRISE   635 AM CST   SUNSET   451 PM CST
DECEMBER  4 2016......SUNRISE   635 AM CST   SUNSET   451 PM CST


-  INDICATES NEGATIVE NUMBERS.
R  INDICATES RECORD WAS SET OR TIED.
MM INDICATES DATA IS MISSING.
T  INDICATES TRACE AMOUNT.




$$
