000
CDUS44 KMOB 212239
CLIMOB


CLIMATE REPORT
NATIONAL WEATHER SERVICE MOBILE AL
536 PM CDT THU AUG 21 2014


...................................

...THE MOBILE CLIMATE SUMMARY FOR AUGUST 21 2014...
VALID TODAY AS OF 0500 PM LOCAL TIME.

CLIMATE NORMAL PERIOD 1981 TO 2010
CLIMATE RECORD PERIOD 1842 TO 2014


WEATHER ITEM   OBSERVED TIME   RECORD YEAR NORMAL DEPARTURE LAST
                VALUE   (LST)  VALUE       VALUE  FROM      YEAR
                                                  NORMAL
..................................................................
TEMPERATURE (F)
 TODAY
  MAXIMUM         94    145 PM  98    1980  91      3       90
                                      1968
                                      1925
  MINIMUM         73    545 AM  62    1956  73      0       72
                                      1940
  AVERAGE         84                        82      2       81

PRECIPITATION (IN)
  TODAY            0.00          2.43 1934   0.22  -0.22     0.00
  MONTH TO DATE    1.68                      5.03  -3.35     9.55
  SINCE MAR 1     49.13                     34.46  14.67    37.12
  SINCE JAN 1     56.25                     45.23  11.02    51.30

DEGREE DAYS
 COOLING
  TODAY           19                        17      2       16
  MONTH TO DATE  348                       357     -9      352
  SINCE JUN 1   1221                      1323   -102     1320
  SINCE JAN 1   1559                      1768   -209     1684
..................................................................


WIND (MPH)
  HIGHEST WIND SPEED    14   HIGHEST WIND DIRECTION     S (200)
  HIGHEST GUST SPEED    16   HIGHEST GUST DIRECTION    SW (210)
  AVERAGE WIND SPEED     2.5


SKY COVER
  POSSIBLE SUNSHINE  MM
  AVERAGE SKY COVER 0.4


WEATHER CONDITIONS
 THE FOLLOWING WEATHER WAS RECORDED TODAY.
  THUNDERSTORM
  FOG


RELATIVE HUMIDITY (PERCENT)
 HIGHEST   100           200 AM
 LOWEST     49           200 PM
 AVERAGE    75

..........................................................


THE MOBILE CLIMATE NORMALS FOR TOMORROW
                         NORMAL    RECORD    YEAR
 MAXIMUM TEMPERATURE (F)   91       102      1968
 MINIMUM TEMPERATURE (F)   73        59      1956


SUNRISE AND SUNSET
AUGUST 21 2014........SUNRISE   623 AM CDT   SUNSET   729 PM CDT
AUGUST 22 2014........SUNRISE   624 AM CDT   SUNSET   728 PM CDT


-  INDICATES NEGATIVE NUMBERS.
R  INDICATES RECORD WAS SET OR TIED.
MM INDICATES DATA IS MISSING.
T  INDICATES TRACE AMOUNT.




$$
