000
CDUS44 KMOB 050731
CLIMOB


CLIMATE REPORT
NATIONAL WEATHER SERVICE MOBILE AL
121 AM CST THU MAR 5 2015


...................................

...THE MOBILE CLIMATE SUMMARY FOR MARCH 4 2015...

CLIMATE NORMAL PERIOD 1981 TO 2010
CLIMATE RECORD PERIOD 1842 TO 2015


WEATHER ITEM   OBSERVED TIME   RECORD YEAR NORMAL DEPARTURE LAST
                VALUE   (LST)  VALUE       VALUE  FROM      YEAR
                                                  NORMAL
..................................................................
TEMPERATURE (F)
 YESTERDAY
  MAXIMUM         81   1219 PM  83    1910  69     12       38
  MINIMUM         65    733 AM  24    1943  47     18       31
  AVERAGE         73                        58     15       35

PRECIPITATION (IN)
  YESTERDAY        0.09          2.84 1915   0.20  -0.11     0.29
  MONTH TO DATE    0.58                      0.80  -0.22     0.31
  SINCE MAR 1      0.58                      0.80  -0.22     0.31
  SINCE JAN 1      6.63                     11.57  -4.94     7.43

SNOWFALL (IN)
  YESTERDAY        0.0          MM      MM   0.0    0.0      0.0
  MONTH TO DATE    0.0                       0.0    0.0      0.0
  SINCE MAR 1      0.0                       0.0    0.0      0.0
  SINCE JUL 1      T                         0.1   -0.1      1.3
  SNOW DEPTH       0

DEGREE DAYS
 HEATING
  YESTERDAY        0                         8     -8       30
  MONTH TO DATE   14                        33    -19       53
  SINCE MAR 1     14                        33    -19       53
  SINCE JUL 1   1716                      1475    241     1756

 COOLING
  YESTERDAY        8                         1      7        0
  MONTH TO DATE    9                         4      5        0
  SINCE MAR 1      9                         4      5        0
  SINCE JAN 1     13                        20     -7       12
..................................................................


WIND (MPH)
  HIGHEST WIND SPEED    24   HIGHEST WIND DIRECTION     S (190)
  HIGHEST GUST SPEED    29   HIGHEST GUST DIRECTION     S (170)
  AVERAGE WIND SPEED    10.8


SKY COVER
  POSSIBLE SUNSHINE  MM
  AVERAGE SKY COVER 1.0


WEATHER CONDITIONS
 THE FOLLOWING WEATHER WAS RECORDED YESTERDAY.
  RAIN
  FOG
  FOG W/VISIBILITY <= 1/4 MILE
  HAZE


RELATIVE HUMIDITY (PERCENT)
 HIGHEST   100          1200 AM
 LOWEST     67          1200 PM
 AVERAGE    84

..........................................................


THE MOBILE CLIMATE NORMALS FOR TODAY
                         NORMAL    RECORD    YEAR
 MAXIMUM TEMPERATURE (F)   69        82      1910
                                             1880
 MINIMUM TEMPERATURE (F)   47        22      2002


SUNRISE AND SUNSET
MARCH  5 2015.........SUNRISE   615 AM CST   SUNSET   554 PM CST
MARCH  6 2015.........SUNRISE   614 AM CST   SUNSET   555 PM CST


-  INDICATES NEGATIVE NUMBERS.
R  INDICATES RECORD WAS SET OR TIED.
MM INDICATES DATA IS MISSING.
T  INDICATES TRACE AMOUNT.




$$
