000
CDUS44 KMOB 010639
CLIMOB


CLIMATE REPORT
NATIONAL WEATHER SERVICE MOBILE AL
138 AM CDT SAT AUG 1 2015


...................................

...THE MOBILE CLIMATE SUMMARY FOR JULY 31 2015...

CLIMATE NORMAL PERIOD 1981 TO 2010
CLIMATE RECORD PERIOD 1842 TO 2015


WEATHER ITEM   OBSERVED TIME   RECORD YEAR NORMAL DEPARTURE LAST
                VALUE   (LST)  VALUE       VALUE  FROM      YEAR
                                                  NORMAL
..................................................................
TEMPERATURE (F)
 YESTERDAY
  MAXIMUM         94    347 PM  99    1986  91      3       89
                                      1896
  MINIMUM         74    246 AM  63    2014  73      1       63
  AVERAGE         84                        82      2       76

PRECIPITATION (IN)
  YESTERDAY        0.00          4.15 1975   0.24  -0.24     0.00
  MONTH TO DATE    6.84                      7.25  -0.41     7.92
  SINCE MAR 1     37.81                     29.43   8.38    47.45
  SINCE JAN 1     43.86                     40.20   3.66    54.57

DEGREE DAYS
 COOLING
  YESTERDAY       19                        17      2       11
  MONTH TO DATE  578                       522     56      463
  SINCE JUN 1   1056                       966     90      873
  SINCE JAN 1   1656                      1411    245     1211
..................................................................


WIND (MPH)
  HIGHEST WIND SPEED    15   HIGHEST WIND DIRECTION     N (10)
  HIGHEST GUST SPEED    20   HIGHEST GUST DIRECTION     N (360)
  AVERAGE WIND SPEED     7.7


SKY COVER
  POSSIBLE SUNSHINE  MM
  AVERAGE SKY COVER 0.3


WEATHER CONDITIONS
 THE FOLLOWING WEATHER WAS RECORDED YESTERDAY.
  FOG
  HAZE


RELATIVE HUMIDITY (PERCENT)
 HIGHEST   100           100 AM
 LOWEST     55           800 PM
 AVERAGE    78

..........................................................


THE MOBILE CLIMATE NORMALS FOR TODAY
                         NORMAL    RECORD    YEAR
 MAXIMUM TEMPERATURE (F)   91       101      2010
 MINIMUM TEMPERATURE (F)   73        66      1936


SUNRISE AND SUNSET
AUGUST  1 2015........SUNRISE   611 AM CDT   SUNSET   748 PM CDT
AUGUST  2 2015........SUNRISE   611 AM CDT   SUNSET   747 PM CDT


-  INDICATES NEGATIVE NUMBERS.
R  INDICATES RECORD WAS SET OR TIED.
MM INDICATES DATA IS MISSING.
T  INDICATES TRACE AMOUNT.




$$
