000
CDUS46 KSTO 270844
CLIMOD


CLIMATE REPORT
NATIONAL WEATHER SERVICE SACRAMENTO, CA
144 AM PDT SAT MAY 27 2017


...................................

...THE MODESTO CA CLIMATE SUMMARY FOR MAY 26 2017...

CLIMATE NORMAL PERIOD 1981 TO 2010
CLIMATE RECORD PERIOD 1931 TO 2017


WEATHER ITEM   OBSERVED TIME   RECORD YEAR NORMAL DEPARTURE LAST
                VALUE   (LST)  VALUE       VALUE  FROM      YEAR
                                                  NORMAL
..................................................................
TEMPERATURE (F)
 YESTERDAY
  MAXIMUM         75    310 PM 102    1951  85    -10       86
  MINIMUM         55    530 AM  43    1962  57     -2       55
  AVERAGE         65

PRECIPITATION (IN)
  YESTERDAY        0.00          0.36 1946   0.02  -0.02     0.00
  MONTH TO DATE    0.01                      0.56  -0.55     0.25
  SINCE OCT 1     16.79                     12.64   4.15    15.61
  SINCE JAN 1     11.76                      8.56   3.20    11.20

SNOWFALL (IN)
  YESTERDAY        0.0          MM      MM
  MONTH TO DATE    0.0
  SINCE MAR 1      0.0
  SINCE JUL 1      0.0
  SNOW DEPTH       0

DEGREE DAYS
 HEATING
  YESTERDAY        0                         1     -1        0
  MONTH TO DATE   22                        33    -11       16
  SINCE MAR 1    292                       399   -107      242
  SINCE JUL 1   1808                      2167   -359     1834

 COOLING
  YESTERDAY        0                         6     -6        6
  MONTH TO DATE  174                       120     54      127
  SINCE MAR 1    191                       164     27      181
  SINCE JAN 1    191                       164     27      181
..................................................................


WIND (MPH)
  RESULTANT WIND SPEED   4   RESULTANT WIND DIRECTION   N (350)
  HIGHEST WIND SPEED    15   HIGHEST WIND DIRECTION     N (350)
  HIGHEST GUST SPEED    31   HIGHEST GUST DIRECTION     N (340)


SKY COVER
  POSSIBLE SUNSHINE  MM
  AVERAGE SKY COVER 0.4


WEATHER CONDITIONS
 THE FOLLOWING WEATHER WAS RECORDED YESTERDAY.
  NO SIGNIFICANT WEATHER WAS OBSERVED.


RELATIVE HUMIDITY (PERCENT)
 HIGHEST    77          1200 AM
 LOWEST     46           300 PM
 AVERAGE    62

..........................................................


THE MODESTO CA CLIMATE NORMALS FOR TODAY
                         NORMAL    RECORD    YEAR
 MAXIMUM TEMPERATURE (F)   85       100      1984
 MINIMUM TEMPERATURE (F)   57        46      1961


SUNRISE AND SUNSET
MAY 27 2017...........SUNRISE   546 AM PDT   SUNSET   816 PM PDT
MAY 28 2017...........SUNRISE   545 AM PDT   SUNSET   817 PM PDT


-  INDICATES NEGATIVE NUMBERS.
R  INDICATES RECORD WAS SET OR TIED.
MM INDICATES DATA IS MISSING.
T  INDICATES TRACE AMOUNT.




$$
