000
CDUS46 KSTO 210844
CLIMOD


CLIMATE REPORT
NATIONAL WEATHER SERVICE SACRAMENTO, CA
1244 AM PST SUN JAN 21 2018


...................................

...THE MODESTO CA CLIMATE SUMMARY FOR JANUARY 20 2018...

CLIMATE NORMAL PERIOD 1981 TO 2010
CLIMATE RECORD PERIOD 1931 TO 2018


WEATHER ITEM   OBSERVED TIME   RECORD YEAR NORMAL DEPARTURE LAST
                VALUE   (LST)  VALUE       VALUE  FROM      YEAR
                                                  NORMAL
..................................................................
TEMPERATURE (F)
 YESTERDAY
  MAXIMUM         57    357 PM  69    2014  56      1       57
                                      2009
  MINIMUM         38   1159 PM  24    1937  40     -2       45
  AVERAGE         48

PRECIPITATION (IN)
  YESTERDAY        0.00          1.00 2017   0.09  -0.09     1.00
  MONTH TO DATE    2.35                      1.66   0.69     5.03
  SINCE OCT 1      3.38                      5.74  -2.36    10.06
  SINCE JAN 1      2.35                      1.66   0.69     5.03

SNOWFALL (IN)
  YESTERDAY        0.0           0.0  2002
  MONTH TO DATE    0.0
  SINCE DEC 1      0.0
  SINCE JUL 1      0.0
  SNOW DEPTH       0

DEGREE DAYS
 HEATING
  YESTERDAY       17                        17      0       14
  MONTH TO DATE  245                       357   -112      320
  SINCE DEC 1    770                       893   -123      836
  SINCE JUL 1   1037                      1254   -217     1049

 COOLING
  YESTERDAY        0                         0      0        0
  MONTH TO DATE    0                         0      0        0
  SINCE DEC 1      0                         0      0        0
  SINCE JAN 1      0                         0      0        0
..................................................................


WIND (MPH)
  RESULTANT WIND SPEED  10   RESULTANT WIND DIRECTION  NW (320)
  HIGHEST WIND SPEED    22   HIGHEST WIND DIRECTION    NW (300)
  HIGHEST GUST SPEED    26   HIGHEST GUST DIRECTION     W (290)


SKY COVER
  POSSIBLE SUNSHINE  MM
  AVERAGE SKY COVER 0.0


WEATHER CONDITIONS
 THE FOLLOWING WEATHER WAS RECORDED YESTERDAY.
  NO SIGNIFICANT WEATHER WAS OBSERVED.


RELATIVE HUMIDITY (PERCENT)
 HIGHEST    85          1100 PM
 LOWEST     43           200 PM
 AVERAGE    64

..........................................................


THE MODESTO CA CLIMATE NORMALS FOR TODAY
                         NORMAL    RECORD    YEAR
 MAXIMUM TEMPERATURE (F)   56        68      1950
 MINIMUM TEMPERATURE (F)   40        21      1937


SUNRISE AND SUNSET
JANUARY 21 2018.......SUNRISE   715 AM PST   SUNSET   516 PM PST
JANUARY 22 2018.......SUNRISE   714 AM PST   SUNSET   517 PM PST


-  INDICATES NEGATIVE NUMBERS.
R  INDICATES RECORD WAS SET OR TIED.
MM INDICATES DATA IS MISSING.
T  INDICATES TRACE AMOUNT.




$$
