260
CDUS46 KSTO 170837
CLIMOD


CLIMATE REPORT
NATIONAL WEATHER SERVICE SACRAMENTO, CA
1236 AM PST TUE JAN 17 2017


...................................

...THE MODESTO CA CLIMATE SUMMARY FOR JANUARY 16 2017...

CLIMATE NORMAL PERIOD 1981 TO 2010
CLIMATE RECORD PERIOD 1931 TO 2017


WEATHER ITEM   OBSERVED TIME   RECORD YEAR NORMAL DEPARTURE LAST
                VALUE   (LST)  VALUE       VALUE  FROM      YEAR
                                                  NORMAL
..................................................................
TEMPERATURE (F)
 YESTERDAY
  MAXIMUM         49    251 PM  71    1970  55     -6       62
  MINIMUM         37   1159 PM  25    2007  40     -3       49
                                      1949
  AVERAGE         43

PRECIPITATION (IN)
  YESTERDAY        0.00          0.93 1950   0.08  -0.08     0.24
  MONTH TO DATE    3.28                      1.32   1.96     1.99
  SINCE OCT 1      8.31                      5.40   2.91     6.40
  SINCE JAN 1      3.28                      1.32   1.96     1.99

SNOWFALL (IN)
  YESTERDAY        0.0           0.0  2002
  MONTH TO DATE    0.0
  SINCE DEC 1      0.0
  SINCE JUL 1      0.0
  SNOW DEPTH       0

DEGREE DAYS
 HEATING
  YESTERDAY       22                        18      4        9
  MONTH TO DATE  254                       289    -35      253
  SINCE DEC 1    770                       825    -55      790
  SINCE JUL 1    983                      1186   -203     1161

 COOLING
  YESTERDAY        0                         0      0        0
  MONTH TO DATE    0                         0      0        0
  SINCE DEC 1      0                         0      0        0
  SINCE JAN 1      0                         0      0        0
..................................................................


WIND (MPH)
  RESULTANT WIND SPEED   2   RESULTANT WIND DIRECTION  SE (120)
  HIGHEST WIND SPEED     9   HIGHEST WIND DIRECTION    SE (140)
  HIGHEST GUST SPEED    14   HIGHEST GUST DIRECTION    SE (120)


SKY COVER
  POSSIBLE SUNSHINE  MM
  AVERAGE SKY COVER 0.7


WEATHER CONDITIONS
 THE FOLLOWING WEATHER WAS RECORDED YESTERDAY.
  FOG


RELATIVE HUMIDITY (PERCENT)
 HIGHEST    92          1100 PM
 LOWEST     65          1100 AM
 AVERAGE    79

..........................................................


THE MODESTO CA CLIMATE NORMALS FOR TODAY
                         NORMAL    RECORD    YEAR
 MAXIMUM TEMPERATURE (F)   55        75      1998
 MINIMUM TEMPERATURE (F)   40        23      2012


SUNRISE AND SUNSET
JANUARY 17 2017.......SUNRISE   717 AM PST   SUNSET   512 PM PST
JANUARY 18 2017.......SUNRISE   716 AM PST   SUNSET   513 PM PST


-  INDICATES NEGATIVE NUMBERS.
R  INDICATES RECORD WAS SET OR TIED.
MM INDICATES DATA IS MISSING.
T  INDICATES TRACE AMOUNT.




$$
