000
CDUS43 KBIS 160733
CLIMOT


CLIMATE REPORT
NATIONAL WEATHER SERVICE BISMARCK ND
232 AM CDT WED AUG 16 2017


...................................

...THE MINOT ND CLIMATE SUMMARY FOR AUGUST 15 2017...

CLIMATE NORMAL PERIOD 1981 TO 2010
CLIMATE RECORD PERIOD 1897 TO 2017


WEATHER ITEM   OBSERVED TIME   RECORD YEAR NORMAL DEPARTURE LAST
                VALUE   (LST)  VALUE       VALUE  FROM      YEAR
                                                  NORMAL
..................................................................
TEMPERATURE (F)
 YESTERDAY
  MAXIMUM         68    343 PM 100    2015  82    -14       94
                                      1971
  MINIMUM         58   1159 PM  41    1921  56      2       59
                                      1914
  AVERAGE         63                        69     -6       77

PRECIPITATION (IN)
  YESTERDAY        0.13          1.22 1999   0.07   0.06      T
  MONTH TO DATE    2.16                      1.00   1.16     0.10
  SINCE JUN 1      3.85                      7.01  -3.16     5.57
  SINCE JAN 1      5.21                     12.40  -7.19    10.72

DEGREE DAYS
 COOLING
  YESTERDAY        0                         5     -5       12
  MONTH TO DATE   27                        88    -61      159
  SINCE JUN 1    430                       330    100      535
  SINCE JAN 1    433                       346     87      575
..................................................................


WIND (MPH)
  HIGHEST WIND SPEED    13   HIGHEST WIND DIRECTION     E (110)
  HIGHEST GUST SPEED    15   HIGHEST GUST DIRECTION     E (100)
  AVERAGE WIND SPEED     6.2


SKY COVER
  POSSIBLE SUNSHINE  MM
  AVERAGE SKY COVER 0.8


WEATHER CONDITIONS
 THE FOLLOWING WEATHER WAS RECORDED YESTERDAY.
  LIGHT RAIN
  FOG
  FOG W/VISIBILITY <= 1/4 MILE


RELATIVE HUMIDITY (PERCENT)
 HIGHEST   100          1100 PM
 LOWEST     73          1200 AM
 AVERAGE    87

..........................................................


THE MINOT ND CLIMATE NORMALS FOR TODAY
                         NORMAL    RECORD    YEAR
 MAXIMUM TEMPERATURE (F)   82       103      1903
 MINIMUM TEMPERATURE (F)   56        40      1943


SUNRISE AND SUNSET
AUGUST 16 2017........SUNRISE   641 AM CDT   SUNSET   857 PM CDT
AUGUST 17 2017........SUNRISE   642 AM CDT   SUNSET   855 PM CDT


-  INDICATES NEGATIVE NUMBERS.
R  INDICATES RECORD WAS SET OR TIED.
MM INDICATES DATA IS MISSING.
T  INDICATES TRACE AMOUNT.




$$
