000
CDUS43 KBIS 270723
CLIMOT


CLIMATE REPORT
NATIONAL WEATHER SERVICE BISMARCK ND
222 AM CDT WED AUG 27 2014


...................................

...THE MINOT ND CLIMATE SUMMARY FOR AUGUST 26 2014...

CLIMATE NORMAL PERIOD 1981 TO 2010
CLIMATE RECORD PERIOD 1905 TO 2014


WEATHER ITEM   OBSERVED TIME   RECORD YEAR NORMAL DEPARTURE LAST
                VALUE   (LST)  VALUE       VALUE  FROM      YEAR
                                                  NORMAL
..................................................................
TEMPERATURE (F)
 YESTERDAY
  MAXIMUM         71    513 PM  99    1937  79     -8       87
  MINIMUM         47    621 AM  26    1915  54     -7       61
  AVERAGE         59                        66     -7       74

PRECIPITATION (IN)
  YESTERDAY        0.00          1.27 1963   0.07  -0.07     0.77
  MONTH TO DATE    2.84                      1.73   1.11     2.16
  SINCE JUN 1      9.90                      7.74   2.16    11.20
  SINCE JAN 1     13.71                     13.13   0.58    19.57

DEGREE DAYS
 COOLING
  YESTERDAY        0                         4     -4        9
  MONTH TO DATE  125                       137    -12      121
  SINCE JUN 1    256                       379   -123      308
  SINCE JAN 1    297                       395    -98      318
..................................................................


WIND (MPH)
  HIGHEST WIND SPEED    13   HIGHEST WIND DIRECTION    SW (210)
  HIGHEST GUST SPEED    17   HIGHEST GUST DIRECTION    SW (210)
  AVERAGE WIND SPEED     5.3


SKY COVER
  POSSIBLE SUNSHINE  MM
  AVERAGE SKY COVER 0.2


WEATHER CONDITIONS
 THE FOLLOWING WEATHER WAS RECORDED YESTERDAY.
  NO SIGNIFICANT WEATHER WAS OBSERVED.


RELATIVE HUMIDITY (PERCENT)
 HIGHEST    93           300 AM
 LOWEST     37           400 PM
 AVERAGE    65

..........................................................


THE MINOT ND CLIMATE NORMALS FOR TODAY
                         NORMAL    RECORD    YEAR
 MAXIMUM TEMPERATURE (F)   79        99      1973
 MINIMUM TEMPERATURE (F)   53        31      1934


SUNRISE AND SUNSET
AUGUST 27 2014........SUNRISE   656 AM CDT   SUNSET   836 PM CDT
AUGUST 28 2014........SUNRISE   657 AM CDT   SUNSET   834 PM CDT


-  INDICATES NEGATIVE NUMBERS.
R  INDICATES RECORD WAS SET OR TIED.
MM INDICATES DATA IS MISSING.
T  INDICATES TRACE AMOUNT.




$$
