000
CDUS43 KBIS 230717
CLIMOT


CLIMATE REPORT
NATIONAL WEATHER SERVICE BISMARCK ND
217 AM CDT THU OCT 23 2014


...................................

...THE MINOT ND CLIMATE SUMMARY FOR OCTOBER 22 2014...

CLIMATE NORMAL PERIOD 1981 TO 2010
CLIMATE RECORD PERIOD 1905 TO 2014


WEATHER ITEM   OBSERVED TIME   RECORD YEAR NORMAL DEPARTURE LAST
                VALUE   (LST)  VALUE       VALUE  FROM      YEAR
                                                  NORMAL
..................................................................
TEMPERATURE (F)
 YESTERDAY
  MAXIMUM         67    116 AM  79    1992  52     15       37
  MINIMUM         50   1159 PM  11    1935  32     18       29
  AVERAGE         59                        42     17       33

PRECIPITATION (IN)
  YESTERDAY        0.00          1.00 1980   0.04  -0.04     0.01
  MONTH TO DATE    0.27                      0.90  -0.63     2.26
  SINCE SEP 1      1.12                      2.36  -1.24     4.42
  SINCE JAN 1     15.76                     15.80  -0.04    24.60

DEGREE DAYS
 HEATING
  YESTERDAY        6                        23    -17       32
  MONTH TO DATE  354                       407    -53      438
  SINCE SEP 1    566                       656    -90      560
  SINCE JUL 1    634                       727    -93      629

 COOLING
  YESTERDAY        0                         0      0        0
  MONTH TO DATE    0                         0      0        0
  SINCE SEP 1     36                        33      3       50
  SINCE JAN 1    341                       444   -103      421
..................................................................


WIND (MPH)
  HIGHEST WIND SPEED    26   HIGHEST WIND DIRECTION     W (250)
  HIGHEST GUST SPEED    35   HIGHEST GUST DIRECTION     W (260)
  AVERAGE WIND SPEED    13.2


SKY COVER
  POSSIBLE SUNSHINE  MM
  AVERAGE SKY COVER 0.4


WEATHER CONDITIONS
 THE FOLLOWING WEATHER WAS RECORDED YESTERDAY.
  THUNDERSTORM


RELATIVE HUMIDITY (PERCENT)
 HIGHEST    71           600 AM
 LOWEST     43           400 PM
 AVERAGE    57

..........................................................


THE MINOT ND CLIMATE NORMALS FOR TODAY
                         NORMAL    RECORD    YEAR
 MAXIMUM TEMPERATURE (F)   51        78      1963
 MINIMUM TEMPERATURE (F)   31        -1      1919


SUNRISE AND SUNSET
OCTOBER 23 2014.......SUNRISE   817 AM CDT   SUNSET   641 PM CDT
OCTOBER 24 2014.......SUNRISE   818 AM CDT   SUNSET   639 PM CDT


-  INDICATES NEGATIVE NUMBERS.
R  INDICATES RECORD WAS SET OR TIED.
MM INDICATES DATA IS MISSING.
T  INDICATES TRACE AMOUNT.




$$
