000
CDUS43 KBIS 300836
CLIMOT


CLIMATE REPORT
NATIONAL WEATHER SERVICE BISMARCK ND
336 AM CDT SAT MAY 30 2015


...................................

...THE MINOT ND CLIMATE SUMMARY FOR MAY 29 2015...

CLIMATE NORMAL PERIOD 1981 TO 2010
CLIMATE RECORD PERIOD 1897 TO 2015


WEATHER ITEM   OBSERVED TIME   RECORD YEAR NORMAL DEPARTURE LAST
                VALUE   (LST)  VALUE       VALUE  FROM      YEAR
                                                  NORMAL
..................................................................
TEMPERATURE (F)
 YESTERDAY
  MAXIMUM         57    528 PM  97    1988  70    -13       93
  MINIMUM         38   1042 PM  24    1930  47     -9       60
  AVERAGE         48                        59    -11       77

PRECIPITATION (IN)
  YESTERDAY        0.00          0.85 1962   0.10  -0.10      T
  MONTH TO DATE    2.70                      2.30   0.40     1.60
  SINCE MAR 1      3.66                      4.28  -0.62     3.45
  SINCE JAN 1      4.13                      5.19  -1.06     3.81

DEGREE DAYS
 COOLING
  YESTERDAY        0                         1     -1       12
  MONTH TO DATE    7                         7      0       39
  SINCE MAR 1      7                         8     -1       39
  SINCE JAN 1      7                         8     -1       39
..................................................................


WIND (MPH)
  HIGHEST WIND SPEED    26   HIGHEST WIND DIRECTION     N (350)
  HIGHEST GUST SPEED    32   HIGHEST GUST DIRECTION     N (350)
  AVERAGE WIND SPEED    13.4


SKY COVER
  POSSIBLE SUNSHINE  MM
  AVERAGE SKY COVER 0.6


WEATHER CONDITIONS
 THE FOLLOWING WEATHER WAS RECORDED YESTERDAY.
  NO SIGNIFICANT WEATHER WAS OBSERVED.


RELATIVE HUMIDITY (PERCENT)
 HIGHEST    77           100 AM
 LOWEST     38           600 PM
 AVERAGE    58

..........................................................


THE MINOT ND CLIMATE NORMALS FOR TODAY
                         NORMAL    RECORD    YEAR
 MAXIMUM TEMPERATURE (F)   71       105      1934
 MINIMUM TEMPERATURE (F)   48        29      1917


SUNRISE AND SUNSET
MAY 30 2015...........SUNRISE   550 AM CDT   SUNSET   936 PM CDT
MAY 31 2015...........SUNRISE   550 AM CDT   SUNSET   937 PM CDT


-  INDICATES NEGATIVE NUMBERS.
R  INDICATES RECORD WAS SET OR TIED.
MM INDICATES DATA IS MISSING.
T  INDICATES TRACE AMOUNT.




$$
