000
CDUS43 KBIS 200727
CLIMOT


CLIMATE REPORT
NATIONAL WEATHER SERVICE BISMARCK ND
226 AM CDT SUN APR 20 2014


...................................

...THE MINOT ND CLIMATE SUMMARY FOR APRIL 19 2014...

CLIMATE NORMAL PERIOD 1981 TO 2010
CLIMATE RECORD PERIOD 1905 TO 2014


WEATHER ITEM   OBSERVED TIME   RECORD YEAR NORMAL DEPARTURE LAST
                VALUE   (LST)  VALUE       VALUE  FROM      YEAR
                                                  NORMAL
..................................................................
TEMPERATURE (F)
 YESTERDAY
  MAXIMUM         55    539 PM  86    1910  57     -2       34
  MINIMUM         34   1139 PM  -1    1922  33      1       17
  AVERAGE         45                        45      0       26

PRECIPITATION (IN)
  YESTERDAY        T             0.71 1976   0.04  -0.04     0.00
  MONTH TO DATE    0.30                      0.61  -0.31     0.24
  SINCE MAR 1      0.35                      1.45  -1.10     0.85
  SINCE JAN 1      0.71                      2.36  -1.65     1.39

DEGREE DAYS
 HEATING
  YESTERDAY       20                        20      0       39
  MONTH TO DATE  554                       461     93      759
  SINCE MAR 1   1837                      1600    237     2339
  SINCE JUL 1   9070                      8176    894     9069

 COOLING
  YESTERDAY        0                         0      0        0
  MONTH TO DATE    0                         0      0        0
  SINCE MAR 1      0                         0      0        0
  SINCE JAN 1      0                         0      0        0
..................................................................


WIND (MPH)
  HIGHEST WIND SPEED    29   HIGHEST WIND DIRECTION     W (250)
  HIGHEST GUST SPEED    39   HIGHEST GUST DIRECTION     W (250)
  AVERAGE WIND SPEED    12.2


SKY COVER
  POSSIBLE SUNSHINE  MM
  AVERAGE SKY COVER 0.4


WEATHER CONDITIONS
 THE FOLLOWING WEATHER WAS RECORDED YESTERDAY.
  LIGHT RAIN
  FOG


RELATIVE HUMIDITY (PERCENT)
 HIGHEST    92           100 AM
 LOWEST     41           500 PM
 AVERAGE    67

..........................................................


THE MINOT ND CLIMATE NORMALS FOR TODAY
                         NORMAL    RECORD    YEAR
 MAXIMUM TEMPERATURE (F)   58        90      1980
 MINIMUM TEMPERATURE (F)   34        13      2013


SUNRISE AND SUNSET
APRIL 20 2014.........SUNRISE   646 AM CDT   SUNSET   843 PM CDT
APRIL 21 2014.........SUNRISE   644 AM CDT   SUNSET   845 PM CDT


-  INDICATES NEGATIVE NUMBERS.
R  INDICATES RECORD WAS SET OR TIED.
MM INDICATES DATA IS MISSING.
T  INDICATES TRACE AMOUNT.




$$
