000
CDUS43 KBIS 220726
CLIMOT


CLIMATE REPORT
NATIONAL WEATHER SERVICE BISMARCK ND
126 AM CST MON DEC 22 2014


...................................

...THE MINOT ND CLIMATE SUMMARY FOR DECEMBER 21 2014...

CLIMATE NORMAL PERIOD 1981 TO 2010
CLIMATE RECORD PERIOD 1905 TO 2014


WEATHER ITEM   OBSERVED TIME   RECORD YEAR NORMAL DEPARTURE LAST
                VALUE   (LST)  VALUE       VALUE  FROM      YEAR
                                                  NORMAL
..................................................................
TEMPERATURE (F)
 YESTERDAY
  MAXIMUM         38    351 PM  49    1979  22     16       -5
  MINIMUM         15    857 AM -44    1916   6      9      -14
  AVERAGE         27                        14     13       -9

PRECIPITATION (IN)
  YESTERDAY        0.00          0.27 1980   0.01  -0.01      T
  MONTH TO DATE    0.01                      0.24  -0.23     0.15
  SINCE DEC 1      0.01                      0.24  -0.23     0.15
  SINCE JAN 1     15.96                     17.05  -1.09    24.96

DEGREE DAYS
 HEATING
  YESTERDAY       38                        51    -13       74
  MONTH TO DATE  930                      1017    -87     1302
  SINCE DEC 1    930                      1017    -87     1302
  SINCE JUL 1   3109                      3075     34     3357
..................................................................


WIND (MPH)
  HIGHEST WIND SPEED    16   HIGHEST WIND DIRECTION    SE (120)
  HIGHEST GUST SPEED    18   HIGHEST GUST DIRECTION     E (110)
  AVERAGE WIND SPEED     7.8


SKY COVER
  POSSIBLE SUNSHINE  MM
  AVERAGE SKY COVER 0.4


WEATHER CONDITIONS
 THE FOLLOWING WEATHER WAS RECORDED YESTERDAY.
  FOG
  FOG W/VISIBILITY <= 1/4 MILE


RELATIVE HUMIDITY (PERCENT)
 HIGHEST   100           900 PM
 LOWEST     76           300 PM
 AVERAGE    88

..........................................................


THE MINOT ND CLIMATE NORMALS FOR TODAY
                         NORMAL    RECORD    YEAR
 MAXIMUM TEMPERATURE (F)   22        51      1954
 MINIMUM TEMPERATURE (F)    5       -30      1983


SUNRISE AND SUNSET
DECEMBER 22 2014......SUNRISE   834 AM CST   SUNSET   454 PM CST
DECEMBER 23 2014......SUNRISE   834 AM CST   SUNSET   454 PM CST


-  INDICATES NEGATIVE NUMBERS.
R  INDICATES RECORD WAS SET OR TIED.
MM INDICATES DATA IS MISSING.
T  INDICATES TRACE AMOUNT.




$$
