000
CDUS43 KBIS 230020
CLIMOT


CLIMATE REPORT
NATIONAL WEATHER SERVICE BISMARCK ND
620 PM CST SAT NOV 22 2014


...................................

...THE MINOT ND CLIMATE SUMMARY FOR NOVEMBER 22 2014...
VALID TODAY AS OF 0600 PM LOCAL TIME.

CLIMATE NORMAL PERIOD 1981 TO 2010
CLIMATE RECORD PERIOD 1905 TO 2014


WEATHER ITEM   OBSERVED TIME   RECORD YEAR NORMAL DEPARTURE LAST
                VALUE   (LST)  VALUE       VALUE  FROM      YEAR
                                                  NORMAL
..................................................................
TEMPERATURE (F)
 TODAY
  MAXIMUM         43    546 PM  61    1939  33     10       17
  MINIMUM         21    636 AM -16    1921  17      4      -10
  AVERAGE         32                        25      7        4

PRECIPITATION (IN)
  TODAY            0.00          0.26 1981   0.03  -0.03      T
  MONTH TO DATE    0.08                      0.61  -0.53     0.15
  SINCE SEP 1      1.21                      3.23  -2.02     4.63
  SINCE JAN 1     15.85                     16.67  -0.82    24.81

DEGREE DAYS
 HEATING
  TODAY           33                        40     -7       61
  MONTH TO DATE  884                       757    127      794
  SINCE SEP 1   1655                      1646      9     1618
  SINCE JUL 1   1723                      1717      6     1687

 COOLING
  TODAY            0                         0      0        0
  MONTH TO DATE    0                         0      0        0
  SINCE SEP 1     36                        34      2       50
  SINCE JAN 1    341                       445   -104      421
..................................................................


WIND (MPH)
  RESULTANT WIND SPEED   4   RESULTANT WIND DIRECTION   S (170)
  HIGHEST WIND SPEED    15   HIGHEST WIND DIRECTION    SW (230)
  HIGHEST GUST SPEED    19   HIGHEST GUST DIRECTION    SE (130)
  AVERAGE WIND SPEED     6.6


SKY COVER
  POSSIBLE SUNSHINE  MM
  AVERAGE SKY COVER 0.4


WEATHER CONDITIONS
 THE FOLLOWING WEATHER WAS RECORDED TODAY.
  NO SIGNIFICANT WEATHER WAS OBSERVED.


RELATIVE HUMIDITY (PERCENT)
 HIGHEST    92           600 AM
 LOWEST     57           400 PM
 AVERAGE    75

..........................................................


THE MINOT ND CLIMATE NORMALS FOR TOMORROW
                         NORMAL    RECORD    YEAR
 MAXIMUM TEMPERATURE (F)   32        55      2011
                                             1942
 MINIMUM TEMPERATURE (F)   16       -17      2013


SUNRISE AND SUNSET
NOVEMBER 22 2014......SUNRISE   803 AM CST   SUNSET   459 PM CST
NOVEMBER 23 2014......SUNRISE   804 AM CST   SUNSET   459 PM CST


-  INDICATES NEGATIVE NUMBERS.
R  INDICATES RECORD WAS SET OR TIED.
MM INDICATES DATA IS MISSING.
T  INDICATES TRACE AMOUNT.




$$
