431
CDUS43 KBIS 210731
CLIMOT


CLIMATE REPORT
NATIONAL WEATHER SERVICE BISMARCK ND
130 AM CST WED FEB 21 2018


...................................

...THE MINOT ND CLIMATE SUMMARY FOR FEBRUARY 20 2018...

CLIMATE NORMAL PERIOD 1981 TO 2010
CLIMATE RECORD PERIOD 1897 TO 2018


WEATHER ITEM   OBSERVED TIME   RECORD YEAR NORMAL DEPARTURE LAST
                VALUE   (LST)  VALUE       VALUE  FROM      YEAR
                                                  NORMAL
..................................................................
TEMPERATURE (F)
 YESTERDAY
  MAXIMUM         11    345 PM  55    1930  27    -16       50
  MINIMUM          0    835 AM -32    1918  10    -10       33
  AVERAGE          6                        18    -12       42

PRECIPITATION (IN)
  YESTERDAY        T             0.27 1969   0.01  -0.01      T
  MONTH TO DATE    0.04                      0.26  -0.22     0.02
  SINCE DEC 1      0.16                      1.15  -0.99     0.72
  SINCE JAN 1      0.11                      0.77  -0.66     0.10

DEGREE DAYS
 HEATING
  YESTERDAY       59                        47     12       23
  MONTH TO DATE 1210                       984    226      852
  SINCE DEC 1   4260                      4158    102     4068
  SINCE JUL 1   6138                      6216    -78     5583
..................................................................


WIND (MPH)
  HIGHEST WIND SPEED    23   HIGHEST WIND DIRECTION    SW (240)
  HIGHEST GUST SPEED    30   HIGHEST GUST DIRECTION    SW (230)
  AVERAGE WIND SPEED    12.7


SKY COVER
  POSSIBLE SUNSHINE  MM
  AVERAGE SKY COVER 0.4


WEATHER CONDITIONS
 THE FOLLOWING WEATHER WAS RECORDED YESTERDAY.
  LIGHT SNOW
  FOG
  HAZE


RELATIVE HUMIDITY (PERCENT)
 HIGHEST    86           600 AM
 LOWEST     62          1100 PM
 AVERAGE    74

..........................................................


THE MINOT ND CLIMATE NORMALS FOR TODAY
                         NORMAL    RECORD    YEAR
 MAXIMUM TEMPERATURE (F)   27        54      1961
 MINIMUM TEMPERATURE (F)   11       -34      1897


SUNRISE AND SUNSET
FEBRUARY 21 2018......SUNRISE   741 AM CST   SUNSET   617 PM CST
FEBRUARY 22 2018......SUNRISE   739 AM CST   SUNSET   618 PM CST


-  INDICATES NEGATIVE NUMBERS.
R  INDICATES RECORD WAS SET OR TIED.
MM INDICATES DATA IS MISSING.
T  INDICATES TRACE AMOUNT.




$$
