000
CDUS43 KBIS 010035
CLIMOT


CLIMATE REPORT
NATIONAL WEATHER SERVICE BISMARCK ND
732 PM CDT FRI SEP 30 2016


...................................

...THE MINOT ND CLIMATE SUMMARY FOR SEPTEMBER 30 2016...
VALID TODAY AS OF 0700 PM LOCAL TIME.

CLIMATE NORMAL PERIOD 1981 TO 2010
CLIMATE RECORD PERIOD 1897 TO 2016


WEATHER ITEM   OBSERVED TIME   RECORD YEAR NORMAL DEPARTURE LAST
                VALUE   (LST)  VALUE       VALUE  FROM      YEAR
                                                  NORMAL
..................................................................
TEMPERATURE (F)
 TODAY
  MAXIMUM         66    528 PM  93    1989  63      3       76
  MINIMUM         48    248 AM  17    1918  40      8       48
  AVERAGE         57                        52      5       62

PRECIPITATION (IN)
  TODAY            T             1.05 1937   0.04  -0.04     0.00
  MONTH TO DATE    2.98                      1.46   1.52     1.61
  SINCE SEP 1      2.98                      1.46   1.52     1.61
  SINCE JAN 1     14.84                     14.90  -0.06    13.11

DEGREE DAYS
 HEATING
  TODAY            8                        14     -6        3
  MONTH TO DATE  189                       250    -61      160
  SINCE SEP 1    189                       249    -60      160
  SINCE JUL 1    200                       320   -120      210

 COOLING
  TODAY            0                         0      0        0
  MONTH TO DATE   29                        33     -4       58
  SINCE SEP 1     29                        33     -4       58
  SINCE JAN 1    682                       444    238      502
..................................................................


WIND (MPH)
  RESULTANT WIND SPEED   9   RESULTANT WIND DIRECTION  SE (120)
  HIGHEST WIND SPEED    17   HIGHEST WIND DIRECTION    SE (130)
  HIGHEST GUST SPEED    24   HIGHEST GUST DIRECTION    SE (130)
  AVERAGE WIND SPEED     9.3


SKY COVER
  POSSIBLE SUNSHINE  MM
  AVERAGE SKY COVER 0.3


WEATHER CONDITIONS
 THE FOLLOWING WEATHER WAS RECORDED TODAY.
  NO SIGNIFICANT WEATHER WAS OBSERVED.


RELATIVE HUMIDITY (PERCENT)
 HIGHEST    93           200 AM
 LOWEST     56           100 PM
 AVERAGE    75

..........................................................


THE MINOT ND CLIMATE NORMALS FOR TOMORROW
                         NORMAL    RECORD    YEAR
 MAXIMUM TEMPERATURE (F)   63        93      1897
 MINIMUM TEMPERATURE (F)   40        14      1936


SUNRISE AND SUNSET
SEPTEMBER 30 2016.....SUNRISE   744 AM CDT   SUNSET   725 PM CDT
OCTOBER  1 2016.......SUNRISE   745 AM CDT   SUNSET   723 PM CDT


-  INDICATES NEGATIVE NUMBERS.
R  INDICATES RECORD WAS SET OR TIED.
MM INDICATES DATA IS MISSING.
T  INDICATES TRACE AMOUNT.




$$
