000
CDUS43 KBIS 180749
CLIMOT


CLIMATE REPORT
NATIONAL WEATHER SERVICE BISMARCK ND
249 AM CDT WED OCT 18 2017


...................................

...THE MINOT ND CLIMATE SUMMARY FOR OCTOBER 17 2017...

CLIMATE NORMAL PERIOD 1981 TO 2010
CLIMATE RECORD PERIOD 1897 TO 2017


WEATHER ITEM   OBSERVED TIME   RECORD YEAR NORMAL DEPARTURE LAST
                VALUE   (LST)  VALUE       VALUE  FROM      YEAR
                                                  NORMAL
..................................................................
TEMPERATURE (F)
 YESTERDAY
  MAXIMUM         77    322 PM  87    1914  55     22       60
  MINIMUM         46   1201 AM   5    1919  34     12       39
  AVERAGE         62                        44     18       50

PRECIPITATION (IN)
  YESTERDAY        0.00          0.49 1980   0.03  -0.03     0.00
  MONTH TO DATE    0.04                      0.72  -0.68     1.02
  SINCE SEP 1      2.00                      2.18  -0.18     4.00
  SINCE JAN 1      7.33                     15.62  -8.29    15.86

DEGREE DAYS
 HEATING
  YESTERDAY        3                        21    -18       15
  MONTH TO DATE  266                       296    -30      300
  SINCE SEP 1    454                       545    -91      489
  SINCE JUL 1    464                       616   -152      500

 COOLING
  YESTERDAY        0                         0      0        0
  MONTH TO DATE    0                         0      0        0
  SINCE SEP 1     62                        33     29       29
  SINCE JAN 1    580                       444    136      682
..................................................................


WIND (MPH)
  HIGHEST WIND SPEED    23   HIGHEST WIND DIRECTION    SW (220)
  HIGHEST GUST SPEED    30   HIGHEST GUST DIRECTION    SW (230)
  AVERAGE WIND SPEED    14.6


SKY COVER
  POSSIBLE SUNSHINE  MM
  AVERAGE SKY COVER 0.0


WEATHER CONDITIONS
 THE FOLLOWING WEATHER WAS RECORDED YESTERDAY.
  NO SIGNIFICANT WEATHER WAS OBSERVED.


RELATIVE HUMIDITY (PERCENT)
 HIGHEST    60          1200 AM
 LOWEST     18           200 PM
 AVERAGE    39

..........................................................


THE MINOT ND CLIMATE NORMALS FOR TODAY
                         NORMAL    RECORD    YEAR
 MAXIMUM TEMPERATURE (F)   54        80      2000
 MINIMUM TEMPERATURE (F)   33         8      1919


SUNRISE AND SUNSET
OCTOBER 18 2017.......SUNRISE   810 AM CDT   SUNSET   650 PM CDT
OCTOBER 19 2017.......SUNRISE   811 AM CDT   SUNSET   648 PM CDT


-  INDICATES NEGATIVE NUMBERS.
R  INDICATES RECORD WAS SET OR TIED.
MM INDICATES DATA IS MISSING.
T  INDICATES TRACE AMOUNT.




$$
