000
CDUS43 KBIS 170023
CLIMOT


CLIMATE REPORT
NATIONAL WEATHER SERVICE BISMARCK ND
623 PM CST MON JAN 16 2017


...................................

...THE MINOT ND CLIMATE SUMMARY FOR JANUARY 16 2017...
VALID TODAY AS OF 0600 PM LOCAL TIME.

CLIMATE NORMAL PERIOD 1981 TO 2010
CLIMATE RECORD PERIOD 1897 TO 2017


WEATHER ITEM   OBSERVED TIME   RECORD YEAR NORMAL DEPARTURE LAST
                VALUE   (LST)  VALUE       VALUE  FROM      YEAR
                                                  NORMAL
..................................................................
TEMPERATURE (F)
 TODAY
  MAXIMUM         30    324 PM  50    1942  21      9        1
  MINIMUM         12    637 AM -33    1954   3      9      -17
  AVERAGE         21                        12      9       -8

PRECIPITATION (IN)
  TODAY            0.00          0.34 1967   0.01  -0.01     0.00
  MONTH TO DATE    0.05                      0.28  -0.23     0.12
  SINCE DEC 1      0.67                      0.66   0.01     0.43
  SINCE JAN 1      0.05                      0.28  -0.23     0.12

DEGREE DAYS
 HEATING
  TODAY           44                        53     -9       73
  MONTH TO DATE 1016                       848    168      826
  SINCE DEC 1   2660                      2385    275     2071
  SINCE JUL 1   4175                      4443   -268     3772

 COOLING
  TODAY            0                         0      0        0
  MONTH TO DATE    0                         0      0        0
  SINCE DEC 1      0                         0      0        0
  SINCE JAN 1      0                         0      0        0
..................................................................


WIND (MPH)
  RESULTANT WIND SPEED   9   RESULTANT WIND DIRECTION   W (260)
  HIGHEST WIND SPEED    17   HIGHEST WIND DIRECTION     W (280)
  HIGHEST GUST SPEED    22   HIGHEST GUST DIRECTION     W (280)
  AVERAGE WIND SPEED     9.8


SKY COVER
  POSSIBLE SUNSHINE  MM
  AVERAGE SKY COVER 0.0


WEATHER CONDITIONS
 THE FOLLOWING WEATHER WAS RECORDED TODAY.
  NO SIGNIFICANT WEATHER WAS OBSERVED.


RELATIVE HUMIDITY (PERCENT)
 HIGHEST    80           800 AM
 LOWEST     62          1200 AM
 AVERAGE    71

..........................................................


THE MINOT ND CLIMATE NORMALS FOR TOMORROW
                         NORMAL    RECORD    YEAR
 MAXIMUM TEMPERATURE (F)   21        49      1944
 MINIMUM TEMPERATURE (F)    3       -31      1943


SUNRISE AND SUNSET
JANUARY 16 2017.......SUNRISE   830 AM CST   SUNSET   520 PM CST
JANUARY 17 2017.......SUNRISE   829 AM CST   SUNSET   522 PM CST


-  INDICATES NEGATIVE NUMBERS.
R  INDICATES RECORD WAS SET OR TIED.
MM INDICATES DATA IS MISSING.
T  INDICATES TRACE AMOUNT.




$$
