000
CDUS43 KBIS 132326
CLIMOT


CLIMATE REPORT
NATIONAL WEATHER SERVICE BISMARCK ND
525 PM CST WED DEC 13 2017


...................................

...THE MINOT ND CLIMATE SUMMARY FOR DECEMBER 13 2017...
VALID TODAY AS OF 0500 PM LOCAL TIME.

CLIMATE NORMAL PERIOD 1981 TO 2010
CLIMATE RECORD PERIOD 1897 TO 2017


WEATHER ITEM   OBSERVED TIME   RECORD YEAR NORMAL DEPARTURE LAST
                VALUE   (LST)  VALUE       VALUE  FROM      YEAR
                                                  NORMAL
..................................................................
TEMPERATURE (F)
 TODAY
  MAXIMUM         41   1237 AM  50    2002  24     17        9
                                      1913
  MINIMUM         33    638 AM -34    1917   8     25       -4
  AVERAGE         37                        16     21        3

PRECIPITATION (IN)
  TODAY            0.00          0.36 1988   0.02  -0.02      T
  MONTH TO DATE    T                         0.16  -0.16     0.43
  SINCE DEC 1      T                         0.16  -0.16     0.43
  SINCE JAN 1      7.55                     16.97  -9.42    18.54

DEGREE DAYS
 HEATING
  TODAY           28                        49    -21       62
  MONTH TO DATE  457                       613   -156      723
  SINCE DEC 1    457                       613   -156      723
  SINCE JUL 1   2335                      2671   -336     2238

 COOLING
  TODAY            0                         0      0        0
  MONTH TO DATE    0                         0      0        0
  SINCE DEC 1      0                         0      0        0
  SINCE JAN 1    580                       445    135      682
..................................................................


WIND (MPH)
  RESULTANT WIND SPEED  22   RESULTANT WIND DIRECTION  NW (300)
  HIGHEST WIND SPEED    31   HIGHEST WIND DIRECTION     W (290)
  HIGHEST GUST SPEED    39   HIGHEST GUST DIRECTION    NW (300)
  AVERAGE WIND SPEED    22.4


SKY COVER
  POSSIBLE SUNSHINE  MM
  AVERAGE SKY COVER 0.7


WEATHER CONDITIONS
 THE FOLLOWING WEATHER WAS RECORDED TODAY.
  NO SIGNIFICANT WEATHER WAS OBSERVED.


RELATIVE HUMIDITY (PERCENT)
 HIGHEST    82           600 AM
 LOWEST     65          1200 AM
 AVERAGE    74

..........................................................


THE MINOT ND CLIMATE NORMALS FOR TOMORROW
                         NORMAL    RECORD    YEAR
 MAXIMUM TEMPERATURE (F)   24        55      1998
 MINIMUM TEMPERATURE (F)    7       -31      1916


SUNRISE AND SUNSET
DECEMBER 13 2017......SUNRISE   828 AM CST   SUNSET   451 PM CST
DECEMBER 14 2017......SUNRISE   829 AM CST   SUNSET   451 PM CST


-  INDICATES NEGATIVE NUMBERS.
R  INDICATES RECORD WAS SET OR TIED.
MM INDICATES DATA IS MISSING.
T  INDICATES TRACE AMOUNT.




$$
