000
CDUS43 KBIS 280724
CLIMOT


CLIMATE REPORT
NATIONAL WEATHER SERVICE BISMARCK ND
124 AM CST TUE FEB 28 2017


...................................

...THE MINOT ND CLIMATE SUMMARY FOR FEBRUARY 27 2017...

CLIMATE NORMAL PERIOD 1981 TO 2010
CLIMATE RECORD PERIOD 1897 TO 2017


WEATHER ITEM   OBSERVED TIME   RECORD YEAR NORMAL DEPARTURE LAST
                VALUE   (LST)  VALUE       VALUE  FROM      YEAR
                                                  NORMAL
..................................................................
TEMPERATURE (F)
 YESTERDAY
  MAXIMUM         16   1219 AM  65    1988  29    -13       58
  MINIMUM          1   1044 PM -31    1919  13    -12       27
  AVERAGE          9                        21    -12       43

PRECIPITATION (IN)
  YESTERDAY        T             0.51 1948   0.01  -0.01     0.00
  MONTH TO DATE    0.04                      0.38  -0.34     0.37
  SINCE DEC 1      0.73                      1.27  -0.54     0.89
  SINCE JAN 1      0.11                      0.89  -0.78     0.58

DEGREE DAYS
 HEATING
  YESTERDAY       56                        44     12       22
  MONTH TO DATE 1149                      1301   -152      968
  SINCE DEC 1   4365                      4475   -110     3651
  SINCE JUL 1   5880                      6533   -653     5352
..................................................................


WIND (MPH)
  HIGHEST WIND SPEED    14   HIGHEST WIND DIRECTION    NW (320)
  HIGHEST GUST SPEED    16   HIGHEST GUST DIRECTION    NW (320)
  AVERAGE WIND SPEED     8.3


SKY COVER
  POSSIBLE SUNSHINE  MM
  AVERAGE SKY COVER 0.7


WEATHER CONDITIONS
 THE FOLLOWING WEATHER WAS RECORDED YESTERDAY.
  LIGHT SNOW
  HAZE


RELATIVE HUMIDITY (PERCENT)
 HIGHEST    88           100 AM
 LOWEST     67           600 AM
 AVERAGE    78

..........................................................


THE MINOT ND CLIMATE NORMALS FOR TODAY
                         NORMAL    RECORD    YEAR
 MAXIMUM TEMPERATURE (F)   29        61      1932
 MINIMUM TEMPERATURE (F)   13       -31      1962


SUNRISE AND SUNSET
FEBRUARY 28 2017......SUNRISE   728 AM CST   SUNSET   628 PM CST
MARCH  1 2017.........SUNRISE   726 AM CST   SUNSET   630 PM CST


-  INDICATES NEGATIVE NUMBERS.
R  INDICATES RECORD WAS SET OR TIED.
MM INDICATES DATA IS MISSING.
T  INDICATES TRACE AMOUNT.




$$
