067
CDUS41 KPHI 250628
CLIMPO


CLIMATE REPORT
NATIONAL WEATHER SERVICE MOUNT HOLLY NJ
228 AM EDT THU MAY 25 2017


...................................

...THE MOUNT POCONO PA CLIMATE SUMMARY FOR MAY 24 2017...

CLIMATE NORMAL PERIOD 1981 TO 2010
CLIMATE RECORD PERIOD 1901 TO 2017


WEATHER ITEM   OBSERVED TIME   RECORD YEAR NORMAL DEPARTURE LAST
                VALUE   (LST)  VALUE       VALUE  FROM      YEAR
                                                  NORMAL
..................................................................
TEMPERATURE (F)
 YESTERDAY
  MAXIMUM         67    344 PM  84    1992  67      0       72
  MINIMUM         47   1213 AM  26    1905  47      0       41
  AVERAGE         57                        57      0       57

PRECIPITATION (IN)
  YESTERDAY        0.00          1.69 1979   0.18  -0.18     0.00
  MONTH TO DATE    2.95                      3.20  -0.25     3.42
  SINCE MAR 1     10.80                     11.05  -0.25     6.96
  SINCE JAN 1     15.76                     16.31  -0.55    14.94

DEGREE DAYS
 HEATING
  YESTERDAY        8                         8      0        8
  MONTH TO DATE  317                       269     48      386
  SINCE MAR 1   1862                      1840     22     1759
  SINCE JUL 1   6465                      6963   -498     6044

 COOLING
  YESTERDAY        0                         1     -1        0
  MONTH TO DATE   15                         6      9        0
  SINCE MAR 1     18                        10      8        0
  SINCE JAN 1     18                        10      8        0
..................................................................


WIND (MPH)
  HIGHEST WIND SPEED    20   HIGHEST WIND DIRECTION    SE (140)
  HIGHEST GUST SPEED    24   HIGHEST GUST DIRECTION    SE (150)
  AVERAGE WIND SPEED     9.0


SKY COVER
  POSSIBLE SUNSHINE  MM
  AVERAGE SKY COVER 0.5


WEATHER CONDITIONS
 THE FOLLOWING WEATHER WAS RECORDED YESTERDAY.
  NO SIGNIFICANT WEATHER WAS OBSERVED.


RELATIVE HUMIDITY (PERCENT)
 HIGHEST   100          1200 AM
 LOWEST     48           300 PM
 AVERAGE    74

..........................................................


THE MOUNT POCONO PA CLIMATE NORMALS FOR TODAY
                         NORMAL    RECORD    YEAR
 MAXIMUM TEMPERATURE (F)   67        85      2007
 MINIMUM TEMPERATURE (F)   48        25      1956


SUNRISE AND SUNSET
MAY 25 2017...........SUNRISE   535 AM EDT   SUNSET   823 PM EDT
MAY 26 2017...........SUNRISE   534 AM EDT   SUNSET   823 PM EDT


-  INDICATES NEGATIVE NUMBERS.
R  INDICATES RECORD WAS SET OR TIED.
MM INDICATES DATA IS MISSING.
T  INDICATES TRACE AMOUNT.




$$
