000
CDUS41 KPHI 200629
CLIMPO


CLIMATE REPORT
NATIONAL WEATHER SERVICE MOUNT HOLLY NJ
126 AM EST SAT DEC 20 2014


...................................

...THE MOUNT POCONO PA CLIMATE SUMMARY FOR DECEMBER 19 2014...

CLIMATE NORMAL PERIOD 1981 TO 2010
CLIMATE RECORD PERIOD 1901 TO 2014


WEATHER ITEM   OBSERVED TIME   RECORD YEAR NORMAL DEPARTURE LAST
                VALUE   (LST)  VALUE       VALUE  FROM      YEAR
                                                  NORMAL
..................................................................
TEMPERATURE (F)
 YESTERDAY
  MAXIMUM         29    437 AM  53    1984  33     -4       43
  MINIMUM         23   1159 PM -12    1906  20      3       16
  AVERAGE         26                        26      0       30

PRECIPITATION (IN)
  YESTERDAY        T             1.63 1957   0.12  -0.12     0.00
  MONTH TO DATE    1.79                      2.51  -0.72     1.45
  SINCE DEC 1      1.79                      2.51  -0.72     1.45
  SINCE JAN 1     39.51                     47.42  -7.91    43.03

SNOWFALL (IN)
  YESTERDAY       MM            MM      MM  MM     MM       MM
  MONTH TO DATE   MM                        MM     MM       MM
  SINCE DEC 1     MM                        MM     MM       MM
  SINCE JUL 1     MM                        MM     MM       MM
  SNOW DEPTH      MM

DEGREE DAYS
 HEATING
  YESTERDAY       39                        39      0       35
  MONTH TO DATE  656                       677    -21      738
  SINCE DEC 1    656                       677    -21      738
  SINCE JUL 1   2223                      2256    -33     2350

 COOLING
  YESTERDAY        0                         0      0        0
  MONTH TO DATE    0                         0      0        0
  SINCE DEC 1      0                         0      0        0
  SINCE JAN 1    253                       314    -61      467
..................................................................


WIND (MPH)
  HIGHEST WIND SPEED    22   HIGHEST WIND DIRECTION    NW (320)
  HIGHEST GUST SPEED    30   HIGHEST GUST DIRECTION    NW (320)
  AVERAGE WIND SPEED    14.4


SKY COVER
  POSSIBLE SUNSHINE  MM
  AVERAGE SKY COVER 1.0


WEATHER CONDITIONS
 THE FOLLOWING WEATHER WAS RECORDED YESTERDAY.
  LIGHT SNOW
  FOG


RELATIVE HUMIDITY (PERCENT)
 HIGHEST    81           800 PM
 LOWEST     68          1100 AM
 AVERAGE    75

..........................................................


THE MOUNT POCONO PA CLIMATE NORMALS FOR TODAY
                         NORMAL    RECORD    YEAR
 MAXIMUM TEMPERATURE (F)   33        58      1988
 MINIMUM TEMPERATURE (F)   20       -12      1942


SUNRISE AND SUNSET
DECEMBER 20 2014......SUNRISE   723 AM EST   SUNSET   436 PM EST
DECEMBER 21 2014......SUNRISE   723 AM EST   SUNSET   436 PM EST


-  INDICATES NEGATIVE NUMBERS.
R  INDICATES RECORD WAS SET OR TIED.
MM INDICATES DATA IS MISSING.
T  INDICATES TRACE AMOUNT.




$$
