000
CDUS41 KPHI 240548
CLIMPO


CLIMATE REPORT
NATIONAL WEATHER SERVICE MOUNT HOLLY NJ
146 AM EDT MON JUL 24 2017


...................................

...THE MOUNT POCONO PA CLIMATE SUMMARY FOR JULY 23 2017...

CLIMATE NORMAL PERIOD 1981 TO 2010
CLIMATE RECORD PERIOD 1901 TO 2017


WEATHER ITEM   OBSERVED TIME   RECORD YEAR NORMAL DEPARTURE LAST
                VALUE   (LST)  VALUE       VALUE  FROM      YEAR
                                                  NORMAL
..................................................................
TEMPERATURE (F)
 YESTERDAY
  MAXIMUM         75   1254 PM  91    1955  78     -3       88
  MINIMUM         64   1159 PM  40    1939  59      5       64
  AVERAGE         70                        68      2       76

PRECIPITATION (IN)
  YESTERDAY        0.07          3.08 2002   0.16  -0.09     0.00
  MONTH TO DATE    3.84                      3.21   0.63     3.36
  SINCE JUN 1      7.64                      7.59   0.05     5.14
  SINCE JAN 1     24.54                     25.09  -0.55    22.57

DEGREE DAYS
 HEATING
  YESTERDAY        0                         1     -1        0
  MONTH TO DATE    4                        23    -19       16
  SINCE JUN 1    131                       123      8      108
  SINCE JUL 1      4                        23    -19       16

 COOLING
  YESTERDAY        5                         4      1       11
  MONTH TO DATE   98                        91      7      101
  SINCE JUN 1    159                       153      6      126
  SINCE JAN 1    177                       172      5      155
..................................................................


WIND (MPH)
  HIGHEST WIND SPEED    17   HIGHEST WIND DIRECTION    SE (140)
  HIGHEST GUST SPEED    23   HIGHEST GUST DIRECTION    SE (150)
  AVERAGE WIND SPEED     7.7


SKY COVER
  POSSIBLE SUNSHINE  MM
  AVERAGE SKY COVER 1.0


WEATHER CONDITIONS
 THE FOLLOWING WEATHER WAS RECORDED YESTERDAY.
  LIGHT RAIN
  FOG


RELATIVE HUMIDITY (PERCENT)
 HIGHEST   100          1200 AM
 LOWEST     73          1100 AM
 AVERAGE    87

..........................................................


THE MOUNT POCONO PA CLIMATE NORMALS FOR TODAY
                         NORMAL    RECORD    YEAR
 MAXIMUM TEMPERATURE (F)   78        91      1914
 MINIMUM TEMPERATURE (F)   59        40      1953


SUNRISE AND SUNSET
JULY 24 2017..........SUNRISE   550 AM EDT   SUNSET   826 PM EDT
JULY 25 2017..........SUNRISE   551 AM EDT   SUNSET   825 PM EDT


-  INDICATES NEGATIVE NUMBERS.
R  INDICATES RECORD WAS SET OR TIED.
MM INDICATES DATA IS MISSING.
T  INDICATES TRACE AMOUNT.




$$
