000
CDUS41 KPHI 172134
CLIMPO


CLIMATE REPORT
NATIONAL WEATHER SERVICE MOUNT HOLLY NJ
531 PM EDT THU APR 17 2014


...................................

...THE MOUNT POCONO PA CLIMATE SUMMARY FOR APRIL 17 2014...
VALID TODAY AS OF 0500 PM LOCAL TIME.

CLIMATE NORMAL PERIOD 1981 TO 2010
CLIMATE RECORD PERIOD 1901 TO 2014


WEATHER ITEM   OBSERVED TIME   RECORD YEAR NORMAL DEPARTURE LAST
                VALUE   (LST)  VALUE       VALUE  FROM      YEAR
                                                  NORMAL
..................................................................
TEMPERATURE (F)
 TODAY
  MAXIMUM         47    316 PM  87    2002  56     -9       63
  MINIMUM         26    610 AM  17    1928  36    -10       44
  AVERAGE         37                        46     -9       54

PRECIPITATION (IN)
  TODAY            0.00          1.87 1986   0.10  -0.10     0.01
  MONTH TO DATE    2.78                      2.57   0.21     0.93
  SINCE MAR 1      4.99                      6.40  -1.41     4.26
  SINCE JAN 1     11.38                     11.66  -0.28     7.79

SNOWFALL (IN)
  TODAY           MM            MM      MM  MM     MM       MM
  MONTH TO DATE   MM                        MM     MM       MM
  SINCE MAR 1     MM                        MM     MM       MM
  SINCE JUL 1     MM                        MM     MM       MM
  SNOW DEPTH      MM

DEGREE DAYS
 HEATING
  TODAY           28                        19      9       11
  MONTH TO DATE  346                       379    -33      342
  SINCE MAR 1   1522                      1354    168     1386
  SINCE JUL 1   6949                      6477    472     6214

 COOLING
  TODAY            0                         0      0        0
  MONTH TO DATE    0                         0      0        1
  SINCE MAR 1      0                         0      0        1
  SINCE JAN 1      0                         0      0        1
..................................................................


WIND (MPH)
  HIGHEST WIND SPEED    16   HIGHEST WIND DIRECTION    SE (150)
  HIGHEST GUST SPEED    22   HIGHEST GUST DIRECTION    SE (140)
  AVERAGE WIND SPEED    10.0


SKY COVER
  POSSIBLE SUNSHINE  MM
  AVERAGE SKY COVER 0.0


WEATHER CONDITIONS
 THE FOLLOWING WEATHER WAS RECORDED TODAY.
  NO SIGNIFICANT WEATHER WAS OBSERVED.


RELATIVE HUMIDITY (PERCENT)
 HIGHEST    57           100 AM
 LOWEST     36           100 PM
 AVERAGE    47

..........................................................


THE MOUNT POCONO PA CLIMATE NORMALS FOR TOMORROW
                         NORMAL    RECORD    YEAR
 MAXIMUM TEMPERATURE (F)   57        88      1976
 MINIMUM TEMPERATURE (F)   36        20      1928


SUNRISE AND SUNSET
APRIL 17 2014.........SUNRISE   619 AM EDT   SUNSET   744 PM EDT
APRIL 18 2014.........SUNRISE   618 AM EDT   SUNSET   745 PM EDT


-  INDICATES NEGATIVE NUMBERS.
R  INDICATES RECORD WAS SET OR TIED.
MM INDICATES DATA IS MISSING.
T  INDICATES TRACE AMOUNT.




$$
