352
CDUS41 KPHI 280628
CLIMPO


CLIMATE REPORT
NATIONAL WEATHER SERVICE MOUNT HOLLY NJ
127 AM EST TUE FEB 28 2017


...................................

...THE MOUNT POCONO PA CLIMATE SUMMARY FOR FEBRUARY 27 2017...

CLIMATE NORMAL PERIOD 1981 TO 2010
CLIMATE RECORD PERIOD 1901 TO 2017


WEATHER ITEM   OBSERVED TIME   RECORD YEAR NORMAL DEPARTURE LAST
                VALUE   (LST)  VALUE       VALUE  FROM      YEAR
                                                  NORMAL
..................................................................
TEMPERATURE (F)
 YESTERDAY
  MAXIMUM         44    254 PM  63    1976  37      7       33
  MINIMUM         25   1247 AM  -9    1993  20      5       17
  AVERAGE         35                        28      7       25

PRECIPITATION (IN)
  YESTERDAY        0.00          0.60 1921   0.10  -0.10     0.00
  MONTH TO DATE    2.03                      2.30  -0.27     4.70
  SINCE DEC 1      7.15                      9.02  -1.87    11.76
  SINCE JAN 1      4.96                      5.15  -0.19     7.93

DEGREE DAYS
 HEATING
  YESTERDAY       30                        37     -7       40
  MONTH TO DATE  891                      1056   -165     1009
  SINCE DEC 1   3192                      3508   -316     2973
  SINCE JUL 1   4585                      5087   -502     4240

 COOLING
  YESTERDAY        0                         0      0        0
  MONTH TO DATE    0                         0      0        0
  SINCE DEC 1      0                         0      0        0
  SINCE JAN 1      0                         0      0        0
..................................................................


WIND (MPH)
  HIGHEST WIND SPEED    20   HIGHEST WIND DIRECTION    SW (230)
  HIGHEST GUST SPEED    28   HIGHEST GUST DIRECTION    SW (230)
  AVERAGE WIND SPEED     9.5


SKY COVER
  POSSIBLE SUNSHINE  MM
  AVERAGE SKY COVER 0.5


WEATHER CONDITIONS
 THE FOLLOWING WEATHER WAS RECORDED YESTERDAY.
  NO SIGNIFICANT WEATHER WAS OBSERVED.


RELATIVE HUMIDITY (PERCENT)
 HIGHEST    76           700 PM
 LOWEST     33          1200 PM
 AVERAGE    55

..........................................................


THE MOUNT POCONO PA CLIMATE NORMALS FOR TODAY
                         NORMAL    RECORD    YEAR
 MAXIMUM TEMPERATURE (F)   37        64      1997
 MINIMUM TEMPERATURE (F)   20       -15      1907


SUNRISE AND SUNSET
FEBRUARY 28 2017......SUNRISE   637 AM EST   SUNSET   552 PM EST
MARCH  1 2017.........SUNRISE   635 AM EST   SUNSET   553 PM EST


-  INDICATES NEGATIVE NUMBERS.
R  INDICATES RECORD WAS SET OR TIED.
MM INDICATES DATA IS MISSING.
T  INDICATES TRACE AMOUNT.




$$
