000
CDUS41 KPHI 230628
CLIMPO


CLIMATE REPORT
NATIONAL WEATHER SERVICE MOUNT HOLLY NJ
228 AM EDT WED APR 23 2014


...................................

...THE MOUNT POCONO PA CLIMATE SUMMARY FOR APRIL 22 2014...

CLIMATE NORMAL PERIOD 1981 TO 2010
CLIMATE RECORD PERIOD 1901 TO 2014


WEATHER ITEM   OBSERVED TIME   RECORD YEAR NORMAL DEPARTURE LAST
                VALUE   (LST)  VALUE       VALUE  FROM      YEAR
                                                  NORMAL
..................................................................
TEMPERATURE (F)
 YESTERDAY
  MAXIMUM         66   1126 AM  81    1973  58      8       51
  MINIMUM         47   1159 PM  17    1922  38      9       32
  AVERAGE         57                        48      9       42

PRECIPITATION (IN)
  YESTERDAY        0.04          1.59 1991   0.11  -0.07     0.00
  MONTH TO DATE    2.82                      3.12  -0.30     2.08
  SINCE MAR 1      5.03                      6.95  -1.92     5.41
  SINCE JAN 1     11.42                     12.21  -0.79     8.94

SNOWFALL (IN)
  YESTERDAY       MM            MM      MM  MM     MM       MM
  MONTH TO DATE   MM                        MM     MM       MM
  SINCE MAR 1     MM                        MM     MM       MM
  SINCE JUL 1     MM                        MM     MM       MM
  SNOW DEPTH      MM

DEGREE DAYS
 HEATING
  YESTERDAY        8                        17     -9       23
  MONTH TO DATE  434                       469    -35      442
  SINCE MAR 1   1610                      1444    166     1486
  SINCE JUL 1   7037                      6567    470     6314

 COOLING
  YESTERDAY        0                         0      0        0
  MONTH TO DATE    0                         0      0        1
  SINCE MAR 1      0                         0      0        1
  SINCE JAN 1      0                         0      0        1
..................................................................


WIND (MPH)
  HIGHEST WIND SPEED    21   HIGHEST WIND DIRECTION    NW (310)
  HIGHEST GUST SPEED    27   HIGHEST GUST DIRECTION    NW (310)
  AVERAGE WIND SPEED     9.7


SKY COVER
  POSSIBLE SUNSHINE  MM
  AVERAGE SKY COVER 0.5


WEATHER CONDITIONS
 THE FOLLOWING WEATHER WAS RECORDED YESTERDAY.
  LIGHT RAIN
  FOG
  HAZE


RELATIVE HUMIDITY (PERCENT)
 HIGHEST    89           300 PM
 LOWEST     32          1200 AM
 AVERAGE    61

..........................................................


THE MOUNT POCONO PA CLIMATE NORMALS FOR TODAY
                         NORMAL    RECORD    YEAR
 MAXIMUM TEMPERATURE (F)   59        82      1960
 MINIMUM TEMPERATURE (F)   38        19      1914


SUNRISE AND SUNSET
APRIL 23 2014.........SUNRISE   610 AM EDT   SUNSET   750 PM EDT
APRIL 24 2014.........SUNRISE   609 AM EDT   SUNSET   751 PM EDT


-  INDICATES NEGATIVE NUMBERS.
R  INDICATES RECORD WAS SET OR TIED.
MM INDICATES DATA IS MISSING.
T  INDICATES TRACE AMOUNT.




$$
