000
CDUS41 KPHI 250633
CLIMPO


CLIMATE REPORT
NATIONAL WEATHER SERVICE MOUNT HOLLY NJ
232 AM EDT TUE APR 25 2017


...................................

...THE MOUNT POCONO PA CLIMATE SUMMARY FOR APRIL 24 2017...

CLIMATE NORMAL PERIOD 1981 TO 2010
CLIMATE RECORD PERIOD 1901 TO 2017


WEATHER ITEM   OBSERVED TIME   RECORD YEAR NORMAL DEPARTURE LAST
                VALUE   (LST)  VALUE       VALUE  FROM      YEAR
                                                  NORMAL
..................................................................
TEMPERATURE (F)
 YESTERDAY
  MAXIMUM         59    129 PM  83    1960  59      0       59
  MINIMUM         33    110 AM  17    1914  38     -5       33
  AVERAGE         46                        49     -3       46

PRECIPITATION (IN)
  YESTERDAY        T             2.02 1977   0.10  -0.10     0.00
  MONTH TO DATE    3.56                      3.33   0.23     1.98
  SINCE MAR 1      7.35                      7.16   0.19     2.97
  SINCE JAN 1     12.31                     12.42  -0.11    10.95

DEGREE DAYS
 HEATING
  YESTERDAY       19                        17      2       19
  MONTH TO DATE  397                       503   -106      527
  SINCE MAR 1   1497                      1478     19     1273
  SINCE JUL 1   6100                      6601   -501     5558

 COOLING
  YESTERDAY        0                         0      0        0
  MONTH TO DATE    3                         0      3        0
  SINCE MAR 1      3                         0      3        0
  SINCE JAN 1      3                         0      3        0
..................................................................


WIND (MPH)
  HIGHEST WIND SPEED    14   HIGHEST WIND DIRECTION     E (100)
  HIGHEST GUST SPEED    19   HIGHEST GUST DIRECTION     E (110)
  AVERAGE WIND SPEED     7.3


SKY COVER
  POSSIBLE SUNSHINE  MM
  AVERAGE SKY COVER 0.4


WEATHER CONDITIONS
 THE FOLLOWING WEATHER WAS RECORDED YESTERDAY.
  LIGHT RAIN


RELATIVE HUMIDITY (PERCENT)
 HIGHEST   100           200 AM
 LOWEST     36           500 PM
 AVERAGE    68

..........................................................


THE MOUNT POCONO PA CLIMATE NORMALS FOR TODAY
                         NORMAL    RECORD    YEAR
 MAXIMUM TEMPERATURE (F)   59        88      1915
 MINIMUM TEMPERATURE (F)   39        10      1919


SUNRISE AND SUNSET
APRIL 25 2017.........SUNRISE   607 AM EDT   SUNSET   753 PM EDT
APRIL 26 2017.........SUNRISE   606 AM EDT   SUNSET   754 PM EDT


-  INDICATES NEGATIVE NUMBERS.
R  INDICATES RECORD WAS SET OR TIED.
MM INDICATES DATA IS MISSING.
T  INDICATES TRACE AMOUNT.




$$
