000
CDUS41 KPHI 170628
CLIMPO


CLIMATE REPORT
NATIONAL WEATHER SERVICE MOUNT HOLLY NJ
127 AM EST TUE JAN 17 2017


...................................

...THE MOUNT POCONO PA CLIMATE SUMMARY FOR JANUARY 16 2017...

CLIMATE NORMAL PERIOD 1981 TO 2010
CLIMATE RECORD PERIOD 1901 TO 2017


WEATHER ITEM   OBSERVED TIME   RECORD YEAR NORMAL DEPARTURE LAST
                VALUE   (LST)  VALUE       VALUE  FROM      YEAR
                                                  NORMAL
..................................................................
TEMPERATURE (F)
 YESTERDAY
  MAXIMUM         38    314 PM  50    1953  30      8       42
  MINIMUM          4    541 AM -11    1984  16    -12       30
  AVERAGE         21                        23     -2       36

PRECIPITATION (IN)
  YESTERDAY        T             2.00 1999   0.08  -0.08     0.19
  MONTH TO DATE    1.28                      1.71  -0.43     2.71
  SINCE DEC 1      3.47                      5.58  -2.11     6.54
  SINCE JAN 1      1.28                      1.71  -0.43     2.71

DEGREE DAYS
 HEATING
  YESTERDAY       44                        42      2       29
  MONTH TO DATE  662                       668     -6      630
  SINCE DEC 1   1812                      1826    -14     1341
  SINCE JUL 1   3205                      3405   -200     2608

 COOLING
  YESTERDAY        0                         0      0        0
  MONTH TO DATE    0                         0      0        0
  SINCE DEC 1      0                         0      0        0
  SINCE JAN 1      0                         0      0        0
..................................................................


WIND (MPH)
  HIGHEST WIND SPEED    16   HIGHEST WIND DIRECTION     W (260)
  HIGHEST GUST SPEED    21   HIGHEST GUST DIRECTION     W (260)
  AVERAGE WIND SPEED     5.0


SKY COVER
  POSSIBLE SUNSHINE  MM
  AVERAGE SKY COVER 0.3


WEATHER CONDITIONS
 THE FOLLOWING WEATHER WAS RECORDED YESTERDAY.
  SLEET


RELATIVE HUMIDITY (PERCENT)
 HIGHEST    92          1200 AM
 LOWEST     47          1200 PM
 AVERAGE    70

..........................................................


THE MOUNT POCONO PA CLIMATE NORMALS FOR TODAY
                         NORMAL    RECORD    YEAR
 MAXIMUM TEMPERATURE (F)   30        53      1973
 MINIMUM TEMPERATURE (F)   16       -17      1982


SUNRISE AND SUNSET
JANUARY 17 2017.......SUNRISE   724 AM EST   SUNSET   500 PM EST
JANUARY 18 2017.......SUNRISE   723 AM EST   SUNSET   502 PM EST


-  INDICATES NEGATIVE NUMBERS.
R  INDICATES RECORD WAS SET OR TIED.
MM INDICATES DATA IS MISSING.
T  INDICATES TRACE AMOUNT.




$$
