000
CDUS41 KPHI 252138
CLIMPO


CLIMATE REPORT
NATIONAL WEATHER SERVICE MOUNT HOLLY NJ
537 PM EDT MON JUL 25 2016


...................................

...THE MOUNT POCONO PA CLIMATE SUMMARY FOR JULY 25 2016...
VALID TODAY AS OF 0500 PM LOCAL TIME.

CLIMATE NORMAL PERIOD 1981 TO 2010
CLIMATE RECORD PERIOD 1901 TO 2016


WEATHER ITEM   OBSERVED TIME   RECORD YEAR NORMAL DEPARTURE LAST
                VALUE   (LST)  VALUE       VALUE  FROM      YEAR
                                                  NORMAL
..................................................................
TEMPERATURE (F)
 TODAY
  MAXIMUM         88    223 PM  90    1999  78     10       81
  MINIMUM         68    555 AM  40    1932  58     10       50
  AVERAGE         78                        68     10       66

PRECIPITATION (IN)
  TODAY            T             1.92 1916   0.17  -0.17     0.00
  MONTH TO DATE    3.36                      3.55  -0.19     1.74
  SINCE JUN 1      5.14                      7.93  -2.79    10.51
  SINCE JAN 1     22.57                     25.43  -2.86    21.51

SNOWFALL (IN)
  TODAY           MM            MM      MM  MM     MM       MM
  MONTH TO DATE   MM                        MM     MM       MM
  SINCE JUN 1     MM                        MM     MM       MM
  SINCE JUL 1     MM                        MM     MM       MM
  SNOW DEPTH      MM

DEGREE DAYS
 HEATING
  TODAY            0                         1     -1        0
  MONTH TO DATE   16                        25     -9       13
  SINCE JUN 1    108                       125    -17       97
  SINCE JUL 1     16                        25     -9       13

 COOLING
  TODAY           13                         4      9        1
  MONTH TO DATE  124                        99     25       85
  SINCE JUN 1    149                       161    -12      151
  SINCE JAN 1    178                       180     -2      208
..................................................................


WIND (MPH)
  HIGHEST WIND SPEED    17   HIGHEST WIND DIRECTION    SW (240)
  HIGHEST GUST SPEED    25   HIGHEST GUST DIRECTION    SW (240)
  AVERAGE WIND SPEED     9.1


SKY COVER
  POSSIBLE SUNSHINE  MM
  AVERAGE SKY COVER 0.4


WEATHER CONDITIONS
 THE FOLLOWING WEATHER WAS RECORDED TODAY.
  THUNDERSTORM
  LIGHT RAIN


RELATIVE HUMIDITY (PERCENT)
 HIGHEST    93           600 AM
 LOWEST     50           200 PM
 AVERAGE    72

..........................................................


THE MOUNT POCONO PA CLIMATE NORMALS FOR TOMORROW
                         NORMAL    RECORD    YEAR
 MAXIMUM TEMPERATURE (F)   78        89      1949
 MINIMUM TEMPERATURE (F)   58        38      1920


SUNRISE AND SUNSET
JULY 25 2016..........SUNRISE   551 AM EDT   SUNSET   825 PM EDT
JULY 26 2016..........SUNRISE   552 AM EDT   SUNSET   824 PM EDT


-  INDICATES NEGATIVE NUMBERS.
R  INDICATES RECORD WAS SET OR TIED.
MM INDICATES DATA IS MISSING.
T  INDICATES TRACE AMOUNT.




$$
