000
CDUS41 KPHI 300628
CLIMPO


CLIMATE REPORT
NATIONAL WEATHER SERVICE MOUNT HOLLY NJ
228 AM EDT TUE SEP 30 2014


...................................

...THE MOUNT POCONO PA CLIMATE SUMMARY FOR SEPTEMBER 29 2014...

CLIMATE NORMAL PERIOD 1981 TO 2010
CLIMATE RECORD PERIOD 1901 TO 2014


WEATHER ITEM   OBSERVED TIME   RECORD YEAR NORMAL DEPARTURE LAST
                VALUE   (LST)  VALUE       VALUE  FROM      YEAR
                                                  NORMAL
..................................................................
TEMPERATURE (F)
 YESTERDAY
  MAXIMUM         72   1227 PM  79    1945  63      9       65
  MINIMUM         54   1159 PM  25    1942  45      9       42
  AVERAGE         63                        54      9       54

PRECIPITATION (IN)
  YESTERDAY        0.00          8.67 1946   0.21  -0.21     0.00
  MONTH TO DATE    1.10                      5.18  -4.08     1.73
  SINCE SEP 1      1.10                      5.18  -4.08     1.73
  SINCE JAN 1     29.52                     36.16  -6.64    37.38

SNOWFALL (IN)
  YESTERDAY       MM            MM      MM  MM     MM       MM
  MONTH TO DATE   MM                        MM     MM       MM
  SINCE SEP 1     MM                        MM     MM       MM
  SINCE JUL 1     MM                        MM     MM       MM
  SNOW DEPTH      MM

DEGREE DAYS
 HEATING
  YESTERDAY        2                        12    -10       11
  MONTH TO DATE  158                       193    -35      239
  SINCE SEP 1    158                       193    -35      239
  SINCE JUL 1    234                       256    -22      303

 COOLING
  YESTERDAY        0                         0      0        0
  MONTH TO DATE   34                        13     21       40
  SINCE SEP 1     34                        13     21       40
  SINCE JAN 1    252                       309    -57      459
..................................................................


WIND (MPH)
  HIGHEST WIND SPEED     8   HIGHEST WIND DIRECTION    SW (240)
  HIGHEST GUST SPEED    10   HIGHEST GUST DIRECTION     W (290)
  AVERAGE WIND SPEED     2.4


SKY COVER
  POSSIBLE SUNSHINE  MM
  AVERAGE SKY COVER 0.0


WEATHER CONDITIONS
 THE FOLLOWING WEATHER WAS RECORDED YESTERDAY.
  FOG


RELATIVE HUMIDITY (PERCENT)
 HIGHEST    93           700 AM
 LOWEST     47          1100 AM
 AVERAGE    70

..........................................................


THE MOUNT POCONO PA CLIMATE NORMALS FOR TODAY
                         NORMAL    RECORD    YEAR
 MAXIMUM TEMPERATURE (F)   62        82      1905
 MINIMUM TEMPERATURE (F)   44        26      1951


SUNRISE AND SUNSET
SEPTEMBER 30 2014.....SUNRISE   657 AM EDT   SUNSET   645 PM EDT
OCTOBER  1 2014.......SUNRISE   658 AM EDT   SUNSET   644 PM EDT


-  INDICATES NEGATIVE NUMBERS.
R  INDICATES RECORD WAS SET OR TIED.
MM INDICATES DATA IS MISSING.
T  INDICATES TRACE AMOUNT.




$$
