000
CDUS41 KPHI 302133
CLIMPO


CLIMATE REPORT
NATIONAL WEATHER SERVICE MOUNT HOLLY NJ
533 PM EDT MON MAR 30 2015


...................................

...THE MOUNT POCONO PA CLIMATE SUMMARY FOR MARCH 30 2015...
VALID TODAY AS OF 0500 PM LOCAL TIME.

CLIMATE NORMAL PERIOD 1981 TO 2010
CLIMATE RECORD PERIOD 1901 TO 2015


WEATHER ITEM   OBSERVED TIME   RECORD YEAR NORMAL DEPARTURE LAST
                VALUE   (LST)  VALUE       VALUE  FROM      YEAR
                                                  NORMAL
..................................................................
TEMPERATURE (F)
 TODAY
  MAXIMUM         44    349 PM  81    1910  48     -4       40
  MINIMUM         27    421 AM   7    1970  30     -3       30
  AVERAGE         36                        39     -3       35

PRECIPITATION (IN)
  TODAY            0.01          2.96 1951   0.16  -0.15     0.46
  MONTH TO DATE    1.73                      3.67  -1.94     2.19
  SINCE MAR 1      1.73                      3.67  -1.94     2.19
  SINCE JAN 1      5.08                      8.93  -3.85     8.58

SNOWFALL (IN)
  TODAY           MM            MM      MM  MM     MM       MM
  MONTH TO DATE   MM                        MM     MM       MM
  SINCE MAR 1     MM                        MM     MM       MM
  SINCE JUL 1     MM                        MM     MM       MM
  SNOW DEPTH      MM

DEGREE DAYS
 HEATING
  TODAY           29                        26      3       30
  MONTH TO DATE 1093                       949    144     1148
  SINCE MAR 1   1093                       949    144     1148
  SINCE JUL 1   6528                      6072    456     6575

 COOLING
  TODAY            0                         0      0        0
  MONTH TO DATE    0                         0      0        0
  SINCE MAR 1      0                         0      0        0
  SINCE JAN 1      0                         0      0        0
..................................................................


WIND (MPH)
  HIGHEST WIND SPEED    25   HIGHEST WIND DIRECTION     W (280)
  HIGHEST GUST SPEED    34   HIGHEST GUST DIRECTION     W (290)
  AVERAGE WIND SPEED    14.7


SKY COVER
  POSSIBLE SUNSHINE  MM
  AVERAGE SKY COVER 1.0


WEATHER CONDITIONS
 THE FOLLOWING WEATHER WAS RECORDED TODAY.
  LIGHT SNOW
  FOG
  HAZE


RELATIVE HUMIDITY (PERCENT)
 HIGHEST    85           600 AM
 LOWEST     33           100 AM
 AVERAGE    59

..........................................................


THE MOUNT POCONO PA CLIMATE NORMALS FOR TOMORROW
                         NORMAL    RECORD    YEAR
 MAXIMUM TEMPERATURE (F)   48        81      1998
 MINIMUM TEMPERATURE (F)   30         8      1964


SUNRISE AND SUNSET
MARCH 30 2015.........SUNRISE   649 AM EDT   SUNSET   724 PM EDT
MARCH 31 2015.........SUNRISE   647 AM EDT   SUNSET   725 PM EDT


-  INDICATES NEGATIVE NUMBERS.
R  INDICATES RECORD WAS SET OR TIED.
MM INDICATES DATA IS MISSING.
T  INDICATES TRACE AMOUNT.




$$
