000
CDUS41 KBTV 230603
CLIMPV


CLIMATE REPORT
NATIONAL WEATHER SERVICE BURLINGTON VT
103 AM EST MON JAN 23 2017


...................................

...THE MONTPELIER VT CLIMATE SUMMARY FOR JANUARY 22 2017...

CLIMATE NORMAL PERIOD 1981 TO 2010
CLIMATE RECORD PERIOD 1948 TO 2017


WEATHER ITEM   OBSERVED TIME   RECORD YEAR NORMAL DEPARTURE LAST
                VALUE   (LST)  VALUE       VALUE  FROM      YEAR
                                                  NORMAL
..................................................................
TEMPERATURE (F)
 YESTERDAY
  MAXIMUM         39    241 PM  50    1959  26     13       23
  MINIMUM         33   1159 PM -27    1984   7     26        3
  AVERAGE         36                        16     20       13

PRECIPITATION (IN)
  YESTERDAY        0.00          1.13        0.09  -0.09     0.00
  MONTH TO DATE    0.84                      1.67  -0.83     1.17
  SINCE DEC 1      3.43                      4.41  -0.98     4.86
  SINCE JAN 1      0.84                      1.67  -0.83     1.17

DEGREE DAYS
 HEATING
  YESTERDAY       29                        49    -20       52
  MONTH TO DATE  904                      1066   -162     1007
  SINCE DEC 1   2199                      2368   -169     1935
  SINCE JUL 1   3788                      4214   -426     3578

 COOLING
  YESTERDAY        0                         0      0        0
  MONTH TO DATE    0                         0      0        0
  SINCE DEC 1      0                         0      0        0
  SINCE JAN 1      0                         0      0        0
..................................................................


WIND (MPH)
  HIGHEST WIND SPEED    12   HIGHEST WIND DIRECTION     S (170)
  HIGHEST GUST SPEED    15   HIGHEST GUST DIRECTION     S (170)
  AVERAGE WIND SPEED     2.6


SKY COVER
  AVERAGE SKY COVER 1.0


WEATHER CONDITIONS
 THE FOLLOWING WEATHER WAS RECORDED YESTERDAY.
  FOG


RELATIVE HUMIDITY (PERCENT)
 HIGHEST   100          1200 AM
 LOWEST     85           100 PM
 AVERAGE    93

..........................................................


THE MONTPELIER VT CLIMATE NORMALS FOR TODAY
                         NORMAL    RECORD    YEAR
 MAXIMUM TEMPERATURE (F)   26        54      1957
 MINIMUM TEMPERATURE (F)    7       -18      2000


SUNRISE AND SUNSET
JANUARY 23 2017.......SUNRISE   717 AM EST   SUNSET   448 PM EST
JANUARY 24 2017.......SUNRISE   716 AM EST   SUNSET   449 PM EST


-  INDICATES NEGATIVE NUMBERS.
R  INDICATES RECORD WAS SET OR TIED.
MM INDICATES DATA IS MISSING.
T  INDICATES TRACE AMOUNT.




$$
