000
CDUS41 KBTV 250527
CLIMPV


CLIMATE REPORT
NATIONAL WEATHER SERVICE BURLINGTON VT
1226 AM EST SUN JAN 25 2015


...................................

...THE MONTPELIER VT CLIMATE SUMMARY FOR JANUARY 24 2015...

CLIMATE NORMAL PERIOD 1981 TO 2010
CLIMATE RECORD PERIOD 1948 TO 2015


WEATHER ITEM   OBSERVED TIME   RECORD YEAR NORMAL DEPARTURE LAST
                VALUE   (LST)  VALUE       VALUE  FROM      YEAR
                                                  NORMAL
..................................................................
TEMPERATURE (F)
 YESTERDAY
  MAXIMUM         30    314 PM  50    1999  26      4        9
  MINIMUM          8    434 AM -22    2011   7      1       -9
  AVERAGE         19                        16      3        0

PRECIPITATION (IN)
  YESTERDAY        T             0.61        0.08  -0.08      T
  MONTH TO DATE    1.63                      1.84  -0.21     1.80
  SINCE DEC 1      5.20                      4.58   0.62     3.85
  SINCE JAN 1      1.63                      1.84  -0.21     1.80

DEGREE DAYS
 HEATING
  YESTERDAY       46                        49     -3       65
  MONTH TO DATE 1245                      1164     81     1181
  SINCE DEC 1   2444                      2466    -22     2535
  SINCE JUL 1   4262                      4312    -50     4439

 COOLING
  YESTERDAY        0                         0      0        0
  MONTH TO DATE    0                         0      0        0
  SINCE DEC 1      0                         0      0        0
  SINCE JAN 1      0                         0      0        0
..................................................................


WIND (MPH)
  HIGHEST WIND SPEED    12   HIGHEST WIND DIRECTION    NW (330)
  HIGHEST GUST SPEED    16   HIGHEST GUST DIRECTION     N (340)
  AVERAGE WIND SPEED     1.7


SKY COVER
  AVERAGE SKY COVER 0.3


WEATHER CONDITIONS
 THE FOLLOWING WEATHER WAS RECORDED YESTERDAY.
  LIGHT SNOW
  FOG
  HAZE


RELATIVE HUMIDITY (PERCENT)
 HIGHEST    92           400 AM
 LOWEST     68           100 PM
 AVERAGE    80

..........................................................


THE MONTPELIER VT CLIMATE NORMALS FOR TODAY
                         NORMAL    RECORD    YEAR
 MAXIMUM TEMPERATURE (F)   26        51      2010
 MINIMUM TEMPERATURE (F)    7       -16      2009
                                             2004


SUNRISE AND SUNSET
JANUARY 25 2015.......SUNRISE   715 AM EST   SUNSET   450 PM EST
JANUARY 26 2015.......SUNRISE   715 AM EST   SUNSET   451 PM EST


-  INDICATES NEGATIVE NUMBERS.
R  INDICATES RECORD WAS SET OR TIED.
MM INDICATES DATA IS MISSING.
T  INDICATES TRACE AMOUNT.




$$
