000
CDUS41 KBTV 250620
CLIMPV


CLIMATE REPORT
NATIONAL WEATHER SERVICE BURLINGTON VT
120 AM EST THU DEC 25 2014


...................................

...THE MONTPELIER VT CLIMATE SUMMARY FOR DECEMBER 24 2014...

CLIMATE NORMAL PERIOD 1981 TO 2010
CLIMATE RECORD PERIOD 1948 TO 2014


WEATHER ITEM   OBSERVED TIME   RECORD YEAR NORMAL DEPARTURE LAST
                VALUE   (LST)  VALUE       VALUE  FROM      YEAR
                                                  NORMAL
..................................................................
TEMPERATURE (F)
 YESTERDAY
  MAXIMUM         40    937 PM  53    1957  29     11       27
  MINIMUM         35    341 AM -23    1989  11     24        3
  AVERAGE         38                        20     18       15

PRECIPITATION (IN)
  YESTERDAY        0.29          0.97        0.08   0.21      T
  MONTH TO DATE    3.46                      2.21   1.25     1.60
  SINCE DEC 1      3.46                      2.21   1.25     1.60
  SINCE JAN 1     36.25                     36.74  -0.49    36.69

DEGREE DAYS
 HEATING
  YESTERDAY       27                        45    -18       50
  MONTH TO DATE  938                       978    -40     1033
  SINCE DEC 1    938                       978    -40     1033
  SINCE JUL 1   2756                      2824    -68     2937

 COOLING
  YESTERDAY        0                         0      0        0
  MONTH TO DATE    0                         0      0        0
  SINCE DEC 1      0                         0      0        0
  SINCE JAN 1    188                       264    -76      323
..................................................................


WIND (MPH)
  HIGHEST WIND SPEED    12   HIGHEST WIND DIRECTION     S (190)
  HIGHEST GUST SPEED    17   HIGHEST GUST DIRECTION     S (170)
  AVERAGE WIND SPEED     6.5


SKY COVER
  AVERAGE SKY COVER 1.0


WEATHER CONDITIONS
 THE FOLLOWING WEATHER WAS RECORDED YESTERDAY.
  LIGHT RAIN
  FOG


RELATIVE HUMIDITY (PERCENT)
 HIGHEST   100          1100 PM
 LOWEST     85           600 PM
 AVERAGE    93

..........................................................


THE MONTPELIER VT CLIMATE NORMALS FOR TODAY
                         NORMAL    RECORD    YEAR
 MAXIMUM TEMPERATURE (F)   29        63      1982
 MINIMUM TEMPERATURE (F)   11       -25      1980


SUNRISE AND SUNSET
DECEMBER 25 2014......SUNRISE   724 AM EST   SUNSET   417 PM EST
DECEMBER 26 2014......SUNRISE   725 AM EST   SUNSET   417 PM EST


-  INDICATES NEGATIVE NUMBERS.
R  INDICATES RECORD WAS SET OR TIED.
MM INDICATES DATA IS MISSING.
T  INDICATES TRACE AMOUNT.




$$
