000
CDUS41 KBTV 280606
CLIMPV


CLIMATE REPORT
NATIONAL WEATHER SERVICE BURLINGTON VT
104 AM EST FRI NOV 28 2014


...................................

...THE MONTPELIER VT CLIMATE SUMMARY FOR NOVEMBER 27 2014...

CLIMATE NORMAL PERIOD 1981 TO 2010
CLIMATE RECORD PERIOD 1948 TO 2014


WEATHER ITEM   OBSERVED TIME   RECORD YEAR NORMAL DEPARTURE LAST
                VALUE   (LST)  VALUE       VALUE  FROM      YEAR
                                                  NORMAL
..................................................................
TEMPERATURE (F)
 YESTERDAY
  MAXIMUM         27    319 AM  59    2006  39    -12       35
                                      1976
  MINIMUM         22   1159 PM  -7    1949  23     -1       27
  AVERAGE         25                        31     -6       31

PRECIPITATION (IN)
  YESTERDAY        0.04          1.15        0.10  -0.06     1.15
  MONTH TO DATE    1.74                      2.87  -1.13     2.68
  SINCE SEP 1      7.67                      9.43  -1.76     9.80
  SINCE JAN 1     32.76                     34.23  -1.47    35.09

DEGREE DAYS
 HEATING
  YESTERDAY       40                        34      6       34
  MONTH TO DATE  807                       784     23      862
  SINCE SEP 1   1576                      1632    -56     1704
  SINCE JUL 1   1689                      1740    -51     1797

 COOLING
  YESTERDAY        0                         0      0        0
  MONTH TO DATE    0                         0      0        0
  SINCE SEP 1     22                        20      2       29
  SINCE JAN 1    188                       264    -76      323
..................................................................


WIND (MPH)
  HIGHEST WIND SPEED    13   HIGHEST WIND DIRECTION     N (350)
  HIGHEST GUST SPEED    17   HIGHEST GUST DIRECTION     N (360)
  AVERAGE WIND SPEED     4.9


SKY COVER
  AVERAGE SKY COVER 1.0


WEATHER CONDITIONS
 THE FOLLOWING WEATHER WAS RECORDED YESTERDAY.
  LIGHT SNOW
  FOG


RELATIVE HUMIDITY (PERCENT)
 HIGHEST    92          1200 AM
 LOWEST     81           700 AM
 AVERAGE    87

..........................................................


THE MONTPELIER VT CLIMATE NORMALS FOR TODAY
                         NORMAL    RECORD    YEAR
 MAXIMUM TEMPERATURE (F)   38        70      1990
 MINIMUM TEMPERATURE (F)   22        -3      1951


SUNRISE AND SUNSET
NOVEMBER 28 2014......SUNRISE   702 AM EST   SUNSET   414 PM EST
NOVEMBER 29 2014......SUNRISE   703 AM EST   SUNSET   414 PM EST


-  INDICATES NEGATIVE NUMBERS.
R  INDICATES RECORD WAS SET OR TIED.
MM INDICATES DATA IS MISSING.
T  INDICATES TRACE AMOUNT.




$$
