378
CDUS41 KBTV 020525
CLIMPV


CLIMATE REPORT
NATIONAL WEATHER SERVICE BURLINGTON VT
1223 AM EST FRI DEC 2 2016


...................................

...THE MONTPELIER VT CLIMATE SUMMARY FOR DECEMBER 1 2016...

CLIMATE NORMAL PERIOD 1981 TO 2010
CLIMATE RECORD PERIOD 1948 TO 2016


WEATHER ITEM   OBSERVED TIME   RECORD YEAR NORMAL DEPARTURE LAST
                VALUE   (LST)  VALUE       VALUE  FROM      YEAR
                                                  NORMAL
..................................................................
TEMPERATURE (F)
 YESTERDAY
  MAXIMUM         45   1221 PM  59    1991  37      8       35
  MINIMUM         34   1159 PM  -7    1958  21     13       13
  AVERAGE         40                        29     11       24

PRECIPITATION (IN)
  YESTERDAY        0.34          2.28        0.10   0.24     0.35
  MONTH TO DATE    0.34                      0.10   0.24     0.35
  SINCE DEC 1      0.34                      0.10   0.24     0.35
  SINCE JAN 1     32.25                     34.63  -2.38    35.25

DEGREE DAYS
 HEATING
  YESTERDAY       25                        36    -11       41
  MONTH TO DATE   25                        36    -11       41
  SINCE DEC 1     25                        36    -11       41
  SINCE JUL 1   1614                      1882   -268     1684

 COOLING
  YESTERDAY        0                         0      0        0
  MONTH TO DATE    0                         0      0        0
  SINCE DEC 1      0                         0      0        0
  SINCE JAN 1    300                       264     36      290
..................................................................


WIND (MPH)
  HIGHEST WIND SPEED    18   HIGHEST WIND DIRECTION     S (160)
  HIGHEST GUST SPEED    25   HIGHEST GUST DIRECTION     W (290)
  AVERAGE WIND SPEED     7.5


SKY COVER
  AVERAGE SKY COVER 1.0


WEATHER CONDITIONS
 THE FOLLOWING WEATHER WAS RECORDED YESTERDAY.
  RAIN
  LIGHT RAIN
  FOG


RELATIVE HUMIDITY (PERCENT)
 HIGHEST   100           400 AM
 LOWEST     70           400 PM
 AVERAGE    85

..........................................................


THE MONTPELIER VT CLIMATE NORMALS FOR TODAY
                         NORMAL    RECORD    YEAR
 MAXIMUM TEMPERATURE (F)   37        54      1996
 MINIMUM TEMPERATURE (F)   21       -12      1989


SUNRISE AND SUNSET
DECEMBER  2 2016......SUNRISE   707 AM EST   SUNSET   412 PM EST
DECEMBER  3 2016......SUNRISE   708 AM EST   SUNSET   412 PM EST


-  INDICATES NEGATIVE NUMBERS.
R  INDICATES RECORD WAS SET OR TIED.
MM INDICATES DATA IS MISSING.
T  INDICATES TRACE AMOUNT.




$$
