000
CDUS41 KBTV 280539
CLIMPV


CLIMATE REPORT
NATIONAL WEATHER SERVICE BURLINGTON VT
137 AM EDT TUE JUL 28 2015


...................................

...THE MONTPELIER VT CLIMATE SUMMARY FOR JULY 27 2015...

CLIMATE NORMAL PERIOD 1981 TO 2010
CLIMATE RECORD PERIOD 1948 TO 2015


WEATHER ITEM   OBSERVED TIME   RECORD YEAR NORMAL DEPARTURE LAST
                VALUE   (LST)  VALUE       VALUE  FROM      YEAR
                                                  NORMAL
..................................................................
TEMPERATURE (F)
 YESTERDAY
  MAXIMUM         84    318 PM  92    1949  78      6       77
  MINIMUM         63   1136 PM  40    2001  56      7       58
  AVERAGE         74                        67      7       68

PRECIPITATION (IN)
  YESTERDAY        0.00          1.69        0.14  -0.14     0.57
  MONTH TO DATE    3.38                      3.48  -0.10     3.72
  SINCE JUN 1     12.43                      7.28   5.15     7.74
  SINCE JAN 1     23.13                     20.19   2.94    20.34

DEGREE DAYS
 HEATING
  YESTERDAY        0                         1     -1        0
  MONTH TO DATE   51                        33     18       27
  SINCE JUN 1    213                       154     59      127
  SINCE JUL 1     51                        33     18       27

 COOLING
  YESTERDAY        9                         3      6        3
  MONTH TO DATE   73                        85    -12      101
  SINCE JUN 1     85                       138    -53      131
  SINCE JAN 1    119                       148    -29      132
..................................................................


WIND (MPH)
  HIGHEST WIND SPEED    15   HIGHEST WIND DIRECTION     S (160)
  HIGHEST GUST SPEED    17   HIGHEST GUST DIRECTION     S (160)
  AVERAGE WIND SPEED     1.2


SKY COVER
  AVERAGE SKY COVER 0.5


WEATHER CONDITIONS
 THE FOLLOWING WEATHER WAS RECORDED YESTERDAY.
  THUNDERSTORM
  FOG
  FOG W/VISIBILITY <= 1/4 MILE


RELATIVE HUMIDITY (PERCENT)
 HIGHEST    93          1200 AM
 LOWEST     51           200 PM
 AVERAGE    72

..........................................................


THE MONTPELIER VT CLIMATE NORMALS FOR TODAY
                         NORMAL    RECORD    YEAR
 MAXIMUM TEMPERATURE (F)   78        92      1949
 MINIMUM TEMPERATURE (F)   56        39      2001


SUNRISE AND SUNSET
JULY 28 2015..........SUNRISE   533 AM EDT   SUNSET   820 PM EDT
JULY 29 2015..........SUNRISE   534 AM EDT   SUNSET   819 PM EDT


-  INDICATES NEGATIVE NUMBERS.
R  INDICATES RECORD WAS SET OR TIED.
MM INDICATES DATA IS MISSING.
T  INDICATES TRACE AMOUNT.




$$
