000
CDUS41 KBTV 010527
CLIMPV


CLIMATE REPORT
NATIONAL WEATHER SERVICE BURLINGTON VT
126 AM EDT FRI AUG 1 2014


...................................

...THE MONTPELIER VT CLIMATE SUMMARY FOR JULY 31 2014...

CLIMATE NORMAL PERIOD 1981 TO 2010
CLIMATE RECORD PERIOD 1948 TO 2014


WEATHER ITEM   OBSERVED TIME   RECORD YEAR NORMAL DEPARTURE LAST
                VALUE   (LST)  VALUE       VALUE  FROM      YEAR
                                                  NORMAL
..................................................................
TEMPERATURE (F)
 YESTERDAY
  MAXIMUM         70    549 PM  90    1975  78     -8       78
  MINIMUM         51    507 AM  42    1966  56     -5       51
  AVERAGE         61                        67     -6       65

PRECIPITATION (IN)
  YESTERDAY        0.09          2.06        0.15  -0.06     0.00
  MONTH TO DATE    5.68                      4.08   1.60     5.34
  SINCE JUN 1      9.70                      7.88   1.82    13.69
  SINCE JAN 1     22.30                     20.79   1.51    22.96

DEGREE DAYS
 HEATING
  YESTERDAY        4                         1      3        0
  MONTH TO DATE   43                        37      6       15
  SINCE JUN 1    143                       161    -18      163
  SINCE JUL 1     43                        40      3       15

 COOLING
  YESTERDAY        0                         3     -3        0
  MONTH TO DATE  101                       105     -4      161
  SINCE JUN 1    131                       158    -27      229
  SINCE JAN 1    132                       168    -36      240
..................................................................


WIND (MPH)
  HIGHEST WIND SPEED    28   HIGHEST WIND DIRECTION    SW (220)
  HIGHEST GUST SPEED    43   HIGHEST GUST DIRECTION    SW (230)
  AVERAGE WIND SPEED     4.6


SKY COVER
  AVERAGE SKY COVER 0.5


WEATHER CONDITIONS
 THE FOLLOWING WEATHER WAS RECORDED YESTERDAY.
  THUNDERSTORM
  LIGHT RAIN


RELATIVE HUMIDITY (PERCENT)
 HIGHEST   100           200 AM
 LOWEST     61           500 PM
 AVERAGE    81

..........................................................


THE MONTPELIER VT CLIMATE NORMALS FOR TODAY
                         NORMAL    RECORD    YEAR
 MAXIMUM TEMPERATURE (F)   78        94      1975
 MINIMUM TEMPERATURE (F)   56        39      1964


SUNRISE AND SUNSET
AUGUST  1 2014........SUNRISE   538 AM EDT   SUNSET   815 PM EDT
AUGUST  2 2014........SUNRISE   539 AM EDT   SUNSET   813 PM EDT


-  INDICATES NEGATIVE NUMBERS.
R  INDICATES RECORD WAS SET OR TIED.
MM INDICATES DATA IS MISSING.
T  INDICATES TRACE AMOUNT.




$$
