000
CDUS41 KBTV 220600
CLIMPV


CLIMATE REPORT
NATIONAL WEATHER SERVICE BURLINGTON VT
1259 AM EST WED FEB 22 2017


...................................

...THE MONTPELIER VT CLIMATE SUMMARY FOR FEBRUARY 21 2017...

CLIMATE NORMAL PERIOD 1981 TO 2010
CLIMATE RECORD PERIOD 1948 TO 2017


WEATHER ITEM   OBSERVED TIME   RECORD YEAR NORMAL DEPARTURE LAST
                VALUE   (LST)  VALUE       VALUE  FROM      YEAR
                                                  NORMAL
..................................................................
TEMPERATURE (F)
 YESTERDAY
  MAXIMUM         39    435 PM  57    1953  32      7       43
  MINIMUM          9    705 AM -15    1950  11     -2       23
  AVERAGE         24                        21      3       33

PRECIPITATION (IN)
  YESTERDAY        T             0.72        0.06  -0.06     0.03
  MONTH TO DATE    1.47                      1.54  -0.07     1.48
  SINCE DEC 1      5.83                      6.73  -0.90     6.43
  SINCE JAN 1      3.24                      3.99  -0.75     2.74

DEGREE DAYS
 HEATING
  YESTERDAY       41                        44     -3       32
  MONTH TO DATE  911                       964    -53      912
  SINCE DEC 1   3458                      3763   -305     3216
  SINCE JUL 1   5047                      5609   -562     4859

 COOLING
  YESTERDAY        0                         0      0        0
  MONTH TO DATE    0                         0      0        0
  SINCE DEC 1      0                         0      0        0
  SINCE JAN 1      0                         0      0        0
..................................................................


WIND (MPH)
  HIGHEST WIND SPEED    16   HIGHEST WIND DIRECTION     S (160)
  HIGHEST GUST SPEED    20   HIGHEST GUST DIRECTION     S (160)
  AVERAGE WIND SPEED     6.0


SKY COVER
  AVERAGE SKY COVER 0.2


WEATHER CONDITIONS
 THE FOLLOWING WEATHER WAS RECORDED YESTERDAY.
  LIGHT RAIN


RELATIVE HUMIDITY (PERCENT)
 HIGHEST   100           700 AM
 LOWEST     40           100 PM
 AVERAGE    70

..........................................................


THE MONTPELIER VT CLIMATE NORMALS FOR TODAY
                         NORMAL    RECORD    YEAR
 MAXIMUM TEMPERATURE (F)   32        61      1997
 MINIMUM TEMPERATURE (F)   11       -11      1963


SUNRISE AND SUNSET
FEBRUARY 22 2017......SUNRISE   639 AM EST   SUNSET   529 PM EST
FEBRUARY 23 2017......SUNRISE   637 AM EST   SUNSET   531 PM EST


-  INDICATES NEGATIVE NUMBERS.
R  INDICATES RECORD WAS SET OR TIED.
MM INDICATES DATA IS MISSING.
T  INDICATES TRACE AMOUNT.




$$
