000
CDUS41 KBTV 160524
CLIMPV


CLIMATE REPORT
NATIONAL WEATHER SERVICE BURLINGTON VT
121 AM EDT WED AUG 16 2017


...................................

...THE MONTPELIER VT CLIMATE SUMMARY FOR AUGUST 15 2017...

CLIMATE NORMAL PERIOD 1981 TO 2010
CLIMATE RECORD PERIOD 1948 TO 2017


WEATHER ITEM   OBSERVED TIME   RECORD YEAR NORMAL DEPARTURE LAST
                VALUE   (LST)  VALUE       VALUE  FROM      YEAR
                                                  NORMAL
..................................................................
TEMPERATURE (F)
 YESTERDAY
  MAXIMUM         79    302 PM  91    1965  77      2       76
  MINIMUM         51    510 AM  39    1950  54     -3       57
  AVERAGE         65                        66     -1       67

PRECIPITATION (IN)
  YESTERDAY        0.46          1.99        0.14   0.32     0.00
  MONTH TO DATE    1.78                      2.21  -0.43     2.28
  SINCE JUN 1     15.10                     10.09   5.01     9.06
  SINCE JAN 1     30.30                     23.00   7.30    21.34

DEGREE DAYS
 HEATING
  YESTERDAY        0                         2     -2        0
  MONTH TO DATE   15                        26    -11        5
  SINCE JUN 1    207                       187     20      169
  SINCE JUL 1     61                        66     -5       37

 COOLING
  YESTERDAY        0                         3     -3        2
  MONTH TO DATE   31                        45    -14       72
  SINCE JUN 1    164                       203    -39      207
  SINCE JAN 1    181                       213    -32      236
..................................................................


WIND (MPH)
  HIGHEST WIND SPEED    25   HIGHEST WIND DIRECTION    NW (310)
  HIGHEST GUST SPEED    39   HIGHEST GUST DIRECTION    NW (310)
  AVERAGE WIND SPEED     3.3


SKY COVER
  AVERAGE SKY COVER 0.3


WEATHER CONDITIONS
 THE FOLLOWING WEATHER WAS RECORDED YESTERDAY.
  THUNDERSTORM
  FOG
  FOG W/VISIBILITY <= 1/4 MILE


RELATIVE HUMIDITY (PERCENT)
 HIGHEST   100           100 AM
 LOWEST     54           300 PM
 AVERAGE    77

..........................................................


THE MONTPELIER VT CLIMATE NORMALS FOR TODAY
                         NORMAL    RECORD    YEAR
 MAXIMUM TEMPERATURE (F)   77        89      1959
 MINIMUM TEMPERATURE (F)   54        40      1968


SUNRISE AND SUNSET
AUGUST 16 2017........SUNRISE   555 AM EDT   SUNSET   753 PM EDT
AUGUST 17 2017........SUNRISE   556 AM EDT   SUNSET   751 PM EDT


-  INDICATES NEGATIVE NUMBERS.
R  INDICATES RECORD WAS SET OR TIED.
MM INDICATES DATA IS MISSING.
T  INDICATES TRACE AMOUNT.




$$
