000
CDUS41 KBTV 260643
CLIMPV

CLIMATE REPORT
NATIONAL WEATHER SERVICE BURLINGTON VT
238 AM EDT THU MAY 26 2016

...................................

...THE MONTPELIER VT CLIMATE SUMMARY FOR MAY 25 2016...

CLIMATE NORMAL PERIOD 1981 TO 2010
CLIMATE RECORD PERIOD 1948 TO 2016


WEATHER ITEM   OBSERVED TIME   RECORD YEAR NORMAL DEPARTURE LAST
                VALUE   (LST)  VALUE       VALUE  FROM      YEAR
                                                  NORMAL
..................................................................
TEMPERATURE (F)
 YESTERDAY
  MAXIMUM         81    307 PM  87    2007  68     13       72
  MINIMUM         49    150 AM  23    1956  45      4       53
  AVERAGE         65                        57      8       63

PRECIPITATION (IN)
  YESTERDAY        T             1.74        0.12  -0.12     0.08
  MONTH TO DATE    2.18                      2.67  -0.49     2.09
  SINCE MAR 1      6.95                      7.72  -0.77     4.99
  SINCE JAN 1     12.12                     12.21  -0.09     7.86

DEGREE DAYS
 HEATING
  YESTERDAY        0                         9     -9        2
  MONTH TO DATE  347                       308     39      204
  SINCE MAR 1   2108                      2104      4     2278
  SINCE JUL 1   7262                      8012   -750     8616

 COOLING
  YESTERDAY        0                         1     -1        0
  MONTH TO DATE    0                         1     -1        9
  SINCE MAR 1      0                         2     -2        9
  SINCE JAN 1      0                         2     -2        9
..................................................................


WIND (MPH)
  HIGHEST WIND SPEED    16   HIGHEST WIND DIRECTION    NW (300)
  HIGHEST GUST SPEED    22   HIGHEST GUST DIRECTION     W (290)
  AVERAGE WIND SPEED     4.1


SKY COVER
  AVERAGE SKY COVER 0.6


WEATHER CONDITIONS
 THE FOLLOWING WEATHER WAS RECORDED YESTERDAY.
  LIGHT RAIN
  FOG
  FOG W/VISIBILITY <= 1/4 MILE
  HAZE


RELATIVE HUMIDITY (PERCENT)
 HIGHEST   100           400 AM
 LOWEST     30           100 PM
 AVERAGE    65

..........................................................


THE MONTPELIER VT CLIMATE NORMALS FOR TODAY
                         NORMAL    RECORD    YEAR
 MAXIMUM TEMPERATURE (F)   69        87      2010
 MINIMUM TEMPERATURE (F)   45        27      1956


SUNRISE AND SUNSET
MAY 26 2016...........SUNRISE   513 AM EDT   SUNSET   822 PM EDT
MAY 27 2016...........SUNRISE   512 AM EDT   SUNSET   823 PM EDT


-  INDICATES NEGATIVE NUMBERS.
R  INDICATES RECORD WAS SET OR TIED.
MM INDICATES DATA IS MISSING.
T  INDICATES TRACE AMOUNT.

$$
