190
CDUS41 KBTV 070547
CLIMPV


CLIMATE REPORT
NATIONAL WEATHER SERVICE BURLINGTON VT
1239 AM EST SUN FEB 7 2016


...................................

...THE MONTPELIER VT CLIMATE SUMMARY FOR FEBRUARY 6 2016...

CLIMATE NORMAL PERIOD 1981 TO 2010
CLIMATE RECORD PERIOD 1948 TO 2016


WEATHER ITEM   OBSERVED TIME   RECORD YEAR NORMAL DEPARTURE LAST
                VALUE   (LST)  VALUE       VALUE  FROM      YEAR
                                                  NORMAL
..................................................................
TEMPERATURE (F)
 YESTERDAY
  MAXIMUM         36    231 PM  47    2005  28      8       17
  MINIMUM         14    158 AM -20    1993   8      6      -15
  AVERAGE         25                        18      7        1

PRECIPITATION (IN)
  YESTERDAY        0.00          1.13        0.08  -0.08      T
  MONTH TO DATE    0.30                      0.47  -0.17     0.33
  SINCE DEC 1      5.25                      5.66  -0.41     5.68
  SINCE JAN 1      1.56                      2.92  -1.36     2.11

DEGREE DAYS
 HEATING
  YESTERDAY       40                        47     -7       64
  MONTH TO DATE  197                       284    -87      361
  SINCE DEC 1   2501                      3083   -582     3211
  SINCE JUL 1   4144                      4929   -785     5029

 COOLING
  YESTERDAY        0                         0      0        0
  MONTH TO DATE    0                         0      0        0
  SINCE DEC 1      0                         0      0        0
  SINCE JAN 1      0                         0      0        0
..................................................................


WIND (MPH)
  HIGHEST WIND SPEED    23   HIGHEST WIND DIRECTION    SW (240)
  HIGHEST GUST SPEED    31   HIGHEST GUST DIRECTION    SW (230)
  AVERAGE WIND SPEED     8.2


SKY COVER
  AVERAGE SKY COVER 0.7


WEATHER CONDITIONS
 THE FOLLOWING WEATHER WAS RECORDED YESTERDAY.
  NO SIGNIFICANT WEATHER WAS OBSERVED.


RELATIVE HUMIDITY (PERCENT)
 HIGHEST    88           200 AM
 LOWEST     47           100 PM
 AVERAGE    68

..........................................................


THE MONTPELIER VT CLIMATE NORMALS FOR TODAY
                         NORMAL    RECORD    YEAR
 MAXIMUM TEMPERATURE (F)   29        53      2005
 MINIMUM TEMPERATURE (F)    8       -28      1993


SUNRISE AND SUNSET
FEBRUARY  7 2016......SUNRISE   701 AM EST   SUNSET   508 PM EST
FEBRUARY  8 2016......SUNRISE   700 AM EST   SUNSET   509 PM EST


-  INDICATES NEGATIVE NUMBERS.
R  INDICATES RECORD WAS SET OR TIED.
MM INDICATES DATA IS MISSING.
T  INDICATES TRACE AMOUNT.




$$
