000
CDUS43 KMQT 220601
CLIMQT


CLIMATE REPORT
NATIONAL WEATHER SERVICE MARQUETTE MI
200 AM EDT FRI SEP 22 2017


...................................

...THE MARQUETTE MI CLIMATE SUMMARY FOR SEPTEMBER 21 2017...

CLIMATE NORMAL PERIOD 1981 TO 2010
CLIMATE RECORD PERIOD 1961 TO 2017


WEATHER ITEM   OBSERVED RECORD YEAR NORMAL DEPARTURE LAST
                VALUE   VALUE       VALUE  FROM      YEAR
                                           NORMAL
...........................................................
TEMPERATURE (F)
 YESTERDAY
  MAXIMUM         71     82    1970  64      7       65
  MINIMUM         57     29    1973  44     13       50
  AVERAGE         64                 54     10       58

PRECIPITATION (IN)
  YESTERDAY        0.00   1.39 2007   0.13  -0.13     0.01
  MONTH TO DATE    1.89               2.49  -0.60     4.69
  SINCE SEP 1      1.89               2.49  -0.60     4.69
  SINCE JAN 1     29.22              24.86   4.36    32.46

SNOWFALL (IN)
  YESTERDAY        0.0   MM      MM   0.0    0.0      0.0
  MONTH TO DATE    0.0                0.0    0.0      0.0
  SINCE SEP 1      0.0                0.0    0.0      0.0
  SINCE JUL 1      T                  0.0    0.0       T
  SNOW DEPTH       0

DEGREE DAYS
 HEATING
  YESTERDAY        1                 11    -10        7
  MONTH TO DATE  150                174    -24       84
  SINCE SEP 1    150                174    -24       84
  SINCE JUL 1    415                359     56      184

 COOLING
  YESTERDAY        0                  0      0        0
  MONTH TO DATE   14                 21     -7       10
  SINCE SEP 1     14                 21     -7       10
  SINCE JAN 1    107                241   -134      246
...........................................................


WIND (MPH)
  RESULTANT WIND SPEED  MM   RESULTANT WIND DIRECTION  MM
  HIGHEST WIND SPEED    MM   HIGHEST WIND DIRECTION    MM
  HIGHEST GUST SPEED    13   HIGHEST GUST DIRECTION     E (90)
  AVERAGE WIND SPEED    MM


SKY COVER
  POSSIBLE SUNSHINE  MM
  AVERAGE SKY COVER  MM


WEATHER CONDITIONS
 THE FOLLOWING WEATHER WAS RECORDED YESTERDAY.
  NO SIGNIFICANT WEATHER WAS OBSERVED.


RELATIVE HUMIDITY (PERCENT)
 HIGHEST    MM
 LOWEST     MM
 AVERAGE    MM

..........................................................


THE MARQUETTE MI CLIMATE NORMALS FOR TODAY
                         NORMAL    RECORD    YEAR
 MAXIMUM TEMPERATURE (F)   63        79      2004
 MINIMUM TEMPERATURE (F)   43        27      1974


SUNRISE AND SUNSET
SEPTEMBER 22 2017.....SUNRISE   737 AM EDT   SUNSET   747 PM EDT
SEPTEMBER 23 2017.....SUNRISE   739 AM EDT   SUNSET   745 PM EDT


-  INDICATES NEGATIVE NUMBERS.
R  INDICATES RECORD WAS SET OR TIED.
MM INDICATES DATA IS MISSING.
T  INDICATES TRACE AMOUNT.




$$
