000
CDUS41 KLWX 280526
CLIMRB


CLIMATE REPORT
NATIONAL WEATHER SERVICE BALTIMORE MD/WASHINGTON DC
126 AM EDT WED JUN 28 2017


...................................

...THE MARTINSBURG WV CLIMATE SUMMARY FOR JUNE 27 2017...

CLIMATE NORMAL PERIOD 1981 TO 2010
CLIMATE RECORD PERIOD 1926 TO 2017


WEATHER ITEM   OBSERVED TIME   RECORD YEAR NORMAL DEPARTURE LAST
                VALUE   (LST)  VALUE       VALUE  FROM      YEAR
                                                  NORMAL
..................................................................
TEMPERATURE (F)
 YESTERDAY
  MAXIMUM         78    331 PM 101    1943  85     -7       83
  MINIMUM         54   1148 PM  47    1985  62     -8       61
  AVERAGE         66                        73     -7       72

PRECIPITATION (IN)
  YESTERDAY        0.00          3.47 1975   0.12  -0.12      T
  MONTH TO DATE    1.11                      3.41  -2.30     2.08
  SINCE JUN 1      1.11                      3.41  -2.30     2.08
  SINCE JAN 1     18.33                     19.14  -0.81    13.67

DEGREE DAYS
 HEATING
  YESTERDAY        0                         0      0        0
  MONTH TO DATE   10                        22    -12        5
  SINCE JUN 1     10                        22    -12        5
  SINCE JUL 1   4136                      5247  -1111     4478

 COOLING
  YESTERDAY        1                         8     -7        7
  MONTH TO DATE  205                       156     49      196
  SINCE JUN 1    205                       156     49      196
  SINCE JAN 1    312                       213     99      269
..................................................................


WIND (MPH)
  HIGHEST WIND SPEED    21   HIGHEST WIND DIRECTION     W (290)
  HIGHEST GUST SPEED    29   HIGHEST GUST DIRECTION     W (260)
  AVERAGE WIND SPEED     7.7


SKY COVER
  POSSIBLE SUNSHINE  MM
  AVERAGE SKY COVER 0.2


WEATHER CONDITIONS
 THE FOLLOWING WEATHER WAS RECORDED YESTERDAY.
  NO SIGNIFICANT WEATHER WAS OBSERVED.


RELATIVE HUMIDITY (PERCENT)
 HIGHEST    72          1200 AM
 LOWEST     30           200 PM
 AVERAGE    51

..........................................................


THE MARTINSBURG WV CLIMATE NORMALS FOR TODAY
                         NORMAL    RECORD    YEAR
 MAXIMUM TEMPERATURE (F)   85       100      1943
 MINIMUM TEMPERATURE (F)   62        46      1927


SUNRISE AND SUNSET
JUNE 28 2017..........SUNRISE   547 AM EDT   SUNSET   843 PM EDT
JUNE 29 2017..........SUNRISE   548 AM EDT   SUNSET   843 PM EDT


-  INDICATES NEGATIVE NUMBERS.
R  INDICATES RECORD WAS SET OR TIED.
MM INDICATES DATA IS MISSING.
T  INDICATES TRACE AMOUNT.




$$
