788
CDUS41 KLWX 262203
CLIMRB


CLIMATE REPORT
NATIONAL WEATHER SERVICE BALTIMORE MD/WASHINGTON DC
603 PM EDT WED APR 26 2017


...................................

...THE MARTINSBURG WV CLIMATE SUMMARY FOR APRIL 26 2017...
VALID TODAY AS OF 0500 PM LOCAL TIME.

CLIMATE NORMAL PERIOD 1981 TO 2010
CLIMATE RECORD PERIOD 1926 TO 2017


WEATHER ITEM   OBSERVED TIME   RECORD YEAR NORMAL DEPARTURE LAST
                VALUE   (LST)  VALUE       VALUE  FROM      YEAR
                                                  NORMAL
..................................................................
TEMPERATURE (F)
 TODAY
  MAXIMUM         73    354 PM  92    1990  68      5       83
  MINIMUM         55    617 AM  29    2001  44     11       57
  AVERAGE         64                        56      8       70

PRECIPITATION (IN)
  TODAY            0.00          4.00 1937   0.11  -0.11     0.00
  MONTH TO DATE    2.35                      2.88  -0.53     0.68
  SINCE MAR 1      5.13                      6.40  -1.27     2.43
  SINCE JAN 1      9.51                     11.18  -1.67     6.52

DEGREE DAYS
 HEATING
  TODAY            1                        10     -9        0
  MONTH TO DATE  202                       349   -147      331
  SINCE MAR 1    884                      1063   -179      824
  SINCE JUL 1   3962                      5019  -1057     4239

 COOLING
  TODAY            0                         0      0        5
  MONTH TO DATE   25                         0     25       10
  SINCE MAR 1     28                         1     27       12
  SINCE JAN 1     28                         1     27       12
..................................................................


WIND (MPH)
  HIGHEST WIND SPEED    10   HIGHEST WIND DIRECTION    NW (330)
  HIGHEST GUST SPEED    13   HIGHEST GUST DIRECTION    NW (310)
  AVERAGE WIND SPEED     5.1


SKY COVER
  POSSIBLE SUNSHINE  MM
  AVERAGE SKY COVER 0.9


WEATHER CONDITIONS
 THE FOLLOWING WEATHER WAS RECORDED TODAY.
  FOG


RELATIVE HUMIDITY (PERCENT)
 HIGHEST    93          1200 AM
 LOWEST     57           400 PM
 AVERAGE    75

..........................................................


THE MARTINSBURG WV CLIMATE NORMALS FOR TOMORROW
                         NORMAL    RECORD    YEAR
 MAXIMUM TEMPERATURE (F)   68        91      2009
                                             1957
 MINIMUM TEMPERATURE (F)   44        27      1926


SUNRISE AND SUNSET
APRIL 26 2017.........SUNRISE   619 AM EDT   SUNSET   801 PM EDT
APRIL 27 2017.........SUNRISE   618 AM EDT   SUNSET   802 PM EDT


-  INDICATES NEGATIVE NUMBERS.
R  INDICATES RECORD WAS SET OR TIED.
MM INDICATES DATA IS MISSING.
T  INDICATES TRACE AMOUNT.




$$
