000
CDUS41 KLWX 222121
CLIMRB


CLIMATE REPORT
NATIONAL WEATHER SERVICE BALTIMORE MD/WASHINGTON DC
521 PM EDT FRI MAY 22 2015


...................................

...THE MARTINSBURG WV CLIMATE SUMMARY FOR MAY 22 2015...
VALID TODAY AS OF 0500 PM LOCAL TIME.

CLIMATE NORMAL PERIOD 1981 TO 2010
CLIMATE RECORD PERIOD 1926 TO 2015


WEATHER ITEM   OBSERVED TIME   RECORD YEAR NORMAL DEPARTURE LAST
                VALUE   (LST)  VALUE       VALUE  FROM      YEAR
                                                  NORMAL
..................................................................
TEMPERATURE (F)
 TODAY
  MAXIMUM         74    335 PM  98    1934  74      0       85
  MINIMUM         43    521 AM  30    2002  51     -8       62
  AVERAGE         59                        63     -4       74

PRECIPITATION (IN)
  TODAY            0.00          2.80 1942   0.14  -0.14     0.07
  MONTH TO DATE    1.95                      2.91  -0.96     4.74
  SINCE MAR 1      7.57                      9.77  -2.20    10.57
  SINCE JAN 1      9.86                     14.55  -4.69    14.32

DEGREE DAYS
 HEATING
  TODAY            6                         4      2        0
  MONTH TO DATE   53                       139    -86       89
  SINCE MAR 1   1080                      1240   -160     1286
  SINCE JUL 1   5003                      5196   -193     5379

 COOLING
  TODAY            0                         2     -2        9
  MONTH TO DATE   82                        28     54       47
  SINCE MAR 1     83                        37     46       54
  SINCE JAN 1     83                        37     46       54
..................................................................


WIND (MPH)
  HIGHEST WIND SPEED    28   HIGHEST WIND DIRECTION     W (280)
  HIGHEST GUST SPEED    33   HIGHEST GUST DIRECTION     W (290)
  AVERAGE WIND SPEED    11.4


SKY COVER
  POSSIBLE SUNSHINE  MM
  AVERAGE SKY COVER 0.1


WEATHER CONDITIONS
 THE FOLLOWING WEATHER WAS RECORDED TODAY.
  HAZE


RELATIVE HUMIDITY (PERCENT)
 HIGHEST    89           500 AM
 LOWEST     29           200 PM
 AVERAGE    59

..........................................................


THE MARTINSBURG WV CLIMATE NORMALS FOR TOMORROW
                         NORMAL    RECORD    YEAR
 MAXIMUM TEMPERATURE (F)   75        98      1941
 MINIMUM TEMPERATURE (F)   52        35      2002


SUNRISE AND SUNSET
MAY 22 2015...........SUNRISE   553 AM EDT   SUNSET   825 PM EDT
MAY 23 2015...........SUNRISE   552 AM EDT   SUNSET   826 PM EDT


-  INDICATES NEGATIVE NUMBERS.
R  INDICATES RECORD WAS SET OR TIED.
MM INDICATES DATA IS MISSING.
T  INDICATES TRACE AMOUNT.




$$
