000
CDUS41 KLWX 280527
CLIMRB


CLIMATE REPORT
NATIONAL WEATHER SERVICE BALTIMORE MD/WASHINGTON DC
126 AM EDT THU JUL 28 2016


...................................

...THE MARTINSBURG WV CLIMATE SUMMARY FOR JULY 27 2016...

CLIMATE NORMAL PERIOD 1981 TO 2010
CLIMATE RECORD PERIOD 1926 TO 2016


WEATHER ITEM   OBSERVED TIME   RECORD YEAR NORMAL DEPARTURE LAST
                VALUE   (LST)  VALUE       VALUE  FROM      YEAR
                                                  NORMAL
..................................................................
TEMPERATURE (F)
 YESTERDAY
  MAXIMUM         94    250 PM 105    1930  86      8       87
  MINIMUM         72   1152 PM  49    1962  64      8       68
  AVERAGE         83                        75      8       78

PRECIPITATION (IN)
  YESTERDAY        0.00          1.07 1957   0.12  -0.12     0.00
  MONTH TO DATE    0.84                      3.18  -2.34     2.20
  SINCE JUN 1      2.94                      6.94  -4.00     6.46
  SINCE JAN 1     14.53                     22.67  -8.14    17.40

DEGREE DAYS
 HEATING
  YESTERDAY        0                         0      0        0
  MONTH TO DATE    0                         0      0        0
  SINCE JUN 1      5                        24    -19       15
  SINCE JUL 1      0                         0      0        0

 COOLING
  YESTERDAY       18                        10      8       13
  MONTH TO DATE  348                       266     82      262
  SINCE JUN 1    564                       449    115      511
  SINCE JAN 1    637                       506    131      659
..................................................................


WIND (MPH)
  HIGHEST WIND SPEED    10   HIGHEST WIND DIRECTION    SW (210)
  HIGHEST GUST SPEED    17   HIGHEST GUST DIRECTION     N (360)
  AVERAGE WIND SPEED     3.9


SKY COVER
  POSSIBLE SUNSHINE  MM
  AVERAGE SKY COVER 0.4


WEATHER CONDITIONS
 THE FOLLOWING WEATHER WAS RECORDED YESTERDAY.
  NO SIGNIFICANT WEATHER WAS OBSERVED.


RELATIVE HUMIDITY (PERCENT)
 HIGHEST    87           400 AM
 LOWEST     33           200 PM
 AVERAGE    60

..........................................................


THE MARTINSBURG WV CLIMATE NORMALS FOR TODAY
                         NORMAL    RECORD    YEAR
 MAXIMUM TEMPERATURE (F)   85       101      1952
 MINIMUM TEMPERATURE (F)   64        48      1962


SUNRISE AND SUNSET
JULY 28 2016..........SUNRISE   609 AM EDT   SUNSET   828 PM EDT
JULY 29 2016..........SUNRISE   609 AM EDT   SUNSET   827 PM EDT


-  INDICATES NEGATIVE NUMBERS.
R  INDICATES RECORD WAS SET OR TIED.
MM INDICATES DATA IS MISSING.
T  INDICATES TRACE AMOUNT.




$$
