000
CDUS41 KLWX 142122
CLIMRB


CLIMATE REPORT
NATIONAL WEATHER SERVICE BALTIMORE MD/WASHINGTON DC
522 PM EDT SUN SEP 14 2014


...................................

...THE MARTINSBURG WV CLIMATE SUMMARY FOR SEPTEMBER 14 2014...
VALID TODAY AS OF 0500 PM LOCAL TIME.

CLIMATE NORMAL PERIOD 1981 TO 2010
CLIMATE RECORD PERIOD 1926 TO 2014


WEATHER ITEM   OBSERVED TIME   RECORD YEAR NORMAL DEPARTURE LAST
                VALUE   (LST)  VALUE       VALUE  FROM      YEAR
                                                  NORMAL
..................................................................
TEMPERATURE (F)
 TODAY
  MAXIMUM         69    306 PM 100    1931  78     -9       67
  MINIMUM         44    542 AM  34    1964  55    -11       45
  AVERAGE         57                        66     -9       56

PRECIPITATION (IN)
  TODAY            0.00          3.64 1966   0.13  -0.13     0.00
  MONTH TO DATE    1.82                      1.62   0.20     0.44
  SINCE SEP 1      1.82                      1.62   0.20     0.44
  SINCE JAN 1     26.29                     27.86  -1.57    22.82

DEGREE DAYS
 HEATING
  TODAY            8                         2      6        9
  MONTH TO DATE   10                        18     -8       11
  SINCE SEP 1     10                        18     -8       11
  SINCE JUL 1     13                        25    -12       15

 COOLING
  TODAY            0                         3     -3        0
  MONTH TO DATE  112                        63     49       98
  SINCE SEP 1    112                        63     49       98
  SINCE JAN 1    940                       855     85     1016
..................................................................


WIND (MPH)
  HIGHEST WIND SPEED     8   HIGHEST WIND DIRECTION     N (360)
  HIGHEST GUST SPEED    14   HIGHEST GUST DIRECTION     N (350)
  AVERAGE WIND SPEED     3.5


SKY COVER
  POSSIBLE SUNSHINE  MM
  AVERAGE SKY COVER 0.1


WEATHER CONDITIONS
 THE FOLLOWING WEATHER WAS RECORDED TODAY.
  NO SIGNIFICANT WEATHER WAS OBSERVED.


RELATIVE HUMIDITY (PERCENT)
 HIGHEST    89           500 AM
 LOWEST     42           200 PM
 AVERAGE    66

..........................................................


THE MARTINSBURG WV CLIMATE NORMALS FOR TOMORROW
                         NORMAL    RECORD    YEAR
 MAXIMUM TEMPERATURE (F)   77        98      1998
 MINIMUM TEMPERATURE (F)   54        35      1946


SUNRISE AND SUNSET
SEPTEMBER 14 2014.....SUNRISE   652 AM EDT   SUNSET   722 PM EDT
SEPTEMBER 15 2014.....SUNRISE   653 AM EDT   SUNSET   720 PM EDT


-  INDICATES NEGATIVE NUMBERS.
R  INDICATES RECORD WAS SET OR TIED.
MM INDICATES DATA IS MISSING.
T  INDICATES TRACE AMOUNT.




$$
