842
CDUS41 KLWX 250523
CLIMRB


CLIMATE REPORT
NATIONAL WEATHER SERVICE BALTIMORE MD/WASHINGTON DC
123 AM EDT SAT MAR 25 2017


...................................

...THE MARTINSBURG WV CLIMATE SUMMARY FOR MARCH 24 2017...

CLIMATE NORMAL PERIOD 1981 TO 2010
CLIMATE RECORD PERIOD 1926 TO 2017


WEATHER ITEM   OBSERVED TIME   RECORD YEAR NORMAL DEPARTURE LAST
                VALUE   (LST)  VALUE       VALUE  FROM      YEAR
                                                  NORMAL
..................................................................
TEMPERATURE (F)
 YESTERDAY
  MAXIMUM         64    525 PM  80    1988  56      8       76
  MINIMUM         29    514 AM  16    1934  34     -5       37
  AVERAGE         47                        45      2       57

PRECIPITATION (IN)
  YESTERDAY        0.26          1.07 1979   0.12   0.14     0.00
  MONTH TO DATE    1.31                      2.65  -1.34     1.44
  SINCE MAR 1      1.31                      2.65  -1.34     1.44
  SINCE JAN 1      5.69                      7.43  -1.74     5.53

DEGREE DAYS
 HEATING
  YESTERDAY       18                        20     -2        8
  MONTH TO DATE  609                       582     27      397
  SINCE MAR 1    609                       582     27      397
  SINCE JUL 1   3687                      4538   -851     3812

 COOLING
  YESTERDAY        0                         0      0        0
  MONTH TO DATE    0                         0      0        2
  SINCE MAR 1      0                         0      0        2
  SINCE JAN 1      0                         0      0        2
..................................................................


WIND (MPH)
  HIGHEST WIND SPEED    15   HIGHEST WIND DIRECTION     S (160)
  HIGHEST GUST SPEED    19   HIGHEST GUST DIRECTION     S (170)
  AVERAGE WIND SPEED     5.5


SKY COVER
  POSSIBLE SUNSHINE  MM
  AVERAGE SKY COVER 0.2


WEATHER CONDITIONS
 THE FOLLOWING WEATHER WAS RECORDED YESTERDAY.
  RAIN
  LIGHT RAIN
  FOG


RELATIVE HUMIDITY (PERCENT)
 HIGHEST    92           900 AM
 LOWEST     43           300 PM
 AVERAGE    68

..........................................................


THE MARTINSBURG WV CLIMATE NORMALS FOR TODAY
                         NORMAL    RECORD    YEAR
 MAXIMUM TEMPERATURE (F)   56        83      1939
 MINIMUM TEMPERATURE (F)   34        15      1940


SUNRISE AND SUNSET
MARCH 25 2017.........SUNRISE   707 AM EDT   SUNSET   729 PM EDT
MARCH 26 2017.........SUNRISE   705 AM EDT   SUNSET   730 PM EDT


-  INDICATES NEGATIVE NUMBERS.
R  INDICATES RECORD WAS SET OR TIED.
MM INDICATES DATA IS MISSING.
T  INDICATES TRACE AMOUNT.




$$
