000
CDUS41 KLWX 310527
CLIMRB


CLIMATE REPORT
NATIONAL WEATHER SERVICE BALTIMORE MD/WASHINGTON DC
127 AM EDT MON AUG 31 2015


...................................

...THE MARTINSBURG WV CLIMATE SUMMARY FOR AUGUST 30 2015...

CLIMATE NORMAL PERIOD 1981 TO 2010
CLIMATE RECORD PERIOD 1926 TO 2015


WEATHER ITEM   OBSERVED TIME   RECORD YEAR NORMAL DEPARTURE LAST
                VALUE   (LST)  VALUE       VALUE  FROM      YEAR
                                                  NORMAL
..................................................................
TEMPERATURE (F)
 YESTERDAY
  MAXIMUM         91    310 PM 101    1953  82      9       84
  MINIMUM         60    600 AM  40    1986  60      0       60
  AVERAGE         76                        71      5       72

PRECIPITATION (IN)
  YESTERDAY        0.00          1.03 1977   0.09  -0.09     0.00
  MONTH TO DATE    1.36                      2.98  -1.62     2.23
  SINCE JUN 1      8.01                     10.41  -2.40     9.60
  SINCE JAN 1     18.95                     26.14  -7.19    24.47

DEGREE DAYS
 HEATING
  YESTERDAY        0                         0      0        0
  MONTH TO DATE    0                         0      0        0
  SINCE JUN 1     15                        25    -10        5
  SINCE JUL 1      0                         1     -1        3

 COOLING
  YESTERDAY       11                         6      5        7
  MONTH TO DATE  243                       242      1      196
  SINCE JUN 1    808                       728     80      733
  SINCE JAN 1    956                       785    171      814
..................................................................


WIND (MPH)
  HIGHEST WIND SPEED    16   HIGHEST WIND DIRECTION     S (160)
  HIGHEST GUST SPEED    20   HIGHEST GUST DIRECTION    SE (150)
  AVERAGE WIND SPEED     4.0


SKY COVER
  POSSIBLE SUNSHINE  MM
  AVERAGE SKY COVER 0.1


WEATHER CONDITIONS
 THE FOLLOWING WEATHER WAS RECORDED YESTERDAY.
  FOG
  HAZE


RELATIVE HUMIDITY (PERCENT)
 HIGHEST   100           200 AM
 LOWEST     38           300 PM
 AVERAGE    69

..........................................................


THE MARTINSBURG WV CLIMATE NORMALS FOR TODAY
                         NORMAL    RECORD    YEAR
 MAXIMUM TEMPERATURE (F)   82       100      1953
 MINIMUM TEMPERATURE (F)   59        43      1934


SUNRISE AND SUNSET
AUGUST 31 2015........SUNRISE   639 AM EDT   SUNSET   745 PM EDT
SEPTEMBER  1 2015.....SUNRISE   640 AM EDT   SUNSET   743 PM EDT


-  INDICATES NEGATIVE NUMBERS.
R  INDICATES RECORD WAS SET OR TIED.
MM INDICATES DATA IS MISSING.
T  INDICATES TRACE AMOUNT.




$$
