000
CDUS44 KHUN 030824
CLIMSL


CLIMATE REPORT
NATIONAL WEATHER SERVICE HUNTSVILLE AL
224 AM CST TUE MAR 3 2015


...................................

...THE MUSCLE SHOALS CLIMATE SUMMARY FOR MARCH 2 2015...

CLIMATE NORMAL PERIOD 1981 TO 2010
CLIMATE RECORD PERIOD 1893 TO 2015


WEATHER ITEM   OBSERVED TIME   RECORD YEAR NORMAL DEPARTURE LAST
                VALUE   (LST)  VALUE       VALUE  FROM      YEAR
                                                  NORMAL
..................................................................
TEMPERATURE (F)
 YESTERDAY
  MAXIMUM         51    244 AM  82    2012  60     -9       75
                                      1932
  MINIMUM         39    946 AM  13    1980  39      0       38
  AVERAGE         45                        49     -4       57

PRECIPITATION (IN)
  YESTERDAY       MM             2.33 1960   0.16  MM        0.06
  MONTH TO DATE   MM                         0.33  MM        0.06
  SINCE MAR 1     MM                         0.33  MM        0.06
  SINCE JAN 1      7.28                      9.60  -2.32     5.75

SNOWFALL (IN)
  YESTERDAY        0.0
  MONTH TO DATE    0.0
  SINCE MAR 1      0.0
  SINCE JUL 1      3.5
  SNOW DEPTH       0

DEGREE DAYS
 HEATING
  YESTERDAY       20                        16      4        8
  MONTH TO DATE   35                        32      3       18
  SINCE MAR 1     35                        32      3       18
  SINCE JUL 1   2806                      2567    239     2789

 COOLING
  YESTERDAY        0                         0      0        0
  MONTH TO DATE    0                         0      0        0
  SINCE MAR 1      0                         0      0        0
  SINCE JAN 1      0                         1     -1        0
..................................................................


WIND (MPH)
  HIGHEST WIND SPEED    13   HIGHEST WIND DIRECTION     E (70)
  HIGHEST GUST SPEED    20   HIGHEST GUST DIRECTION     N (10)
  AVERAGE WIND SPEED     5.0


SKY COVER
  POSSIBLE SUNSHINE  MM
  AVERAGE SKY COVER 1.0


WEATHER CONDITIONS
 THE FOLLOWING WEATHER WAS RECORDED YESTERDAY.
  LIGHT RAIN
  FOG
  FOG W/VISIBILITY <= 1/4 MILE
  HAZE


RELATIVE HUMIDITY (PERCENT)
 HIGHEST    89           100 AM
 LOWEST     71           100 PM
 AVERAGE    80

..........................................................


THE MUSCLE SHOALS CLIMATE NORMALS FOR TODAY
                         NORMAL    RECORD    YEAR
 MAXIMUM TEMPERATURE (F)   60        84      1901
 MINIMUM TEMPERATURE (F)   39        10      1943


SUNRISE AND SUNSET
MARCH  3 2015.........SUNRISE   617 AM CST   SUNSET   548 PM CST
MARCH  4 2015.........SUNRISE   616 AM CST   SUNSET   549 PM CST


-  INDICATES NEGATIVE NUMBERS.
R  INDICATES RECORD WAS SET OR TIED.
MM INDICATES DATA IS MISSING.
T  INDICATES TRACE AMOUNT.




$$
