430
CDUS44 KHUN 100802
CLIMSL


CLIMATE REPORT
NATIONAL WEATHER SERVICE HUNTSVILLE AL
202 AM CST WED FEB 10 2016


...................................

...THE MUSCLE SHOALS CLIMATE SUMMARY FOR FEBRUARY 9 2016...

CLIMATE NORMAL PERIOD 1981 TO 2010
CLIMATE RECORD PERIOD 1893 TO 2016


WEATHER ITEM   OBSERVED TIME   RECORD YEAR NORMAL DEPARTURE LAST
                VALUE   (LST)  VALUE       VALUE  FROM      YEAR
                                                  NORMAL
..................................................................
TEMPERATURE (F)
 YESTERDAY
  MAXIMUM         36    211 PM  77    1939  54    -18       59
  MINIMUM         22   1159 PM   1    1933  34    -12       37
  AVERAGE         29                        44    -15       48

PRECIPITATION (IN)
  YESTERDAY        T             2.67 1990   0.16  -0.16     0.00
  MONTH TO DATE    0.93                      1.46  -0.53     0.41
  SINCE DEC 1     11.52                     11.75  -0.23     9.71
  SINCE JAN 1      4.58                      6.07  -1.49     4.58

SNOWFALL (IN)
  YESTERDAY        T
  MONTH TO DATE    T
  SINCE DEC 1      T
  SINCE JUL 1      T
  SNOW DEPTH       0

DEGREE DAYS
 HEATING
  YESTERDAY       36                        21     15       17
  MONTH TO DATE  185                       198    -13      196
  SINCE DEC 1   1299                      1616   -317     1519
  SINCE JUL 1   1664                      2178   -514     2171

 COOLING
  YESTERDAY        0                         0      0        0
  MONTH TO DATE    0                         0      0        0
  SINCE DEC 1     22                         1     21        0
  SINCE JAN 1      0                         0      0        0
..................................................................


WIND (MPH)
  HIGHEST WIND SPEED    22   HIGHEST WIND DIRECTION     W (290)
  HIGHEST GUST SPEED    27   HIGHEST GUST DIRECTION     W (280)
  AVERAGE WIND SPEED    10.3


SKY COVER
  POSSIBLE SUNSHINE  MM
  AVERAGE SKY COVER 0.8


WEATHER CONDITIONS
 THE FOLLOWING WEATHER WAS RECORDED YESTERDAY.
  LIGHT SNOW


RELATIVE HUMIDITY (PERCENT)
 HIGHEST    69           800 AM
 LOWEST     51           400 AM
 AVERAGE    60

..........................................................


THE MUSCLE SHOALS CLIMATE NORMALS FOR TODAY
                         NORMAL    RECORD    YEAR
 MAXIMUM TEMPERATURE (F)   54        79      1938
 MINIMUM TEMPERATURE (F)   34         0      1899


SUNRISE AND SUNSET
FEBRUARY 10 2016......SUNRISE   642 AM CST   SUNSET   528 PM CST
FEBRUARY 11 2016......SUNRISE   641 AM CST   SUNSET   529 PM CST


-  INDICATES NEGATIVE NUMBERS.
R  INDICATES RECORD WAS SET OR TIED.
MM INDICATES DATA IS MISSING.
T  INDICATES TRACE AMOUNT.




$$
