000
CDUS44 KHUN 102221
CLIMSL


CLIMATE REPORT
NATIONAL WEATHER SERVICE HUNTSVILLE AL
421 PM CST SAT DEC 10 2016


...................................

...THE MUSCLE SHOALS CLIMATE SUMMARY FOR DECEMBER 10 2016...
VALID TODAY AS OF 0400 PM LOCAL TIME.

CLIMATE NORMAL PERIOD 1981 TO 2010
CLIMATE RECORD PERIOD 1893 TO 2016


WEATHER ITEM   OBSERVED TIME   RECORD YEAR NORMAL DEPARTURE LAST
                VALUE   (LST)  VALUE       VALUE  FROM      YEAR
                                                  NORMAL
..................................................................
TEMPERATURE (F)
 TODAY
  MAXIMUM         45    321 PM  77    2007  54     -9       66
  MINIMUM         22    711 AM   8    1937  35    -13       49
  AVERAGE         34                        44    -10       58

PRECIPITATION (IN)
  TODAY            0.00          1.92 1994   0.22  -0.22     0.00
  MONTH TO DATE    3.22                      2.03   1.19     1.04
  SINCE DEC 1      3.22                      2.03   1.19     1.04
  SINCE JAN 1     38.68                     49.55 -10.87    45.29

SNOWFALL (IN)
  TODAY            0.0
  MONTH TO DATE    0.0
  SINCE DEC 1      0.0
  SINCE JUL 1      0.0
  SNOW DEPTH       0

DEGREE DAYS
 HEATING
  TODAY           31                        21     10        7
  MONTH TO DATE  222                       196     26      159
  SINCE DEC 1    222                       196     26      159
  SINCE JUL 1    550                       758   -208      524

 COOLING
  TODAY            0                         0      0        0
  MONTH TO DATE    0                         0      0        0
  SINCE DEC 1      0                         0      0        0
  SINCE JAN 1   2366                      1871    495     2008
..................................................................


WIND (MPH)
  HIGHEST WIND SPEED     9   HIGHEST WIND DIRECTION     E (90)
  HIGHEST GUST SPEED    11   HIGHEST GUST DIRECTION     E (80)
  AVERAGE WIND SPEED     2.4


SKY COVER
  POSSIBLE SUNSHINE  MM
  AVERAGE SKY COVER 0.0


WEATHER CONDITIONS
 THE FOLLOWING WEATHER WAS RECORDED TODAY.
  NO SIGNIFICANT WEATHER WAS OBSERVED.


RELATIVE HUMIDITY (PERCENT)
 HIGHEST    88           600 AM
 LOWEST     31           300 PM
 AVERAGE    60

..........................................................


THE MUSCLE SHOALS CLIMATE NORMALS FOR TOMORROW
                         NORMAL    RECORD    YEAR
 MAXIMUM TEMPERATURE (F)   54        77      2007
 MINIMUM TEMPERATURE (F)   35         5      1937


SUNRISE AND SUNSET
DECEMBER 10 2016......SUNRISE   647 AM CST   SUNSET   440 PM CST
DECEMBER 11 2016......SUNRISE   648 AM CST   SUNSET   440 PM CST


-  INDICATES NEGATIVE NUMBERS.
R  INDICATES RECORD WAS SET OR TIED.
MM INDICATES DATA IS MISSING.
T  INDICATES TRACE AMOUNT.




$$
