000
CDUS44 KHUN 252127
CLIMSL


CLIMATE REPORT
NATIONAL WEATHER SERVICE HUNTSVILLE AL
426 PM CDT SAT OCT 25 2014


...................................

...THE MUSCLE SHOALS CLIMATE SUMMARY FOR OCTOBER 25 2014...
VALID TODAY AS OF 0400 PM LOCAL TIME.

CLIMATE NORMAL PERIOD 1981 TO 2010
CLIMATE RECORD PERIOD 1893 TO 2014


WEATHER ITEM   OBSERVED TIME   RECORD YEAR NORMAL DEPARTURE LAST
                VALUE   (LST)  VALUE       VALUE  FROM      YEAR
                                                  NORMAL
..................................................................
TEMPERATURE (F)
 TODAY
  MAXIMUM         82    143 PM  89    1931  71     11       55
  MINIMUM         44    615 AM  26    1903  47     -3       31
  AVERAGE         63                        59      4       43

PRECIPITATION (IN)
  TODAY            0.00          1.64 1925   0.12  -0.12     0.00
  MONTH TO DATE    6.54                      2.70   3.84     1.38
  SINCE SEP 1      9.25                      6.42   2.83     3.84
  SINCE JAN 1     42.45                     42.13   0.32    46.73

SNOWFALL (IN)
  TODAY            0.0
  MONTH TO DATE    0.0
  SINCE SEP 1      0.0
  SINCE JUL 1      0.0
  SNOW DEPTH       0

DEGREE DAYS
 HEATING
  TODAY            2                         7     -5       22
  MONTH TO DATE   76                       108    -32      109
  SINCE SEP 1     76                       123    -47      109
  SINCE JUL 1     76                       123    -47      109

 COOLING
  TODAY            0                         1     -1        0
  MONTH TO DATE   84                        55     29       96
  SINCE SEP 1    391                       314     77      405
  SINCE JAN 1   1844                      1857    -13     1886
..................................................................


WIND (MPH)
  HIGHEST WIND SPEED    13   HIGHEST WIND DIRECTION     W (260)
  HIGHEST GUST SPEED    16   HIGHEST GUST DIRECTION     W (250)
  AVERAGE WIND SPEED     2.6


SKY COVER
  POSSIBLE SUNSHINE  MM
  AVERAGE SKY COVER 0.1


WEATHER CONDITIONS
 THE FOLLOWING WEATHER WAS RECORDED TODAY.
  FOG


RELATIVE HUMIDITY (PERCENT)
 HIGHEST    93           700 AM
 LOWEST     45           200 PM
 AVERAGE    69

..........................................................


THE MUSCLE SHOALS CLIMATE NORMALS FOR TOMORROW
                         NORMAL    RECORD    YEAR
 MAXIMUM TEMPERATURE (F)   71        88      1963
 MINIMUM TEMPERATURE (F)   47        28      1962


SUNRISE AND SUNSET
OCTOBER 25 2014.......SUNRISE   705 AM CDT   SUNSET   604 PM CDT
OCTOBER 26 2014.......SUNRISE   706 AM CDT   SUNSET   603 PM CDT


-  INDICATES NEGATIVE NUMBERS.
R  INDICATES RECORD WAS SET OR TIED.
MM INDICATES DATA IS MISSING.
T  INDICATES TRACE AMOUNT.




$$
