000
CDUS44 KHUN 260705
CLIMSL


CLIMATE REPORT
NATIONAL WEATHER SERVICE HUNTSVILLE AL
205 AM CDT FRI AUG 26 2016


...................................

...THE MUSCLE SHOALS CLIMATE SUMMARY FOR AUGUST 25 2016...

CLIMATE NORMAL PERIOD 1981 TO 2010
CLIMATE RECORD PERIOD 1893 TO 2016


WEATHER ITEM   OBSERVED TIME   RECORD YEAR NORMAL DEPARTURE LAST
                VALUE   (LST)  VALUE       VALUE  FROM      YEAR
                                                  NORMAL
..................................................................
TEMPERATURE (F)
 YESTERDAY
  MAXIMUM         94    315 PM 103    1943  90      4       82
  MINIMUM         72    508 AM  53    1923  68      4       58
                                      1917
  AVERAGE         83                        79      4       70

PRECIPITATION (IN)
  YESTERDAY        0.01          3.52 1926   0.09  -0.08     0.00
  MONTH TO DATE    4.83                      2.55   2.28     5.56
  SINCE JUN 1     14.57                     11.61   2.96    12.65
  SINCE JAN 1     31.05                     35.11  -4.06    36.54

SNOWFALL (IN)
  YESTERDAY        0.0
  MONTH TO DATE    0.0
  SINCE JUN 1      0.0
  SINCE JUL 1      0.0
  SNOW DEPTH       0

DEGREE DAYS
 HEATING
  YESTERDAY        0                         0      0        0
  MONTH TO DATE    0                         0      0        0
  SINCE JUN 1      0                         1     -1        0
  SINCE JUL 1      0                         0      0        0

 COOLING
  YESTERDAY       18                        14      4        5
  MONTH TO DATE  422                       379     43      348
  SINCE JUN 1   1430                      1218    212     1348
  SINCE JAN 1   1697                      1462    235     1602
..................................................................


WIND (MPH)
  HIGHEST WIND SPEED    15   HIGHEST WIND DIRECTION     W (270)
  HIGHEST GUST SPEED    17   HIGHEST GUST DIRECTION     W (260)
  AVERAGE WIND SPEED     1.9


SKY COVER
  POSSIBLE SUNSHINE  MM
  AVERAGE SKY COVER 0.2


WEATHER CONDITIONS
 THE FOLLOWING WEATHER WAS RECORDED YESTERDAY.
  THUNDERSTORM
  LIGHT RAIN
  FOG


RELATIVE HUMIDITY (PERCENT)
 HIGHEST    93           200 AM
 LOWEST     49           300 PM
 AVERAGE    71

..........................................................


THE MUSCLE SHOALS CLIMATE NORMALS FOR TODAY
                         NORMAL    RECORD    YEAR
 MAXIMUM TEMPERATURE (F)   90       102      1943
                                             1938
 MINIMUM TEMPERATURE (F)   68        47      1917


SUNRISE AND SUNSET
AUGUST 26 2016........SUNRISE   619 AM CDT   SUNSET   724 PM CDT
AUGUST 27 2016........SUNRISE   620 AM CDT   SUNSET   723 PM CDT


-  INDICATES NEGATIVE NUMBERS.
R  INDICATES RECORD WAS SET OR TIED.
MM INDICATES DATA IS MISSING.
T  INDICATES TRACE AMOUNT.




$$
