000
CDUS44 KHUN 222222
CLIMSL


CLIMATE REPORT
NATIONAL WEATHER SERVICE HUNTSVILLE AL
422 PM CST MON JAN 22 2018


...................................

...THE MUSCLE SHOALS CLIMATE SUMMARY FOR JANUARY 22 2018...
VALID TODAY AS OF 0400 PM LOCAL TIME.

CLIMATE NORMAL PERIOD 1981 TO 2010
CLIMATE RECORD PERIOD 1893 TO 2018


WEATHER ITEM   OBSERVED TIME   RECORD YEAR NORMAL DEPARTURE LAST
                VALUE   (LST)  VALUE       VALUE  FROM      YEAR
                                                  NORMAL
..................................................................
TEMPERATURE (F)
 TODAY
  MAXIMUM         65    355 PM  75    1937  51     14       63
  MINIMUM         55   1024 AM   9    1961  31     24       52
                                      1940
  AVERAGE         60                        41     19       58

PRECIPITATION (IN)
  TODAY            0.29          2.46 2006   0.15   0.14     1.67
  MONTH TO DATE    1.22                      3.22  -2.00     4.61
  SINCE DEC 1      6.58                      8.90  -2.32     9.95
  SINCE JAN 1      1.22                      3.22  -2.00     4.61

SNOWFALL (IN)
  TODAY            0.0
  MONTH TO DATE    0.6
  SINCE DEC 1      0.6
  SINCE JUL 1      0.6
  SNOW DEPTH       0

DEGREE DAYS
 HEATING
  TODAY            5                        24    -19        7
  MONTH TO DATE  640                       528    112      287
  SINCE DEC 1   1316                      1202    114      855
  SINCE JUL 1   1823                      1764     59     1183

 COOLING
  TODAY            0                         0      0        0
  MONTH TO DATE    0                         0      0        4
  SINCE DEC 1      0                         1     -1        6
  SINCE JAN 1      0                         0      0        4
..................................................................


WIND (MPH)
  HIGHEST WIND SPEED    29   HIGHEST WIND DIRECTION    SE (150)
  HIGHEST GUST SPEED    35   HIGHEST GUST DIRECTION    SE (150)
  AVERAGE WIND SPEED    12.4


SKY COVER
  POSSIBLE SUNSHINE  MM
  AVERAGE SKY COVER 0.7


WEATHER CONDITIONS
 THE FOLLOWING WEATHER WAS RECORDED TODAY.
  THUNDERSTORM
  HEAVY RAIN
  RAIN
  LIGHT RAIN
  FOG


RELATIVE HUMIDITY (PERCENT)
 HIGHEST    86          1000 AM
 LOWEST     51          1200 AM
 AVERAGE    69

..........................................................


THE MUSCLE SHOALS CLIMATE NORMALS FOR TOMORROW
                         NORMAL    RECORD    YEAR
 MAXIMUM TEMPERATURE (F)   51        75      1943
                                             1927
                                             1909
 MINIMUM TEMPERATURE (F)   31        -1      1963


SUNRISE AND SUNSET
JANUARY 22 2018.......SUNRISE   655 AM CST   SUNSET   510 PM CST
JANUARY 23 2018.......SUNRISE   654 AM CST   SUNSET   511 PM CST


-  INDICATES NEGATIVE NUMBERS.
R  INDICATES RECORD WAS SET OR TIED.
MM INDICATES DATA IS MISSING.
T  INDICATES TRACE AMOUNT.




$$
