000
CDUS44 KHUN 160804
CLIMSL


CLIMATE REPORT
NATIONAL WEATHER SERVICE HUNTSVILLE AL
203 AM CST MON JAN 16 2017


...................................

...THE MUSCLE SHOALS CLIMATE SUMMARY FOR JANUARY 15 2017...

CLIMATE NORMAL PERIOD 1981 TO 2010
CLIMATE RECORD PERIOD 1893 TO 2017


WEATHER ITEM   OBSERVED TIME   RECORD YEAR NORMAL DEPARTURE LAST
                VALUE   (LST)  VALUE       VALUE  FROM      YEAR
                                                  NORMAL
..................................................................
TEMPERATURE (F)
 YESTERDAY
  MAXIMUM         67    232 PM  82    1911  50     17       53
  MINIMUM         51   1159 PM   5    1927  31     20       43
  AVERAGE         59                        41     18       48

PRECIPITATION (IN)
  YESTERDAY        0.00          1.90 1954   0.14  -0.14     0.29
  MONTH TO DATE    1.41                      2.20  -0.79     0.46
  SINCE DEC 1      6.75                      7.88  -1.13     7.40
  SINCE JAN 1      1.41                      2.20  -0.79     0.46

SNOWFALL (IN)
  YESTERDAY        0.0
  MONTH TO DATE    T
  SINCE DEC 1      T
  SINCE JUL 1      T
  SNOW DEPTH       0

DEGREE DAYS
 HEATING
  YESTERDAY        6                        24    -18       17
  MONTH TO DATE  253                       360   -107      360
  SINCE DEC 1    821                      1034   -213      713
  SINCE JUL 1   1149                      1596   -447     1078

 COOLING
  YESTERDAY        0                         0      0        0
  MONTH TO DATE    4                         0      4        0
  SINCE DEC 1      6                         1      5       22
  SINCE JAN 1      4                         0      4        0
..................................................................


WIND (MPH)
  HIGHEST WIND SPEED     8   HIGHEST WIND DIRECTION    SE (150)
  HIGHEST GUST SPEED    11   HIGHEST GUST DIRECTION    SE (150)
  AVERAGE WIND SPEED     2.6


SKY COVER
  POSSIBLE SUNSHINE  MM
  AVERAGE SKY COVER 0.6


WEATHER CONDITIONS
 THE FOLLOWING WEATHER WAS RECORDED YESTERDAY.
  FOG


RELATIVE HUMIDITY (PERCENT)
 HIGHEST    93           200 AM
 LOWEST     73           200 PM
 AVERAGE    83

..........................................................


THE MUSCLE SHOALS CLIMATE NORMALS FOR TODAY
                         NORMAL    RECORD    YEAR
 MAXIMUM TEMPERATURE (F)   50        80      1932
 MINIMUM TEMPERATURE (F)   31         3      1982
                                             1977


SUNRISE AND SUNSET
JANUARY 16 2017.......SUNRISE   657 AM CST   SUNSET   504 PM CST
JANUARY 17 2017.......SUNRISE   657 AM CST   SUNSET   505 PM CST


-  INDICATES NEGATIVE NUMBERS.
R  INDICATES RECORD WAS SET OR TIED.
MM INDICATES DATA IS MISSING.
T  INDICATES TRACE AMOUNT.


$$
