000
CDUS44 KHUN 240713
CLIMSL


CLIMATE REPORT
NATIONAL WEATHER SERVICE HUNTSVILLE AL
213 AM CDT MON APR 24 2017


...................................

...THE MUSCLE SHOALS CLIMATE SUMMARY FOR APRIL 23 2017...

CLIMATE NORMAL PERIOD 1981 TO 2010
CLIMATE RECORD PERIOD 1893 TO 2017


WEATHER ITEM   OBSERVED TIME   RECORD YEAR NORMAL DEPARTURE LAST
                VALUE   (LST)  VALUE       VALUE  FROM      YEAR
                                                  NORMAL
..................................................................
TEMPERATURE (F)
 YESTERDAY
  MAXIMUM         57   1250 PM  89    1965  75    -18       81
                                      1925
  MINIMUM         50    738 PM  33    1927  52     -2       51
  AVERAGE         54                        64    -10       66

PRECIPITATION (IN)
  YESTERDAY       MM             2.36 1971   0.14  MM        0.00
  MONTH TO DATE    2.57                      3.32  -0.75     2.47
  SINCE MAR 1      7.57                      8.08  -0.51     6.99
  SINCE JAN 1     14.81                     17.35  -2.54    14.12

SNOWFALL (IN)
  YESTERDAY        0.0
  MONTH TO DATE    0.0
  SINCE MAR 1      T
  SINCE JUL 1      T
  SNOW DEPTH       0

DEGREE DAYS
 HEATING
  YESTERDAY       11                         4      7        0
  MONTH TO DATE   53                       140    -87       97
  SINCE MAR 1    373                       518   -145      333
  SINCE JUL 1   2053                      3053  -1000     2334

 COOLING
  YESTERDAY        0                         2     -2        1
  MONTH TO DATE   82                        34     48       19
  SINCE MAR 1    107                        46     61       43
  SINCE JAN 1    115                        47     68       43
..................................................................


WIND (MPH)
  HIGHEST WIND SPEED    15   HIGHEST WIND DIRECTION    NW (320)
  HIGHEST GUST SPEED    21   HIGHEST GUST DIRECTION    NW (330)
  AVERAGE WIND SPEED     6.9


SKY COVER
  POSSIBLE SUNSHINE  MM
  AVERAGE SKY COVER 1.0


WEATHER CONDITIONS
 THE FOLLOWING WEATHER WAS RECORDED YESTERDAY.
  LIGHT RAIN
  FOG
  HAZE


RELATIVE HUMIDITY (PERCENT)
 HIGHEST    96          1000 PM
 LOWEST     77           200 PM
 AVERAGE    87

..........................................................


THE MUSCLE SHOALS CLIMATE NORMALS FOR TODAY
                         NORMAL    RECORD    YEAR
 MAXIMUM TEMPERATURE (F)   76        96      1925
 MINIMUM TEMPERATURE (F)   52        35      1910


SUNRISE AND SUNSET
APRIL 24 2017.........SUNRISE   608 AM CDT   SUNSET   730 PM CDT
APRIL 25 2017.........SUNRISE   606 AM CDT   SUNSET   731 PM CDT


-  INDICATES NEGATIVE NUMBERS.
R  INDICATES RECORD WAS SET OR TIED.
MM INDICATES DATA IS MISSING.
T  INDICATES TRACE AMOUNT.




$$
