000
CDUS44 KHUN 222125
CLIMSL


CLIMATE REPORT
NATIONAL WEATHER SERVICE HUNTSVILLE AL
423 PM CDT SUN OCT 22 2017


...................................

...THE MUSCLE SHOALS CLIMATE SUMMARY FOR OCTOBER 22 2017...
VALID TODAY AS OF 0400 PM LOCAL TIME.

CLIMATE NORMAL PERIOD 1981 TO 2010
CLIMATE RECORD PERIOD 1893 TO 2017


WEATHER ITEM   OBSERVED TIME   RECORD YEAR NORMAL DEPARTURE LAST
                VALUE   (LST)  VALUE       VALUE  FROM      YEAR
                                                  NORMAL
..................................................................
TEMPERATURE (F)
 TODAY
  MAXIMUM         78   1036 AM  90    1963  72      6       70
  MINIMUM         62    557 AM  26    1916  48     14       39
  AVERAGE         70                        60     10       55

PRECIPITATION (IN)
  TODAY            0.00          2.85 2007   0.11  -0.11     0.00
  MONTH TO DATE    1.88                      2.34  -0.46     0.08
  SINCE SEP 1      5.39                      6.06  -0.67     0.58
  SINCE JAN 1     39.21                     41.77  -2.56    32.21

SNOWFALL (IN)
  TODAY            0.0
  MONTH TO DATE    0.0
  SINCE SEP 1      0.0
  SINCE JUL 1      0.0
  SNOW DEPTH       0

DEGREE DAYS
 HEATING
  TODAY            0                         6     -6       10
  MONTH TO DATE   33                        87    -54       17
  SINCE SEP 1     45                       102    -57       22
  SINCE JUL 1     45                       102    -57       22

 COOLING
  TODAY            5                         1      4        0
  MONTH TO DATE   97                        52     45      117
  SINCE SEP 1    324                       311     13      516
  SINCE JAN 1   1949                      1854     95     2319
..................................................................


WIND (MPH)
  HIGHEST WIND SPEED    23   HIGHEST WIND DIRECTION     S (160)
  HIGHEST GUST SPEED    29   HIGHEST GUST DIRECTION     S (170)
  AVERAGE WIND SPEED     9.9


SKY COVER
  POSSIBLE SUNSHINE  MM
  AVERAGE SKY COVER 0.3


WEATHER CONDITIONS
 THE FOLLOWING WEATHER WAS RECORDED TODAY.
  NO SIGNIFICANT WEATHER WAS OBSERVED.


RELATIVE HUMIDITY (PERCENT)
 HIGHEST    84          1200 AM
 LOWEST     60           100 PM
 AVERAGE    72

..........................................................


THE MUSCLE SHOALS CLIMATE NORMALS FOR TOMORROW
                         NORMAL    RECORD    YEAR
 MAXIMUM TEMPERATURE (F)   72        89      1939
                                             1903
 MINIMUM TEMPERATURE (F)   47        28      1916


SUNRISE AND SUNSET
OCTOBER 22 2017.......SUNRISE   702 AM CDT   SUNSET   607 PM CDT
OCTOBER 23 2017.......SUNRISE   703 AM CDT   SUNSET   606 PM CDT


-  INDICATES NEGATIVE NUMBERS.
R  INDICATES RECORD WAS SET OR TIED.
MM INDICATES DATA IS MISSING.
T  INDICATES TRACE AMOUNT.




$$
