000
CDUS44 KHUN 280703
CLIMSL


CLIMATE REPORT
NATIONAL WEATHER SERVICE HUNTSVILLE AL
202 AM CDT FRI AUG 28 2015


...................................

...THE MUSCLE SHOALS CLIMATE SUMMARY FOR AUGUST 27 2015...

CLIMATE NORMAL PERIOD 1981 TO 2010
CLIMATE RECORD PERIOD 1893 TO 2015


WEATHER ITEM   OBSERVED TIME   RECORD YEAR NORMAL DEPARTURE LAST
                VALUE   (LST)  VALUE       VALUE  FROM      YEAR
                                                  NORMAL
..................................................................
TEMPERATURE (F)
 YESTERDAY
  MAXIMUM         84    327 PM 105    1943  90     -6       92
  MINIMUM         61    530 AM  52    1927  68     -7       63
                                      1917
  AVERAGE         73                        79     -6       78

PRECIPITATION (IN)
  YESTERDAY        0.00          2.15 1932   0.10  -0.10     0.00
  MONTH TO DATE    4.71                      2.75   1.96     3.62
  SINCE JUN 1     11.80                     11.81  -0.01    16.11
  SINCE JAN 1     35.69                     35.31   0.38    32.90

SNOWFALL (IN)
  YESTERDAY        0.0
  MONTH TO DATE    0.0
  SINCE JUN 1      0.0
  SINCE JUL 1      0.0
  SNOW DEPTH       0

DEGREE DAYS
 HEATING
  YESTERDAY        0                         0      0        0
  MONTH TO DATE    0                         0      0        0
  SINCE JUN 1      0                         1     -1        0
  SINCE JUL 1      0                         0      0        0

 COOLING
  YESTERDAY        8                        14     -6       13
  MONTH TO DATE  362                       407    -45      370
  SINCE JUN 1   1362                      1246    116     1138
  SINCE JAN 1   1616                      1490    126     1395
..................................................................


WIND (MPH)
  HIGHEST WIND SPEED    12   HIGHEST WIND DIRECTION     E (80)
  HIGHEST GUST SPEED    17   HIGHEST GUST DIRECTION     N (10)
  AVERAGE WIND SPEED     4.0


SKY COVER
  POSSIBLE SUNSHINE  MM
  AVERAGE SKY COVER 0.0


WEATHER CONDITIONS
 THE FOLLOWING WEATHER WAS RECORDED YESTERDAY.
  NO SIGNIFICANT WEATHER WAS OBSERVED.


RELATIVE HUMIDITY (PERCENT)
 HIGHEST    87          1100 PM
 LOWEST     39          1200 PM
 AVERAGE    63

..........................................................


THE MUSCLE SHOALS CLIMATE NORMALS FOR TODAY
                         NORMAL    RECORD    YEAR
 MAXIMUM TEMPERATURE (F)   90       104      1909
 MINIMUM TEMPERATURE (F)   67        54      1967
                                             1927
                                             1917


SUNRISE AND SUNSET
AUGUST 28 2015........SUNRISE   620 AM CDT   SUNSET   723 PM CDT
AUGUST 29 2015........SUNRISE   621 AM CDT   SUNSET   721 PM CDT


-  INDICATES NEGATIVE NUMBERS.
R  INDICATES RECORD WAS SET OR TIED.
MM INDICATES DATA IS MISSING.
T  INDICATES TRACE AMOUNT.




$$
