972
CDUS44 KHUN 222125
CLIMSL


CLIMATE REPORT
NATIONAL WEATHER SERVICE HUNTSVILLE AL
424 PM CDT THU JUN 22 2017


...................................

...THE MUSCLE SHOALS CLIMATE SUMMARY FOR JUNE 22 2017...
VALID TODAY AS OF 0400 PM LOCAL TIME.

CLIMATE NORMAL PERIOD 1981 TO 2010
CLIMATE RECORD PERIOD 1893 TO 2017


WEATHER ITEM   OBSERVED TIME   RECORD YEAR NORMAL DEPARTURE LAST
                VALUE   (LST)  VALUE       VALUE  FROM      YEAR
                                                  NORMAL
..................................................................
TEMPERATURE (F)
 TODAY
  MAXIMUM         83    300 PM 104    1930  89     -6       96
  MINIMUM         73    706 AM  51    1961  68      5       74
  AVERAGE         78                        78      0       85

PRECIPITATION (IN)
  TODAY            0.21          1.47 1955   0.16   0.05     0.00
  MONTH TO DATE    0.94                      3.54  -2.60     3.19
  SINCE JUN 1      0.94                      3.54  -2.60     3.19
  SINCE JAN 1     21.91                     27.04  -5.13    19.67

SNOWFALL (IN)
  TODAY            0.0
  MONTH TO DATE    0.0
  SINCE JUN 1      0.0
  SINCE JUL 1      T
  SNOW DEPTH       0

DEGREE DAYS
 HEATING
  TODAY            0                         0      0        0
  MONTH TO DATE    0                         0      0        0
  SINCE JUN 1      0                         0      0        0
  SINCE JUL 1   2094                      3103  -1009     2360

 COOLING
  TODAY           13                        13      0       20
  MONTH TO DATE  260                       250     10      314
  SINCE JUN 1    260                       250     10      314
  SINCE JAN 1    589                       494     95      581
..................................................................


WIND (MPH)
  HIGHEST WIND SPEED    18   HIGHEST WIND DIRECTION     S (190)
  HIGHEST GUST SPEED    26   HIGHEST GUST DIRECTION     S (180)
  AVERAGE WIND SPEED    11.1


SKY COVER
  POSSIBLE SUNSHINE  MM
  AVERAGE SKY COVER 0.9


WEATHER CONDITIONS
 THE FOLLOWING WEATHER WAS RECORDED TODAY.
  LIGHT RAIN


RELATIVE HUMIDITY (PERCENT)
 HIGHEST    87          1200 AM
 LOWEST     74           300 PM
 AVERAGE    81

..........................................................


THE MUSCLE SHOALS CLIMATE NORMALS FOR TOMORROW
                         NORMAL    RECORD    YEAR
 MAXIMUM TEMPERATURE (F)   89       101      1930
 MINIMUM TEMPERATURE (F)   68        50      1902


SUNRISE AND SUNSET
JUNE 22 2017..........SUNRISE   538 AM CDT   SUNSET   807 PM CDT
JUNE 23 2017..........SUNRISE   538 AM CDT   SUNSET   807 PM CDT


-  INDICATES NEGATIVE NUMBERS.
R  INDICATES RECORD WAS SET OR TIED.
MM INDICATES DATA IS MISSING.
T  INDICATES TRACE AMOUNT.




$$
