000
CDUS43 KMKX 050653
CLIMSN


CLIMATE REPORT
NATIONAL WEATHER SERVICE IN MILWAUKEE
1251 AM CST MON DEC 5 2016


...................................

...THE MADISON WI CLIMATE SUMMARY FOR DECEMBER 4 2016...

CLIMATE NORMAL PERIOD 1981 TO 2010
CLIMATE RECORD PERIOD 1871 TO 2016


WEATHER ITEM   OBSERVED TIME   RECORD YEAR NORMAL DEPARTURE LAST
                VALUE   (LST)  VALUE       VALUE  FROM      YEAR
                                                  NORMAL
..................................................................
TEMPERATURE (F)
 YESTERDAY
  MAXIMUM         34   1155 PM  60    2001  34      0       49
  MINIMUM         30    208 PM -15    1886  20     10       28
  AVERAGE         32                        27      5       39

PRECIPITATION (IN)
  YESTERDAY        0.46          0.97 1973   0.07   0.39     0.00
  MONTH TO DATE    0.46                      0.29   0.17     0.16
  SINCE DEC 1      0.46                      0.29   0.17     0.16
  SINCE JAN 1     43.99                     33.03  10.96    36.42

SNOWFALL (IN)
  YESTERDAY        5.7 R         5.6  2007   0.4    5.3      0.0
  MONTH TO DATE    5.7                       1.6    4.1      1.0
  SINCE DEC 1      5.7                       1.6    4.1      1.0
  SINCE JUL 1      5.7                       5.7    0.0      5.1
  SNOW DEPTH       T

DEGREE DAYS
 HEATING
  YESTERDAY       33                        38     -5       26
  MONTH TO DATE  126                       150    -24      118
  SINCE DEC 1    126                       150    -24      118
  SINCE JUL 1   1148                      1729   -581     1309

 COOLING
  YESTERDAY        0                         0      0        0
  MONTH TO DATE    0                         0      0        0
  SINCE DEC 1      0                         0      0        0
  SINCE JAN 1    780                       568    212      666
..................................................................


WIND (MPH)
  HIGHEST WIND SPEED    15   HIGHEST WIND DIRECTION     S (160)
  HIGHEST GUST SPEED    19   HIGHEST GUST DIRECTION     S (170)
  AVERAGE WIND SPEED     8.2


SKY COVER
  POSSIBLE SUNSHINE  MM
  AVERAGE SKY COVER 1.0


WEATHER CONDITIONS
 THE FOLLOWING WEATHER WAS RECORDED YESTERDAY.
  SNOW
  LIGHT SNOW
  FOG


RELATIVE HUMIDITY (PERCENT)
 HIGHEST   100           100 PM
 LOWEST     72           100 AM
 AVERAGE    86

..........................................................


THE MADISON WI CLIMATE NORMALS FOR TODAY
                         NORMAL    RECORD    YEAR
 MAXIMUM TEMPERATURE (F)   34        64      2001
 MINIMUM TEMPERATURE (F)   19       -15      1871


SUNRISE AND SUNSET
DECEMBER  5 2016......SUNRISE   714 AM CST   SUNSET   422 PM CST
DECEMBER  6 2016......SUNRISE   715 AM CST   SUNSET   422 PM CST


-  INDICATES NEGATIVE NUMBERS.
R  INDICATES RECORD WAS SET OR TIED.
MM INDICATES DATA IS MISSING.
T  INDICATES TRACE AMOUNT.




$$
