000
CDUS43 KMKX 260651
CLIMSN


CLIMATE REPORT
NATIONAL WEATHER SERVICE IN MILWAUKEE
151 AM CDT SAT JUL 26 2014


...................................

...THE MADISON WI CLIMATE SUMMARY FOR JULY 25 2014...

CLIMATE NORMAL PERIOD 1981 TO 2010
CLIMATE RECORD PERIOD 1871 TO 2014


WEATHER ITEM   OBSERVED TIME   RECORD YEAR NORMAL DEPARTURE LAST
                VALUE   (LST)  VALUE       VALUE  FROM      YEAR
                                                  NORMAL
..................................................................
TEMPERATURE (F)
 YESTERDAY
  MAXIMUM         73    235 PM  98    2012  81     -8       79
                                      1934
  MINIMUM         63    555 AM  50    1991  61      2       58
                                      1962
  AVERAGE         68                        71     -3       69

PRECIPITATION (IN)
  YESTERDAY        0.02          2.67 1985   0.14  -0.12     0.08
  MONTH TO DATE    1.05                      3.43  -2.38     3.68
  SINCE JUN 1     10.60                      7.97   2.63    14.54
  SINCE JAN 1     22.35                     19.80   2.55    34.63

SNOWFALL (IN)
  YESTERDAY        0.0           0.0    MM   0.0    0.0      0.0
  MONTH TO DATE    0.0                       0.0    0.0      0.0
  SINCE JUN 1      0.0                       0.0    0.0      0.0
  SINCE JUL 1      0.0                       0.0    0.0      0.0
  SNOW DEPTH       0

DEGREE DAYS
 HEATING
  YESTERDAY        0                         0      0        0
  MONTH TO DATE   13                         0     13        4
  SINCE JUN 1     22                        60    -38       56
  SINCE JUL 1     13                         0     13        4

 COOLING
  YESTERDAY        3                         6     -3        4
  MONTH TO DATE  112                       172    -60      220
  SINCE JUN 1    294                       292      2      357
  SINCE JAN 1    345                       322     23      410
..................................................................


WIND (MPH)
  HIGHEST WIND SPEED    16   HIGHEST WIND DIRECTION     S (180)
  HIGHEST GUST SPEED    22   HIGHEST GUST DIRECTION     S (180)
  AVERAGE WIND SPEED     9.2


SKY COVER
  POSSIBLE SUNSHINE  MM
  AVERAGE SKY COVER 0.7


WEATHER CONDITIONS
 THE FOLLOWING WEATHER WAS RECORDED YESTERDAY.
  LIGHT RAIN


RELATIVE HUMIDITY (PERCENT)
 HIGHEST    81          1100 PM
 LOWEST     60           400 AM
 AVERAGE    71

..........................................................


THE MADISON WI CLIMATE NORMALS FOR TODAY
                         NORMAL    RECORD    YEAR
 MAXIMUM TEMPERATURE (F)   81       100      1955
 MINIMUM TEMPERATURE (F)   61        46      1977


SUNRISE AND SUNSET
JULY 26 2014..........SUNRISE   542 AM CDT   SUNSET   825 PM CDT
JULY 27 2014..........SUNRISE   543 AM CDT   SUNSET   824 PM CDT


-  INDICATES NEGATIVE NUMBERS.
R  INDICATES RECORD WAS SET OR TIED.
MM INDICATES DATA IS MISSING.
T  INDICATES TRACE AMOUNT.




$$
