000
CDUS43 KMKX 230641
CLIMSN


CLIMATE REPORT
NATIONAL WEATHER SERVICE IN MILWAUKEE
140 AM CDT SAT SEP 23 2017


...................................

...THE MADISON WI CLIMATE SUMMARY FOR SEPTEMBER 22 2017...

CLIMATE NORMAL PERIOD 1981 TO 2010
CLIMATE RECORD PERIOD 1871 TO 2017


WEATHER ITEM   OBSERVED TIME   RECORD YEAR NORMAL DEPARTURE LAST
                VALUE   (LST)  VALUE       VALUE  FROM      YEAR
                                                  NORMAL
..................................................................
TEMPERATURE (F)
 YESTERDAY
  MAXIMUM         91R   351 PM  89    1937  69     22       75
  MINIMUM         70    632 AM  25    1974  47     23       63
  AVERAGE         81                        58     23       69

PRECIPITATION (IN)
  YESTERDAY        0.00          3.67 2009   0.11  -0.11      T
  MONTH TO DATE    0.55                      2.37  -1.82     7.90
  SINCE SEP 1      0.55                      2.37  -1.82     7.90
  SINCE JAN 1     33.31                     27.19   6.12    36.14

SNOWFALL (IN)
  YESTERDAY        0.0           0.0    MM   0.0    0.0      0.0
  MONTH TO DATE    0.0                       0.0    0.0      0.0
  SINCE SEP 1      0.0                       0.0    0.0      0.0
  SINCE JUL 1      0.0                       0.0    0.0      0.0
  SNOW DEPTH       0

DEGREE DAYS
 HEATING
  YESTERDAY        0                         8     -8        0
  MONTH TO DATE   76                        98    -22        9
  SINCE SEP 1     76                        98    -22        9
  SINCE JUL 1    101                       135    -34       16

 COOLING
  YESTERDAY       16                         1     15        4
  MONTH TO DATE   68                        46     22       69
  SINCE SEP 1     68                        46     22       69
  SINCE JAN 1    528                       559    -31      764
..................................................................


WIND (MPH)
  HIGHEST WIND SPEED    18   HIGHEST WIND DIRECTION     S (180)
  HIGHEST GUST SPEED    23   HIGHEST GUST DIRECTION     S (180)
  AVERAGE WIND SPEED     7.7


SKY COVER
  POSSIBLE SUNSHINE  MM
  AVERAGE SKY COVER 0.1


WEATHER CONDITIONS
 THE FOLLOWING WEATHER WAS RECORDED YESTERDAY.
  NO SIGNIFICANT WEATHER WAS OBSERVED.


RELATIVE HUMIDITY (PERCENT)
 HIGHEST    90           300 AM
 LOWEST     41           300 PM
 AVERAGE    66

..........................................................


THE MADISON WI CLIMATE NORMALS FOR TODAY
                         NORMAL    RECORD    YEAR
 MAXIMUM TEMPERATURE (F)   69        90      1937
 MINIMUM TEMPERATURE (F)   47        26      1974


SUNRISE AND SUNSET
SEPTEMBER 23 2017.....SUNRISE   646 AM CDT   SUNSET   652 PM CDT
SEPTEMBER 24 2017.....SUNRISE   647 AM CDT   SUNSET   651 PM CDT


-  INDICATES NEGATIVE NUMBERS.
R  INDICATES RECORD WAS SET OR TIED.
MM INDICATES DATA IS MISSING.
T  INDICATES TRACE AMOUNT.




$$
