000
CDUS43 KMKX 070643
CLIMSN


CLIMATE REPORT
NATIONAL WEATHER SERVICE IN MILWAUKEE
142 AM CDT TUE JUL 7 2015


...................................

...THE MADISON WI CLIMATE SUMMARY FOR JULY 6 2015...

CLIMATE NORMAL PERIOD 1981 TO 2010
CLIMATE RECORD PERIOD 1871 TO 2015


WEATHER ITEM   OBSERVED TIME   RECORD YEAR NORMAL DEPARTURE LAST
                VALUE   (LST)  VALUE       VALUE  FROM      YEAR
                                                  NORMAL
..................................................................
TEMPERATURE (F)
 YESTERDAY
  MAXIMUM         80    249 PM 102    2012  82     -2       82
  MINIMUM         62   1159 PM  36    1965  61      1       65
  AVERAGE         71                        71      0       74

PRECIPITATION (IN)
  YESTERDAY        0.77          2.27 1954   0.14   0.63     0.00
  MONTH TO DATE    0.77                      0.83  -0.06     0.01
  SINCE JUN 1      3.92                      5.37  -1.45     9.56
  SINCE JAN 1     14.44                     17.20  -2.76    21.31

SNOWFALL (IN)
  YESTERDAY        0.0           0.0    MM   0.0    0.0      0.0
  MONTH TO DATE    0.0                       0.0    0.0      0.0
  SINCE JUN 1      0.0                       0.0    0.0      0.0
  SINCE JUL 1      0.0                       0.0    0.0      0.0
  SNOW DEPTH       0

DEGREE DAYS
 HEATING
  YESTERDAY        0                         0      0        0
  MONTH TO DATE   11                         0     11        3
  SINCE JUN 1     48                        60    -12       12
  SINCE JUL 1     11                         0     11        3

 COOLING
  YESTERDAY        6                         7     -1        9
  MONTH TO DATE   17                        40    -23       22
  SINCE JUN 1    128                       160    -32      204
  SINCE JAN 1    178                       190    -12      255
..................................................................


WIND (MPH)
  HIGHEST WIND SPEED    18   HIGHEST WIND DIRECTION    NW (330)
  HIGHEST GUST SPEED    27   HIGHEST GUST DIRECTION    NW (330)
  AVERAGE WIND SPEED     8.5


SKY COVER
  POSSIBLE SUNSHINE  MM
  AVERAGE SKY COVER 0.8


WEATHER CONDITIONS
 THE FOLLOWING WEATHER WAS RECORDED YESTERDAY.
  THUNDERSTORM
  RAIN
  LIGHT RAIN
  FOG
  HAZE


RELATIVE HUMIDITY (PERCENT)
 HIGHEST    93           900 PM
 LOWEST     73          1200 AM
 AVERAGE    83

..........................................................


THE MADISON WI CLIMATE NORMALS FOR TODAY
                         NORMAL    RECORD    YEAR
 MAXIMUM TEMPERATURE (F)   82       102      1936
 MINIMUM TEMPERATURE (F)   61        45      1997


SUNRISE AND SUNSET
JULY  7 2015..........SUNRISE   525 AM CDT   SUNSET   839 PM CDT
JULY  8 2015..........SUNRISE   526 AM CDT   SUNSET   839 PM CDT


-  INDICATES NEGATIVE NUMBERS.
R  INDICATES RECORD WAS SET OR TIED.
MM INDICATES DATA IS MISSING.
T  INDICATES TRACE AMOUNT.




$$
