000
CDUS45 KMSO 280747
CLIMSO


CLIMATE REPORT
NATIONAL WEATHER SERVICE MISSOULA, MT
1245 AM MST SUN DEC 28 2014


...................................

...THE MISSOULA MT CLIMATE SUMMARY FOR DECEMBER 27 2014...

CLIMATE NORMAL PERIOD 1981 TO 2010
CLIMATE RECORD PERIOD 1893 TO 2014


WEATHER ITEM   OBSERVED TIME   RECORD YEAR NORMAL DEPARTURE LAST
                VALUE   (LST)  VALUE       VALUE  FROM      YEAR
                                                  NORMAL
..................................................................
TEMPERATURE (F)
 YESTERDAY
  MAXIMUM         31    815 PM  56    1980  30      1       43
  MINIMUM         23    900 AM -19    1948  16      7       13
  AVERAGE         27                        23      4       28

PRECIPITATION (IN)
  YESTERDAY        T             0.55 1937   0.03  -0.03      T
  MONTH TO DATE    1.06                      0.91   0.15     1.07
  SINCE OCT 1      5.11                      2.80   2.31     1.66
  SINCE JAN 1     15.41                     14.00   1.41     9.39

SNOWFALL (IN)
  YESTERDAY        T
  MONTH TO DATE    6.6
  SINCE JAN 1     68.5
  SINCE JUL 1     16.6
  SNOW DEPTH       3

DEGREE DAYS
 HEATING
  YESTERDAY       38                        42     -4       37
  MONTH TO DATE  961                      1108   -147     1174
  SINCE DEC 1    961                      1108   -147     1174
  SINCE JUL 1   2717                      3004   -287     3029

 COOLING
  YESTERDAY        0                         0      0        0
  MONTH TO DATE    0                         0      0        0
  SINCE DEC 1      0                         0      0        0
  SINCE JAN 1    390                       332     58      579
..................................................................


WIND (MPH)
  HIGHEST WIND SPEED    26   HIGHEST WIND DIRECTION    SE (150)
  HIGHEST GUST SPEED    31   HIGHEST GUST DIRECTION    SE (150)
  AVERAGE WIND SPEED     6.9


SKY COVER
  POSSIBLE SUNSHINE  MM
  AVERAGE SKY COVER 1.0


WEATHER CONDITIONS
 THE FOLLOWING WEATHER WAS RECORDED YESTERDAY.
  LIGHT SNOW
  FOG


RELATIVE HUMIDITY (PERCENT)
 HIGHEST    92          1100 PM
 LOWEST     72           700 PM
 AVERAGE    82

..........................................................


THE MISSOULA MT CLIMATE NORMALS FOR TODAY
                         NORMAL    RECORD    YEAR
 MAXIMUM TEMPERATURE (F)   31        54      1965
 MINIMUM TEMPERATURE (F)   16       -14      1916


SUNRISE AND SUNSET
DECEMBER 28 2014......SUNRISE   821 AM MST   SUNSET   455 PM MST
DECEMBER 29 2014......SUNRISE   822 AM MST   SUNSET   455 PM MST


-  INDICATES NEGATIVE NUMBERS.
R  INDICATES RECORD WAS SET OR TIED.
MM INDICATES DATA IS MISSING.
T  INDICATES TRACE AMOUNT.




$$
