000
CDUS45 KMSO 212337
CLIMSO


CLIMATE REPORT
NATIONAL WEATHER SERVICE MISSOULA, MT
434 PM MST WED FEB 21 2018


...................................

...THE MISSOULA MT CLIMATE SUMMARY FOR FEBRUARY 21 2018...
VALID TODAY AS OF 0400 PM LOCAL TIME.

CLIMATE NORMAL PERIOD 1981 TO 2010
CLIMATE RECORD PERIOD 1893 TO 2018


WEATHER ITEM   OBSERVED TIME   RECORD YEAR NORMAL DEPARTURE LAST
                VALUE   (LST)  VALUE       VALUE  FROM      YEAR
                                                  NORMAL
..................................................................
TEMPERATURE (F)
 TODAY
  MAXIMUM         17    359 PM  65    1905  41    -24       43
  MINIMUM          4    742 AM  -9    1894  22    -18       32
  AVERAGE         11                        31    -20       38

PRECIPITATION (IN)
  TODAY            T             0.36 2017   0.03  -0.03     0.36
  MONTH TO DATE    1.47                      0.52   0.95     2.19
  SINCE OCT 1      6.03                      4.30   1.73     7.83
  SINCE JAN 1      2.21                      1.37   0.84     3.17

SNOWFALL (IN)
  TODAY            T
  MONTH TO DATE   14.1
  SINCE JAN 1     19.5
  SINCE JUL 1     46.8
  SNOW DEPTH       6

DEGREE DAYS
 HEATING
  TODAY           54                        34     20       27
  MONTH TO DATE  818                       752     66      774
  SINCE DEC 1   3206                      3245    -39     3771
  SINCE JUL 1   5096                      5141    -45     5525

 COOLING
  TODAY            0                         0      0        0
  MONTH TO DATE    0                         0      0        0
  SINCE DEC 1      0                         0      0        0
  SINCE JAN 1      0                         0      0        0
..................................................................


WIND (MPH)
  HIGHEST WIND SPEED     8   HIGHEST WIND DIRECTION    SE (130)
  HIGHEST GUST SPEED     9   HIGHEST GUST DIRECTION    SE (130)
  AVERAGE WIND SPEED     1.7


SKY COVER
  POSSIBLE SUNSHINE  MM
  AVERAGE SKY COVER 0.9


WEATHER CONDITIONS
 THE FOLLOWING WEATHER WAS RECORDED TODAY.
  NO SIGNIFICANT WEATHER WAS OBSERVED.


RELATIVE HUMIDITY (PERCENT)
 HIGHEST    87           400 AM
 LOWEST     54           100 PM
 AVERAGE    71

..........................................................


THE MISSOULA MT CLIMATE NORMALS FOR TOMORROW
                         NORMAL    RECORD    YEAR
 MAXIMUM TEMPERATURE (F)   41        56      1995
                                             1905
 MINIMUM TEMPERATURE (F)   22       -14      1910


SUNRISE AND SUNSET
FEBRUARY 21 2018......SUNRISE   730 AM MST   SUNSET   610 PM MST
FEBRUARY 22 2018......SUNRISE   729 AM MST   SUNSET   612 PM MST


-  INDICATES NEGATIVE NUMBERS.
R  INDICATES RECORD WAS SET OR TIED.
MM INDICATES DATA IS MISSING.
T  INDICATES TRACE AMOUNT.




$$
