062
CDUS45 KMSO 132333
CLIMSO


CLIMATE REPORT
NATIONAL WEATHER SERVICE MISSOULA, MT
432 PM MST WED DEC 13 2017


...................................

...THE MISSOULA MT CLIMATE SUMMARY FOR DECEMBER 13 2017...
VALID TODAY AS OF 0400 PM LOCAL TIME.

CLIMATE NORMAL PERIOD 1981 TO 2010
CLIMATE RECORD PERIOD 1893 TO 2017


WEATHER ITEM   OBSERVED TIME   RECORD YEAR NORMAL DEPARTURE LAST
                VALUE   (LST)  VALUE       VALUE  FROM      YEAR
                                                  NORMAL
..................................................................
TEMPERATURE (F)
 TODAY
  MAXIMUM         29    356 PM  56    1924  31     -2       29
  MINIMUM         18    426 AM -25    1919  17      1       16
  AVERAGE         24                        24      0       23

PRECIPITATION (IN)
  TODAY            0.01          0.53 1917   0.04  -0.03     0.01
  MONTH TO DATE    0.12                      0.44  -0.32     0.49
  SINCE OCT 1      2.32                      2.33  -0.01     3.66
  SINCE JAN 1     13.74                     13.53   0.21    12.99

SNOWFALL (IN)
  TODAY            0.1
  MONTH TO DATE    1.5
  SINCE JAN 1     45.8
  SINCE JUL 1      7.6
  SNOW DEPTH       T

DEGREE DAYS
 HEATING
  TODAY           41                        41      0       42
  MONTH TO DATE  512                       520     -8      539
  SINCE DEC 1    512                       520     -8      539
  SINCE JUL 1   2402                      2416    -14     2293

 COOLING
  TODAY            0                         0      0        0
  MONTH TO DATE    0                         0      0        0
  SINCE DEC 1      0                         0      0        0
  SINCE JAN 1    509                       332    177      287
..................................................................


WIND (MPH)
  HIGHEST WIND SPEED     8   HIGHEST WIND DIRECTION     W (290)
  HIGHEST GUST SPEED    12   HIGHEST GUST DIRECTION     W (290)
  AVERAGE WIND SPEED     1.8


SKY COVER
  POSSIBLE SUNSHINE  MM
  AVERAGE SKY COVER 0.9


WEATHER CONDITIONS
 THE FOLLOWING WEATHER WAS RECORDED TODAY.
  LIGHT SNOW
  FOG


RELATIVE HUMIDITY (PERCENT)
 HIGHEST    92          1200 AM
 LOWEST     81          1000 AM
 AVERAGE    87

..........................................................


THE MISSOULA MT CLIMATE NORMALS FOR TOMORROW
                         NORMAL    RECORD    YEAR
 MAXIMUM TEMPERATURE (F)   30        60      1924
 MINIMUM TEMPERATURE (F)   16       -23      1919


SUNRISE AND SUNSET
DECEMBER 13 2017......SUNRISE   814 AM MST   SUNSET   448 PM MST
DECEMBER 14 2017......SUNRISE   814 AM MST   SUNSET   448 PM MST


-  INDICATES NEGATIVE NUMBERS.
R  INDICATES RECORD WAS SET OR TIED.
MM INDICATES DATA IS MISSING.
T  INDICATES TRACE AMOUNT.




$$
