000
CDUS45 KMSO 252237
CLIMSO


CLIMATE REPORT
NATIONAL WEATHER SERVICE MISSOULA, MT
437 PM MDT SAT OCT 25 2014


...................................

...THE MISSOULA MT CLIMATE SUMMARY FOR OCTOBER 25 2014...
VALID TODAY AS OF 0400 PM LOCAL TIME.

CLIMATE NORMAL PERIOD 1981 TO 2010
CLIMATE RECORD PERIOD 1893 TO 2014


WEATHER ITEM   OBSERVED TIME   RECORD YEAR NORMAL DEPARTURE LAST
                VALUE   (LST)  VALUE       VALUE  FROM      YEAR
                                                  NORMAL
..................................................................
TEMPERATURE (F)
 TODAY
  MAXIMUM         50    259 PM  76    1924  53     -3       61
  MINIMUM         39    548 AM  10    1919  30      9       24
  AVERAGE         45                        42      3       43

PRECIPITATION (IN)
  TODAY            0.00          0.90 1896   0.03  -0.03     0.00
  MONTH TO DATE    1.10                      0.70   0.40     0.04
  SINCE OCT 1      1.10                      0.70   0.40     0.04
  SINCE JAN 1     11.40                     11.90  -0.50     7.77

SNOWFALL (IN)
  TODAY            0.0
  MONTH TO DATE    0.0
  SINCE JAN 1     51.9
  SINCE JUL 1      0.0
  SNOW DEPTH       0

DEGREE DAYS
 HEATING
  TODAY           20                        23     -3       22
  MONTH TO DATE  328                       469   -141      541
  SINCE SEP 1    519                       710   -191      734
  SINCE JUL 1    561                       794   -233      742

 COOLING
  TODAY            0                         0      0        0
  MONTH TO DATE    0                         0      0        0
  SINCE SEP 1     12                        15     -3       87
  SINCE JAN 1    390                       332     58      579
..................................................................


WIND (MPH)
  HIGHEST WIND SPEED     8   HIGHEST WIND DIRECTION     S (170)
  HIGHEST GUST SPEED    10   HIGHEST GUST DIRECTION     S (160)
  AVERAGE WIND SPEED     4.1


SKY COVER
  POSSIBLE SUNSHINE  MM
  AVERAGE SKY COVER 0.3


WEATHER CONDITIONS
 THE FOLLOWING WEATHER WAS RECORDED TODAY.
  FOG
  FOG W/VISIBILITY <= 1/4 MILE


RELATIVE HUMIDITY (PERCENT)
 HIGHEST   100          1200 AM
 LOWEST     80          1200 PM
 AVERAGE    90

..........................................................


THE MISSOULA MT CLIMATE NORMALS FOR TOMORROW
                         NORMAL    RECORD    YEAR
 MAXIMUM TEMPERATURE (F)   53        69      1907
 MINIMUM TEMPERATURE (F)   30         3      1931


SUNRISE AND SUNSET
OCTOBER 25 2014.......SUNRISE   809 AM MDT   SUNSET   631 PM MDT
OCTOBER 26 2014.......SUNRISE   810 AM MDT   SUNSET   630 PM MDT


-  INDICATES NEGATIVE NUMBERS.
R  INDICATES RECORD WAS SET OR TIED.
MM INDICATES DATA IS MISSING.
T  INDICATES TRACE AMOUNT.




$$
