000
CDUS45 KMSO 170737
CLIMSO


CLIMATE REPORT
NATIONAL WEATHER SERVICE MISSOULA, MT
137 AM MDT TUE OCT 17 2017


...................................

...THE MISSOULA MT CLIMATE SUMMARY FOR OCTOBER 16 2017...

CLIMATE NORMAL PERIOD 1981 TO 2010
CLIMATE RECORD PERIOD 1893 TO 2017


WEATHER ITEM   OBSERVED TIME   RECORD YEAR NORMAL DEPARTURE LAST
                VALUE   (LST)  VALUE       VALUE  FROM      YEAR
                                                  NORMAL
..................................................................
TEMPERATURE (F)
 YESTERDAY
  MAXIMUM         65    442 PM  75    1991  58      7       55
  MINIMUM         25    719 AM  20    1987  32     -7       35
                                      1946
                                      1930
  AVERAGE         45                        45      0       45

PRECIPITATION (IN)
  YESTERDAY        0.00          0.78 1933   0.03  -0.03     0.09
  MONTH TO DATE    0.37                      0.45  -0.08     1.11
  SINCE OCT 1      0.37                      0.45  -0.08     1.11
  SINCE JAN 1     11.79                     11.65   0.14    10.44

SNOWFALL (IN)
  YESTERDAY        0.0
  MONTH TO DATE    0.4
  SINCE JAN 1     38.6
  SINCE JUL 1      0.4
  SNOW DEPTH       0

DEGREE DAYS
 HEATING
  YESTERDAY       20                        20      0       20
  MONTH TO DATE  361                       272     89      297
  SINCE SEP 1    632                       513    119      556
  SINCE JUL 1    633                       597     36      654

 COOLING
  YESTERDAY        0                         0      0        0
  MONTH TO DATE    0                         0      0        0
  SINCE SEP 1     34                        15     19        5
  SINCE JAN 1    509                       332    177      287
..................................................................


WIND (MPH)
  HIGHEST WIND SPEED     8   HIGHEST WIND DIRECTION     N (340)
  HIGHEST GUST SPEED    14   HIGHEST GUST DIRECTION     W (290)
  AVERAGE WIND SPEED     2.1


SKY COVER
  POSSIBLE SUNSHINE  MM
  AVERAGE SKY COVER 0.0


WEATHER CONDITIONS
 THE FOLLOWING WEATHER WAS RECORDED YESTERDAY.
  HAZE


RELATIVE HUMIDITY (PERCENT)
 HIGHEST   100           600 AM
 LOWEST     22           400 PM
 AVERAGE    61

..........................................................


THE MISSOULA MT CLIMATE NORMALS FOR TODAY
                         NORMAL    RECORD    YEAR
 MAXIMUM TEMPERATURE (F)   57        75      2003
 MINIMUM TEMPERATURE (F)   32        10      1905


SUNRISE AND SUNSET
OCTOBER 17 2017.......SUNRISE   758 AM MDT   SUNSET   645 PM MDT
OCTOBER 18 2017.......SUNRISE   759 AM MDT   SUNSET   643 PM MDT


-  INDICATES NEGATIVE NUMBERS.
R  INDICATES RECORD WAS SET OR TIED.
MM INDICATES DATA IS MISSING.
T  INDICATES TRACE AMOUNT.




$$
