000
CDUS45 KMSO 210738
CLIMSO


CLIMATE REPORT
NATIONAL WEATHER SERVICE MISSOULA, MT
137 AM MDT TUE OCT 21 2014


...................................

...THE MISSOULA MT CLIMATE SUMMARY FOR OCTOBER 20 2014...

CLIMATE NORMAL PERIOD 1981 TO 2010
CLIMATE RECORD PERIOD 1893 TO 2014


WEATHER ITEM   OBSERVED TIME   RECORD YEAR NORMAL DEPARTURE LAST
                VALUE   (LST)  VALUE       VALUE  FROM      YEAR
                                                  NORMAL
..................................................................
TEMPERATURE (F)
 YESTERDAY
  MAXIMUM         70    404 PM  72    1897  56     14       62
  MINIMUM         30    654 AM  18    1976  31     -1       33
                                      1905
                                      1895
  AVERAGE         50                        44      6       48

PRECIPITATION (IN)
  YESTERDAY        0.00          0.43 1899   0.03  -0.03     0.00
  MONTH TO DATE    0.39                      0.56  -0.17     0.04
  SINCE OCT 1      0.39                      0.56  -0.17     0.04
  SINCE JAN 1     10.69                     11.76  -1.07     7.77

SNOWFALL (IN)
  YESTERDAY        0.0
  MONTH TO DATE    0.0
  SINCE JAN 1     51.9
  SINCE JUL 1      0.0
  SNOW DEPTH       0

DEGREE DAYS
 HEATING
  YESTERDAY       15                        22     -7       17
  MONTH TO DATE  246                       356   -110      437
  SINCE SEP 1    437                       597   -160      630
  SINCE JUL 1    479                       681   -202      638

 COOLING
  YESTERDAY        0                         0      0        0
  MONTH TO DATE    0                         0      0        0
  SINCE SEP 1     12                        15     -3       87
  SINCE JAN 1    390                       332     58      579
..................................................................


WIND (MPH)
  HIGHEST WIND SPEED     8   HIGHEST WIND DIRECTION    NE (40)
  HIGHEST GUST SPEED    10   HIGHEST GUST DIRECTION    NE (40)
  AVERAGE WIND SPEED     1.5


SKY COVER
  POSSIBLE SUNSHINE  MM
  AVERAGE SKY COVER 0.2


WEATHER CONDITIONS
 THE FOLLOWING WEATHER WAS RECORDED YESTERDAY.
  FOG


RELATIVE HUMIDITY (PERCENT)
 HIGHEST   100           400 AM
 LOWEST     31           300 PM
 AVERAGE    66

..........................................................


THE MISSOULA MT CLIMATE NORMALS FOR TODAY
                         NORMAL    RECORD    YEAR
 MAXIMUM TEMPERATURE (F)   55        80      2003
 MINIMUM TEMPERATURE (F)   31        18      1984
                                             1895


SUNRISE AND SUNSET
OCTOBER 21 2014.......SUNRISE   803 AM MDT   SUNSET   638 PM MDT
OCTOBER 22 2014.......SUNRISE   804 AM MDT   SUNSET   636 PM MDT


-  INDICATES NEGATIVE NUMBERS.
R  INDICATES RECORD WAS SET OR TIED.
MM INDICATES DATA IS MISSING.
T  INDICATES TRACE AMOUNT.




$$
