000
CDUS45 KMSO 300740
CLIMSO


CLIMATE REPORT
NATIONAL WEATHER SERVICE MISSOULA, MT
139 AM MDT SAT AUG 30 2014


...................................

...THE MISSOULA MT CLIMATE SUMMARY FOR AUGUST 29 2014...

CLIMATE NORMAL PERIOD 1981 TO 2010
CLIMATE RECORD PERIOD 1893 TO 2014


WEATHER ITEM   OBSERVED TIME   RECORD YEAR NORMAL DEPARTURE LAST
                VALUE   (LST)  VALUE       VALUE  FROM      YEAR
                                                  NORMAL
..................................................................
TEMPERATURE (F)
 YESTERDAY
  MAXIMUM         87    432 PM  94    2006  81      6       92
                                      1998
                                      1948
  MINIMUM         48    627 AM  32    1980  47      1       52
  AVERAGE         68                        64      4       72

PRECIPITATION (IN)
  YESTERDAY        0.00          0.32 1986   0.05  -0.05     0.03
  MONTH TO DATE    0.93                      1.11  -0.18     0.41
  SINCE OCT 1     11.72                     12.88  -1.16    11.10
  SINCE JAN 1     10.01                      9.95   0.06     6.31

SNOWFALL (IN)
  YESTERDAY        0.0
  MONTH TO DATE    0.0
  SINCE JAN 1     51.9
  SINCE JUL 1      0.0
  SNOW DEPTH       0

DEGREE DAYS
 HEATING
  YESTERDAY        0                         3     -3        0
  MONTH TO DATE   32                        41     -9        8
  SINCE JUN 1    215                       239    -24      149
  SINCE JUL 1     38                        79    -41        8

 COOLING
  YESTERDAY        3                         2      1        7
  MONTH TO DATE  135                       120     15      185
  SINCE JUN 1    375                       308     67      482
  SINCE JAN 1    375                       314     61      486
..................................................................


WIND (MPH)
  HIGHEST WIND SPEED    22   HIGHEST WIND DIRECTION     W (290)
  HIGHEST GUST SPEED    26   HIGHEST GUST DIRECTION     W (290)
  AVERAGE WIND SPEED     4.7


SKY COVER
  POSSIBLE SUNSHINE  MM
  AVERAGE SKY COVER 0.0


WEATHER CONDITIONS
 THE FOLLOWING WEATHER WAS RECORDED YESTERDAY.
  NO SIGNIFICANT WEATHER WAS OBSERVED.


RELATIVE HUMIDITY (PERCENT)
 HIGHEST    80           600 AM
 LOWEST     14           600 PM
 AVERAGE    47

..........................................................


THE MISSOULA MT CLIMATE NORMALS FOR TODAY
                         NORMAL    RECORD    YEAR
 MAXIMUM TEMPERATURE (F)   80        96      1955
                                             1940
 MINIMUM TEMPERATURE (F)   47        33      1965
                                             1910


SUNRISE AND SUNSET
AUGUST 30 2014........SUNRISE   653 AM MDT   SUNSET   820 PM MDT
AUGUST 31 2014........SUNRISE   655 AM MDT   SUNSET   818 PM MDT


-  INDICATES NEGATIVE NUMBERS.
R  INDICATES RECORD WAS SET OR TIED.
MM INDICATES DATA IS MISSING.
T  INDICATES TRACE AMOUNT.




$$
