000
CDUS43 KMPX 290051
CLIMSP


CLIMATE REPORT
NATIONAL WEATHER SERVICE CHANHASSEN MN
751 PM CDT TUE JUN 28 2016


...................................

...THE TWIN CITIES MN CLIMATE SUMMARY FOR JUNE 28 2016...
VALID TODAY AS OF 0700 PM LOCAL TIME.

CLIMATE NORMAL PERIOD 1981 TO 2010
CLIMATE RECORD PERIOD 1871 TO 2016


WEATHER ITEM   OBSERVED TIME   RECORD YEAR NORMAL DEPARTURE LAST
                VALUE   (LST)  VALUE       VALUE  FROM      YEAR
                                                  NORMAL
..................................................................
TEMPERATURE (F)
 TODAY
  MAXIMUM         77    438 PM 102    1931  82     -5       82
  MINIMUM         58    506 AM  47    1924  63     -5       64
                                      1895
  AVERAGE         68                        72     -4       73

PRECIPITATION (IN)
  TODAY            0.00          2.33 1920   0.15  -0.15     0.09
  MONTH TO DATE    4.39                      3.97   0.42     4.29
  SINCE JUN 1      4.39                      3.97   0.42     4.29
  SINCE JAN 1     13.31                     13.55  -0.24    11.62

SNOWFALL (IN)
  TODAY            0.0           0.0    MM   0.0    0.0      0.0
  MONTH TO DATE    0.0                       0.0    0.0      0.0
  SINCE JUN 1      0.0                       0.0    0.0      0.0
  SINCE JUL 1     36.7                      54.4  -17.7     32.4
  SNOW DEPTH       0

DEGREE DAYS
 HEATING
  TODAY            0                         0      0        0
  MONTH TO DATE    7                        44    -37        7
  SINCE JUN 1      7                        44    -37        7
  SINCE JUL 1   6283                      7580  -1297     7528

 COOLING
  TODAY            3                         8     -5        8
  MONTH TO DATE  192                       143     49      142
  SINCE JUN 1    192                       143     49      142
  SINCE JAN 1    268                       185     83      169
..................................................................


WIND (MPH)
  HIGHEST WIND SPEED    16   HIGHEST WIND DIRECTION    NE (40)
  HIGHEST GUST SPEED    20   HIGHEST GUST DIRECTION    NE (50)
  AVERAGE WIND SPEED     5.7


SKY COVER
  POSSIBLE SUNSHINE  MM
  AVERAGE SKY COVER 0.4


WEATHER CONDITIONS
 THE FOLLOWING WEATHER WAS RECORDED TODAY.
  HAZE


RELATIVE HUMIDITY (PERCENT)
 HIGHEST    77           400 AM
 LOWEST     41           400 PM
 AVERAGE    59

..........................................................


THE TWIN CITIES MN CLIMATE NORMALS FOR TOMORROW
                         NORMAL    RECORD    YEAR
 MAXIMUM TEMPERATURE (F)   83       102      1931
 MINIMUM TEMPERATURE (F)   63        47      1924


SUNRISE AND SUNSET
JUNE 28 2016..........SUNRISE   529 AM CDT   SUNSET   903 PM CDT
JUNE 29 2016..........SUNRISE   530 AM CDT   SUNSET   903 PM CDT


-  INDICATES NEGATIVE NUMBERS.
R  INDICATES RECORD WAS SET OR TIED.
MM INDICATES DATA IS MISSING.
T  INDICATES TRACE AMOUNT.




$$
