000
CDUS43 KMPX 300646
CLIMSP


CLIMATE REPORT
NATIONAL WEATHER SERVICE CHANHASSEN MN
145 AM CDT TUE MAY 30 2017


...................................

...THE TWIN CITIES MN CLIMATE SUMMARY FOR MAY 29 2017...

CLIMATE NORMAL PERIOD 1981 TO 2010
CLIMATE RECORD PERIOD 1871 TO 2017


WEATHER ITEM   OBSERVED TIME   RECORD YEAR NORMAL DEPARTURE LAST
                VALUE   (LST)  VALUE       VALUE  FROM      YEAR
                                                  NORMAL
..................................................................
TEMPERATURE (F)
 YESTERDAY
  MAXIMUM         65    232 PM  94    2006  73     -8       79
  MINIMUM         54    335 AM  33    1965  53      1       62
  AVERAGE         60                        63     -3       71

PRECIPITATION (IN)
  YESTERDAY        T             2.49 1942   0.10  -0.10      T
  MONTH TO DATE    4.80                      3.13   1.67     2.40
  SINCE MAR 1      9.93                      7.68   2.25     7.50
  SINCE JAN 1     11.55                      9.35   2.20     8.90

SNOWFALL (IN)
  YESTERDAY        0.0           0.0    MM   0.0    0.0      0.0
  MONTH TO DATE    T                         0.0    0.0      0.0
  SINCE MAR 1      5.2                      12.7   -7.5      5.9
  SINCE JUL 1     32.0                      54.4  -22.4     36.7
  SNOW DEPTH       0

DEGREE DAYS
 HEATING
  YESTERDAY        5                         4      1        0
  MONTH TO DATE  204                       210     -6      174
  SINCE MAR 1   1587                      1738   -151     1411
  SINCE JUL 1   6288                      7528  -1240     6276

 COOLING
  YESTERDAY        0                         2     -2        6
  MONTH TO DATE   21                        34    -13       58
  SINCE MAR 1     21                        39    -18       66
  SINCE JAN 1     21                        39    -18       66
..................................................................


WIND (MPH)
  HIGHEST WIND SPEED    25   HIGHEST WIND DIRECTION    NW (320)
  HIGHEST GUST SPEED    33   HIGHEST GUST DIRECTION    NW (300)
  AVERAGE WIND SPEED    13.8


SKY COVER
  POSSIBLE SUNSHINE  MM
  AVERAGE SKY COVER 0.9


WEATHER CONDITIONS
 THE FOLLOWING WEATHER WAS RECORDED YESTERDAY.
  LIGHT RAIN


RELATIVE HUMIDITY (PERCENT)
 HIGHEST    72           200 AM
 LOWEST     52           300 PM
 AVERAGE    62

..........................................................


THE TWIN CITIES MN CLIMATE NORMALS FOR TODAY
                         NORMAL    RECORD    YEAR
 MAXIMUM TEMPERATURE (F)   74        98      1934
 MINIMUM TEMPERATURE (F)   53        37      1947


SUNRISE AND SUNSET
MAY 30 2017...........SUNRISE   531 AM CDT   SUNSET   851 PM CDT
MAY 31 2017...........SUNRISE   530 AM CDT   SUNSET   851 PM CDT


-  INDICATES NEGATIVE NUMBERS.
R  INDICATES RECORD WAS SET OR TIED.
MM INDICATES DATA IS MISSING.
T  INDICATES TRACE AMOUNT.




$$
