000
CDUS41 KBTV 080553
CLIMSS


CLIMATE REPORT
NATIONAL WEATHER SERVICE BURLINGTON VT
1253 AM EST THU DEC 8 2016


...................................

...THE MASSENA NY CLIMATE SUMMARY FOR DECEMBER 7 2016...

CLIMATE NORMAL PERIOD 1981 TO 2010
CLIMATE RECORD PERIOD 1948 TO 2016


WEATHER ITEM   OBSERVED TIME   RECORD YEAR NORMAL DEPARTURE LAST
                VALUE   (LST)  VALUE       VALUE  FROM      YEAR
                                                  NORMAL
..................................................................
TEMPERATURE (F)
 YESTERDAY
  MAXIMUM         41    253 PM  65    1998  34      7       40
  MINIMUM         28   1059 PM  -7    2000  18     10       31
  AVERAGE         35                        26      9       36

PRECIPITATION (IN)
  YESTERDAY        0.04          0.94        0.08  -0.04     0.00
  MONTH TO DATE    0.65                      0.60   0.05     0.37
  SINCE DEC 1      0.65                      0.60   0.05     0.37
  SINCE JAN 1     28.53                     33.13  -4.60    27.11

DEGREE DAYS
 HEATING
  YESTERDAY       30                        39     -9       29
  MONTH TO DATE  211                       264    -53      197
  SINCE DEC 1    211                       264    -53      197
  SINCE JUL 1   1617                      2033   -416     1671

 COOLING
  YESTERDAY        0                         0      0        0
  MONTH TO DATE    0                         0      0        0
  SINCE DEC 1      0                         0      0        0
  SINCE JAN 1    527                       363    164      453
..................................................................


WIND (MPH)
  HIGHEST WIND SPEED    18   HIGHEST WIND DIRECTION    SW (230)
  HIGHEST GUST SPEED    28   HIGHEST GUST DIRECTION    SW (220)
  AVERAGE WIND SPEED     8.3


SKY COVER
  AVERAGE SKY COVER 0.9


WEATHER CONDITIONS
 THE FOLLOWING WEATHER WAS RECORDED YESTERDAY.
  LIGHT RAIN
  LT FREEZING RAIN
  LIGHT SNOW
  FOG


RELATIVE HUMIDITY (PERCENT)
 HIGHEST    92           500 AM
 LOWEST     59           400 PM
 AVERAGE    76

..........................................................


THE MASSENA NY CLIMATE NORMALS FOR TODAY
                         NORMAL    RECORD    YEAR
 MAXIMUM TEMPERATURE (F)   33        59      1966
 MINIMUM TEMPERATURE (F)   18       -17      2000


SUNRISE AND SUNSET
DECEMBER  8 2016......SUNRISE   725 AM EST   SUNSET   418 PM EST
DECEMBER  9 2016......SUNRISE   726 AM EST   SUNSET   418 PM EST


-  INDICATES NEGATIVE NUMBERS.
R  INDICATES RECORD WAS SET OR TIED.
MM INDICATES DATA IS MISSING.
T  INDICATES TRACE AMOUNT.




$$
