000
CDUS41 KBTV 200552
CLIMSS


CLIMATE REPORT
NATIONAL WEATHER SERVICE BURLINGTON VT
150 AM EDT SAT SEP 20 2014


...................................

...THE MASSENA NY CLIMATE SUMMARY FOR SEPTEMBER 19 2014...

CLIMATE NORMAL PERIOD 1981 TO 2010
CLIMATE RECORD PERIOD 1948 TO 2014


WEATHER ITEM   OBSERVED TIME   RECORD YEAR NORMAL DEPARTURE LAST
                VALUE   (LST)  VALUE       VALUE  FROM      YEAR
                                                  NORMAL
..................................................................
TEMPERATURE (F)
 YESTERDAY
  MAXIMUM         60    318 PM  87    1955  68     -8       75
  MINIMUM         28R   444 AM  30    2008  46    -18       39
                                      1969
  AVERAGE         44                        57    -13       57

PRECIPITATION (IN)
  YESTERDAY        0.00          0.75        0.12  -0.12     0.00
  MONTH TO DATE    1.04                      2.24  -1.20     3.73
  SINCE SEP 1      1.04                      2.24  -1.20     3.73
  SINCE JAN 1     26.50                     24.78   1.72    26.85

DEGREE DAYS
 HEATING
  YESTERDAY       21                         8     13        8
  MONTH TO DATE  139                       106     33      141
  SINCE SEP 1    139                       106     33      141
  SINCE JUL 1    199                       181     18      197

 COOLING
  YESTERDAY        0                         1     -1        0
  MONTH TO DATE   39                        24     15       30
  SINCE SEP 1     39                        24     15       30
  SINCE JAN 1    327                       360    -33      417
..................................................................


WIND (MPH)
  HIGHEST WIND SPEED    13   HIGHEST WIND DIRECTION     E (80)
  HIGHEST GUST SPEED    15   HIGHEST GUST DIRECTION     E (70)
  AVERAGE WIND SPEED     2.3


SKY COVER
  AVERAGE SKY COVER 0.0


WEATHER CONDITIONS
 THE FOLLOWING WEATHER WAS RECORDED YESTERDAY.
  FOG


RELATIVE HUMIDITY (PERCENT)
 HIGHEST   100           400 AM
 LOWEST     37           300 PM
 AVERAGE    69

..........................................................


THE MASSENA NY CLIMATE NORMALS FOR TODAY
                         NORMAL    RECORD    YEAR
 MAXIMUM TEMPERATURE (F)   68        88      1983
 MINIMUM TEMPERATURE (F)   46        29      1969


SUNRISE AND SUNSET
SEPTEMBER 20 2014.....SUNRISE   644 AM EDT   SUNSET   701 PM EDT
SEPTEMBER 21 2014.....SUNRISE   645 AM EDT   SUNSET   659 PM EDT


-  INDICATES NEGATIVE NUMBERS.
R  INDICATES RECORD WAS SET OR TIED.
MM INDICATES DATA IS MISSING.
T  INDICATES TRACE AMOUNT.




$$
