000
CDUS41 KBTV 230536
CLIMSS


CLIMATE REPORT
NATIONAL WEATHER SERVICE BURLINGTON VT
134 AM EDT SAT MAY 23 2015


...................................

...THE MASSENA NY CLIMATE SUMMARY FOR MAY 22 2015...

CLIMATE NORMAL PERIOD 1981 TO 2010
CLIMATE RECORD PERIOD 1948 TO 2015


WEATHER ITEM   OBSERVED TIME   RECORD YEAR NORMAL DEPARTURE LAST
                VALUE   (LST)  VALUE       VALUE  FROM      YEAR
                                                  NORMAL
..................................................................
TEMPERATURE (F)
 YESTERDAY
  MAXIMUM         57   1133 AM  89    1977  69    -12       71
  MINIMUM         31   1128 PM  30    1967  46    -15       53
  AVERAGE         44                        57    -13       62

PRECIPITATION (IN)
  YESTERDAY        T             0.94        0.11  -0.11      T
  MONTH TO DATE    0.54                      2.15  -1.61     1.90
  SINCE MAR 1      3.56                      7.06  -3.50     6.98
  SINCE JAN 1      4.98                     11.01  -6.03     9.72

DEGREE DAYS
 HEATING
  YESTERDAY       21                         9     12        3
  MONTH TO DATE  138                       254   -116      216
  SINCE MAR 1   2073                      2049     24     2343
  SINCE JUL 1   8239                      8036    203     8512

 COOLING
  YESTERDAY        0                         1     -1        0
  MONTH TO DATE   20                         3     17       11
  SINCE MAR 1     20                         4     16       11
  SINCE JAN 1     20                         4     16       11
..................................................................


WIND (MPH)
  HIGHEST WIND SPEED    24   HIGHEST WIND DIRECTION     W (280)
  HIGHEST GUST SPEED    32   HIGHEST GUST DIRECTION    NW (300)
  AVERAGE WIND SPEED    11.3


SKY COVER
  AVERAGE SKY COVER 0.5


WEATHER CONDITIONS
 THE FOLLOWING WEATHER WAS RECORDED YESTERDAY.
  LIGHT RAIN


RELATIVE HUMIDITY (PERCENT)
 HIGHEST    71           400 AM
 LOWEST     32           200 PM
 AVERAGE    52

..........................................................


THE MASSENA NY CLIMATE NORMALS FOR TODAY
                         NORMAL    RECORD    YEAR
 MAXIMUM TEMPERATURE (F)   69        94      1975
 MINIMUM TEMPERATURE (F)   46        27      1967


SUNRISE AND SUNSET
MAY 23 2015...........SUNRISE   523 AM EDT   SUNSET   830 PM EDT
MAY 24 2015...........SUNRISE   522 AM EDT   SUNSET   831 PM EDT


-  INDICATES NEGATIVE NUMBERS.
R  INDICATES RECORD WAS SET OR TIED.
MM INDICATES DATA IS MISSING.
T  INDICATES TRACE AMOUNT.




$$
