000
CDUS41 KBTV 190537
CLIMSS


CLIMATE REPORT
NATIONAL WEATHER SERVICE BURLINGTON VT
135 AM EDT TUE SEP 19 2017


...................................

...THE MASSENA NY CLIMATE SUMMARY FOR SEPTEMBER 18 2017...

CLIMATE NORMAL PERIOD 1981 TO 2010
CLIMATE RECORD PERIOD 1948 TO 2017


WEATHER ITEM   OBSERVED TIME   RECORD YEAR NORMAL DEPARTURE LAST
                VALUE   (LST)  VALUE       VALUE  FROM      YEAR
                                                  NORMAL
..................................................................
TEMPERATURE (F)
 YESTERDAY
  MAXIMUM         84    311 PM  86    1955  69     15       81
  MINIMUM         52    529 AM  33    2014  47      5       63
                                      1969
  AVERAGE         68                        58     10       72

PRECIPITATION (IN)
  YESTERDAY        0.00          1.33        0.13  -0.13     0.38
  MONTH TO DATE    0.77                      2.12  -1.35     0.96
  SINCE SEP 1      0.77                      2.12  -1.35     0.96
  SINCE JAN 1     30.14                     24.66   5.48    22.07

DEGREE DAYS
 HEATING
  YESTERDAY        0                         8     -8        0
  MONTH TO DATE   85                        98    -13       57
  SINCE SEP 1     85                        98    -13       57
  SINCE JUL 1    137                       173    -36       68

 COOLING
  YESTERDAY        3                         1      2        7
  MONTH TO DATE   16                        23     -7       40
  SINCE SEP 1     16                        23     -7       40
  SINCE JAN 1    342                       359    -17      520
..................................................................


WIND (MPH)
  HIGHEST WIND SPEED     8   HIGHEST WIND DIRECTION    NE (30)
  HIGHEST GUST SPEED    10   HIGHEST GUST DIRECTION    NE (40)
  AVERAGE WIND SPEED     1.2


SKY COVER
  AVERAGE SKY COVER 0.1


WEATHER CONDITIONS
 THE FOLLOWING WEATHER WAS RECORDED YESTERDAY.
  FOG
  FOG W/VISIBILITY <= 1/4 MILE


RELATIVE HUMIDITY (PERCENT)
 HIGHEST   100          1200 AM
 LOWEST     55           300 PM
 AVERAGE    78

..........................................................


THE MASSENA NY CLIMATE NORMALS FOR TODAY
                         NORMAL    RECORD    YEAR
 MAXIMUM TEMPERATURE (F)   68        87      1955
 MINIMUM TEMPERATURE (F)   46        28      2014


SUNRISE AND SUNSET
SEPTEMBER 19 2017.....SUNRISE   643 AM EDT   SUNSET   702 PM EDT
SEPTEMBER 20 2017.....SUNRISE   644 AM EDT   SUNSET   700 PM EDT


-  INDICATES NEGATIVE NUMBERS.
R  INDICATES RECORD WAS SET OR TIED.
MM INDICATES DATA IS MISSING.
T  INDICATES TRACE AMOUNT.




$$
