000
CDUS41 KBTV 240535
CLIMSS


CLIMATE REPORT
NATIONAL WEATHER SERVICE BURLINGTON VT
133 AM EDT FRI MAR 24 2017


...................................

...THE MASSENA NY CLIMATE SUMMARY FOR MARCH 23 2017...

CLIMATE NORMAL PERIOD 1981 TO 2010
CLIMATE RECORD PERIOD 1948 TO 2017


WEATHER ITEM   OBSERVED TIME   RECORD YEAR NORMAL DEPARTURE LAST
                VALUE   (LST)  VALUE       VALUE  FROM      YEAR
                                                  NORMAL
..................................................................
TEMPERATURE (F)
 YESTERDAY
  MAXIMUM         35    501 PM  73    1979  41     -6       37
  MINIMUM          5    300 AM  -2    2014  22    -17       30
  AVERAGE         20                        31    -11       34

PRECIPITATION (IN)
  YESTERDAY        0.00          1.01        0.07  -0.07     0.10
  MONTH TO DATE    1.01                      1.51  -0.50     1.23
  SINCE MAR 1      1.01                      1.51  -0.50     1.23
  SINCE JAN 1      4.44                      5.46  -1.02     5.89

DEGREE DAYS
 HEATING
  YESTERDAY       45                        34     11       31
  MONTH TO DATE  999                       893    106      784
  SINCE MAR 1    999                       893    106      784
  SINCE JUL 1   5925                      6880   -955     5830

 COOLING
  YESTERDAY        0                         0      0        0
  MONTH TO DATE    0                         0      0        0
  SINCE MAR 1      0                         0      0        0
  SINCE JAN 1      0                         0      0        0
..................................................................


WIND (MPH)
  HIGHEST WIND SPEED    17   HIGHEST WIND DIRECTION    SW (210)
  HIGHEST GUST SPEED    23   HIGHEST GUST DIRECTION     W (290)
  AVERAGE WIND SPEED     7.7


SKY COVER
  AVERAGE SKY COVER 0.0


WEATHER CONDITIONS
 THE FOLLOWING WEATHER WAS RECORDED YESTERDAY.
  NO SIGNIFICANT WEATHER WAS OBSERVED.


RELATIVE HUMIDITY (PERCENT)
 HIGHEST    76           300 AM
 LOWEST     27           400 PM
 AVERAGE    52

..........................................................


THE MASSENA NY CLIMATE NORMALS FOR TODAY
                         NORMAL    RECORD    YEAR
 MAXIMUM TEMPERATURE (F)   41        67      1979
 MINIMUM TEMPERATURE (F)   22       -11      2014


SUNRISE AND SUNSET
MARCH 24 2017.........SUNRISE   655 AM EDT   SUNSET   717 PM EDT
MARCH 25 2017.........SUNRISE   653 AM EDT   SUNSET   719 PM EDT


-  INDICATES NEGATIVE NUMBERS.
R  INDICATES RECORD WAS SET OR TIED.
MM INDICATES DATA IS MISSING.
T  INDICATES TRACE AMOUNT.




$$
