000
CDUS41 KBTV 290527
CLIMSS


CLIMATE REPORT
NATIONAL WEATHER SERVICE BURLINGTON VT
123 AM EDT SUN MAR 29 2015


...................................

...THE MASSENA NY CLIMATE SUMMARY FOR MARCH 28 2015...

CLIMATE NORMAL PERIOD 1981 TO 2010
CLIMATE RECORD PERIOD 1948 TO 2015


WEATHER ITEM   OBSERVED TIME   RECORD YEAR NORMAL DEPARTURE LAST
                VALUE   (LST)  VALUE       VALUE  FROM      YEAR
                                                  NORMAL
..................................................................
TEMPERATURE (F)
 YESTERDAY
  MAXIMUM         28    547 PM  79    1998  44    -16       47
  MINIMUM         13    703 AM  -6    1974  24    -11       26
  AVERAGE         21                        34    -13       37

PRECIPITATION (IN)
  YESTERDAY        T             0.93        0.07  -0.07     0.32
  MONTH TO DATE    0.54                      1.86  -1.32     0.72
  SINCE MAR 1      0.54                      1.86  -1.32     0.72
  SINCE JAN 1      1.96                      5.81  -3.85     3.46

DEGREE DAYS
 HEATING
  YESTERDAY       44                        31     13       28
  MONTH TO DATE 1191                      1054    137     1334
  SINCE MAR 1   1191                      1054    137     1334
  SINCE JUL 1   7357                      7041    316     7503

 COOLING
  YESTERDAY        0                         0      0        0
  MONTH TO DATE    0                         0      0        0
  SINCE MAR 1      0                         0      0        0
  SINCE JAN 1      0                         0      0        0
..................................................................


WIND (MPH)
  HIGHEST WIND SPEED    14   HIGHEST WIND DIRECTION    NW (310)
  HIGHEST GUST SPEED    19   HIGHEST GUST DIRECTION     N (340)
  AVERAGE WIND SPEED     7.7


SKY COVER
  AVERAGE SKY COVER 0.5


WEATHER CONDITIONS
 THE FOLLOWING WEATHER WAS RECORDED YESTERDAY.
  LIGHT SNOW


RELATIVE HUMIDITY (PERCENT)
 HIGHEST    80           500 AM
 LOWEST     31           500 PM
 AVERAGE    56

..........................................................


THE MASSENA NY CLIMATE NORMALS FOR TODAY
                         NORMAL    RECORD    YEAR
 MAXIMUM TEMPERATURE (F)   44        74      1977
 MINIMUM TEMPERATURE (F)   25       -10      1974


SUNRISE AND SUNSET
MARCH 29 2015.........SUNRISE   646 AM EDT   SUNSET   723 PM EDT
MARCH 30 2015.........SUNRISE   644 AM EDT   SUNSET   724 PM EDT


-  INDICATES NEGATIVE NUMBERS.
R  INDICATES RECORD WAS SET OR TIED.
MM INDICATES DATA IS MISSING.
T  INDICATES TRACE AMOUNT.




$$
