000
CDUS41 KBTV 140523
CLIMSS


CLIMATE REPORT
NATIONAL WEATHER SERVICE BURLINGTON VT
121 AM EDT MON JUL 14 2014


...................................

...THE MASSENA NY CLIMATE SUMMARY FOR JULY 13 2014...

CLIMATE NORMAL PERIOD 1981 TO 2010
CLIMATE RECORD PERIOD 1948 TO 2014


WEATHER ITEM   OBSERVED TIME   RECORD YEAR NORMAL DEPARTURE LAST
                VALUE   (LST)  VALUE       VALUE  FROM      YEAR
                                                  NORMAL
..................................................................
TEMPERATURE (F)
 YESTERDAY
  MAXIMUM         77    536 PM  93    1995  80     -3       85
  MINIMUM         60    321 AM  44    1971  58      2       53
  AVERAGE         69                        69      0       69

PRECIPITATION (IN)
  YESTERDAY        0.69          1.48        0.11   0.58     0.00
  MONTH TO DATE    1.75                      1.46   0.29     2.40
  SINCE JUN 1      6.68                      4.98   1.70    10.02
  SINCE JAN 1     16.61                     16.91  -0.30    18.32

DEGREE DAYS
 COOLING
  YESTERDAY        4                         5     -1        4
  MONTH TO DATE   66                        62      4       87
  SINCE JUN 1    150                       137     13      164
  SINCE JAN 1    165                       151     14      187
..................................................................


WIND (MPH)
  HIGHEST WIND SPEED    21   HIGHEST WIND DIRECTION    SW (210)
  HIGHEST GUST SPEED    28   HIGHEST GUST DIRECTION    SW (220)
  AVERAGE WIND SPEED     8.3


SKY COVER
  AVERAGE SKY COVER 0.4


WEATHER CONDITIONS
 THE FOLLOWING WEATHER WAS RECORDED YESTERDAY.
  HEAVY RAIN
  RAIN
  LIGHT RAIN
  FOG


RELATIVE HUMIDITY (PERCENT)
 HIGHEST   100           100 AM
 LOWEST     74           900 AM
 AVERAGE    87

..........................................................


THE MASSENA NY CLIMATE NORMALS FOR TODAY
                         NORMAL    RECORD    YEAR
 MAXIMUM TEMPERATURE (F)   80        92      2012
                                             1995
 MINIMUM TEMPERATURE (F)   58        47      1990


SUNRISE AND SUNSET
JULY 14 2014..........SUNRISE   526 AM EDT   SUNSET   844 PM EDT
JULY 15 2014..........SUNRISE   527 AM EDT   SUNSET   843 PM EDT


-  INDICATES NEGATIVE NUMBERS.
R  INDICATES RECORD WAS SET OR TIED.
MM INDICATES DATA IS MISSING.
T  INDICATES TRACE AMOUNT.




$$
