000
CDUS41 KBTV 290546
CLIMSS


CLIMATE REPORT
NATIONAL WEATHER SERVICE BURLINGTON VT
1242 AM EST THU JAN 29 2015


...................................

...THE MASSENA NY CLIMATE SUMMARY FOR JANUARY 28 2015...

CLIMATE NORMAL PERIOD 1981 TO 2010
CLIMATE RECORD PERIOD 1948 TO 2015


WEATHER ITEM   OBSERVED TIME   RECORD YEAR NORMAL DEPARTURE LAST
                VALUE   (LST)  VALUE       VALUE  FROM      YEAR
                                                  NORMAL
..................................................................
TEMPERATURE (F)
 YESTERDAY
  MAXIMUM         18    448 PM  50    1994  25     -7       14
  MINIMUM         -2   1159 PM -29    2003   4     -6       -1
  AVERAGE          8                        14     -6        7

PRECIPITATION (IN)
  YESTERDAY        0.00          1.14        0.07  -0.07      T
  MONTH TO DATE    1.16                      2.00  -0.84     1.46
  SINCE DEC 1      2.14                      4.43  -2.29     3.09
  SINCE JAN 1      1.16                      2.00  -0.84     1.46

DEGREE DAYS
 HEATING
  YESTERDAY       57                        51      6       58
  MONTH TO DATE 1511                      1415     96     1434
  SINCE DEC 1   2691                      2745    -54     2894
  SINCE JUL 1   4252                      4514   -262     4645

 COOLING
  YESTERDAY        0                         0      0        0
  MONTH TO DATE    0                         0      0        0
  SINCE DEC 1      0                         0      0        0
  SINCE JAN 1      0                         0      0        0
..................................................................


WIND (MPH)
  HIGHEST WIND SPEED    12   HIGHEST WIND DIRECTION     W (250)
  HIGHEST GUST SPEED    14   HIGHEST GUST DIRECTION    SW (240)
  AVERAGE WIND SPEED     5.5


SKY COVER
  AVERAGE SKY COVER 0.0


WEATHER CONDITIONS
 THE FOLLOWING WEATHER WAS RECORDED YESTERDAY.
  NO SIGNIFICANT WEATHER WAS OBSERVED.


RELATIVE HUMIDITY (PERCENT)
 HIGHEST    69           800 AM
 LOWEST     33           300 PM
 AVERAGE    51

..........................................................


THE MASSENA NY CLIMATE NORMALS FOR TODAY
                         NORMAL    RECORD    YEAR
 MAXIMUM TEMPERATURE (F)   25        50      1950
 MINIMUM TEMPERATURE (F)    5       -25      1971


SUNRISE AND SUNSET
JANUARY 29 2015.......SUNRISE   723 AM EST   SUNSET   503 PM EST
JANUARY 30 2015.......SUNRISE   722 AM EST   SUNSET   504 PM EST


-  INDICATES NEGATIVE NUMBERS.
R  INDICATES RECORD WAS SET OR TIED.
MM INDICATES DATA IS MISSING.
T  INDICATES TRACE AMOUNT.




$$
