000
CDUS41 KBTV 250552
CLIMSS


CLIMATE REPORT
NATIONAL WEATHER SERVICE BURLINGTON VT
1250 AM EST SAT NOV 25 2017


...................................

...THE MASSENA NY CLIMATE SUMMARY FOR NOVEMBER 24 2017...

CLIMATE NORMAL PERIOD 1981 TO 2010
CLIMATE RECORD PERIOD 1948 TO 2017


WEATHER ITEM   OBSERVED TIME   RECORD YEAR NORMAL DEPARTURE LAST
                VALUE   (LST)  VALUE       VALUE  FROM      YEAR
                                                  NORMAL
..................................................................
TEMPERATURE (F)
 YESTERDAY
  MAXIMUM         49   1041 PM  70    2014  40      9       33
  MINIMUM         35    736 AM  -8    2000  24     11       23
  AVERAGE         42                        32     10       28

PRECIPITATION (IN)
  YESTERDAY        0.00          0.78        0.09  -0.09     0.05
  MONTH TO DATE    2.60                      2.47   0.13     0.42
  SINCE SEP 1      8.20                      9.43  -1.23     6.54
  SINCE JAN 1     37.57                     31.97   5.60    27.65

DEGREE DAYS
 HEATING
  YESTERDAY       23                        33    -10       37
  MONTH TO DATE  710                       682     28      597
  SINCE SEP 1   1151                      1488   -337     1217
  SINCE JUL 1   1203                      1563   -360     1228

 COOLING
  YESTERDAY        0                         0      0        0
  MONTH TO DATE    0                         0      0        0
  SINCE SEP 1     73                        27     46       47
  SINCE JAN 1    399                       363     36      527
..................................................................


WIND (MPH)
  HIGHEST WIND SPEED    25   HIGHEST WIND DIRECTION    SW (210)
  HIGHEST GUST SPEED    32   HIGHEST GUST DIRECTION     S (200)
  AVERAGE WIND SPEED    11.6


SKY COVER
  AVERAGE SKY COVER 0.6


WEATHER CONDITIONS
 THE FOLLOWING WEATHER WAS RECORDED YESTERDAY.
  NO SIGNIFICANT WEATHER WAS OBSERVED.


RELATIVE HUMIDITY (PERCENT)
 HIGHEST    92          1200 AM
 LOWEST     46           900 PM
 AVERAGE    69

..........................................................


THE MASSENA NY CLIMATE NORMALS FOR TODAY
                         NORMAL    RECORD    YEAR
 MAXIMUM TEMPERATURE (F)   39        67      2001
 MINIMUM TEMPERATURE (F)   24         5      2005


SUNRISE AND SUNSET
NOVEMBER 25 2017......SUNRISE   710 AM EST   SUNSET   422 PM EST
NOVEMBER 26 2017......SUNRISE   711 AM EST   SUNSET   422 PM EST


-  INDICATES NEGATIVE NUMBERS.
R  INDICATES RECORD WAS SET OR TIED.
MM INDICATES DATA IS MISSING.
T  INDICATES TRACE AMOUNT.




$$
