000
CDUS41 KBTV 020529
CLIMSS


CLIMATE REPORT
NATIONAL WEATHER SERVICE BURLINGTON VT
127 AM EDT THU JUL 2 2015


...................................

...THE MASSENA NY CLIMATE SUMMARY FOR JULY 1 2015...

CLIMATE NORMAL PERIOD 1981 TO 2010
CLIMATE RECORD PERIOD 1948 TO 2015


WEATHER ITEM   OBSERVED TIME   RECORD YEAR NORMAL DEPARTURE LAST
                VALUE   (LST)  VALUE       VALUE  FROM      YEAR
                                                  NORMAL
..................................................................
TEMPERATURE (F)
 YESTERDAY
  MAXIMUM         73        MM  93    1963  79     -6       91
  MINIMUM         58        MM  45    2007  57      1       67
                                      1986
  AVERAGE         66                        68     -2       79

PRECIPITATION (IN)
  YESTERDAY        0.39          0.62        0.12   0.27      T
  MONTH TO DATE    0.39                      0.12   0.27      T
  SINCE JUN 1      5.51                      3.64   1.87     4.93
  SINCE JAN 1     11.50                     15.57  -4.07    14.86

DEGREE DAYS
 HEATING
  YESTERDAY        0                         1     -1        0
  MONTH TO DATE    0                         1     -1        0
  SINCE JUN 1    101                        97      4       38
  SINCE JUL 1      0                         1     -1        0

 COOLING
  YESTERDAY        1                         4     -3       14
  MONTH TO DATE    1                         4     -3       14
  SINCE JUN 1     48                        79    -31       98
  SINCE JAN 1     93                        93      0      113
..................................................................


WIND (MPH)
  HIGHEST WIND SPEED    18   HIGHEST WIND DIRECTION     W (290)
  HIGHEST GUST SPEED    25   HIGHEST GUST DIRECTION    SW (210)
  AVERAGE WIND SPEED     9.8


SKY COVER
  AVERAGE SKY COVER 0.9


WEATHER CONDITIONS
 THE FOLLOWING WEATHER WAS RECORDED YESTERDAY.
  THUNDERSTORM
  HEAVY RAIN
  RAIN
  LIGHT RAIN
  FOG


RELATIVE HUMIDITY (PERCENT)
 HIGHEST    97           100 AM
 LOWEST     72           900 PM
 AVERAGE    85

..........................................................


THE MASSENA NY CLIMATE NORMALS FOR TODAY
                         NORMAL    RECORD    YEAR
 MAXIMUM TEMPERATURE (F)   79        93      1963
 MINIMUM TEMPERATURE (F)   57        38      1978


SUNRISE AND SUNSET
JULY  2 2015..........SUNRISE   517 AM EDT   SUNSET   849 PM EDT
JULY  3 2015..........SUNRISE   518 AM EDT   SUNSET   849 PM EDT


-  INDICATES NEGATIVE NUMBERS.
R  INDICATES RECORD WAS SET OR TIED.
MM INDICATES DATA IS MISSING.
T  INDICATES TRACE AMOUNT.




$$
