363
CDUS42 KKEY 290540
CLIMTH

CLIMATE REPORT
NATIONAL WEATHER SERVICE KEY WEST FL
140 AM EDT FRI JUL 29 2016

...................................

...THE MARATHON CLIMATE SUMMARY FOR JULY 28 2016...

CLIMATE NORMAL PERIOD 1981 TO 2010

WEATHER ITEM   OBSERVED TIME   NORMAL DEPARTURE LAST
                VALUE   (LST)  VALUE  FROM      YEAR
                                      NORMAL
......................................................
TEMPERATURE (F)
 YESTERDAY
  MAXIMUM         88    410 PM  91     -3       92
  MINIMUM         79    704 AM  80     -1       81
  AVERAGE         84            85     -1       87

PRECIPITATION (IN)
  YESTERDAY        0.01          0.16  -0.15     0.00
  MONTH TO DATE    4.77          3.81   0.96     1.27
  SINCE JUN 1      7.82          9.42  -1.60     3.78
  SINCE JAN 1     20.62         21.36  -0.74    10.74

SNOWFALL (IN)
  YESTERDAY        0.0
  MONTH TO DATE    0.0
  SINCE JUN 1      0.0
  SINCE JUL 1      0.0
  SNOW DEPTH       0

DEGREE DAYS
 HEATING
  YESTERDAY        0             0      0        0
  MONTH TO DATE    0             0      0        0
  SINCE JUN 1      0             0      0        0
  SINCE JUL 1      0             0      0        0

 COOLING
  YESTERDAY       19            20     -1       22
  MONTH TO DATE  592           560     32      618
  SINCE JUN 1   1184          1154     30     1211
  SINCE JAN 1   2799          2697    102     3067
......................................................

WIND (MPH)
  HIGHEST WIND SPEED    13   HIGHEST WIND DIRECTION    SE (140)
  HIGHEST GUST SPEED    21   HIGHEST GUST DIRECTION    SE (140)
  AVERAGE WIND SPEED     6.9

SKY COVER
  POSSIBLE SUNSHINE  MM
  AVERAGE SKY COVER 0.1

WEATHER CONDITIONS
 THE FOLLOWING WEATHER WAS RECORDED YESTERDAY.
  THUNDERSTORM
  LIGHT RAIN

RELATIVE HUMIDITY (PERCENT)
 HIGHEST    91
 LOWEST     72
 AVERAGE    82
..........................................................

THE MARATHON CLIMATE NORMALS FOR TODAY
                         NORMAL
 MAXIMUM TEMPERATURE (F)   91
 MINIMUM TEMPERATURE (F)   80

SUNRISE AND SUNSET
JULY 29 2016..........SUNRISE   651 AM EDT   SUNSET   810 PM EDT
JULY 30 2016..........SUNRISE   652 AM EDT   SUNSET   809 PM EDT

-  INDICATES NEGATIVE NUMBERS.
R  INDICATES RECORD WAS SET OR TIED.
MM INDICATES DATA IS MISSING.
T  INDICATES TRACE AMOUNT.

$$
BS
