000
CDUS42 KKEY 240539
CLIMTH


CLIMATE REPORT
NATIONAL WEATHER SERVICE KEY WEST, FL
1239 AM EST FRI FEB 24 2017


...................................

...THE MARATHON CLIMATE SUMMARY FOR FEBRUARY 23 2017...

CLIMATE NORMAL PERIOD 1981 TO 2010
CLIMATE RECORD PERIOD 9999 TO 9999


WEATHER ITEM   OBSERVED TIME   NORMAL DEPARTURE LAST
                VALUE   (LST)  VALUE  FROM      YEAR
                                      NORMAL
......................................................
TEMPERATURE (F)
 YESTERDAY
  MAXIMUM         79    237 PM  77      2       81
  MINIMUM         69    446 AM  67      2       71
  AVERAGE         74            72      2       76

PRECIPITATION (IN)
  YESTERDAY        0.00          0.09  -0.09     0.18
  MONTH TO DATE    0.63          1.84  -1.21     2.82
  SINCE DEC 1      3.40          5.47  -2.07    15.99
  SINCE JAN 1      1.50          3.45  -1.95     8.05

SNOWFALL (IN)
  YESTERDAY        0.0
  MONTH TO DATE    0.0
  SINCE DEC 1      0.0
  SINCE JUL 1      0.0
  SNOW DEPTH       0

DEGREE DAYS
 HEATING
  YESTERDAY        0             1     -1        0
  MONTH TO DATE    0            19    -19       17
  SINCE DEC 1      3            77    -74       44
  SINCE JUL 1      3            78    -75       44

 COOLING
  YESTERDAY        9             8      1       11
  MONTH TO DATE  258           161     97      139
  SINCE DEC 1   1032           570    462      669
  SINCE JAN 1    574           342    232      273
......................................................


WIND (MPH)
  HIGHEST WIND SPEED    16   HIGHEST WIND DIRECTION     W (280)
  HIGHEST GUST SPEED    22   HIGHEST GUST DIRECTION     W (270)
  AVERAGE WIND SPEED     9.3


SKY COVER
  POSSIBLE SUNSHINE  MM
  AVERAGE SKY COVER 0.2


WEATHER CONDITIONS
 THE FOLLOWING WEATHER WAS RECORDED YESTERDAY.
  NO SIGNIFICANT WEATHER WAS OBSERVED.


RELATIVE HUMIDITY (PERCENT)
 HIGHEST    84
 LOWEST     58
 AVERAGE    71

..........................................................


THE MARATHON CLIMATE NORMALS FOR TODAY
                         NORMAL
 MAXIMUM TEMPERATURE (F)   77
 MINIMUM TEMPERATURE (F)   67


SUNRISE AND SUNSET
FEBRUARY 24 2017......SUNRISE   651 AM EST   SUNSET   624 PM EST
FEBRUARY 25 2017......SUNRISE   650 AM EST   SUNSET   625 PM EST


-  INDICATES NEGATIVE NUMBERS.
R  INDICATES RECORD WAS SET OR TIED.
MM INDICATES DATA IS MISSING.
T  INDICATES TRACE AMOUNT.




$$
