864
CDUS42 KKEY 242118
CLIMTH


CLIMATE REPORT
NATIONAL WEATHER SERVICE KEY WEST, FL
418 PM EST FRI NOV 24 2017


...................................

...THE MARATHON CLIMATE SUMMARY FOR NOVEMBER 24 2017...
VALID TODAY AS OF 0400 PM LOCAL TIME.

CLIMATE NORMAL PERIOD 1981 TO 2010


WEATHER ITEM   OBSERVED TIME   NORMAL DEPARTURE LAST
                VALUE   (LST)  VALUE  FROM      YEAR
                                      NORMAL
......................................................
TEMPERATURE (F)
 TODAY
  MAXIMUM         80    249 PM  80      0       82
  MINIMUM         73    725 AM  70      3       74
  AVERAGE         77            75      2       78

PRECIPITATION (IN)
  TODAY            0.00          0.08  -0.08     0.16
  MONTH TO DATE    0.44          2.37  -1.93     0.56
  SINCE SEP 1     11.63         14.88  -3.25     6.78
  SINCE JAN 1     30.30         43.70 -13.40    35.97

SNOWFALL (IN)
  TODAY            0.0
  MONTH TO DATE    0.0
  SINCE SEP 1      0.0
  SINCE JUL 1      0.0
  SNOW DEPTH       0

DEGREE DAYS
 HEATING
  TODAY            0             0      0        0
  MONTH TO DATE    0             0      0        0
  SINCE SEP 1      0             0      0        0
  SINCE JUL 1      0             0      0        0

 COOLING
  TODAY           12            10      2       13
  MONTH TO DATE  289           268     21      305
  SINCE SEP 1   1359          1321     38     1396
  SINCE JAN 1   5306          4707    599     4876
......................................................


WIND (MPH)
  HIGHEST WIND SPEED    12   HIGHEST WIND DIRECTION    NW (300)
  HIGHEST GUST SPEED    16   HIGHEST GUST DIRECTION    SW (210)
  AVERAGE WIND SPEED     6.4


SKY COVER
  POSSIBLE SUNSHINE  MM
  AVERAGE SKY COVER 0.2


WEATHER CONDITIONS
 THE FOLLOWING WEATHER WAS RECORDED TODAY.
  NO SIGNIFICANT WEATHER WAS OBSERVED.


RELATIVE HUMIDITY (PERCENT)
 HIGHEST    87
 LOWEST     62
 AVERAGE    75

..........................................................


THE MARATHON CLIMATE NORMALS FOR TOMORROW
                         NORMAL
 MAXIMUM TEMPERATURE (F)   79
 MINIMUM TEMPERATURE (F)   70


SUNRISE AND SUNSET
NOVEMBER 24 2017......SUNRISE   647 AM EST   SUNSET   535 PM EST
NOVEMBER 25 2017......SUNRISE   648 AM EST   SUNSET   535 PM EST


-  INDICATES NEGATIVE NUMBERS.
R  INDICATES RECORD WAS SET OR TIED.
MM INDICATES DATA IS MISSING.
T  INDICATES TRACE AMOUNT.




$$
