000
CDUS42 KKEY 312048
CLIMTH

CLIMATE REPORT
NATIONAL WEATHER SERVICE KEY WEST, FL
434 PM EDT THU JUL 31 2014


...................................

...THE MARATHON CLIMATE SUMMARY FOR JULY 31 2014...
VALID TODAY AS OF 0400 PM LOCAL TIME.

CLIMATE NORMAL PERIOD 1981 TO 2010

WEATHER ITEM   OBSERVED TIME   NORMAL DEPARTURE LAST
                VALUE   (LST)  VALUE  FROM      YEAR
                                      NORMAL
......................................................
TEMPERATURE (F)
 TODAY
  MAXIMUM         94    118 PM  91      3       92
  MINIMUM         77    124 AM  80     -3       83
  AVERAGE         86            86      0       88

PRECIPITATION (IN)
  TODAY            0.44          0.16   0.28     0.10
  MONTH TO DATE    2.57          4.28  -1.71     8.04
  SINCE JUN 1      6.44          9.89  -3.45    17.29
  SINCE JAN 1     13.02         21.83  -8.81    37.05

SNOWFALL (IN)
  TODAY            0.0
  MONTH TO DATE    0.0
  SINCE JUN 1      0.0
  SINCE JUL 1      0.0
  SNOW DEPTH       0

DEGREE DAYS
 HEATING
  TODAY            0             0      0        0
  MONTH TO DATE    0             0      0        0
  SINCE JUN 1      0             0      0        0
  SINCE JUL 1      0             0      0        0

 COOLING
  TODAY           21            20      1       23
  MONTH TO DATE  671           620     51      624
  SINCE JUN 1   1234          1214     20     1240
  SINCE JAN 1   3019          2757    262     3070
......................................................


WIND (MPH)
  HIGHEST WIND SPEED    12   HIGHEST WIND DIRECTION     N (10)
  HIGHEST GUST SPEED    17   HIGHEST GUST DIRECTION     W (280)
  AVERAGE WIND SPEED     4.2


SKY COVER
  POSSIBLE SUNSHINE  MM
  AVERAGE SKY COVER 0.0


WEATHER CONDITIONS
 THE FOLLOWING WEATHER WAS RECORDED TODAY.
  THUNDERSTORM
  HEAVY RAIN
  RAIN
  LIGHT RAIN


RELATIVE HUMIDITY (PERCENT)
 HIGHEST    74
 LOWEST     56
 AVERAGE    65

..........................................................


THE MARATHON CLIMATE NORMALS FOR TOMORROW
                         NORMAL
 MAXIMUM TEMPERATURE (F)   91
 MINIMUM TEMPERATURE (F)   80


SUNRISE AND SUNSET
JULY 31 2014..........SUNRISE   652 AM EDT   SUNSET   809 PM EDT
AUGUST  1 2014........SUNRISE   652 AM EDT   SUNSET   809 PM EDT


-  INDICATES NEGATIVE NUMBERS.
R  INDICATES RECORD WAS SET OR TIED.
MM INDICATES DATA IS MISSING.
T  INDICATES TRACE AMOUNT.




$$
