000
CDUS42 KKEY 300551 RRA
CLIMTH

CLIMATE REPORT
NATIONAL WEATHER SERVICE KEY WEST, FL
143 AM EDT SAT APR 30 2016

...................................

...THE MARATHON CLIMATE SUMMARY FOR APRIL 29 2016...

CLIMATE NORMAL PERIOD 1981 TO 2010

WEATHER ITEM   OBSERVED TIME   NORMAL DEPARTURE LAST
                VALUE   (LST)  VALUE  FROM      YEAR
                                      NORMAL
......................................................
TEMPERATURE (F)
 YESTERDAY
  MAXIMUM         87    219 PM  84      3       83
  MINIMUM         77    608 AM  73      4       72
  AVERAGE         82            79      3       78

PRECIPITATION (IN)
  YESTERDAY        0.00          0.08  -0.08     2.57
  MONTH TO DATE    1.46          2.31  -0.85     3.09
  SINCE MAR 1      2.12          4.70  -2.58     4.21
  SINCE JAN 1     10.48          8.52   1.96     6.44

SNOWFALL (IN)
  YESTERDAY        0.0
  MONTH TO DATE    0.0
  SINCE MAR 1      0.0
  SINCE JUL 1      0.0
  SNOW DEPTH       0

DEGREE DAYS
 HEATING
  YESTERDAY        0             0      0        0
  MONTH TO DATE    0             0      0        0
  SINCE MAR 1      0             6     -6        0
  SINCE JUL 1     49            81    -32       50

 COOLING
  YESTERDAY       17            14      3       13
  MONTH TO DATE  403           356     47      505
  SINCE MAR 1    779           639    140      909
  SINCE JAN 1   1075          1021     54     1296
......................................................

WIND (MPH)
  HIGHEST WIND SPEED    12   HIGHEST WIND DIRECTION     E (80)
  HIGHEST GUST SPEED    16   HIGHEST GUST DIRECTION    SE (120)
  AVERAGE WIND SPEED     6.5

SKY COVER
  POSSIBLE SUNSHINE  MM
  AVERAGE SKY COVER 0.1

WEATHER CONDITIONS
 THE FOLLOWING WEATHER WAS RECORDED YESTERDAY.
  NO SIGNIFICANT WEATHER WAS OBSERVED.

RELATIVE HUMIDITY (PERCENT)
 HIGHEST    79
 LOWEST     61
 AVERAGE    70
..........................................................

THE MARATHON CLIMATE NORMALS FOR TODAY
                         NORMAL
 MAXIMUM TEMPERATURE (F)   84
 MINIMUM TEMPERATURE (F)   74

SUNRISE AND SUNSET
APRIL 30 2016.........SUNRISE   649 AM EDT   SUNSET   754 PM EDT
MAY  1 2016...........SUNRISE   649 AM EDT   SUNSET   754 PM EDT

-  INDICATES NEGATIVE NUMBERS.
R  INDICATES RECORD WAS SET OR TIED.
MM INDICATES DATA IS MISSING.
T  INDICATES TRACE AMOUNT.

$$

FLING
