000
CDUS42 KKEY 010548 RRA
CLIMTH

CLIMATE REPORT NATIONAL WEATHER SERVICE KEY WEST, FL

1247 AM EST SUN FEB 1 2015


...................................

...THE MARATHON CLIMATE SUMMARY FOR JANUARY 31 2015...

CLIMATE NORMAL PERIOD 1981 TO 2010


WEATHER ITEM   OBSERVED TIME   NORMAL DEPARTURE LAST
                VALUE   (LST)  VALUE  FROM      YEAR
                                      NORMAL
......................................................
TEMPERATURE (F)
 YESTERDAY
  MAXIMUM         74    156 PM  76     -2       83
  MINIMUM         62    712 AM  65     -3       69
  AVERAGE         68            71     -3       76

PRECIPITATION (IN)
  YESTERDAY        0.00          0.06  -0.06     0.48
  MONTH TO DATE    0.20          1.61  -1.41     3.29
  SINCE DEC 1      1.74          3.63  -1.89     6.06
  SINCE JAN 1      0.20          1.61  -1.41     3.29

SNOWFALL (IN)
  YESTERDAY        0.0
  MONTH TO DATE    0.0
  SINCE DEC 1      0.0
  SINCE JUL 1      0.0
  SNOW DEPTH       0

DEGREE DAYS
 HEATING
  YESTERDAY        0             1     -1        0
  MONTH TO DATE    3            40    -37       33
  SINCE DEC 1     18            58    -40       33
  SINCE JUL 1     24            59    -35       34

 COOLING
  YESTERDAY        3             6     -3       11
  MONTH TO DATE  232           181     51      184
  SINCE DEC 1    471           409     62      544
  SINCE JAN 1    232           181     51      184
......................................................


WIND (MPH)
  HIGHEST WIND SPEED    18   HIGHEST WIND DIRECTION    NE (50)
  HIGHEST GUST SPEED    25   HIGHEST GUST DIRECTION    NE (60)
  AVERAGE WIND SPEED    12.2


SKY COVER
  POSSIBLE SUNSHINE  MM
  AVERAGE SKY COVER 0.2


WEATHER CONDITIONS
 THE FOLLOWING WEATHER WAS RECORDED YESTERDAY.
  NO SIGNIFICANT WEATHER WAS OBSERVED.


RELATIVE HUMIDITY (PERCENT)
 HIGHEST    93
 LOWEST     57
 AVERAGE    75

..........................................................


THE MARATHON CLIMATE NORMALS FOR TODAY
                         NORMAL
 MAXIMUM TEMPERATURE (F)   76
 MINIMUM TEMPERATURE (F)   65


SUNRISE AND SUNSET
FEBRUARY  1 2015......SUNRISE   707 AM EST   SUNSET   609 PM EST
FEBRUARY  2 2015......SUNRISE   706 AM EST   SUNSET   610 PM EST


-  INDICATES NEGATIVE NUMBERS.
R  INDICATES RECORD WAS SET OR TIED.
MM INDICATES DATA IS MISSING.
T  INDICATES TRACE AMOUNT.




$$
