000
CDUS45 KGJT 270800
CLIMTJ


CLIMATE REPORT
NATIONAL WEATHER SERVICE GRAND JUNCTION CO
130 AM MDT FRI MAY 27 2016


...................................

...THE MONTROSE CO CLIMATE SUMMARY FOR MAY 26 2016...

CLIMATE NORMAL PERIOD 1981 TO 2010
CLIMATE RECORD PERIOD 9999 TO 9999


WEATHER ITEM   OBSERVED TIME   RECORD YEAR NORMAL DEPARTURE LAST
                VALUE   (LST)  VALUE       VALUE  FROM      YEAR
                                                  NORMAL
..................................................................
TEMPERATURE (F)
 YESTERDAY
  MAXIMUM         68   1009 AM  MM      MM  77     -9       71
  MINIMUM         47   1157 PM  MM      MM  46      1       42
  AVERAGE         58                        62     -4       57

PRECIPITATION (IN)
  YESTERDAY        0.01         MM      MM   0.02  -0.01     0.02
  MONTH TO DATE    0.96                      0.99  -0.03     1.80
  SINCE MAR 1      2.33                      2.98  -0.65     3.14
  SINCE JAN 1      2.93                      4.21  -1.28     4.39

SNOWFALL (IN)
  YESTERDAY       MM            MM      MM  MM     MM       MM
  MONTH TO DATE   MM                        MM     MM       MM
  SINCE MAR 1     MM                        MM     MM       MM
  SINCE JUL 1     MM                        MM     MM       MM
  SNOW DEPTH      MM

DEGREE DAYS
 HEATING
  YESTERDAY        7                         5      2        8
  MONTH TO DATE  217                       207     10      270
  SINCE MAR 1   1384                      1430    -46     1284
  SINCE JUL 1   5874                      6145   -271     5372

 COOLING
  YESTERDAY        0                         1     -1        0
  MONTH TO DATE    2                         8     -6        0
  SINCE MAR 1      2                         8     -6        0
  SINCE JAN 1      2                         8     -6        0
..................................................................


WIND (MPH)
  HIGHEST WIND SPEED    39   HIGHEST WIND DIRECTION     S (160)
  HIGHEST GUST SPEED    47   HIGHEST GUST DIRECTION     S (160)
  AVERAGE WIND SPEED    12.2


SKY COVER
  POSSIBLE SUNSHINE  MM
  AVERAGE SKY COVER 0.4


WEATHER CONDITIONS
 THE FOLLOWING WEATHER WAS RECORDED YESTERDAY.
  LIGHT RAIN
  HAZE


RELATIVE HUMIDITY (PERCENT)
 HIGHEST    43           100 PM
 LOWEST     16          1000 AM
 AVERAGE    30

..........................................................


THE MONTROSE CO CLIMATE NORMALS FOR TODAY
                         NORMAL    RECORD    YEAR
 MAXIMUM TEMPERATURE (F)   78        MM        MM
 MINIMUM TEMPERATURE (F)   46        MM        MM


SUNRISE AND SUNSET
MAY 27 2016...........SUNRISE   551 AM MDT   SUNSET   827 PM MDT
MAY 28 2016...........SUNRISE   551 AM MDT   SUNSET   827 PM MDT


-  INDICATES NEGATIVE NUMBERS.
R  INDICATES RECORD WAS SET OR TIED.
MM INDICATES DATA IS MISSING.
T  INDICATES TRACE AMOUNT.




$$
