000
CDUS45 KGJT 222331
CLIMTJ


CLIMATE REPORT
NATIONAL WEATHER SERVICE GRAND JUNCTION CO
529 PM MDT FRI MAY 22 2015


...................................

...THE MONTROSE CO CLIMATE SUMMARY FOR MAY 22 2015...
VALID TODAY AS OF 0500 PM LOCAL TIME.

CLIMATE NORMAL PERIOD 1981 TO 2010
CLIMATE RECORD PERIOD 9999 TO 9999


WEATHER ITEM   OBSERVED TIME   RECORD YEAR NORMAL DEPARTURE LAST
                VALUE   (LST)  VALUE       VALUE  FROM      YEAR
                                                  NORMAL
..................................................................
TEMPERATURE (F)
 TODAY
  MAXIMUM         70    301 PM  MM      MM  76     -6       76
  MINIMUM         45    520 AM  MM      MM  45      0       53
  AVERAGE         58                        60     -2       65

PRECIPITATION (IN)
  TODAY            0.02         MM      MM   0.03  -0.01      T
  MONTH TO DATE    1.46                      0.90   0.56     0.35
  SINCE MAR 1      2.80                      2.89  -0.09     1.43
  SINCE JAN 1      4.05                      4.12  -0.07     2.48

SNOWFALL (IN)
  TODAY           MM            MM      MM  MM     MM       MM
  MONTH TO DATE   MM                        MM     MM       MM
  SINCE MAR 1     MM                        MM     MM       MM
  SINCE JUL 1     MM                        MM     MM       MM
  SNOW DEPTH      MM

DEGREE DAYS
 HEATING
  TODAY            7                         5      2        0
  MONTH TO DATE  222                       187     35      190
  SINCE MAR 1   1236                      1410   -174     1354
  SINCE JUL 1   5324                      6125   -801     6086

 COOLING
  TODAY            0                         1     -1        0
  MONTH TO DATE    0                         4     -4       18
  SINCE MAR 1      0                         4     -4       18
  SINCE JAN 1      0                         4     -4       18
..................................................................


WIND (MPH)
  HIGHEST WIND SPEED    23   HIGHEST WIND DIRECTION    SW (210)
  HIGHEST GUST SPEED    29   HIGHEST GUST DIRECTION    SW (220)
  AVERAGE WIND SPEED     4.9


SKY COVER
  POSSIBLE SUNSHINE  MM
  AVERAGE SKY COVER 0.4


WEATHER CONDITIONS
 THE FOLLOWING WEATHER WAS RECORDED TODAY.
  LIGHT RAIN


RELATIVE HUMIDITY (PERCENT)
 HIGHEST    86           400 AM
 LOWEST     22           300 PM
 AVERAGE    54

..........................................................


THE MONTROSE CO CLIMATE NORMALS FOR TOMORROW
                         NORMAL    RECORD    YEAR
 MAXIMUM TEMPERATURE (F)   76        MM        MM
 MINIMUM TEMPERATURE (F)   45        MM        MM


SUNRISE AND SUNSET
MAY 22 2015...........SUNRISE   555 AM MDT   SUNSET   822 PM MDT
MAY 23 2015...........SUNRISE   554 AM MDT   SUNSET   823 PM MDT


-  INDICATES NEGATIVE NUMBERS.
R  INDICATES RECORD WAS SET OR TIED.
MM INDICATES DATA IS MISSING.
T  INDICATES TRACE AMOUNT.




$$
