000
CDUS43 KILX 210655
CLIMTO


CLIMATE REPORT
NATIONAL WEATHER SERVICE LINCOLN IL
150 AM CDT FRI JUL 21 2017


...................................

...THE MATTOON IL AIRPORT CLIMATE SUMMARY FOR JULY 20 2017...

CLIMATE NORMAL PERIOD 1981 TO 2010
CLIMATE RECORD PERIOD 9999 TO 9999


WEATHER ITEM   OBSERVED TIME   RECORD YEAR NORMAL DEPARTURE LAST
                VALUE   (LST)  VALUE       VALUE  FROM      YEAR
                                                  NORMAL
..................................................................
TEMPERATURE (F)
 YESTERDAY
  MAXIMUM         94    300 PM  MM      MM  86      8       86
  MINIMUM         76   1202 AM  MM      MM  66     10       68
  AVERAGE         85                        76      9       77

PRECIPITATION (IN)
  YESTERDAY        0.00         MM      MM   0.16  -0.16     0.01
  MONTH TO DATE    0.61                      2.90  -2.29     3.61
  SINCE JUN 1      4.84                      7.14  -2.30     5.75
  SINCE JAN 1     21.22                     21.49  -0.27    17.49

DEGREE DAYS
 HEATING
  YESTERDAY        0                         0      0        0
  MONTH TO DATE    0                         0      0        5
  SINCE JUN 1      1                        17    -16        5
  SINCE JUL 1      0                         0      0        5

 COOLING
  YESTERDAY       20                        11      9       12
  MONTH TO DATE  253                       218     35      196
  SINCE JUN 1    513                       441     72      509
  SINCE JAN 1    619                       529     90      584
..................................................................


WIND (MPH)
  HIGHEST WIND SPEED    16   HIGHEST WIND DIRECTION    SW (220)
  HIGHEST GUST SPEED    22   HIGHEST GUST DIRECTION    SW (210)
  AVERAGE WIND SPEED     7.2


SKY COVER
  POSSIBLE SUNSHINE  MM
  AVERAGE SKY COVER 0.1


WEATHER CONDITIONS
 THE FOLLOWING WEATHER WAS RECORDED YESTERDAY.
  FOG


RELATIVE HUMIDITY (PERCENT)
 HIGHEST   100          1200 AM
 LOWEST     52           300 PM
 AVERAGE    76

..........................................................


THE MATTOON IL AIRPORT CLIMATE NORMALS FOR TODAY
                         NORMAL    RECORD    YEAR
 MAXIMUM TEMPERATURE (F)   86        MM        MM
 MINIMUM TEMPERATURE (F)   66        MM        MM


SUNRISE AND SUNSET
JULY 21 2017..........SUNRISE   543 AM CDT   SUNSET   815 PM CDT
JULY 22 2017..........SUNRISE   544 AM CDT   SUNSET   814 PM CDT


-  INDICATES NEGATIVE NUMBERS.
R  INDICATES RECORD WAS SET OR TIED.
MM INDICATES DATA IS MISSING.
T  INDICATES TRACE AMOUNT.




$$
