000
CDUS43 KILX 222128
CLIMTO


CLIMATE REPORT
NATIONAL WEATHER SERVICE LINCOLN IL
427 PM CDT MON SEP 22 2014


...................................

...THE MATTOON IL AIRPORT CLIMATE SUMMARY FOR SEPTEMBER 22 2014...
VALID TODAY AS OF 0400 PM LOCAL TIME.

CLIMATE NORMAL PERIOD 1981 TO 2010
CLIMATE RECORD PERIOD 9999 TO 9999


WEATHER ITEM   OBSERVED TIME   RECORD YEAR NORMAL DEPARTURE LAST
                VALUE   (LST)  VALUE       VALUE  FROM      YEAR
                                                  NORMAL
..................................................................
TEMPERATURE (F)
 TODAY
  MAXIMUM         70    259 PM  MM      MM  76     -6       73
  MINIMUM         45    612 AM  MM      MM  53     -8       45
  AVERAGE         58                        64     -6       59

PRECIPITATION (IN)
  TODAY            0.00         MM      MM   0.09  -0.09     0.00
  MONTH TO DATE    3.77                      2.23   1.54     0.35
  SINCE SEP 1      3.77                      2.23   1.54     0.35
  SINCE JAN 1     25.21                     28.13  -2.92    38.60

DEGREE DAYS
 HEATING
  TODAY            7                         3      4        6
  MONTH TO DATE   84                        27     57       30
  SINCE SEP 1     84                        27     57       30
  SINCE JUL 1     89                        32     57       40

 COOLING
  TODAY            0                         2     -2        0
  MONTH TO DATE   67                       102    -35      154
  SINCE SEP 1     67                       102    -35      154
  SINCE JAN 1    901                      1022   -121      958
..................................................................


WIND (MPH)
  HIGHEST WIND SPEED    12   HIGHEST WIND DIRECTION     N (340)
  HIGHEST GUST SPEED    16   HIGHEST GUST DIRECTION     N (340)
  AVERAGE WIND SPEED     5.8


SKY COVER
  POSSIBLE SUNSHINE  MM
  AVERAGE SKY COVER 0.0


WEATHER CONDITIONS
 THE FOLLOWING WEATHER WAS RECORDED TODAY.
  NO SIGNIFICANT WEATHER WAS OBSERVED.


RELATIVE HUMIDITY (PERCENT)
 HIGHEST   100           500 AM
 LOWEST     36           300 PM
 AVERAGE    68

..........................................................


THE MATTOON IL AIRPORT CLIMATE NORMALS FOR TOMORROW
                         NORMAL    RECORD    YEAR
 MAXIMUM TEMPERATURE (F)   75        MM        MM
 MINIMUM TEMPERATURE (F)   52        MM        MM


SUNRISE AND SUNSET
SEPTEMBER 22 2014.....SUNRISE   641 AM CDT   SUNSET   650 PM CDT
SEPTEMBER 23 2014.....SUNRISE   642 AM CDT   SUNSET   649 PM CDT


-  INDICATES NEGATIVE NUMBERS.
R  INDICATES RECORD WAS SET OR TIED.
MM INDICATES DATA IS MISSING.
T  INDICATES TRACE AMOUNT.




$$
