000
CDUS43 KILX 192230
CLIMTO


CLIMATE REPORT
NATIONAL WEATHER SERVICE LINCOLN IL
429 PM CST FRI DEC 19 2014


...................................

...THE MATTOON IL AIRPORT CLIMATE SUMMARY FOR DECEMBER 19 2014...
VALID TODAY AS OF 0400 PM LOCAL TIME.

CLIMATE NORMAL PERIOD 1981 TO 2010
CLIMATE RECORD PERIOD 9999 TO 9999


WEATHER ITEM   OBSERVED TIME   RECORD YEAR NORMAL DEPARTURE LAST
                VALUE   (LST)  VALUE       VALUE  FROM      YEAR
                                                  NORMAL
..................................................................
TEMPERATURE (F)
 TODAY
  MAXIMUM         35    221 PM  MM      MM  37     -2       49
  MINIMUM         20    653 AM  MM      MM  23     -3       36
  AVERAGE         28                        30     -2       43

PRECIPITATION (IN)
  TODAY            0.00         MM      MM   0.08  -0.08     0.00
  MONTH TO DATE    0.63                      1.53  -0.90     0.26
  SINCE DEC 1      0.63                      1.53  -0.90     0.26
  SINCE JAN 1     31.26                     36.81  -5.55    41.02

DEGREE DAYS
 HEATING
  TODAY           37                        35      2       22
  MONTH TO DATE  595                       611    -16      695
  SINCE DEC 1    595                       611    -16      695
  SINCE JUL 1   1891                      1670    221     1812

 COOLING
  TODAY            0                         0      0        0
  MONTH TO DATE    0                         0      0        0
  SINCE DEC 1      0                         0      0        0
  SINCE JAN 1    932                      1057   -125     1007
..................................................................


WIND (MPH)
  HIGHEST WIND SPEED    10   HIGHEST WIND DIRECTION    NE (30)
  HIGHEST GUST SPEED    16   HIGHEST GUST DIRECTION     N (20)
  AVERAGE WIND SPEED     4.1


SKY COVER
  POSSIBLE SUNSHINE  MM
  AVERAGE SKY COVER 0.3


WEATHER CONDITIONS
 THE FOLLOWING WEATHER WAS RECORDED TODAY.
  FOG
  HAZE


RELATIVE HUMIDITY (PERCENT)
 HIGHEST    92           500 AM
 LOWEST     61           100 PM
 AVERAGE    77

..........................................................


THE MATTOON IL AIRPORT CLIMATE NORMALS FOR TOMORROW
                         NORMAL    RECORD    YEAR
 MAXIMUM TEMPERATURE (F)   37        MM        MM
 MINIMUM TEMPERATURE (F)   23        MM        MM


SUNRISE AND SUNSET
DECEMBER 19 2014......SUNRISE   709 AM CST   SUNSET   432 PM CST
DECEMBER 20 2014......SUNRISE   709 AM CST   SUNSET   432 PM CST


-  INDICATES NEGATIVE NUMBERS.
R  INDICATES RECORD WAS SET OR TIED.
MM INDICATES DATA IS MISSING.
T  INDICATES TRACE AMOUNT.




$$
