000
CDUS43 KILX 240701
CLIMTO


CLIMATE REPORT
NATIONAL WEATHER SERVICE LINCOLN IL
100 AM CST FRI FEB 24 2017


...................................

...THE MATTOON IL AIRPORT CLIMATE SUMMARY FOR FEBRUARY 23 2017...

CLIMATE NORMAL PERIOD 1981 TO 2010
CLIMATE RECORD PERIOD 9999 TO 9999


WEATHER ITEM   OBSERVED TIME   RECORD YEAR NORMAL DEPARTURE LAST
                VALUE   (LST)  VALUE       VALUE  FROM      YEAR
                                                  NORMAL
..................................................................
TEMPERATURE (F)
 YESTERDAY
  MAXIMUM         68   1247 PM  MM      MM  43     25       51
  MINIMUM         52    739 AM  MM      MM  27     25       28
  AVERAGE         60                        35     25       40

PRECIPITATION (IN)
  YESTERDAY        0.00         MM      MM   0.06  -0.06     0.00
  MONTH TO DATE    0.04                      1.50  -1.46     0.28
  SINCE DEC 1      2.29                      6.48  -4.19     6.96
  SINCE JAN 1      1.76                      3.71  -1.95     0.68

DEGREE DAYS
 HEATING
  YESTERDAY        5                        30    -25       25
  MONTH TO DATE  520                       782   -262      733
  SINCE DEC 1   2568                      2999   -431     2573
  SINCE JUL 1   3279                      4058   -779     3365

 COOLING
  YESTERDAY        0                         0      0        0
  MONTH TO DATE    0                         0      0        0
  SINCE DEC 1      0                         0      0        0
  SINCE JAN 1      0                         0      0        0
..................................................................


WIND (MPH)
  HIGHEST WIND SPEED    16   HIGHEST WIND DIRECTION     S (170)
  HIGHEST GUST SPEED    22   HIGHEST GUST DIRECTION     S (180)
  AVERAGE WIND SPEED     8.5


SKY COVER
  POSSIBLE SUNSHINE  MM
  AVERAGE SKY COVER 0.3


WEATHER CONDITIONS
 THE FOLLOWING WEATHER WAS RECORDED YESTERDAY.
  FOG
  FOG W/VISIBILITY <= 1/4 MILE


RELATIVE HUMIDITY (PERCENT)
 HIGHEST   100           400 AM
 LOWEST     68           100 PM
 AVERAGE    84

..........................................................


THE MATTOON IL AIRPORT CLIMATE NORMALS FOR TODAY
                         NORMAL    RECORD    YEAR
 MAXIMUM TEMPERATURE (F)   43        MM        MM
 MINIMUM TEMPERATURE (F)   27        MM        MM


SUNRISE AND SUNSET
FEBRUARY 24 2017......SUNRISE   633 AM CST   SUNSET   540 PM CST
FEBRUARY 25 2017......SUNRISE   631 AM CST   SUNSET   541 PM CST


-  INDICATES NEGATIVE NUMBERS.
R  INDICATES RECORD WAS SET OR TIED.
MM INDICATES DATA IS MISSING.
T  INDICATES TRACE AMOUNT.




$$
