000
CDUS43 KILX 230641
CLIMTO


CLIMATE REPORT
NATIONAL WEATHER SERVICE LINCOLN IL
140 AM CDT SAT SEP 23 2017


...................................

...THE MATTOON IL AIRPORT CLIMATE SUMMARY FOR SEPTEMBER 22 2017...

CLIMATE NORMAL PERIOD 1981 TO 2010
CLIMATE RECORD PERIOD 9999 TO 9999


WEATHER ITEM   OBSERVED TIME   RECORD YEAR NORMAL DEPARTURE LAST
                VALUE   (LST)  VALUE       VALUE  FROM      YEAR
                                                  NORMAL
..................................................................
TEMPERATURE (F)
 YESTERDAY
  MAXIMUM         94    246 PM  MM      MM  76     18       87
  MINIMUM         69    244 AM  MM      MM  53     16       60
  AVERAGE         82                        64     18       74

PRECIPITATION (IN)
  YESTERDAY        0.00         MM      MM   0.09  -0.09     0.00
  MONTH TO DATE    0.24                      2.23  -1.99     1.59
  SINCE SEP 1      0.24                      2.23  -1.99     1.59
  SINCE JAN 1     27.39                     28.13  -0.74    25.06

DEGREE DAYS
 HEATING
  YESTERDAY        0                         3     -3        0
  MONTH TO DATE   35                        27      8        0
  SINCE SEP 1     35                        27      8        0
  SINCE JUL 1     36                        32      4        5

 COOLING
  YESTERDAY       17                         2     15        9
  MONTH TO DATE  124                       102     22      159
  SINCE SEP 1    124                       102     22      159
  SINCE JAN 1   1049                      1022     27     1222
..................................................................


WIND (MPH)
  HIGHEST WIND SPEED    12   HIGHEST WIND DIRECTION    SE (130)
  HIGHEST GUST SPEED    15   HIGHEST GUST DIRECTION     S (180)
  AVERAGE WIND SPEED     4.9


SKY COVER
  POSSIBLE SUNSHINE  MM
  AVERAGE SKY COVER 0.1


WEATHER CONDITIONS
 THE FOLLOWING WEATHER WAS RECORDED YESTERDAY.
  NO SIGNIFICANT WEATHER WAS OBSERVED.


RELATIVE HUMIDITY (PERCENT)
 HIGHEST    93           200 AM
 LOWEST     41           200 PM
 AVERAGE    67

..........................................................


THE MATTOON IL AIRPORT CLIMATE NORMALS FOR TODAY
                         NORMAL    RECORD    YEAR
 MAXIMUM TEMPERATURE (F)   75        MM        MM
 MINIMUM TEMPERATURE (F)   52        MM        MM


SUNRISE AND SUNSET
SEPTEMBER 23 2017.....SUNRISE   642 AM CDT   SUNSET   648 PM CDT
SEPTEMBER 24 2017.....SUNRISE   643 AM CDT   SUNSET   646 PM CDT


-  INDICATES NEGATIVE NUMBERS.
R  INDICATES RECORD WAS SET OR TIED.
MM INDICATES DATA IS MISSING.
T  INDICATES TRACE AMOUNT.




$$
