000
CDUS43 KILX 232255
CLIMTO


CLIMATE REPORT
NATIONAL WEATHER SERVICE LINCOLN IL
444 PM CST THU NOV 23 2017


...................................

...THE MATTOON IL AIRPORT CLIMATE SUMMARY FOR NOVEMBER 23 2017...
VALID TODAY AS OF 0400 PM LOCAL TIME.

CLIMATE NORMAL PERIOD 1981 TO 2010
CLIMATE RECORD PERIOD 9999 TO 9999


WEATHER ITEM   OBSERVED TIME   RECORD YEAR NORMAL DEPARTURE LAST
                VALUE   (LST)  VALUE       VALUE  FROM      YEAR
                                                  NORMAL
..................................................................
TEMPERATURE (F)
 TODAY
  MAXIMUM         47    353 PM  MM      MM  48     -1       49
  MINIMUM         27    433 AM  MM      MM  32     -5       39
  AVERAGE         37                        40     -3       44

PRECIPITATION (IN)
  TODAY            0.00         MM      MM   0.13  -0.13     0.12
  MONTH TO DATE    2.49                      2.71  -0.22     1.29
  SINCE SEP 1      8.43                      8.61  -0.18     6.87
  SINCE JAN 1     35.58                     34.51   1.07    30.34

DEGREE DAYS
 HEATING
  TODAY           28                        25      3       21
  MONTH TO DATE  509                       465     44      367
  SINCE SEP 1    807                       864    -57      554
  SINCE JUL 1    808                       869    -61      559

 COOLING
  TODAY            0                         0      0        0
  MONTH TO DATE    0                         0      0       11
  SINCE SEP 1    236                       137     99      253
  SINCE JAN 1   1161                      1057    104     1316
..................................................................


WIND (MPH)
  HIGHEST WIND SPEED    16   HIGHEST WIND DIRECTION     S (190)
  HIGHEST GUST SPEED    23   HIGHEST GUST DIRECTION     S (160)
  AVERAGE WIND SPEED     7.4


SKY COVER
  POSSIBLE SUNSHINE  MM
  AVERAGE SKY COVER 0.5


WEATHER CONDITIONS
 THE FOLLOWING WEATHER WAS RECORDED TODAY.
  NO SIGNIFICANT WEATHER WAS OBSERVED.


RELATIVE HUMIDITY (PERCENT)
 HIGHEST    85           100 AM
 LOWEST     45           200 PM
 AVERAGE    65

..........................................................


THE MATTOON IL AIRPORT CLIMATE NORMALS FOR TOMORROW
                         NORMAL    RECORD    YEAR
 MAXIMUM TEMPERATURE (F)   47        MM        MM
 MINIMUM TEMPERATURE (F)   32        MM        MM


SUNRISE AND SUNSET
NOVEMBER 23 2017......SUNRISE   646 AM CST   SUNSET   433 PM CST
NOVEMBER 24 2017......SUNRISE   647 AM CST   SUNSET   432 PM CST


-  INDICATES NEGATIVE NUMBERS.
R  INDICATES RECORD WAS SET OR TIED.
MM INDICATES DATA IS MISSING.
T  INDICATES TRACE AMOUNT.




$$
