000
CDUS41 KBTV 110540
CLIMVL


CLIMATE REPORT
NATIONAL WEATHER SERVICE BURLINGTON VT
138 AM EDT FRI JUL 11 2014


...................................

...THE MORRISVILLE VT CLIMATE SUMMARY FOR JULY 10 2014...

CLIMATE NORMAL PERIOD 1981 TO 2010
CLIMATE RECORD PERIOD 9999 TO 9999


WEATHER ITEM   OBSERVED TIME   NORMAL DEPARTURE LAST
                VALUE   (LST)  VALUE  FROM      YEAR
                                      NORMAL
......................................................
TEMPERATURE (F)
 YESTERDAY
  MAXIMUM         74    421 PM  80     -6       MM
  MINIMUM         51   1159 PM  56     -5       MM
  AVERAGE         63            68     -5       MM

PRECIPITATION (IN)
  YESTERDAY        0.00          0.15  -0.15      T
  MONTH TO DATE    2.84          1.45   1.39     2.11
  SINCE JUN 1      6.73          5.43   1.30    10.73
  SINCE JAN 1     20.33         17.05   3.28    22.74

DEGREE DAYS
 HEATING
  YESTERDAY        2             1      1       MM
  MONTH TO DATE    5            11     -6        0
  SINCE JUN 1     77           134    -57      130
  SINCE JUL 1      5            11     -6        0

 COOLING
  YESTERDAY        0             4     -4       MM
  MONTH TO DATE   60            33     27       75
  SINCE JUN 1    100            81     19      151
  SINCE JAN 1    105            89     16      171
......................................................


WIND (MPH)
  HIGHEST WIND SPEED    12   HIGHEST WIND DIRECTION    NW (330)
  HIGHEST GUST SPEED    18   HIGHEST GUST DIRECTION    NW (310)
  AVERAGE WIND SPEED     2.8


SKY COVER
  AVERAGE SKY COVER 0.2


WEATHER CONDITIONS
 THE FOLLOWING WEATHER WAS RECORDED YESTERDAY.
  NO SIGNIFICANT WEATHER WAS OBSERVED.


RELATIVE HUMIDITY (PERCENT)
 HIGHEST    93          1200 AM
 LOWEST     38           300 PM
 AVERAGE    66

..........................................................


THE MORRISVILLE VT CLIMATE NORMALS FOR TODAY
                         NORMAL    RECORD    YEAR
 MAXIMUM TEMPERATURE (F)   80        MM        MM
 MINIMUM TEMPERATURE (F)   56        MM        MM


SUNRISE AND SUNSET
JULY 11 2014..........SUNRISE   516 AM EDT   SUNSET   835 PM EDT
JULY 12 2014..........SUNRISE   517 AM EDT   SUNSET   835 PM EDT


-  INDICATES NEGATIVE NUMBERS.
R  INDICATES RECORD WAS SET OR TIED.
MM INDICATES DATA IS MISSING.
T  INDICATES TRACE AMOUNT.




$$
