000
CDUS41 KBTV 220520
CLIMVL


CLIMATE REPORT
NATIONAL WEATHER SERVICE BURLINGTON VT
118 AM EDT TUE AUG 22 2017


...................................

...THE MORRISVILLE VT CLIMATE SUMMARY FOR AUGUST 21 2017...

CLIMATE NORMAL PERIOD 1981 TO 2010
CLIMATE RECORD PERIOD 9999 TO 9999


WEATHER ITEM   OBSERVED TIME   NORMAL DEPARTURE LAST
                VALUE   (LST)  VALUE  FROM      YEAR
                                      NORMAL
......................................................
TEMPERATURE (F)
 YESTERDAY
  MAXIMUM         82   1225 PM  77      5       81
  MINIMUM         53    505 AM  53      0       62
  AVERAGE         68            65      3       72

PRECIPITATION (IN)
  YESTERDAY        0.00          0.13  -0.13     0.16
  MONTH TO DATE    2.97          2.91   0.06     2.53
  SINCE JUN 1     13.86         11.02   2.84     8.11
  SINCE JAN 1     26.61         22.64   3.97    15.16

DEGREE DAYS
 HEATING
  YESTERDAY        0             2     -2        0
  MONTH TO DATE   31            37     -6        8
  SINCE JUN 1    236           190     46      172
  SINCE JUL 1     85            67     18       41

 COOLING
  YESTERDAY        3             2      1        7
  MONTH TO DATE   31            58    -27       91
  SINCE JUN 1    130           218    -88      231
  SINCE JAN 1    139           226    -87      260
......................................................


WIND (MPH)
  HIGHEST WIND SPEED    14   HIGHEST WIND DIRECTION     S (200)
  HIGHEST GUST SPEED    16   HIGHEST GUST DIRECTION     S (200)
  AVERAGE WIND SPEED     3.9


SKY COVER
  AVERAGE SKY COVER 0.1


WEATHER CONDITIONS
 THE FOLLOWING WEATHER WAS RECORDED YESTERDAY.
  FOG


RELATIVE HUMIDITY (PERCENT)
 HIGHEST   100          1200 AM
 LOWEST     42           100 PM
 AVERAGE    71

..........................................................


THE MORRISVILLE VT CLIMATE NORMALS FOR TODAY
                         NORMAL    RECORD    YEAR
 MAXIMUM TEMPERATURE (F)   77        85      2013
 MINIMUM TEMPERATURE (F)   53        40      2007


SUNRISE AND SUNSET
AUGUST 22 2017........SUNRISE   602 AM EDT   SUNSET   744 PM EDT
AUGUST 23 2017........SUNRISE   603 AM EDT   SUNSET   742 PM EDT


-  INDICATES NEGATIVE NUMBERS.
R  INDICATES RECORD WAS SET OR TIED.
MM INDICATES DATA IS MISSING.
T  INDICATES TRACE AMOUNT.




$$
