000
CDUS41 KBTV 270541
CLIMVL


CLIMATE REPORT
NATIONAL WEATHER SERVICE BURLINGTON VT
139 AM EDT MON JUL 27 2015


...................................

...THE MORRISVILLE VT CLIMATE SUMMARY FOR JULY 26 2015...

CLIMATE NORMAL PERIOD 1981 TO 2010
CLIMATE RECORD PERIOD 9999 TO 9999


WEATHER ITEM   OBSERVED TIME   NORMAL DEPARTURE LAST
                VALUE   (LST)  VALUE  FROM      YEAR
                                      NORMAL
......................................................
TEMPERATURE (F)
 YESTERDAY
  MAXIMUM         82    441 PM  80      2       79
  MINIMUM         65    546 AM  56      9       52
  AVERAGE         74            68      6       66

PRECIPITATION (IN)
  YESTERDAY        T             0.11  -0.11     0.00
  MONTH TO DATE    2.30          3.52  -1.22     4.74
  SINCE JUN 1      9.21          7.50   1.71     8.63
  SINCE JAN 1     14.46         19.12  -4.66    22.23

DEGREE DAYS
 HEATING
  YESTERDAY        0             1     -1        0
  MONTH TO DATE   23            27     -4       16
  SINCE JUN 1    128           150    -22       88
  SINCE JUL 1     23            27     -4       16

 COOLING
  YESTERDAY        9             4      5        1
  MONTH TO DATE  107            97     10      106
  SINCE JUN 1    147           145      2      146
  SINCE JAN 1    200           153     47      151
......................................................


WIND (MPH)
  HIGHEST WIND SPEED     9   HIGHEST WIND DIRECTION     S (200)
  HIGHEST GUST SPEED    12   HIGHEST GUST DIRECTION     S (200)
  AVERAGE WIND SPEED     1.2


SKY COVER
  AVERAGE SKY COVER 0.7


WEATHER CONDITIONS
 THE FOLLOWING WEATHER WAS RECORDED YESTERDAY.
  LIGHT RAIN
  FOG
  FOG W/VISIBILITY <= 1/4 MILE


RELATIVE HUMIDITY (PERCENT)
 HIGHEST    93          1100 PM
 LOWEST     58           100 PM
 AVERAGE    76

..........................................................


THE MORRISVILLE VT CLIMATE NORMALS FOR TODAY
                         NORMAL    RECORD    YEAR
 MAXIMUM TEMPERATURE (F)   80        94      1989
 MINIMUM TEMPERATURE (F)   56        40      2001


SUNRISE AND SUNSET
JULY 27 2015..........SUNRISE   531 AM EDT   SUNSET   822 PM EDT
JULY 28 2015..........SUNRISE   532 AM EDT   SUNSET   821 PM EDT


-  INDICATES NEGATIVE NUMBERS.
R  INDICATES RECORD WAS SET OR TIED.
MM INDICATES DATA IS MISSING.
T  INDICATES TRACE AMOUNT.




$$
