000
CDUS41 KBTV 110619
CLIMVL


CLIMATE REPORT
NATIONAL WEATHER SERVICE BURLINGTON VT
117 AM EST MON DEC 11 2017


...................................

...THE MORRISVILLE VT CLIMATE SUMMARY FOR DECEMBER 10 2017...

CLIMATE NORMAL PERIOD 1981 TO 2010
CLIMATE RECORD PERIOD 9999 TO 9999


WEATHER ITEM   OBSERVED TIME   NORMAL DEPARTURE LAST
                VALUE   (LST)  VALUE  FROM      YEAR
                                      NORMAL
......................................................
TEMPERATURE (F)
 YESTERDAY
  MAXIMUM         31    125 PM  34     -3       20
  MINIMUM         18    745 AM  16      2        6
  AVERAGE         25            25      0       13

PRECIPITATION (IN)
  YESTERDAY        0.05          0.09  -0.04      T
  MONTH TO DATE    0.39          0.97  -0.58     1.16
  SINCE DEC 1      0.39          0.97  -0.58     1.16
  SINCE JAN 1     35.62         34.33   1.29    19.59

DEGREE DAYS
 HEATING
  YESTERDAY       40            40      0       52
  MONTH TO DATE  346           383    -37      360
  SINCE DEC 1    346           383    -37      360
  SINCE JUL 1   1987          2211   -224     1951

 COOLING
  YESTERDAY        0             0      0        0
  MONTH TO DATE    0             0      0        0
  SINCE DEC 1      0             0      0        0
  SINCE JAN 1    192           265    -73      322
......................................................


WIND (MPH)
  HIGHEST WIND SPEED    14   HIGHEST WIND DIRECTION    SW (240)
  HIGHEST GUST SPEED    25   HIGHEST GUST DIRECTION     W (290)
  AVERAGE WIND SPEED     3.5


SKY COVER
  AVERAGE SKY COVER 0.9


WEATHER CONDITIONS
 THE FOLLOWING WEATHER WAS RECORDED YESTERDAY.
  LIGHT SNOW
  FOG
  FOG W/VISIBILITY <= 1/4 MILE


RELATIVE HUMIDITY (PERCENT)
 HIGHEST   100           100 AM
 LOWEST     53           400 PM
 AVERAGE    77

..........................................................


THE MORRISVILLE VT CLIMATE NORMALS FOR TODAY
                         NORMAL    RECORD    YEAR
 MAXIMUM TEMPERATURE (F)   33        55      2015
 MINIMUM TEMPERATURE (F)   15       -13      1988


SUNRISE AND SUNSET
DECEMBER 11 2017......SUNRISE   717 AM EST   SUNSET   411 PM EST
DECEMBER 12 2017......SUNRISE   718 AM EST   SUNSET   411 PM EST


-  INDICATES NEGATIVE NUMBERS.
R  INDICATES RECORD WAS SET OR TIED.
MM INDICATES DATA IS MISSING.
T  INDICATES TRACE AMOUNT.




$$
