000
CDUS41 KBTV 170535
CLIMVL


CLIMATE REPORT
NATIONAL WEATHER SERVICE BURLINGTON VT
132 AM EDT TUE OCT 17 2017


...................................

...THE MORRISVILLE VT CLIMATE SUMMARY FOR OCTOBER 16 2017...

CLIMATE NORMAL PERIOD 1981 TO 2010
CLIMATE RECORD PERIOD 9999 TO 9999


WEATHER ITEM   OBSERVED TIME   NORMAL DEPARTURE LAST
                VALUE   (LST)  VALUE  FROM      YEAR
                                      NORMAL
......................................................
TEMPERATURE (F)
 YESTERDAY
  MAXIMUM         64   1202 AM  56      8       71
  MINIMUM         38   1159 PM  35      3       33
  AVERAGE         51            46      5       52

PRECIPITATION (IN)
  YESTERDAY        0.02          0.08  -0.06      T
  MONTH TO DATE    1.01          1.69  -0.68     0.04
  SINCE SEP 1      3.75          5.06  -1.31     0.93
  SINCE JAN 1     30.71         28.82   1.89    16.57

DEGREE DAYS
 HEATING
  YESTERDAY       14            20     -6       13
  MONTH TO DATE  165           268   -103      214
  SINCE SEP 1    338           505   -167      388
  SINCE JUL 1    500           600   -100      447

 COOLING
  YESTERDAY        0             0      0        0
  MONTH TO DATE    0             0      0        0
  SINCE SEP 1     47            18     29       34
  SINCE JAN 1    191           265    -74      322
......................................................


WIND (MPH)
  HIGHEST WIND SPEED    22   HIGHEST WIND DIRECTION    NW (320)
  HIGHEST GUST SPEED    32   HIGHEST GUST DIRECTION    NW (320)
  AVERAGE WIND SPEED     6.9


SKY COVER
  AVERAGE SKY COVER 1.0


WEATHER CONDITIONS
 THE FOLLOWING WEATHER WAS RECORDED YESTERDAY.
  LIGHT RAIN
  FOG


RELATIVE HUMIDITY (PERCENT)
 HIGHEST    86           700 AM
 LOWEST     67          1200 AM
 AVERAGE    77

..........................................................


THE MORRISVILLE VT CLIMATE NORMALS FOR TODAY
                         NORMAL    RECORD    YEAR
 MAXIMUM TEMPERATURE (F)   56        73      1989
 MINIMUM TEMPERATURE (F)   34        19      2009


SUNRISE AND SUNSET
OCTOBER 17 2017.......SUNRISE   708 AM EDT   SUNSET   602 PM EDT
OCTOBER 18 2017.......SUNRISE   710 AM EDT   SUNSET   601 PM EDT


-  INDICATES NEGATIVE NUMBERS.
R  INDICATES RECORD WAS SET OR TIED.
MM INDICATES DATA IS MISSING.
T  INDICATES TRACE AMOUNT.




$$
