139
CDUS41 KBTV 190535
CLIMVL


CLIMATE REPORT
NATIONAL WEATHER SERVICE BURLINGTON VT
1234 AM EST MON FEB 19 2018


...................................

...THE MORRISVILLE VT CLIMATE SUMMARY FOR FEBRUARY 18 2018...

CLIMATE NORMAL PERIOD 1981 TO 2010
CLIMATE RECORD PERIOD 9999 TO 9999


WEATHER ITEM   OBSERVED TIME   NORMAL DEPARTURE LAST
                VALUE   (LST)  VALUE  FROM      YEAR
                                      NORMAL
......................................................
TEMPERATURE (F)
 YESTERDAY
  MAXIMUM         35    112 PM  31      4       52
  MINIMUM         13   1155 PM   7      6        5
  AVERAGE         24            19      5       29

PRECIPITATION (IN)
  YESTERDAY        0.13          0.06   0.07     0.00
  MONTH TO DATE    1.29          1.11   0.18     0.46
  SINCE DEC 1      5.41          6.29  -0.88     5.60
  SINCE JAN 1      4.56          3.65   0.91     2.39

DEGREE DAYS
 HEATING
  YESTERDAY       41            46     -5       36
  MONTH TO DATE  815           859    -44      824
  SINCE DEC 1   3652          3693    -41     3336
  SINCE JUL 1   5293          5521   -228     4927

 COOLING
  YESTERDAY        0             0      0        0
  MONTH TO DATE    0             0      0        0
  SINCE DEC 1      0             0      0        0
  SINCE JAN 1      0             0      0        0
......................................................


WIND (MPH)
  HIGHEST WIND SPEED    18   HIGHEST WIND DIRECTION    NW (330)
  HIGHEST GUST SPEED    25   HIGHEST GUST DIRECTION    NW (320)
  AVERAGE WIND SPEED     3.0


SKY COVER
  AVERAGE SKY COVER 0.8


WEATHER CONDITIONS
 THE FOLLOWING WEATHER WAS RECORDED YESTERDAY.
  LIGHT SNOW
  FOG


RELATIVE HUMIDITY (PERCENT)
 HIGHEST   100           100 AM
 LOWEST     56          1200 PM
 AVERAGE    78

..........................................................


THE MORRISVILLE VT CLIMATE NORMALS FOR TODAY
                         NORMAL    RECORD    YEAR
 MAXIMUM TEMPERATURE (F)   32        50      1997
 MINIMUM TEMPERATURE (F)    8       -13      1987


SUNRISE AND SUNSET
FEBRUARY 19 2018......SUNRISE   644 AM EST   SUNSET   525 PM EST
FEBRUARY 20 2018......SUNRISE   643 AM EST   SUNSET   526 PM EST


-  INDICATES NEGATIVE NUMBERS.
R  INDICATES RECORD WAS SET OR TIED.
MM INDICATES DATA IS MISSING.
T  INDICATES TRACE AMOUNT.




$$
