000
CDUS41 KBTV 290540
CLIMVL


CLIMATE REPORT
NATIONAL WEATHER SERVICE BURLINGTON VT
139 AM EDT FRI AUG 29 2014


...................................

...THE MORRISVILLE VT CLIMATE SUMMARY FOR AUGUST 28 2014...

CLIMATE NORMAL PERIOD 1981 TO 2010
CLIMATE RECORD PERIOD 9999 TO 9999


WEATHER ITEM   OBSERVED TIME   NORMAL DEPARTURE LAST
                VALUE   (LST)  VALUE  FROM      YEAR
                                      NORMAL
......................................................
TEMPERATURE (F)
 YESTERDAY
  MAXIMUM         70    226 PM  76     -6       85
  MINIMUM         53    509 AM  52      1       63
  AVERAGE         62            64     -2       74

PRECIPITATION (IN)
  YESTERDAY        0.00          0.11  -0.11      T
  MONTH TO DATE    2.48          3.71  -1.23     2.40
  SINCE JUN 1     12.53         11.82   0.71    17.62
  SINCE JAN 1     26.13         23.44   2.69    29.63

DEGREE DAYS
 HEATING
  YESTERDAY        3             3      0        0
  MONTH TO DATE   39            56    -17       56
  SINCE JUN 1    140           209    -69      199
  SINCE JUL 1     68            86    -18       69

 COOLING
  YESTERDAY        0             2     -2        9
  MONTH TO DATE   54            72    -18       60
  SINCE JUN 1    203           232    -29      322
  SINCE JAN 1    208           240    -32      342
......................................................


WIND (MPH)
  HIGHEST WIND SPEED    17   HIGHEST WIND DIRECTION    NW (310)
  HIGHEST GUST SPEED    25   HIGHEST GUST DIRECTION    NW (300)
  AVERAGE WIND SPEED     4.6


SKY COVER
  AVERAGE SKY COVER 0.7


WEATHER CONDITIONS
 THE FOLLOWING WEATHER WAS RECORDED YESTERDAY.
  FOG


RELATIVE HUMIDITY (PERCENT)
 HIGHEST    93           200 AM
 LOWEST     47           200 PM
 AVERAGE    70

..........................................................


THE MORRISVILLE VT CLIMATE NORMALS FOR TODAY
                         NORMAL    RECORD    YEAR
 MAXIMUM TEMPERATURE (F)   76        MM        MM
 MINIMUM TEMPERATURE (F)   51        MM        MM


SUNRISE AND SUNSET
AUGUST 29 2014........SUNRISE   609 AM EDT   SUNSET   732 PM EDT
AUGUST 30 2014........SUNRISE   611 AM EDT   SUNSET   731 PM EDT


-  INDICATES NEGATIVE NUMBERS.
R  INDICATES RECORD WAS SET OR TIED.
MM INDICATES DATA IS MISSING.
T  INDICATES TRACE AMOUNT.




$$
