000
CDUS46 KOTX 240847
CLIMWH


CLIMATE REPORT
NATIONAL WEATHER SERVICE SPOKANE, WA
147 AM PDT SUN SEP 24 2017


...................................

...THE MOSES LAKE WA AIRPORT CLIMATE SUMMARY FOR SEPTEMBER 23 2017...

CLIMATE NORMAL PERIOD 1981 TO 2010
CLIMATE RECORD PERIOD 9999 TO 9999


WEATHER ITEM   OBSERVED TIME   RECORD YEAR NORMAL DEPARTURE LAST
                VALUE   (LST)  VALUE       VALUE  FROM      YEAR
                                                  NORMAL
..................................................................
TEMPERATURE (F)
 YESTERDAY
  MAXIMUM         70    316 PM  MM      MM  75     -5       65
  MINIMUM         42    542 AM  MM      MM  44     -2       42
  AVERAGE         56                        59     -3       54

PRECIPITATION (IN)
  YESTERDAY        0.00         MM      MM   0.01  -0.01     0.02
  MONTH TO DATE    0.12                      0.24  -0.12     0.12
  SINCE OCT 1      9.71                      8.96   0.75     9.03
  SINCE JAN 1      5.82                      5.67   0.15     5.77

SNOWFALL (IN)
  YESTERDAY       MM

DEGREE DAYS
 HEATING
  YESTERDAY        9                         6      3       11
  MONTH TO DATE   89                        75     14       92
  SINCE SEP 1     89                        75     14       92
  SINCE JUL 1     89                        95     -6       94

 COOLING
  YESTERDAY        0                         1     -1        0
  MONTH TO DATE   90                        44     46        3
  SINCE SEP 1     90                        44     46        3
  SINCE JAN 1    885                       614    271      626
..................................................................


WIND (MPH)
  HIGHEST WIND SPEED     9   HIGHEST WIND DIRECTION     S (170)
  HIGHEST GUST SPEED    14   HIGHEST GUST DIRECTION    SW (210)
  AVERAGE WIND SPEED     4.5


SKY COVER
  POSSIBLE SUNSHINE  MM
  AVERAGE SKY COVER 0.4


WEATHER CONDITIONS
 THE FOLLOWING WEATHER WAS RECORDED YESTERDAY.
  NO SIGNIFICANT WEATHER WAS OBSERVED.


RELATIVE HUMIDITY (PERCENT)
 HIGHEST    89           500 AM
 LOWEST     33           400 PM
 AVERAGE    61

..........................................................


THE MOSES LAKE WA AIRPORT CLIMATE NORMALS FOR TODAY
                         NORMAL    RECORD    YEAR
 MAXIMUM TEMPERATURE (F)   74        MM        MM
 MINIMUM TEMPERATURE (F)   44        MM        MM


SUNRISE AND SUNSET
SEPTEMBER 24 2017.....SUNRISE   647 AM PDT   SUNSET   650 PM PDT
SEPTEMBER 25 2017.....SUNRISE   648 AM PDT   SUNSET   648 PM PDT


-  INDICATES NEGATIVE NUMBERS.
R  INDICATES RECORD WAS SET OR TIED.
MM INDICATES DATA IS MISSING.
T  INDICATES TRACE AMOUNT.




$$
