000
CDUS46 KOTX 030847
CLIMWH


CLIMATE REPORT
NATIONAL WEATHER SERVICE SPOKANE, WA
1247 AM PST TUE MAR 3 2015


...................................

...THE MOSES LAKE WA AIRPORT CLIMATE SUMMARY FOR MARCH 2 2015...

CLIMATE NORMAL PERIOD 1981 TO 2010
CLIMATE RECORD PERIOD 9999 TO 9999


WEATHER ITEM   OBSERVED TIME   RECORD YEAR NORMAL DEPARTURE LAST
                VALUE   (LST)  VALUE       VALUE  FROM      YEAR
                                                  NORMAL
..................................................................
TEMPERATURE (F)
 YESTERDAY
  MAXIMUM         51    344 PM  MM      MM  50      1       26
  MINIMUM         33    414 AM  MM      MM  29      4       21
  AVERAGE         42                        40      2       24

PRECIPITATION (IN)
  YESTERDAY        0.00         MM      MM   0.02  -0.02     0.14
  MONTH TO DATE    0.00                      0.05  -0.05     0.14
  SINCE OCT 1      4.03                      5.28  -1.25     1.92
  SINCE JAN 1      1.37                      1.99  -0.62     1.28

SNOWFALL (IN)
  YESTERDAY       MM

DEGREE DAYS
 HEATING
  YESTERDAY       23                        25     -2       41
  MONTH TO DATE   53                        51      2       79
  SINCE MAR 1     53                        51      2       79
  SINCE JUL 1   3811                      4556   -745     4590

 COOLING
  YESTERDAY        0                         0      0        0
  MONTH TO DATE    0                         0      0        0
  SINCE MAR 1      0                         0      0        0
  SINCE JAN 1      0                         0      0        0
..................................................................


WIND (MPH)
  HIGHEST WIND SPEED    31   HIGHEST WIND DIRECTION     N (360)
  HIGHEST GUST SPEED    38   HIGHEST GUST DIRECTION     N (360)
  AVERAGE WIND SPEED    13.9


SKY COVER
  POSSIBLE SUNSHINE  MM
  AVERAGE SKY COVER 0.7


WEATHER CONDITIONS
 THE FOLLOWING WEATHER WAS RECORDED YESTERDAY.
  NO SIGNIFICANT WEATHER WAS OBSERVED.


RELATIVE HUMIDITY (PERCENT)
 HIGHEST    70           700 AM
 LOWEST     29           400 PM
 AVERAGE    50

..........................................................


THE MOSES LAKE WA AIRPORT CLIMATE NORMALS FOR TODAY
                         NORMAL    RECORD    YEAR
 MAXIMUM TEMPERATURE (F)   51        MM        MM
 MINIMUM TEMPERATURE (F)   29        MM        MM


SUNRISE AND SUNSET
MARCH  3 2015.........SUNRISE   634 AM PST   SUNSET   545 PM PST
MARCH  4 2015.........SUNRISE   632 AM PST   SUNSET   547 PM PST


-  INDICATES NEGATIVE NUMBERS.
R  INDICATES RECORD WAS SET OR TIED.
MM INDICATES DATA IS MISSING.
T  INDICATES TRACE AMOUNT.




$$
