642
CDUS46 KOTX 300821
CLIMWH


CLIMATE REPORT
NATIONAL WEATHER SERVICE SPOKANE, WA
121 AM PDT SAT JUL 30 2016


...................................

...THE MOSES LAKE WA AIRPORT CLIMATE SUMMARY FOR JULY 29 2016...

CLIMATE NORMAL PERIOD 1981 TO 2010
CLIMATE RECORD PERIOD 9999 TO 9999


WEATHER ITEM   OBSERVED TIME   RECORD YEAR NORMAL DEPARTURE LAST
                VALUE   (LST)  VALUE       VALUE  FROM      YEAR
                                                  NORMAL
..................................................................
TEMPERATURE (F)
 YESTERDAY
  MAXIMUM        102    317 PM  MM      MM  91     11       92
  MINIMUM         64    444 AM  MM      MM  57      7       50
  AVERAGE         83                        74      9       71

PRECIPITATION (IN)
  YESTERDAY        0.00         MM      MM   0.02  -0.02     0.00
  MONTH TO DATE    0.56                      0.39   0.17      T
  SINCE OCT 1      8.91                      8.45   0.46     5.83
  SINCE JAN 1      5.65                      5.16   0.49     3.17

SNOWFALL (IN)
  YESTERDAY       MM

DEGREE DAYS
 HEATING
  YESTERDAY        0                         0      0        0
  MONTH TO DATE    2                         6     -4        0
  SINCE JUN 1     56                        61     -5        4
  SINCE JUL 1      2                         6     -4        0

 COOLING
  YESTERDAY       18                         9      9        6
  MONTH TO DATE  194                       224    -30      364
  SINCE JUN 1    350                       309     41      667
  SINCE JAN 1    369                       334     35      738
..................................................................


WIND (MPH)
  HIGHEST WIND SPEED    14   HIGHEST WIND DIRECTION    SW (230)
  HIGHEST GUST SPEED    19   HIGHEST GUST DIRECTION    SW (230)
  AVERAGE WIND SPEED     6.4


SKY COVER
  POSSIBLE SUNSHINE  MM
  AVERAGE SKY COVER 0.0


WEATHER CONDITIONS
 THE FOLLOWING WEATHER WAS RECORDED YESTERDAY.
  NO SIGNIFICANT WEATHER WAS OBSERVED.


RELATIVE HUMIDITY (PERCENT)
 HIGHEST    58           200 AM
 LOWEST     16           300 PM
 AVERAGE    37

..........................................................


THE MOSES LAKE WA AIRPORT CLIMATE NORMALS FOR TODAY
                         NORMAL    RECORD    YEAR
 MAXIMUM TEMPERATURE (F)   91        MM        MM
 MINIMUM TEMPERATURE (F)   57        MM        MM


SUNRISE AND SUNSET
JULY 30 2016..........SUNRISE   534 AM PDT   SUNSET   832 PM PDT
JULY 31 2016..........SUNRISE   536 AM PDT   SUNSET   831 PM PDT


-  INDICATES NEGATIVE NUMBERS.
R  INDICATES RECORD WAS SET OR TIED.
MM INDICATES DATA IS MISSING.
T  INDICATES TRACE AMOUNT.




$$
