000
CDUS46 KOTX 260826
CLIMWH


CLIMATE REPORT
NATIONAL WEATHER SERVICE SPOKANE, WA
126 AM PDT FRI MAY 26 2017


...................................

...THE MOSES LAKE WA AIRPORT CLIMATE SUMMARY FOR MAY 25 2017...

CLIMATE NORMAL PERIOD 1981 TO 2010
CLIMATE RECORD PERIOD 9999 TO 9999


WEATHER ITEM   OBSERVED TIME   RECORD YEAR NORMAL DEPARTURE LAST
                VALUE   (LST)  VALUE       VALUE  FROM      YEAR
                                                  NORMAL
..................................................................
TEMPERATURE (F)
 YESTERDAY
  MAXIMUM         68    626 PM  MM      MM  76     -8       80
  MINIMUM         49   1144 PM  MM      MM  47      2       45
  AVERAGE         59                        62     -3       63

PRECIPITATION (IN)
  YESTERDAY        0.00         MM      MM   0.02  -0.02     0.00
  MONTH TO DATE    0.44                      0.48  -0.04     0.48
  SINCE OCT 1      9.28                      7.19   2.09     7.65
  SINCE JAN 1      5.39                      3.90   1.49     4.39

SNOWFALL (IN)
  YESTERDAY       MM

DEGREE DAYS
 HEATING
  YESTERDAY        6                         5      1        2
  MONTH TO DATE  190                       187      3       77
  SINCE MAR 1   1273                      1299    -26      893
  SINCE JUL 1   6124                      5804    320     4926

 COOLING
  YESTERDAY        0                         1     -1        0
  MONTH TO DATE   14                        15     -1       18
  SINCE MAR 1     14                        16     -2       19
  SINCE JAN 1     14                        16     -2       19
..................................................................


WIND (MPH)
  HIGHEST WIND SPEED    15   HIGHEST WIND DIRECTION    SE (130)
  HIGHEST GUST SPEED    20   HIGHEST GUST DIRECTION    SE (150)
  AVERAGE WIND SPEED     5.2


SKY COVER
  POSSIBLE SUNSHINE  MM
  AVERAGE SKY COVER 0.1


WEATHER CONDITIONS
 THE FOLLOWING WEATHER WAS RECORDED YESTERDAY.
  NO SIGNIFICANT WEATHER WAS OBSERVED.


RELATIVE HUMIDITY (PERCENT)
 HIGHEST    74          1100 PM
 LOWEST     39           600 PM
 AVERAGE    57

..........................................................


THE MOSES LAKE WA AIRPORT CLIMATE NORMALS FOR TODAY
                         NORMAL    RECORD    YEAR
 MAXIMUM TEMPERATURE (F)   76        MM        MM
 MINIMUM TEMPERATURE (F)   48        MM        MM


SUNRISE AND SUNSET
MAY 26 2017...........SUNRISE   509 AM PDT   SUNSET   840 PM PDT
MAY 27 2017...........SUNRISE   509 AM PDT   SUNSET   841 PM PDT


-  INDICATES NEGATIVE NUMBERS.
R  INDICATES RECORD WAS SET OR TIED.
MM INDICATES DATA IS MISSING.
T  INDICATES TRACE AMOUNT.




$$
