000
CDUS46 KOTX 310833
CLIMWH


CLIMATE REPORT
NATIONAL WEATHER SERVICE SPOKANE, WA
133 AM PDT WED AUG 31 2016


...................................

...THE MOSES LAKE WA AIRPORT CLIMATE SUMMARY FOR AUGUST 30 2016...

CLIMATE NORMAL PERIOD 1981 TO 2010
CLIMATE RECORD PERIOD 9999 TO 9999


WEATHER ITEM   OBSERVED TIME   RECORD YEAR NORMAL DEPARTURE LAST
                VALUE   (LST)  VALUE       VALUE  FROM      YEAR
                                                  NORMAL
..................................................................
TEMPERATURE (F)
 YESTERDAY
  MAXIMUM         83    218 PM  MM      MM  84     -1       75
  MINIMUM         53    432 AM  MM      MM  52      1       58
  AVERAGE         68                        68      0       67

PRECIPITATION (IN)
  YESTERDAY        0.00         MM      MM   0.01  -0.01     0.05
  MONTH TO DATE    T                         0.24  -0.24     0.06
  SINCE OCT 1      8.91                      8.71   0.20     5.89
  SINCE JAN 1      5.65                      5.42   0.23     3.23

SNOWFALL (IN)
  YESTERDAY       MM

DEGREE DAYS
 HEATING
  YESTERDAY        0                         1     -1        0
  MONTH TO DATE    0                         7     -7        0
  SINCE JUN 1     56                        70    -14        4
  SINCE JUL 1      2                        15    -13        0

 COOLING
  YESTERDAY        3                         4     -1        2
  MONTH TO DATE  228                       211     17      266
  SINCE JUN 1    604                       540     64      961
  SINCE JAN 1    623                       565     58     1032
..................................................................


WIND (MPH)
  HIGHEST WIND SPEED    17   HIGHEST WIND DIRECTION     S (170)
  HIGHEST GUST SPEED    20   HIGHEST GUST DIRECTION     S (160)
  AVERAGE WIND SPEED     6.8


SKY COVER
  POSSIBLE SUNSHINE  MM
  AVERAGE SKY COVER 0.0


WEATHER CONDITIONS
 THE FOLLOWING WEATHER WAS RECORDED YESTERDAY.
  NO SIGNIFICANT WEATHER WAS OBSERVED.


RELATIVE HUMIDITY (PERCENT)
 HIGHEST    66           300 AM
 LOWEST     24          1200 PM
 AVERAGE    45

..........................................................


THE MOSES LAKE WA AIRPORT CLIMATE NORMALS FOR TODAY
                         NORMAL    RECORD    YEAR
 MAXIMUM TEMPERATURE (F)   84        MM        MM
 MINIMUM TEMPERATURE (F)   52        MM        MM


SUNRISE AND SUNSET
AUGUST 31 2016........SUNRISE   616 AM PDT   SUNSET   738 PM PDT
SEPTEMBER  1 2016.....SUNRISE   617 AM PDT   SUNSET   736 PM PDT


-  INDICATES NEGATIVE NUMBERS.
R  INDICATES RECORD WAS SET OR TIED.
MM INDICATES DATA IS MISSING.
T  INDICATES TRACE AMOUNT.




$$
