000
CDUS45 KBOI 190932
CLIMYL


CLIMATE REPORT
NATIONAL WEATHER SERVICE BOISE ID
332 AM MDT FRI SEP 19 2014


...................................

...THE MCCALL ID CLIMATE SUMMARY FOR SEPTEMBER 18 2014...

CLIMATE NORMAL PERIOD 1981 TO 2010
CLIMATE RECORD PERIOD 1930 TO 2014


WEATHER ITEM   OBSERVED TIME   RECORD YEAR NORMAL DEPARTURE LAST
                VALUE   (LST)  VALUE       VALUE  FROM      YEAR
                                                  NORMAL
..................................................................
TEMPERATURE (F)
 YESTERDAY
  MAXIMUM         77    354 PM  89    1981  67     10       49
  MINIMUM         51   1159 PM  19    1971  33     18       34
  AVERAGE         64                        50     14       42

PRECIPITATION (IN)
  YESTERDAY        T             0.76 1989   0.03  -0.03     0.30
  MONTH TO DATE    T                         0.49  -0.49     0.76
  SINCE OCT 1     20.69                     19.71   0.98    25.82
  SINCE JAN 1     16.62                     13.53   3.09    12.33

DEGREE DAYS
 HEATING
  YESTERDAY        1                        15    -14       23
  MONTH TO DATE  156                       221    -65       72
  SINCE SEP 1    156                       221    -65       72
  SINCE JUL 1    272                       549   -277      119

 COOLING
  YESTERDAY        0                         0      0        0
  MONTH TO DATE    0                         0      0        6
  SINCE SEP 1      0                         0      0        6
  SINCE JAN 1    185                        25    160      186
..................................................................


WIND (MPH)
  HIGHEST WIND SPEED    23   HIGHEST WIND DIRECTION     S (180)
  HIGHEST GUST SPEED    33   HIGHEST GUST DIRECTION    SW (220)
  AVERAGE WIND SPEED     6.8


SKY COVER
  AVERAGE SKY COVER 0.6


WEATHER CONDITIONS
 THE FOLLOWING WEATHER WAS RECORDED YESTERDAY.
  HAZE


RELATIVE HUMIDITY (PERCENT)
 HIGHEST    66           400 AM
 LOWEST     23           500 PM
 AVERAGE    45

..........................................................


THE MCCALL ID CLIMATE NORMALS FOR TODAY
                         NORMAL    RECORD    YEAR
 MAXIMUM TEMPERATURE (F)   66        87      1981
 MINIMUM TEMPERATURE (F)   32        20      1971


SUNRISE AND SUNSET
SEPTEMBER 19 2014.....SUNRISE   728 AM MDT   SUNSET   747 PM MDT
SEPTEMBER 20 2014.....SUNRISE   729 AM MDT   SUNSET   746 PM MDT


-  INDICATES NEGATIVE NUMBERS.
R  INDICATES RECORD WAS SET OR TIED.
MM INDICATES DATA IS MISSING.
T  INDICATES TRACE AMOUNT.




$$
