000
CDUS45 KBOI 290930
CLIMYL


CLIMATE REPORT
NATIONAL WEATHER SERVICE BOISE ID
330 AM MDT FRI MAY 29 2015


...................................

...THE MCCALL ID CLIMATE SUMMARY FOR MAY 28 2015...

CLIMATE NORMAL PERIOD 1981 TO 2010
CLIMATE RECORD PERIOD 1930 TO 2015


WEATHER ITEM   OBSERVED TIME   RECORD YEAR NORMAL DEPARTURE LAST
                VALUE   (LST)  VALUE       VALUE  FROM      YEAR
                                                  NORMAL
..................................................................
TEMPERATURE (F)
 YESTERDAY
  MAXIMUM         71    527 PM  83    2003  62      9       65
  MINIMUM         35    538 AM  24    1998  35      0       37
  AVERAGE         53                        49      4       51

PRECIPITATION (IN)
  YESTERDAY        0.00          0.79 2004   0.07  -0.07     0.00
  MONTH TO DATE    2.16                      1.98   0.18     1.09
  SINCE OCT 1     17.95                     15.75   2.20    18.45
  SINCE JAN 1      9.19                      9.57  -0.38    14.38

DEGREE DAYS
 HEATING
  YESTERDAY       12                        16     -4       14
  MONTH TO DATE  415                       546   -131      432
  SINCE MAR 1   1969                      2506   -537     2232
  SINCE JUL 1   7340                      9181  -1841     8226

 COOLING
  YESTERDAY        0                         0      0        0
  MONTH TO DATE    0                         0      0        0
  SINCE MAR 1      0                         0      0        0
  SINCE JAN 1      0                         0      0        0
..................................................................


WIND (MPH)
  HIGHEST WIND SPEED    12   HIGHEST WIND DIRECTION     W (270)
  HIGHEST GUST SPEED    17   HIGHEST GUST DIRECTION    NE (50)
  AVERAGE WIND SPEED     3.9


SKY COVER
  AVERAGE SKY COVER 0.2


WEATHER CONDITIONS
 THE FOLLOWING WEATHER WAS RECORDED YESTERDAY.
  FOG


RELATIVE HUMIDITY (PERCENT)
 HIGHEST    92           200 AM
 LOWEST     31           600 PM
 AVERAGE    62

..........................................................


THE MCCALL ID CLIMATE NORMALS FOR TODAY
                         NORMAL    RECORD    YEAR
 MAXIMUM TEMPERATURE (F)   62        87      2003
 MINIMUM TEMPERATURE (F)   35        23      1973


SUNRISE AND SUNSET
MAY 29 2015...........SUNRISE   603 AM MDT   SUNSET   921 PM MDT
MAY 30 2015...........SUNRISE   603 AM MDT   SUNSET   922 PM MDT


-  INDICATES NEGATIVE NUMBERS.
R  INDICATES RECORD WAS SET OR TIED.
MM INDICATES DATA IS MISSING.
T  INDICATES TRACE AMOUNT.




$$
