547
CDUS45 KBOI 050934
CLIMYL


CLIMATE REPORT
NATIONAL WEATHER SERVICE BOISE ID
334 AM MDT THU MAY 5 2016


...................................

...THE MCCALL ID CLIMATE SUMMARY FOR MAY 4 2016...

CLIMATE NORMAL PERIOD 1981 TO 2010
CLIMATE RECORD PERIOD 1930 TO 2016


WEATHER ITEM   OBSERVED TIME   RECORD YEAR NORMAL DEPARTURE LAST
                VALUE   (LST)  VALUE       VALUE  FROM      YEAR
                                                  NORMAL
..................................................................
TEMPERATURE (F)
 YESTERDAY
  MAXIMUM         73    153 PM  83    1966  55     18       72
  MINIMUM         37    530 AM  21    2002  30      7       32
  AVERAGE         55                        43     12       52

PRECIPITATION (IN)
  YESTERDAY        T             0.69 1993   0.07  -0.07      T
  MONTH TO DATE    T                         0.27  -0.27      T
  SINCE OCT 1     21.71                     14.04   7.67    15.79
  SINCE JAN 1     11.14                      7.86   3.28     7.03

DEGREE DAYS
 HEATING
  YESTERDAY       10                        22    -12       13
  MONTH TO DATE   54                        91    -37       58
  SINCE MAR 1   1648                      2051   -403     1612
  SINCE JUL 1   7517                      8726  -1209     6934

 COOLING
  YESTERDAY        0                         0      0        0
  MONTH TO DATE    0                         0      0        0
  SINCE MAR 1      0                         0      0        0
  SINCE JAN 1      0                         0      0        0
..................................................................


WIND (MPH)
  HIGHEST WIND SPEED    26   HIGHEST WIND DIRECTION    SE (130)
  HIGHEST GUST SPEED    36   HIGHEST GUST DIRECTION    SE (130)
  AVERAGE WIND SPEED     6.1


SKY COVER
  AVERAGE SKY COVER 0.2


WEATHER CONDITIONS
 THE FOLLOWING WEATHER WAS RECORDED YESTERDAY.
  LIGHT RAIN
  HAZE


RELATIVE HUMIDITY (PERCENT)
 HIGHEST    85           500 AM
 LOWEST     22           100 PM
 AVERAGE    54

..........................................................


THE MCCALL ID CLIMATE NORMALS FOR TODAY
                         NORMAL    RECORD    YEAR
 MAXIMUM TEMPERATURE (F)   56        82      1966
 MINIMUM TEMPERATURE (F)   30        20      1999


SUNRISE AND SUNSET
MAY  5 2016...........SUNRISE   627 AM MDT   SUNSET   855 PM MDT
MAY  6 2016...........SUNRISE   626 AM MDT   SUNSET   857 PM MDT


-  INDICATES NEGATIVE NUMBERS.
R  INDICATES RECORD WAS SET OR TIED.
MM INDICATES DATA IS MISSING.
T  INDICATES TRACE AMOUNT.




$$
