000
CDUS45 KBOI 250933
CLIMYL


CLIMATE REPORT
NATIONAL WEATHER SERVICE BOISE ID
332 AM MDT WED MAY 25 2016


...................................

...THE MCCALL ID CLIMATE SUMMARY FOR MAY 24 2016...

CLIMATE NORMAL PERIOD 1981 TO 2010
CLIMATE RECORD PERIOD 1930 TO 2016


WEATHER ITEM   OBSERVED TIME   RECORD YEAR NORMAL DEPARTURE LAST
                VALUE   (LST)  VALUE       VALUE  FROM      YEAR
                                                  NORMAL
..................................................................
TEMPERATURE (F)
 YESTERDAY
  MAXIMUM         59    350 PM  84    2001  61     -2       66
  MINIMUM         33    428 AM  24    1989  35     -2       42
  AVERAGE         46                        48     -2       54

PRECIPITATION (IN)
  YESTERDAY        0.00          0.84 1962   0.08  -0.08      T
  MONTH TO DATE    1.29                      1.69  -0.40     2.09
  SINCE OCT 1     23.00                     15.46   7.54    17.88
  SINCE JAN 1     12.43                      9.28   3.15     9.12

DEGREE DAYS
 HEATING
  YESTERDAY       19                        17      2       11
  MONTH TO DATE  370                       479   -109      365
  SINCE MAR 1   1964                      2439   -475     1919
  SINCE JUL 1   7833                      9114  -1281     7241

 COOLING
  YESTERDAY        0                         0      0        0
  MONTH TO DATE    0                         0      0        0
  SINCE MAR 1      0                         0      0        0
  SINCE JAN 1      0                         0      0        0
..................................................................


WIND (MPH)
  HIGHEST WIND SPEED    15   HIGHEST WIND DIRECTION     W (270)
  HIGHEST GUST SPEED    20   HIGHEST GUST DIRECTION     W (260)
  AVERAGE WIND SPEED     5.2


SKY COVER
  AVERAGE SKY COVER 0.3


WEATHER CONDITIONS
 THE FOLLOWING WEATHER WAS RECORDED YESTERDAY.
  NO SIGNIFICANT WEATHER WAS OBSERVED.


RELATIVE HUMIDITY (PERCENT)
 HIGHEST    96           600 AM
 LOWEST     33           100 PM
 AVERAGE    65

..........................................................


THE MCCALL ID CLIMATE NORMALS FOR TODAY
                         NORMAL    RECORD    YEAR
 MAXIMUM TEMPERATURE (F)   61        86      2001
 MINIMUM TEMPERATURE (F)   35        18      1975


SUNRISE AND SUNSET
MAY 25 2016...........SUNRISE   606 AM MDT   SUNSET   918 PM MDT
MAY 26 2016...........SUNRISE   605 AM MDT   SUNSET   919 PM MDT


-  INDICATES NEGATIVE NUMBERS.
R  INDICATES RECORD WAS SET OR TIED.
MM INDICATES DATA IS MISSING.
T  INDICATES TRACE AMOUNT.




$$
