000
CDUS45 KBOI 030931
CLIMYL


CLIMATE REPORT
NATIONAL WEATHER SERVICE BOISE ID
331 AM MDT FRI JUL 3 2015


...................................

...THE MCCALL ID CLIMATE SUMMARY FOR JULY 2 2015...

CLIMATE NORMAL PERIOD 1981 TO 2010
CLIMATE RECORD PERIOD 1930 TO 2015


WEATHER ITEM   OBSERVED TIME   RECORD YEAR NORMAL DEPARTURE LAST
                VALUE   (LST)  VALUE       VALUE  FROM      YEAR
                                                  NORMAL
..................................................................
TEMPERATURE (F)
 YESTERDAY
  MAXIMUM         92    433 PM  93    2013  74     18       89
  MINIMUM         50    534 AM  26    1955  41      9       45
  AVERAGE         71                        58     13       67

PRECIPITATION (IN)
  YESTERDAY        0.00          0.74 1983   0.04  -0.04     0.00
  MONTH TO DATE    0.00                      0.08  -0.08     0.00
  SINCE OCT 1     18.34                     17.90   0.44    19.26
  SINCE JAN 1      9.58                     11.72  -2.14    15.19

DEGREE DAYS
 HEATING
  YESTERDAY        0                         8     -8        0
  MONTH TO DATE    0                        16    -16        2
  SINCE JUN 1    109                       383   -274      316
  SINCE JUL 1      0                        16    -16        2

 COOLING
  YESTERDAY        6                         0      6        2
  MONTH TO DATE   14                         0     14        2
  SINCE JUN 1     80                         1     79        2
  SINCE JAN 1     80                         1     79        2
..................................................................


WIND (MPH)
  HIGHEST WIND SPEED    15   HIGHEST WIND DIRECTION     W (250)
  HIGHEST GUST SPEED    21   HIGHEST GUST DIRECTION     W (280)
  AVERAGE WIND SPEED     5.1


SKY COVER
  AVERAGE SKY COVER 0.0


WEATHER CONDITIONS
 THE FOLLOWING WEATHER WAS RECORDED YESTERDAY.
  HAZE


RELATIVE HUMIDITY (PERCENT)
 HIGHEST    77           600 AM
 LOWEST     13           100 PM
 AVERAGE    45

..........................................................


THE MCCALL ID CLIMATE NORMALS FOR TODAY
                         NORMAL    RECORD    YEAR
 MAXIMUM TEMPERATURE (F)   75        91      2001
 MINIMUM TEMPERATURE (F)   41        30      1983


SUNRISE AND SUNSET
JULY  3 2015..........SUNRISE   603 AM MDT   SUNSET   934 PM MDT
JULY  4 2015..........SUNRISE   604 AM MDT   SUNSET   934 PM MDT


-  INDICATES NEGATIVE NUMBERS.
R  INDICATES RECORD WAS SET OR TIED.
MM INDICATES DATA IS MISSING.
T  INDICATES TRACE AMOUNT.




$$
