000
CDUS45 KBOI 270930
CLIMYL


CLIMATE REPORT
NATIONAL WEATHER SERVICE BOISE ID
330 AM MDT WED AUG 27 2014


...................................

...THE MCCALL ID CLIMATE SUMMARY FOR AUGUST 26 2014...

CLIMATE NORMAL PERIOD 1981 TO 2010
CLIMATE RECORD PERIOD 1930 TO 2014


WEATHER ITEM   OBSERVED TIME   RECORD YEAR NORMAL DEPARTURE LAST
                VALUE   (LST)  VALUE       VALUE  FROM      YEAR
                                                  NORMAL
..................................................................
TEMPERATURE (F)
 YESTERDAY
  MAXIMUM         76    522 PM  91    1988  75      1       77
  MINIMUM         40    614 AM  24    1992  40      0       48
  AVERAGE         58                        57      1       63

PRECIPITATION (IN)
  YESTERDAY        0.00          0.69 1956   0.02  -0.02     0.01
  MONTH TO DATE    1.16                      0.55   0.61     0.13
  SINCE OCT 1     20.65                     19.09   1.56    24.87
  SINCE JAN 1     16.58                     12.91   3.67    11.38

DEGREE DAYS
 HEATING
  YESTERDAY        7                         8     -1        2
  MONTH TO DATE   75                       136    -61       27
  SINCE JUN 1    407                       653   -246      307
  SINCE JUL 1     93                       286   -193       44

 COOLING
  YESTERDAY        0                         0      0        0
  MONTH TO DATE   54                         7     47       52
  SINCE JUN 1    185                        23    162      175
  SINCE JAN 1    185                        23    162      175
..................................................................


WIND (MPH)
  HIGHEST WIND SPEED    13   HIGHEST WIND DIRECTION    NW (320)
  HIGHEST GUST SPEED    16   HIGHEST GUST DIRECTION    NW (330)
  AVERAGE WIND SPEED     2.1


SKY COVER
  AVERAGE SKY COVER 0.0


WEATHER CONDITIONS
 THE FOLLOWING WEATHER WAS RECORDED YESTERDAY.
  NO SIGNIFICANT WEATHER WAS OBSERVED.


RELATIVE HUMIDITY (PERCENT)
 HIGHEST    89           500 AM
 LOWEST     19           500 PM
 AVERAGE    54

..........................................................


THE MCCALL ID CLIMATE NORMALS FOR TODAY
                         NORMAL    RECORD    YEAR
 MAXIMUM TEMPERATURE (F)   75        92      2001
 MINIMUM TEMPERATURE (F)   39        25      1992


SUNRISE AND SUNSET
AUGUST 27 2014........SUNRISE   701 AM MDT   SUNSET   830 PM MDT
AUGUST 28 2014........SUNRISE   702 AM MDT   SUNSET   828 PM MDT


-  INDICATES NEGATIVE NUMBERS.
R  INDICATES RECORD WAS SET OR TIED.
MM INDICATES DATA IS MISSING.
T  INDICATES TRACE AMOUNT.




$$
