871
CDUS45 KBOI 170932
CLIMYL


CLIMATE REPORT
NATIONAL WEATHER SERVICE BOISE ID
232 AM MST WED JAN 17 2018


...................................

...THE MCCALL ID CLIMATE SUMMARY FOR JANUARY 16 2018...

CLIMATE NORMAL PERIOD 1981 TO 2010
CLIMATE RECORD PERIOD 1930 TO 2018


WEATHER ITEM   OBSERVED TIME   RECORD YEAR NORMAL DEPARTURE LAST
                VALUE   (LST)  VALUE       VALUE  FROM      YEAR
                                                  NORMAL
..................................................................
TEMPERATURE (F)
 YESTERDAY
  MAXIMUM         33    717 PM  45    1973  29      4       16
  MINIMUM         17    720 AM -24    1917  11      6      -10
  AVERAGE         25                        20      5        3

PRECIPITATION (IN)
  YESTERDAY        0.05          1.30 1906   0.06  -0.01     0.00
  MONTH TO DATE    1.61                      0.93   0.68     1.49
  SINCE OCT 1      8.46                      7.11   1.35     9.98
  SINCE JAN 1      1.61                      0.93   0.68     1.49

DEGREE DAYS
 HEATING
  YESTERDAY       40                        45     -5       62
  MONTH TO DATE  581                       729   -148      873
  SINCE DEC 1   1972                      2165   -193     2436
  SINCE JUL 1   4098                      4803   -705     4473

 COOLING
  YESTERDAY        0                         0      0        0
  MONTH TO DATE    0                         0      0        0
  SINCE DEC 1      0                         0      0        0
  SINCE JAN 1      0                         0      0        0
..................................................................


WIND (MPH)
  HIGHEST WIND SPEED    10   HIGHEST WIND DIRECTION     S (180)
  HIGHEST GUST SPEED    13   HIGHEST GUST DIRECTION    NE (60)
  AVERAGE WIND SPEED     1.9


SKY COVER
  AVERAGE SKY COVER 0.9


WEATHER CONDITIONS
 THE FOLLOWING WEATHER WAS RECORDED YESTERDAY.
  LIGHT SNOW
  FOG
  FOG W/VISIBILITY <= 1/4 MILE


RELATIVE HUMIDITY (PERCENT)
 HIGHEST   100           900 PM
 LOWEST     84           300 AM
 AVERAGE    92

..........................................................


THE MCCALL ID CLIMATE NORMALS FOR TODAY
                         NORMAL    RECORD    YEAR
 MAXIMUM TEMPERATURE (F)   29        45      1920
 MINIMUM TEMPERATURE (F)   11       -30      1930


SUNRISE AND SUNSET
JANUARY 17 2018.......SUNRISE   817 AM MST   SUNSET   532 PM MST
JANUARY 18 2018.......SUNRISE   817 AM MST   SUNSET   533 PM MST


-  INDICATES NEGATIVE NUMBERS.
R  INDICATES RECORD WAS SET OR TIED.
MM INDICATES DATA IS MISSING.
T  INDICATES TRACE AMOUNT.




$$
