000
CDUS45 KBOI 190930
CLIMYL


CLIMATE REPORT
NATIONAL WEATHER SERVICE BOISE ID
230 AM MST SUN NOV 19 2017


...................................

...THE MCCALL ID CLIMATE SUMMARY FOR NOVEMBER 18 2017...

CLIMATE NORMAL PERIOD 1981 TO 2010
CLIMATE RECORD PERIOD 1930 TO 2017


WEATHER ITEM   OBSERVED TIME   RECORD YEAR NORMAL DEPARTURE LAST
                VALUE   (LST)  VALUE       VALUE  FROM      YEAR
                                                  NORMAL
..................................................................
TEMPERATURE (F)
 YESTERDAY
  MAXIMUM         34    424 PM  54    2008  36     -2       36
                                      1936
                                      1929
  MINIMUM         16    813 AM   2    2014  19     -3       15
  AVERAGE         25                        27     -2       26

PRECIPITATION (IN)
  YESTERDAY        0.00          1.14 1982   0.09  -0.09     0.00
  MONTH TO DATE    2.40                      1.80   0.60     0.93
  SINCE OCT 1      3.65                      3.20   0.45     4.08
  SINCE JAN 1     26.44                     17.12   9.32    19.79

DEGREE DAYS
 HEATING
  YESTERDAY       40                        38      2       39
  MONTH TO DATE  632                       608     24      432
  SINCE SEP 1   1716                      1823   -107     1438
  SINCE JUL 1   1746                      2151   -405     1631

 COOLING
  YESTERDAY        0                         0      0        0
  MONTH TO DATE    0                         0      0        0
  SINCE SEP 1     31                         0     31        0
  SINCE JAN 1    229                        25    204      108
..................................................................


WIND (MPH)
  HIGHEST WIND SPEED     7   HIGHEST WIND DIRECTION     S (190)
  HIGHEST GUST SPEED     8   HIGHEST GUST DIRECTION     S (190)
  AVERAGE WIND SPEED     1.0


SKY COVER
  AVERAGE SKY COVER 0.1


WEATHER CONDITIONS
 THE FOLLOWING WEATHER WAS RECORDED YESTERDAY.
  NO SIGNIFICANT WEATHER WAS OBSERVED.


RELATIVE HUMIDITY (PERCENT)
 HIGHEST    92           400 AM
 LOWEST     56           500 PM
 AVERAGE    74

..........................................................


THE MCCALL ID CLIMATE NORMALS FOR TODAY
                         NORMAL    RECORD    YEAR
 MAXIMUM TEMPERATURE (F)   35        57      1936
 MINIMUM TEMPERATURE (F)   19        -4      1985


SUNRISE AND SUNSET
NOVEMBER 19 2017......SUNRISE   748 AM MST   SUNSET   512 PM MST
NOVEMBER 20 2017......SUNRISE   749 AM MST   SUNSET   511 PM MST


-  INDICATES NEGATIVE NUMBERS.
R  INDICATES RECORD WAS SET OR TIED.
MM INDICATES DATA IS MISSING.
T  INDICATES TRACE AMOUNT.




$$
