743
CDUS44 KLIX 130803
CLINEW


CLIMATE REPORT
NATIONAL WEATHER SERVICE NEW ORLEANS
202 AM CST SAT FEB 13 2016


...................................

...THE NEW ORLEANS CLIMATE SUMMARY FOR FEBRUARY 12 2016...

CLIMATE NORMAL PERIOD 1981 TO 2010
CLIMATE RECORD PERIOD 1946 TO 2016


WEATHER ITEM   OBSERVED TIME   RECORD YEAR NORMAL DEPARTURE LAST
                VALUE   (LST)  VALUE       VALUE  FROM      YEAR
                                                  NORMAL
..................................................................
TEMPERATURE (F)
 YESTERDAY
  MAXIMUM         77    307 PM  81    2000  65     12       65
  MINIMUM         56    647 AM  26    1981  47      9       43
  AVERAGE         67                        56     11       54

PRECIPITATION (IN)
  YESTERDAY        0.00          1.87 1971   0.20  -0.20     0.00
  MONTH TO DATE    1.05                      2.37  -1.32     1.11
  SINCE DEC 1     11.92                     12.76  -0.84    10.74
  SINCE JAN 1      5.46                      7.52  -2.06     6.78

SNOWFALL (IN)
  YESTERDAY        0.0
  MONTH TO DATE    0.0
  SINCE DEC 1      0.0
  SINCE JUL 1      0.0
  SNOW DEPTH       0

DEGREE DAYS
 HEATING
  YESTERDAY        0                        10    -10       11
  MONTH TO DATE  113                       126    -13      125
  SINCE DEC 1    569                       818   -249      741
  SINCE JUL 1    627                       982   -355      971

 COOLING
  YESTERDAY        2                         1      1        0
  MONTH TO DATE   18                        12      6        3
  SINCE DEC 1    133                        55     78       42
  SINCE JAN 1     22                        28     -6       11
..................................................................


WIND (MPH)
  HIGHEST WIND SPEED    23   HIGHEST WIND DIRECTION     W (280)
  HIGHEST GUST SPEED    27   HIGHEST GUST DIRECTION     W (290)
  AVERAGE WIND SPEED    10.7


SKY COVER
  POSSIBLE SUNSHINE  MM
  AVERAGE SKY COVER 0.3


WEATHER CONDITIONS
 THE FOLLOWING WEATHER WAS RECORDED YESTERDAY.
  FOG
  HAZE


RELATIVE HUMIDITY (PERCENT)
 HIGHEST    87           100 AM
 LOWEST     43           200 PM
 AVERAGE    65

..........................................................


THE NEW ORLEANS CLIMATE NORMALS FOR TODAY
                         NORMAL    RECORD    YEAR
 MAXIMUM TEMPERATURE (F)   65        81      1959
 MINIMUM TEMPERATURE (F)   48        25      1958


SUNRISE AND SUNSET
FEBRUARY 13 2016......SUNRISE   643 AM CST   SUNSET   548 PM CST
FEBRUARY 14 2016......SUNRISE   642 AM CST   SUNSET   549 PM CST


-  INDICATES NEGATIVE NUMBERS.
R  INDICATES RECORD WAS SET OR TIED.
MM INDICATES DATA IS MISSING.
T  INDICATES TRACE AMOUNT.




$$
