000
CDUS44 KLIX 202119
CLINEW


CLIMATE REPORT
NATIONAL WEATHER SERVICE NEW ORLEANS
418 PM CDT THU JUL 20 2017


...................................

...THE NEW ORLEANS CLIMATE SUMMARY FOR JULY 20 2017...
VALID TODAY AS OF 0400 PM LOCAL TIME.

CLIMATE NORMAL PERIOD 1981 TO 2010
CLIMATE RECORD PERIOD 1946 TO 2017


WEATHER ITEM   OBSERVED TIME   RECORD YEAR NORMAL DEPARTURE LAST
                VALUE   (LST)  VALUE       VALUE  FROM      YEAR
                                                  NORMAL
..................................................................
TEMPERATURE (F)
 TODAY
  MAXIMUM         96    259 PM  98    2016  91      5       98
                                      2000
  MINIMUM         76    511 AM  69    1984  75      1       80
                                      1964
  AVERAGE         86                        83      3       89

PRECIPITATION (IN)
  TODAY            0.00          3.57 2012   0.18  -0.18      T
  MONTH TO DATE    5.23                      4.00   1.23     3.48
  SINCE JUN 1     20.71                     12.06   8.65    13.26
  SINCE JAN 1     46.61                     36.30  10.31    42.59

SNOWFALL (IN)
  TODAY            0.0
  MONTH TO DATE    0.0
  SINCE JUN 1      0.0
  SINCE JUL 1      0.0
  SNOW DEPTH       0

DEGREE DAYS
 HEATING
  TODAY            0                         0      0        0
  MONTH TO DATE    0                         0      0        0
  SINCE JUN 1      0                         0      0        0
  SINCE JUL 1      0                         0      0        0

 COOLING
  TODAY           21                        18      3       24
  MONTH TO DATE  367                       360      7      442
  SINCE JUN 1    828                       855    -27     1026
  SINCE JAN 1   1583                      1474    109     1806
..................................................................


WIND (MPH)
  HIGHEST WIND SPEED    10   HIGHEST WIND DIRECTION    NE (40)
  HIGHEST GUST SPEED    13   HIGHEST GUST DIRECTION    NE (50)
  AVERAGE WIND SPEED     3.6


SKY COVER
  POSSIBLE SUNSHINE  MM
  AVERAGE SKY COVER 0.3


WEATHER CONDITIONS
 THE FOLLOWING WEATHER WAS RECORDED TODAY.
  NO SIGNIFICANT WEATHER WAS OBSERVED.


RELATIVE HUMIDITY (PERCENT)
 HIGHEST   100           500 AM
 LOWEST     45           300 PM
 AVERAGE    73

..........................................................


THE NEW ORLEANS CLIMATE NORMALS FOR TOMORROW
                         NORMAL    RECORD    YEAR
 MAXIMUM TEMPERATURE (F)   91        99      2016
 MINIMUM TEMPERATURE (F)   75        68      1984


SUNRISE AND SUNSET
JULY 20 2017..........SUNRISE   613 AM CDT   SUNSET   801 PM CDT
JULY 21 2017..........SUNRISE   614 AM CDT   SUNSET   801 PM CDT


-  INDICATES NEGATIVE NUMBERS.
R  INDICATES RECORD WAS SET OR TIED.
MM INDICATES DATA IS MISSING.
T  INDICATES TRACE AMOUNT.




$$
