000
CDUS44 KLIX 240710
CLINEW


CLIMATE REPORT
NATIONAL WEATHER SERVICE NEW ORLEANS
200 AM CDT MON APR 24 2017


...................................

...THE NEW ORLEANS CLIMATE SUMMARY FOR APRIL 23 2017...

CLIMATE NORMAL PERIOD 1981 TO 2010
CLIMATE RECORD PERIOD 1946 TO 2017


WEATHER ITEM   OBSERVED TIME   RECORD YEAR NORMAL DEPARTURE LAST
                VALUE   (LST)  VALUE       VALUE  FROM      YEAR
                                                  NORMAL
..................................................................
TEMPERATURE (F)
 YESTERDAY
  MAXIMUM         69    214 PM  88    1971  80    -11       82
                                      1967
  MINIMUM         54   1159 PM  46    1993  62     -8       63
  AVERAGE         62                        71     -9       73

PRECIPITATION (IN)
  YESTERDAY        T             1.65 2010   0.14  -0.14     0.00
  MONTH TO DATE    2.55                      3.48  -0.93     7.26
  SINCE MAR 1      5.43                      8.03  -2.60    13.62
  SINCE JAN 1     13.07                     18.48  -5.41    21.75

SNOWFALL (IN)
  YESTERDAY        0.0
  MONTH TO DATE    0.0
  SINCE MAR 1      0.0
  SINCE JUL 1      0.0
  SNOW DEPTH       0

DEGREE DAYS
 HEATING
  YESTERDAY        3                         0      3        0
  MONTH TO DATE   10                        32    -22        3
  SINCE MAR 1     69                       168    -99       41
  SINCE JUL 1    630                      1277   -647      755

 COOLING
  YESTERDAY        0                         6     -6        8
  MONTH TO DATE  148                       106     42      124
  SINCE MAR 1    287                       169    118      267
  SINCE JAN 1    407                       206    201      303
..................................................................


WIND (MPH)
  HIGHEST WIND SPEED    20   HIGHEST WIND DIRECTION     N (340)
  HIGHEST GUST SPEED    26   HIGHEST GUST DIRECTION     N (340)
  AVERAGE WIND SPEED    11.1


SKY COVER
  POSSIBLE SUNSHINE  MM
  AVERAGE SKY COVER 0.8


WEATHER CONDITIONS
 THE FOLLOWING WEATHER WAS RECORDED YESTERDAY.
  NO SIGNIFICANT WEATHER WAS OBSERVED.


RELATIVE HUMIDITY (PERCENT)
 HIGHEST    93          1100 PM
 LOWEST     55           300 PM
 AVERAGE    74

..........................................................


THE NEW ORLEANS CLIMATE NORMALS FOR TODAY
                         NORMAL    RECORD    YEAR
 MAXIMUM TEMPERATURE (F)   80        90      1988
                                             1958
 MINIMUM TEMPERATURE (F)   62        44      1968


SUNRISE AND SUNSET
APRIL 24 2017.........SUNRISE   624 AM CDT   SUNSET   734 PM CDT
APRIL 25 2017.........SUNRISE   623 AM CDT   SUNSET   735 PM CDT


-  INDICATES NEGATIVE NUMBERS.
R  INDICATES RECORD WAS SET OR TIED.
MM INDICATES DATA IS MISSING.
T  INDICATES TRACE AMOUNT.




$$
