000
CDUS44 KLIX 032215
CLINEW


CLIMATE REPORT
NATIONAL WEATHER SERVICE NEW ORLEANS
415 PM CST SAT DEC 3 2016


...................................

...THE NEW ORLEANS CLIMATE SUMMARY FOR DECEMBER 3 2016...
VALID TODAY AS OF 0400 PM LOCAL TIME.

CLIMATE NORMAL PERIOD 1981 TO 2010
CLIMATE RECORD PERIOD 1946 TO 2016


WEATHER ITEM   OBSERVED TIME   RECORD YEAR NORMAL DEPARTURE LAST
                VALUE   (LST)  VALUE       VALUE  FROM      YEAR
                                                  NORMAL
..................................................................
TEMPERATURE (F)
 TODAY
  MAXIMUM         64    142 PM  84    1978  67     -3       55
  MINIMUM         56    141 AM  25    1974  49      7       50
  AVERAGE         60                        58      2       53

PRECIPITATION (IN)
  TODAY            0.08          6.47 1990   0.17  -0.09     0.00
  MONTH TO DATE    0.10                      0.50  -0.40     0.12
  SINCE DEC 1      0.10                      0.50  -0.40     0.12
  SINCE JAN 1     62.98                     57.71   5.27    65.00

SNOWFALL (IN)
  TODAY            0.0
  MONTH TO DATE    0.0
  SINCE DEC 1      0.0
  SINCE JUL 1      0.0
  SNOW DEPTH       0

DEGREE DAYS
 HEATING
  TODAY            5                         8     -3       12
  MONTH TO DATE   25                        24      1       16
  SINCE DEC 1     25                        24      1       16
  SINCE JUL 1     96                       188    -92       74

 COOLING
  TODAY            0                         1     -1        0
  MONTH TO DATE    0                         3     -3        7
  SINCE DEC 1      0                         3     -3        7
  SINCE JAN 1   3835                      2981    854     3499
..................................................................


WIND (MPH)
  HIGHEST WIND SPEED    24   HIGHEST WIND DIRECTION     E (90)
  HIGHEST GUST SPEED    32   HIGHEST GUST DIRECTION     E (90)
  AVERAGE WIND SPEED    12.4


SKY COVER
  POSSIBLE SUNSHINE  MM
  AVERAGE SKY COVER 1.0


WEATHER CONDITIONS
 THE FOLLOWING WEATHER WAS RECORDED TODAY.
  LIGHT RAIN


RELATIVE HUMIDITY (PERCENT)
 HIGHEST    86           400 AM
 LOWEST     64          1000 AM
 AVERAGE    75

..........................................................


THE NEW ORLEANS CLIMATE NORMALS FOR TOMORROW
                         NORMAL    RECORD    YEAR
 MAXIMUM TEMPERATURE (F)   67        82      1995
 MINIMUM TEMPERATURE (F)   49        30      1976
                                             1974


SUNRISE AND SUNSET
DECEMBER  3 2016......SUNRISE   641 AM CST   SUNSET   501 PM CST
DECEMBER  4 2016......SUNRISE   642 AM CST   SUNSET   501 PM CST


-  INDICATES NEGATIVE NUMBERS.
R  INDICATES RECORD WAS SET OR TIED.
MM INDICATES DATA IS MISSING.
T  INDICATES TRACE AMOUNT.




$$
