000
CDUS44 KLIX 020701
CLINEW


CLIMATE REPORT
NATIONAL WEATHER SERVICE NEW ORLEANS
200 AM CDT WED SEP 2 2015


...................................

...THE NEW ORLEANS CLIMATE SUMMARY FOR SEPTEMBER 1 2015...

CLIMATE NORMAL PERIOD 1981 TO 2010
CLIMATE RECORD PERIOD 1946 TO 2015


WEATHER ITEM   OBSERVED TIME   RECORD YEAR NORMAL DEPARTURE LAST
                VALUE   (LST)  VALUE       VALUE  FROM      YEAR
                                                  NORMAL
..................................................................
TEMPERATURE (F)
 YESTERDAY
  MAXIMUM         92    137 PM  97    2000  90      2       92
  MINIMUM         75    419 AM  62    1968  75      0       79
  AVERAGE         84                        82      2       86

PRECIPITATION (IN)
  YESTERDAY        0.00          2.40 2008   0.20  -0.20     0.01
  MONTH TO DATE    0.00                      0.20  -0.20     0.01
  SINCE SEP 1      0.00                      0.20  -0.20     0.01
  SINCE JAN 1     46.37                     44.41   1.96    42.97

SNOWFALL (IN)
  YESTERDAY        0.0
  MONTH TO DATE    0.0
  SINCE SEP 1      0.0
  SINCE JUL 1      0.0
  SNOW DEPTH       0

DEGREE DAYS
 HEATING
  YESTERDAY        0                         0      0        0
  MONTH TO DATE    0                         0      0        0
  SINCE SEP 1      0                         0      0        0
  SINCE JUL 1      0                         0      0        0

 COOLING
  YESTERDAY       19                        17      2       21
  MONTH TO DATE   19                        17      2       21
  SINCE SEP 1     19                        17      2       21
  SINCE JAN 1   2648                      2263    385     2205
..................................................................


WIND (MPH)
  HIGHEST WIND SPEED    13   HIGHEST WIND DIRECTION     S (180)
  HIGHEST GUST SPEED    19   HIGHEST GUST DIRECTION     S (160)
  AVERAGE WIND SPEED     4.1


SKY COVER
  POSSIBLE SUNSHINE  MM
  AVERAGE SKY COVER 0.7


WEATHER CONDITIONS
 THE FOLLOWING WEATHER WAS RECORDED YESTERDAY.
  NO SIGNIFICANT WEATHER WAS OBSERVED.


RELATIVE HUMIDITY (PERCENT)
 HIGHEST    87           200 AM
 LOWEST     47          1100 AM
 AVERAGE    67

..........................................................


THE NEW ORLEANS CLIMATE NORMALS FOR TODAY
                         NORMAL    RECORD    YEAR
 MAXIMUM TEMPERATURE (F)   90       100      2000
 MINIMUM TEMPERATURE (F)   75        62      1967


SUNRISE AND SUNSET
SEPTEMBER  2 2015.....SUNRISE   638 AM CDT   SUNSET   722 PM CDT
SEPTEMBER  3 2015.....SUNRISE   639 AM CDT   SUNSET   721 PM CDT


-  INDICATES NEGATIVE NUMBERS.
R  INDICATES RECORD WAS SET OR TIED.
MM INDICATES DATA IS MISSING.
T  INDICATES TRACE AMOUNT.




$$
