000
CDUS46 KMTR 270836
CLINUQ


CLIMATE REPORT
NATIONAL WEATHER SERVICE SAN FRANCISCO BAY AREA
1235 AM PST TUE JAN 27 2015


...................................

...THE MOFFETT FIELD CLIMATE SUMMARY FOR JANUARY 26 2015...

CLIMATE NORMAL PERIOD 1981 TO 2010
CLIMATE RECORD PERIOD 1945 TO 2015


WEATHER ITEM   OBSERVED TIME   RECORD YEAR NORMAL DEPARTURE LAST
                VALUE   (LST)  VALUE       VALUE  FROM      YEAR
                                                  NORMAL
..................................................................
TEMPERATURE (F)
 YESTERDAY
  MAXIMUM         66    228 PM  70    2014  59      7       70
  MINIMUM         42    739 AM  25    1949  43     -1       46
  AVERAGE         54                        51      3       58

PRECIPITATION (IN)
  YESTERDAY        0.00          1.58 1983   0.08  -0.08     0.00
  MONTH TO DATE    0.01                      2.32  -2.31     0.02
  SINCE JUL 1     10.41                      7.37   3.04     1.28
  SINCE JAN 1      0.01                      2.32  -2.31     0.02

DEGREE DAYS
 HEATING
  YESTERDAY       11                                         7
  MONTH TO DATE  351                                       279
  SINCE DEC 1    642                                       785
  SINCE JUL 1    869                                      1157

 COOLING
  YESTERDAY        0                                         0
  MONTH TO DATE    0                                         0
  SINCE DEC 1      0                                         0
  SINCE JAN 1      0                                         0
..................................................................


WIND (MPH)
  RESULTANT WIND SPEED   1   RESULTANT WIND DIRECTION   N (20)
  HIGHEST WIND SPEED     8   HIGHEST WIND DIRECTION     N (360)
  HIGHEST GUST SPEED     9   HIGHEST GUST DIRECTION     N (360)
  AVERAGE WIND SPEED     1.0


SKY COVER
  POSSIBLE SUNSHINE  MM
  AVERAGE SKY COVER 0.0


WEATHER CONDITIONS
 THE FOLLOWING WEATHER WAS RECORDED YESTERDAY.
  NO SIGNIFICANT WEATHER WAS OBSERVED.


RELATIVE HUMIDITY (PERCENT)
 HIGHEST    83           500 AM
 LOWEST     44           200 PM
 AVERAGE    64

..........................................................


THE MOFFETT FIELD CLIMATE NORMALS FOR TODAY
                         NORMAL    RECORD    YEAR
 MAXIMUM TEMPERATURE (F)   59        71      1988
 MINIMUM TEMPERATURE (F)   44        27      1949


SUNRISE AND SUNSET
JANUARY 27 2015.......SUNRISE   715 AM PST   SUNSET   527 PM PST
JANUARY 28 2015.......SUNRISE   715 AM PST   SUNSET   528 PM PST


-  INDICATES NEGATIVE NUMBERS.
R  INDICATES RECORD WAS SET OR TIED.
MM INDICATES DATA IS MISSING.
T  INDICATES TRACE AMOUNT.




$$
