225
CDUS46 KMTR 200827
CLINUQ


CLIMATE REPORT
NATIONAL WEATHER SERVICE SAN FRANCISCO BAY AREA
1226 AM PST FRI JAN 20 2017


...................................

...THE MOFFETT FIELD CLIMATE SUMMARY FOR JANUARY 19 2017...

CLIMATE NORMAL PERIOD 1981 TO 2010
CLIMATE RECORD PERIOD 1945 TO 2017


WEATHER ITEM   OBSERVED TIME   RECORD YEAR NORMAL DEPARTURE LAST
                VALUE   (LST)  VALUE       VALUE  FROM      YEAR
                                                  NORMAL
..................................................................
TEMPERATURE (F)
 YESTERDAY
  MAXIMUM         57    319 PM  71    2009  59     -2       65
  MINIMUM         47    929 AM  31    1948  43      4       51
  AVERAGE         52                        51      1       58

PRECIPITATION (IN)
  YESTERDAY        0.13          1.04 2010   0.08   0.05     0.57
  MONTH TO DATE    3.67                      1.79   1.88     3.17
  SINCE OCT 1      8.24                      6.63   1.61     7.57
  SINCE JAN 1      3.67                      1.79   1.88     3.17

DEGREE DAYS
 HEATING
  YESTERDAY       13                                         7
  MONTH TO DATE  287                                       235
  SINCE DEC 1    746                                       707
  SINCE JUL 1   1033                                      1050

 COOLING
  YESTERDAY        0                                         0
  MONTH TO DATE    0                                         0
  SINCE DEC 1      0                                         0
  SINCE JAN 1      0                                         0
..................................................................


WIND (MPH)
  RESULTANT WIND SPEED   4   RESULTANT WIND DIRECTION   S (160)
  HIGHEST WIND SPEED    14   HIGHEST WIND DIRECTION    SE (150)
  HIGHEST GUST SPEED    19   HIGHEST GUST DIRECTION    SE (140)
  AVERAGE WIND SPEED     6.5


SKY COVER
  POSSIBLE SUNSHINE  MM
  AVERAGE SKY COVER 0.6


WEATHER CONDITIONS
 THE FOLLOWING WEATHER WAS RECORDED YESTERDAY.
  LIGHT RAIN
  FOG


RELATIVE HUMIDITY (PERCENT)
 HIGHEST    86           300 AM
 LOWEST     59           400 PM
 AVERAGE    73

..........................................................


THE MOFFETT FIELD CLIMATE NORMALS FOR TODAY
                         NORMAL    RECORD    YEAR
 MAXIMUM TEMPERATURE (F)   59        71      2014
 MINIMUM TEMPERATURE (F)   43        30      1963


SUNRISE AND SUNSET
JANUARY 20 2017.......SUNRISE   719 AM PST   SUNSET   520 PM PST
JANUARY 21 2017.......SUNRISE   719 AM PST   SUNSET   521 PM PST


-  INDICATES NEGATIVE NUMBERS.
R  INDICATES RECORD WAS SET OR TIED.
MM INDICATES DATA IS MISSING.
T  INDICATES TRACE AMOUNT.




$$
