000
CDUS46 KMTR 280029
CLINUQ


CLIMATE REPORT
NATIONAL WEATHER SERVICE SAN FRANCISCO BAY AREA
529 PM PDT WED MAY 27 2015


...................................

...THE MOFFETT FIELD CLIMATE SUMMARY FOR MAY 27 2015...
VALID TODAY AS OF 0500 PM LOCAL TIME.

CLIMATE NORMAL PERIOD 1981 TO 2010
CLIMATE RECORD PERIOD 1945 TO 2015


WEATHER ITEM   OBSERVED TIME   RECORD YEAR NORMAL DEPARTURE LAST
                VALUE   (LST)  VALUE       VALUE  FROM      YEAR
                                                  NORMAL
..................................................................
TEMPERATURE (F)
 TODAY
  MAXIMUM         69    309 PM  97    1984  73     -4       74
  MINIMUM         56    514 AM  45    1956  55      1       55
  AVERAGE         63                        64     -1       65

PRECIPITATION (IN)
  TODAY            0.00          1.00 1990   0.01  -0.01     0.00
  MONTH TO DATE    0.64                      0.44   0.20      T
  SINCE OCT 1     14.12                     14.34  -0.22     5.94
  SINCE JAN 1      4.13                      9.50  -5.37     5.18

DEGREE DAYS
 HEATING
  TODAY            2                                         0
  MONTH TO DATE  125                                        27
  SINCE MAR 1    430                                       317
  SINCE JUL 1   1535                                      1775

 COOLING
  TODAY            0                                         0
  MONTH TO DATE    0                                        56
  SINCE MAR 1     18                                        82
  SINCE JAN 1     18                                        82
..................................................................


WIND (MPH)
  RESULTANT WIND SPEED   5   RESULTANT WIND DIRECTION   N (350)
  HIGHEST WIND SPEED    22   HIGHEST WIND DIRECTION     N (350)
  HIGHEST GUST SPEED    26   HIGHEST GUST DIRECTION     N (350)
  AVERAGE WIND SPEED     6.4


SKY COVER
  POSSIBLE SUNSHINE  MM
  AVERAGE SKY COVER 0.6


WEATHER CONDITIONS
 THE FOLLOWING WEATHER WAS RECORDED TODAY.
  NO SIGNIFICANT WEATHER WAS OBSERVED.


RELATIVE HUMIDITY (PERCENT)
 HIGHEST    77          1200 AM
 LOWEST     55           300 PM
 AVERAGE    66

..........................................................


THE MOFFETT FIELD CLIMATE NORMALS FOR TOMORROW
                         NORMAL    RECORD    YEAR
 MAXIMUM TEMPERATURE (F)   74        93      1975
 MINIMUM TEMPERATURE (F)   55        45      1959


SUNRISE AND SUNSET
MAY 27 2015...........SUNRISE   551 AM PDT   SUNSET   820 PM PDT
MAY 28 2015...........SUNRISE   551 AM PDT   SUNSET   821 PM PDT


-  INDICATES NEGATIVE NUMBERS.
R  INDICATES RECORD WAS SET OR TIED.
MM INDICATES DATA IS MISSING.
T  INDICATES TRACE AMOUNT.




$$
