000
CDUS46 KMTR 300828
CLINUQ


CLIMATE REPORT
NATIONAL WEATHER SERVICE SAN FRANCISCO BAY AREA
128 AM PDT SAT APR 30 2016


...................................

...THE MOFFETT FIELD CLIMATE SUMMARY FOR APRIL 29 2016...

CLIMATE NORMAL PERIOD 1981 TO 2010
CLIMATE RECORD PERIOD 1945 TO 2016


WEATHER ITEM   OBSERVED TIME   RECORD YEAR NORMAL DEPARTURE LAST
                VALUE   (LST)  VALUE       VALUE  FROM      YEAR
                                                  NORMAL
..................................................................
TEMPERATURE (F)
 YESTERDAY
  MAXIMUM         72    141 PM  95    1981  71      1       84
  MINIMUM         49    512 AM  39    1952  51     -2       55
  AVERAGE         61                        61      0       70

PRECIPITATION (IN)
  YESTERDAY        0.00          0.56 1948   0.03  -0.03     0.00
  MONTH TO DATE    1.41                      0.96   0.45     0.88
  SINCE OCT 1     13.02                     13.88  -0.86    13.48
  SINCE JAN 1      8.62                      9.04  -0.42     3.49

DEGREE DAYS
 HEATING
  YESTERDAY        4                                         0
  MONTH TO DATE  121                                       152
  SINCE MAR 1    334                                       305
  SINCE JUL 1   1719                                      1410

 COOLING
  YESTERDAY        0                                         5
  MONTH TO DATE   22                                        10
  SINCE MAR 1     22                                        18
  SINCE JAN 1     24                                        18
..................................................................


WIND (MPH)
  RESULTANT WIND SPEED   4   RESULTANT WIND DIRECTION  NW (310)
  HIGHEST WIND SPEED    23   HIGHEST WIND DIRECTION     N (360)
  HIGHEST GUST SPEED    29   HIGHEST GUST DIRECTION     N (360)
  AVERAGE WIND SPEED     7.9


SKY COVER
  POSSIBLE SUNSHINE  MM
  AVERAGE SKY COVER 0.0


WEATHER CONDITIONS
 THE FOLLOWING WEATHER WAS RECORDED YESTERDAY.
  NO SIGNIFICANT WEATHER WAS OBSERVED.


RELATIVE HUMIDITY (PERCENT)
 HIGHEST    83          1200 AM
 LOWEST     42           300 PM
 AVERAGE    63

..........................................................


THE MOFFETT FIELD CLIMATE NORMALS FOR TODAY
                         NORMAL    RECORD    YEAR
 MAXIMUM TEMPERATURE (F)   71        91      2014
 MINIMUM TEMPERATURE (F)   51        38      1946


SUNRISE AND SUNSET
APRIL 30 2016.........SUNRISE   614 AM PDT   SUNSET   758 PM PDT
MAY  1 2016...........SUNRISE   612 AM PDT   SUNSET   759 PM PDT


-  INDICATES NEGATIVE NUMBERS.
R  INDICATES RECORD WAS SET OR TIED.
MM INDICATES DATA IS MISSING.
T  INDICATES TRACE AMOUNT.




$$
