000
CDUS46 KMTR 010837
CLINUQ


CLIMATE REPORT
NATIONAL WEATHER SERVICE SAN FRANCISCO BAY AREA
137 AM PDT WED JUL 1 2015


...................................

...THE MOFFETT FIELD CLIMATE SUMMARY FOR JUNE 30 2015...

CLIMATE NORMAL PERIOD 1981 TO 2010
CLIMATE RECORD PERIOD 1945 TO 2015


WEATHER ITEM   OBSERVED TIME   RECORD YEAR NORMAL DEPARTURE LAST
                VALUE   (LST)  VALUE       VALUE  FROM      YEAR
                                                  NORMAL
..................................................................
TEMPERATURE (F)
 YESTERDAY
  MAXIMUM         89    329 PM  91    1972  78     11       86
  MINIMUM         61    508 AM  48    1955  58      3       62
  AVERAGE         75                        68      7       74

PRECIPITATION (IN)
  YESTERDAY        0.00          0.04 1997   0.00   0.00     0.00
  MONTH TO DATE    0.11                      0.10   0.01     0.01
  SINCE OCT 1     14.23                     14.47  -0.24     5.95
  SINCE JAN 1      4.24                      9.63  -5.39     5.19

DEGREE DAYS
 HEATING
  YESTERDAY        0                                         0
  MONTH TO DATE   16                                         7
  SINCE JUN 1     16                                         7
  SINCE JUL 1   1568                                      1787

 COOLING
  YESTERDAY       10                                         9
  MONTH TO DATE   78                                        77
  SINCE JUN 1     78                                        77
  SINCE JAN 1     96                                       164
..................................................................


WIND (MPH)
  RESULTANT WIND SPEED   4   RESULTANT WIND DIRECTION   N (340)
  HIGHEST WIND SPEED    13   HIGHEST WIND DIRECTION    NW (320)
  HIGHEST GUST SPEED    18   HIGHEST GUST DIRECTION    NW (330)
  AVERAGE WIND SPEED     5.2


SKY COVER
  POSSIBLE SUNSHINE  MM
  AVERAGE SKY COVER 0.1


WEATHER CONDITIONS
 THE FOLLOWING WEATHER WAS RECORDED YESTERDAY.
  NO SIGNIFICANT WEATHER WAS OBSERVED.


RELATIVE HUMIDITY (PERCENT)
 HIGHEST    90           500 AM
 LOWEST     32           200 PM
 AVERAGE    61

..........................................................


THE MOFFETT FIELD CLIMATE NORMALS FOR TODAY
                         NORMAL    RECORD    YEAR
 MAXIMUM TEMPERATURE (F)   78        97      1985
 MINIMUM TEMPERATURE (F)   58        47      1975


SUNRISE AND SUNSET
JULY  1 2015..........SUNRISE   551 AM PDT   SUNSET   833 PM PDT
JULY  2 2015..........SUNRISE   551 AM PDT   SUNSET   833 PM PDT


-  INDICATES NEGATIVE NUMBERS.
R  INDICATES RECORD WAS SET OR TIED.
MM INDICATES DATA IS MISSING.
T  INDICATES TRACE AMOUNT.




$$
