000
CDUS41 KOKX 310652
CLINYC


CLIMATE REPORT
NATIONAL WEATHER SERVICE NEW YORK NY
252 AM EDT FRI JUL 31 2015


...................................

...THE CENTRAL PARK NY CLIMATE SUMMARY FOR JULY 30 2015...

CLIMATE NORMAL PERIOD 1981 TO 2010
CLIMATE RECORD PERIOD 1869 TO 2015


WEATHER ITEM   OBSERVED TIME   RECORD YEAR NORMAL DEPARTURE LAST
                VALUE   (LST)  VALUE       VALUE  FROM      YEAR
                                                  NORMAL
..................................................................
TEMPERATURE (F)
 YESTERDAY
  MAXIMUM         87   1141 AM  98    1988  84      3       80
                                      1940
                                      1933
  MINIMUM         76    749 PM  57    1956  69      7       63
  AVERAGE         82                        77      5       72

PRECIPITATION (IN)
  YESTERDAY        1.95          3.56 1960   0.17   1.78     0.00
  MONTH TO DATE    3.98                      4.43  -0.45     5.59
  SINCE JUN 1      8.77                      8.84  -0.07     9.85
  SINCE JAN 1     24.70                     28.63  -3.93    34.01

SNOWFALL (IN)
  YESTERDAY        0.0           0.0  2002   0.0    0.0      0.0
                                      2001
  MONTH TO DATE    0.0                       0.0    0.0      0.0
  SINCE OCT 1     50.3                      25.8   24.5     57.4
  SINCE JUL 1      0.0                       0.0    0.0      0.0
  SNOW DEPTH       0

DEGREE DAYS
 HEATING
  YESTERDAY        0                         0      0        0
  MONTH TO DATE    0                         0      0        0
  SINCE JUN 1     33                        19     14        0
  SINCE JUL 1      0                         0      0        0

 COOLING
  YESTERDAY       17                        12      5        7
  MONTH TO DATE  421                       348     73      341
  SINCE JUN 1    649                       560     89      573
  SINCE JAN 1    808                       629    179      627
..................................................................


WIND (MPH)
  HIGHEST WIND SPEED    12   HIGHEST WIND DIRECTION    SW (220)
  HIGHEST GUST SPEED    22   HIGHEST GUST DIRECTION     W (260)
  AVERAGE WIND SPEED     4.3


SKY COVER
  AVERAGE SKY COVER 0.6


WEATHER CONDITIONS
 THE FOLLOWING WEATHER WAS RECORDED YESTERDAY.
  HEAVY RAIN
  RAIN
  LIGHT RAIN
  FOG
  HAZE


RELATIVE HUMIDITY (PERCENT)
 HIGHEST    85           600 PM
 LOWEST     65           100 AM
 AVERAGE    75

..........................................................


THE CENTRAL PARK NY CLIMATE NORMALS FOR TODAY
                         NORMAL    RECORD    YEAR
 MAXIMUM TEMPERATURE (F)   84       102      1933
 MINIMUM TEMPERATURE (F)   69        57      1914
                                             1895


SUNRISE AND SUNSET
JULY 31 2015..........SUNRISE   551 AM EDT   SUNSET   813 PM EDT
AUGUST  1 2015........SUNRISE   552 AM EDT   SUNSET   812 PM EDT


-  INDICATES NEGATIVE NUMBERS.
R  INDICATES RECORD WAS SET OR TIED.
MM INDICATES DATA IS MISSING.
T  INDICATES TRACE AMOUNT.




$$
