000
CDUS41 KOKX 020620
CLINYC


CLIMATE REPORT
NATIONAL WEATHER SERVICE NEW YORK NY
219 AM EDT MON MAY 2 2016


...................................

...THE CENTRAL PARK NY CLIMATE SUMMARY FOR MAY 1 2016...

CLIMATE NORMAL PERIOD 1981 TO 2010
CLIMATE RECORD PERIOD 1869 TO 2016


WEATHER ITEM   OBSERVED TIME   RECORD YEAR NORMAL DEPARTURE LAST
                VALUE   (LST)  VALUE       VALUE  FROM      YEAR
                                                  NORMAL
..................................................................
TEMPERATURE (F)
 YESTERDAY
  MAXIMUM         51    257 AM  87    2001  67    -16       63
  MINIMUM         45   1023 PM  35    1880  50     -5       49
  AVERAGE         48                        58    -10       56

PRECIPITATION (IN)
  YESTERDAY        0.16          2.48 1976   0.12   0.04     0.00
  MONTH TO DATE    0.16                      0.12   0.04     0.00
  SINCE MAR 1      2.94                      8.98  -6.04     6.80
  SINCE JAN 1     11.75                     15.72  -3.97    14.07

SNOWFALL (IN)
  YESTERDAY        0.0           0.0  2002   0.0    0.0      0.0
                                      2001
  MONTH TO DATE    0.0                       0.0    0.0      0.0
  SINCE OCT 1     32.1                      25.8    6.3     50.3
  SINCE JUL 1     32.1                      25.8    6.3     50.3
  SNOW DEPTH       0

DEGREE DAYS
 HEATING
  YESTERDAY       17                         8      9        9
  MONTH TO DATE   17                         8      9        9
  SINCE MAR 1    870                      1079   -209     1154
  SINCE JUL 1   3617                      4601   -984     4913

 COOLING
  YESTERDAY        0                         1     -1        0
  MONTH TO DATE    0                         1     -1        0
  SINCE MAR 1     19                        13      6        5
  SINCE JAN 1     19                        13      6        5
..................................................................


WIND (MPH)
  HIGHEST WIND SPEED    13   HIGHEST WIND DIRECTION     E (70)
  HIGHEST GUST SPEED    20   HIGHEST GUST DIRECTION     S (170)
  AVERAGE WIND SPEED     5.0


SKY COVER
  AVERAGE SKY COVER 0.9


WEATHER CONDITIONS
 THE FOLLOWING WEATHER WAS RECORDED YESTERDAY.
  LIGHT RAIN
  FOG
  HAZE


RELATIVE HUMIDITY (PERCENT)
 HIGHEST    93           700 PM
 LOWEST     50          1200 AM
 AVERAGE    72

..........................................................


THE CENTRAL PARK NY CLIMATE NORMALS FOR TODAY
                         NORMAL    RECORD    YEAR
 MAXIMUM TEMPERATURE (F)   67        90      2001
 MINIMUM TEMPERATURE (F)   50        37      1903


SUNRISE AND SUNSET
MAY  2 2016...........SUNRISE   553 AM EDT   SUNSET   754 PM EDT
MAY  3 2016...........SUNRISE   551 AM EDT   SUNSET   755 PM EDT


-  INDICATES NEGATIVE NUMBERS.
R  INDICATES RECORD WAS SET OR TIED.
MM INDICATES DATA IS MISSING.
T  INDICATES TRACE AMOUNT.




$$
