000
CDUS41 KOKX 240617
CLINYC


CLIMATE REPORT
NATIONAL WEATHER SERVICE NEW YORK NY
116 AM EST WED JAN 24 2018


...................................

...THE CENTRAL PARK NY CLIMATE SUMMARY FOR JANUARY 23 2018...

CLIMATE NORMAL PERIOD 1981 TO 2010
CLIMATE RECORD PERIOD 1869 TO 2018


WEATHER ITEM   OBSERVED TIME   RECORD YEAR NORMAL DEPARTURE LAST
                VALUE   (LST)  VALUE       VALUE  FROM      YEAR
                                                  NORMAL
..................................................................
TEMPERATURE (F)
 YESTERDAY
  MAXIMUM         60    353 PM  62    1906  38     22       44
                                      1887
                                      1874
  MINIMUM         38    220 AM  -3    1936  27     11       36
  AVERAGE         49                        32     17       40

PRECIPITATION (IN)
  YESTERDAY        0.30          2.55 1998   0.11   0.19     1.16
  MONTH TO DATE    1.86                      2.76  -0.90     3.57
  SINCE DEC 1      4.07                      6.76  -2.69     6.46
  SINCE JAN 1      1.86                      2.76  -0.90     3.57

SNOWFALL (IN)
  YESTERDAY        0.0          27.3  2016   0.2   -0.2      0.0
  MONTH TO DATE   10.2                       5.0    5.2      6.9
  SINCE OCT 1     17.9                      10.1    7.8     10.1
  SINCE JUL 1     17.9                      10.1    7.8     10.1
  SNOW DEPTH       0

DEGREE DAYS
 HEATING
  YESTERDAY       16                        33    -17       25
  MONTH TO DATE  797                       750     47      620
  SINCE DEC 1   1717                      1602    115     1439
  SINCE JUL 1   2379                      2435    -56     2126

 COOLING
  YESTERDAY        0                         0      0        0
  MONTH TO DATE    0                         0      0        0
  SINCE DEC 1      0                         0      0        0
  SINCE JAN 1      0                         0      0        0
..................................................................


WIND (MPH)
  HIGHEST WIND SPEED    22   HIGHEST WIND DIRECTION     W (280)
  HIGHEST GUST SPEED    38   HIGHEST GUST DIRECTION     W (290)
  AVERAGE WIND SPEED     6.2


SKY COVER
  AVERAGE SKY COVER 0.8


WEATHER CONDITIONS
 THE FOLLOWING WEATHER WAS RECORDED YESTERDAY.
  HEAVY RAIN
  LIGHT RAIN
  FOG


RELATIVE HUMIDITY (PERCENT)
 HIGHEST   100           100 AM
 LOWEST     46           800 PM
 AVERAGE    73

..........................................................


THE CENTRAL PARK NY CLIMATE NORMALS FOR TODAY
                         NORMAL    RECORD    YEAR
 MAXIMUM TEMPERATURE (F)   38        68      1967
 MINIMUM TEMPERATURE (F)   27        -6      1882


SUNRISE AND SUNSET
JANUARY 24 2018.......SUNRISE   713 AM EST   SUNSET   504 PM EST
JANUARY 25 2018.......SUNRISE   712 AM EST   SUNSET   505 PM EST


-  INDICATES NEGATIVE NUMBERS.
R  INDICATES RECORD WAS SET OR TIED.
MM INDICATES DATA IS MISSING.
T  INDICATES TRACE AMOUNT.




$$
