000
CDUS45 KPSR 160825
CLINYL

CLIMATE REPORT
NATIONAL WEATHER SERVICE PHOENIX AZ
123 AM MST WED AUG 16 2017


...................................

...THE YUMA AZ CLIMATE SUMMARY FOR AUGUST 15 2017...

CLIMATE NORMAL PERIOD 1981 TO 2010
CLIMATE RECORD PERIOD 1876 TO 2017


WEATHER ITEM   OBSERVED TIME   RECORD YEAR NORMAL DEPARTURE LAST
                VALUE   (LST)  VALUE       VALUE  FROM      YEAR
                                                  NORMAL
..................................................................
TEMPERATURE (F)
 YESTERDAY
  MAXIMUM        103    512 PM 117    2015 106     -3      114
  MINIMUM         80    610 AM  61    1938  83     -3       86
  AVERAGE         92                        94     -2      100

PRECIPITATION (IN)
  YESTERDAY        0.00          2.05 1977   0.02  -0.02     0.00
  MONTH TO DATE    0.09                      0.23  -0.14     0.00
  SINCE OCT 1      2.74                      2.79  -0.05     1.81
  SINCE JAN 1      1.79                      1.85  -0.06     1.67

DEGREE DAYS
 HEATING
  YESTERDAY        0                         0      0        0
  MONTH TO DATE    0                         0      0        0
  SINCE JUN 1      0                         0      0        0
  SINCE JUL 1      0                         0      0        0

 COOLING
  YESTERDAY       27                        29     -2       35
  MONTH TO DATE  475                       447     28      469
  SINCE JUN 1   2206                      2081    125     2273
  SINCE JAN 1   3274                      2993    281     3274
..................................................................


WIND (MPH)
  HIGHEST WIND SPEED    20   HIGHEST WIND DIRECTION    NW (300)
  HIGHEST GUST SPEED    27   HIGHEST GUST DIRECTION    NW (300)
  AVERAGE WIND SPEED     9.6


SKY COVER
  AVERAGE SKY COVER 0.0


WEATHER CONDITIONS
 THE FOLLOWING WEATHER WAS RECORDED YESTERDAY.
  NO SIGNIFICANT WEATHER WAS OBSERVED.


RELATIVE HUMIDITY (PERCENT)
 HIGHEST    19
 LOWEST      6
 AVERAGE    13

..........................................................


THE YUMA AZ CLIMATE NORMALS FOR TODAY
                         NORMAL    RECORD    YEAR
 MAXIMUM TEMPERATURE (F)  106       115      1992
                                             1950
 MINIMUM TEMPERATURE (F)   82        62      1918


SUNRISE AND SUNSET
AUGUST 16 2017........SUNRISE   603 AM MST   SUNSET   722 PM MST
AUGUST 17 2017........SUNRISE   604 AM MST   SUNSET   721 PM MST


-  INDICATES NEGATIVE NUMBERS.
R  INDICATES RECORD WAS SET OR TIED.
MM INDICATES DATA IS MISSING.
T  INDICATES TRACE AMOUNT.

$$
