000
CDUS45 KPSR 270846
CLINYL

CDUS45 KPSR DDHHMM
CLINYL

CLIMATE REPORT
NATIONAL WEATHER SERVICE PHOENIX AZ
118 AM MST TUE JUN 27 2017


...................................

...THE YUMA AZ CLIMATE SUMMARY FOR JUNE 26 2017...

CLIMATE NORMAL PERIOD 1981 TO 2010
CLIMATE RECORD PERIOD 1876 TO 2017


WEATHER ITEM   OBSERVED TIME   RECORD YEAR NORMAL DEPARTURE LAST
                VALUE   (LST)  VALUE       VALUE  FROM      YEAR
                                                  NORMAL
..................................................................
TEMPERATURE (F)
 YESTERDAY
  MAXIMUM        113    519 PM 122    1990 106      7      108
  MINIMUM         83    541 AM  58    1965  78      5       81
  AVERAGE         98                        92      6       95

PRECIPITATION (IN)
  YESTERDAY        0.00          T    1895   0.00   0.00     0.00
  MONTH TO DATE    0.00                      0.01  -0.01      T
  SINCE OCT 1      2.65                      2.27   0.38     1.12
  SINCE JAN 1      1.70                      1.33   0.37     0.98

DEGREE DAYS
 HEATING
  YESTERDAY        0                         0      0        0
  MONTH TO DATE    0                         0      0        0
  SINCE JUN 1      0                         0      0        0
  SINCE JUL 1    526                       686   -160      598

 COOLING
  YESTERDAY       33                        27      6       30
  MONTH TO DATE  642                       613     29      707
  SINCE JUN 1    642                       613     29      707
  SINCE JAN 1   1710                      1525    185     1708
..................................................................


WIND (MPH)
  HIGHEST WIND SPEED    21   HIGHEST WIND DIRECTION    SE (150)
  HIGHEST GUST SPEED    26   HIGHEST GUST DIRECTION     S (160)
  AVERAGE WIND SPEED     8.7


SKY COVER
  AVERAGE SKY COVER 0.1


WEATHER CONDITIONS
 THE FOLLOWING WEATHER WAS RECORDED YESTERDAY.
  NO SIGNIFICANT WEATHER WAS OBSERVED.


RELATIVE HUMIDITY (PERCENT)
 HIGHEST    58
 LOWEST      9
 AVERAGE    34

..........................................................


THE YUMA AZ CLIMATE NORMALS FOR TODAY
                         NORMAL    RECORD    YEAR
 MAXIMUM TEMPERATURE (F)  106       119      1990
 MINIMUM TEMPERATURE (F)   78        60      1934


SUNRISE AND SUNSET
JUNE 27 2017..........SUNRISE   533 AM MST   SUNSET   750 PM MST
JUNE 28 2017..........SUNRISE   533 AM MST   SUNSET   750 PM MST


-  INDICATES NEGATIVE NUMBERS.
R  INDICATES RECORD WAS SET OR TIED.
MM INDICATES DATA IS MISSING.
T  INDICATES TRACE AMOUNT.

$$
