480
CDUS45 KPSR 080808
CLINYL

CDUS45 KPSR DDHHMM
CLINYL

CLIMATE REPORT
NATIONAL WEATHER SERVICE PHOENIX AZ
107 AM MST MON FEB 8 2016

...................................

...THE YUMA AZ CLIMATE SUMMARY FOR FEBRUARY 7 2016...

CLIMATE NORMAL PERIOD 1981 TO 2010
CLIMATE RECORD PERIOD 1876 TO 2016


WEATHER ITEM   OBSERVED TIME   RECORD YEAR NORMAL DEPARTURE LAST
                VALUE   (LST)  VALUE       VALUE  FROM      YEAR
                                                  NORMAL
..................................................................
TEMPERATURE (F)
 YESTERDAY
  MAXIMUM         80    408 PM  91    1963  72      8       85
  MINIMUM         52    734 AM  28    1899  49      3       53
  AVERAGE         66                        61      5       69

PRECIPITATION (IN)
  YESTERDAY        0.00          0.57 2009   0.01  -0.01     0.00
  MONTH TO DATE    0.00                      0.09  -0.09     0.00
  SINCE OCT 1      0.63                      1.40  -0.77     0.63
  SINCE JAN 1      0.49                      0.46   0.03     0.19

DEGREE DAYS
 HEATING
  YESTERDAY        0                         5     -5        0
  MONTH TO DATE   54                        35     19        0
  SINCE DEC 1    506                       475     31       39
  SINCE JUL 1    576                       543     33       54

 COOLING
  YESTERDAY        1                         1      0        4
  MONTH TO DATE    1                         6     -5       20
  SINCE DEC 1      5                        14     -9       22
  SINCE JAN 1      3                        12     -9       22
..................................................................


WIND (MPH)
  HIGHEST WIND SPEED    22   HIGHEST WIND DIRECTION     N (350)
  HIGHEST GUST SPEED    30   HIGHEST GUST DIRECTION     N (350)
  AVERAGE WIND SPEED    11.1


SKY COVER
  AVERAGE SKY COVER 0.0


WEATHER CONDITIONS
 THE FOLLOWING WEATHER WAS RECORDED YESTERDAY.
  NO SIGNIFICANT WEATHER WAS OBSERVED.


RELATIVE HUMIDITY (PERCENT)
 HIGHEST    27
 LOWEST     12
 AVERAGE    20

..........................................................


THE YUMA AZ CLIMATE NORMALS FOR TODAY
                         NORMAL    RECORD    YEAR
 MAXIMUM TEMPERATURE (F)   73        88      1996
 MINIMUM TEMPERATURE (F)   49        29      1933


SUNRISE AND SUNSET
FEBRUARY  8 2016......SUNRISE   728 AM MST   SUNSET   618 PM MST
FEBRUARY  9 2016......SUNRISE   727 AM MST   SUNSET   618 PM MST


-  INDICATES NEGATIVE NUMBERS.
R  INDICATES RECORD WAS SET OR TIED.
MM INDICATES DATA IS MISSING.
T  INDICATES TRACE AMOUNT.

$$
