000
CDUS45 KPSR 010828
CLINYL

PHXCLIYUM 000
TTAA00 KPSR 010826


CLIMATE REPORT
NATIONAL WEATHER SERVICE PHOENIX AZ
126 AM MST WED MAR 1 2017


...................................

...THE YUMA AZ CLIMATE SUMMARY FOR FEBRUARY 28 2017...

CLIMATE NORMAL PERIOD 1981 TO 2010
CLIMATE RECORD PERIOD 1876 TO 2017


WEATHER ITEM   OBSERVED TIME   RECORD YEAR NORMAL DEPARTURE LAST
                VALUE   (LST)  VALUE       VALUE  FROM      YEAR
                                                  NORMAL
..................................................................
TEMPERATURE (F)
 YESTERDAY
  MAXIMUM         68    426 PM  97    1986  77     -9       90
  MINIMUM         54   1153 PM  31    1962  52      2       56
  AVERAGE         61                        64     -3       73

PRECIPITATION (IN)
  YESTERDAY        0.00          1.04 1945   0.01  -0.01     0.00
  MONTH TO DATE    1.06                      0.39   0.67     0.00
  SINCE OCT 1      2.32                      1.70   0.62     0.63
  SINCE JAN 1      1.37                      0.76   0.61     0.49

DEGREE DAYS
 HEATING
  YESTERDAY        4                         3      1        0
  MONTH TO DATE   62                       114    -52       54
  SINCE DEC 1    467                       555    -88      506
  SINCE JUL 1    513                       623   -110      576

 COOLING
  YESTERDAY        0                         2     -2        8
  MONTH TO DATE   41                        30     11      125
  SINCE DEC 1     50                        38     12      129
  SINCE JAN 1     41                        36      5      127
..................................................................


WIND (MPH)
  HIGHEST WIND SPEED    20   HIGHEST WIND DIRECTION    NW (310)
  HIGHEST GUST SPEED    24   HIGHEST GUST DIRECTION    NW (310)
  AVERAGE WIND SPEED     7.8


SKY COVER
  AVERAGE SKY COVER 0.3


WEATHER CONDITIONS
 THE FOLLOWING WEATHER WAS RECORDED YESTERDAY.
  NO SIGNIFICANT WEATHER WAS OBSERVED.


RELATIVE HUMIDITY (PERCENT)
 HIGHEST    66
 LOWEST     42
 AVERAGE    54

..........................................................


THE YUMA AZ CLIMATE NORMALS FOR TODAY
                         NORMAL    RECORD    YEAR
 MAXIMUM TEMPERATURE (F)   77        93      1986
 MINIMUM TEMPERATURE (F)   52        33      1962


SUNRISE AND SUNSET
MARCH  1 2017.........SUNRISE   706 AM MST   SUNSET   636 PM MST
MARCH  2 2017.........SUNRISE   705 AM MST   SUNSET   637 PM MST


-  INDICATES NEGATIVE NUMBERS.
R  INDICATES RECORD WAS SET OR TIED.
MM INDICATES DATA IS MISSING.
T  INDICATES TRACE AMOUNT.




$$
