000
CDUS46 KMTR 240826
CLIOAK


CLIMATE REPORT
NATIONAL WEATHER SERVICE SAN FRANCISCO BAY AREA
126 AM PDT THU JUL 24 2014


...................................

...THE OAKLAND AIRPORT CLIMATE SUMMARY FOR JULY 23 2014...

CLIMATE NORMAL PERIOD 1981 TO 2010
CLIMATE RECORD PERIOD 1948 TO 2014


WEATHER ITEM   OBSERVED TIME   RECORD YEAR NORMAL DEPARTURE LAST
                VALUE   (LST)  VALUE       VALUE  FROM      YEAR
                                                  NORMAL
..................................................................
TEMPERATURE (F)
 YESTERDAY
  MAXIMUM         76   1221 PM  92    2006  70      6       72
  MINIMUM         63   1148 PM  50    2000  56      7       59
  AVERAGE         70                        63      7       66

PRECIPITATION (IN)
  YESTERDAY        0.00          T    2013   0.00   0.00      T
  MONTH TO DATE    0.01                      0.01   0.00      T
  SINCE JUL 1      0.01                      0.01   0.00      T
  SINCE JAN 1      7.99                     13.23  -5.24     2.82

SNOWFALL (IN)
  YESTERDAY        0.0                                       0.0
  MONTH TO DATE    0.0                                       0.0
  SINCE JUN 1      0.0                                       0.0
  SINCE JUL 1      0.0                                       0.0

DEGREE DAYS
 HEATING
  YESTERDAY        0                         3     -3        0
  MONTH TO DATE   21                        69    -48       27
  SINCE JUN 1     92                       172    -80       87
  SINCE JUL 1     21                        69    -48       27

 COOLING
  YESTERDAY        5                         0      5        1
  MONTH TO DATE   36                        21     15       28
  SINCE JUN 1     56                        39     17       63
  SINCE JAN 1    100                        55     45      104
..................................................................


WIND (MPH)
  RESULTANT WIND SPEED   9   RESULTANT WIND DIRECTION   W (270)
  HIGHEST WIND SPEED    20   HIGHEST WIND DIRECTION     W (270)
  HIGHEST GUST SPEED    23   HIGHEST GUST DIRECTION     W (260)
  AVERAGE WIND SPEED     8.9


SKY COVER
  POSSIBLE SUNSHINE  MM
  AVERAGE SKY COVER 0.5


WEATHER CONDITIONS
 THE FOLLOWING WEATHER WAS RECORDED YESTERDAY.
  NO SIGNIFICANT WEATHER WAS OBSERVED.


RELATIVE HUMIDITY (PERCENT)
 HIGHEST    78           400 AM
 LOWEST     57          1100 AM
 AVERAGE    68

..........................................................


THE OAKLAND AIRPORT CLIMATE NORMALS FOR TODAY
                         NORMAL    RECORD    YEAR
 MAXIMUM TEMPERATURE (F)   70        89      2006
 MINIMUM TEMPERATURE (F)   56        50      2008


SUNRISE AND SUNSET
JULY 24 2014..........SUNRISE   606 AM PDT   SUNSET   824 PM PDT
JULY 25 2014..........SUNRISE   607 AM PDT   SUNSET   824 PM PDT


-  INDICATES NEGATIVE NUMBERS.
R  INDICATES RECORD WAS SET OR TIED.
MM INDICATES DATA IS MISSING.
T  INDICATES TRACE AMOUNT.




$$
