000
CDUS43 KOAX 030712
CLIOAX


CLIMATE REPORT
NATIONAL WEATHER SERVICE OMAHA NEBRASKA
211 AM CDT WED JUN 3 2015


...................................

...THE VALLEY  NWS, NEBRASKA CLIMATE SUMMARY FOR JUNE 2 2015...

CLIMATE NORMAL PERIOD 1981 TO 2010
CLIMATE RECORD PERIOD 1997 TO 2015


WEATHER ITEM   OBSERVED TIME   NORMAL DEPARTURE LAST
                VALUE   (LST)  VALUE  FROM      YEAR
                                      NORMAL
......................................................
TEMPERATURE (F)
 YESTERDAY
  MAXIMUM         74    434 PM  79     -5       82
  MINIMUM         57    527 AM  58     -1       62
  AVERAGE         66            68     -2       72

PRECIPITATION (IN)
  YESTERDAY        T             0.19  -0.19     0.00
  MONTH TO DATE    T             0.37  -0.37     1.61
  SINCE JUN 1      T             0.37  -0.37     1.61
  SINCE JAN 1     11.85         11.69   0.16    10.52

SNOWFALL (IN)
  YESTERDAY        0.0                           0.0
  MONTH TO DATE    0.0                           0.0
  SINCE JUL 1     19.3                          18.2
  SNOW DEPTH       0

DEGREE DAYS
 HEATING
  YESTERDAY        0             1     -1        0
  MONTH TO DATE    0             2     -2        0
  SINCE JUN 1      0             2     -2        0
  SINCE JUL 1   5866          6252   -386     6501

 COOLING
  YESTERDAY        1             5     -4        7
  MONTH TO DATE    1            10     -9       18
  SINCE JUN 1      1            10     -9       18
  SINCE JAN 1     32            82    -50      148
......................................................


WIND (MPH)
  HIGHEST WIND SPEED    MM   HIGHEST WIND DIRECTION    MM
  HIGHEST GUST SPEED    33   HIGHEST GUST DIRECTION    MM


SKY COVER
  POSSIBLE SUNSHINE  MM


WEATHER CONDITIONS
 THE FOLLOWING WEATHER WAS RECORDED YESTERDAY.
  LIGHT RAIN


..........................................................


THE VALLEY  NWS, NEBRASKA CLIMATE NORMALS FOR TODAY
                         NORMAL
 MAXIMUM TEMPERATURE (F)   79
 MINIMUM TEMPERATURE (F)   59


SUNRISE AND SUNSET
JUNE  3 2015..........SUNRISE   554 AM CDT   SUNSET   854 PM CDT
JUNE  4 2015..........SUNRISE   554 AM CDT   SUNSET   854 PM CDT


-  INDICATES NEGATIVE NUMBERS.
R  INDICATES RECORD WAS SET OR TIED.
MM INDICATES DATA IS MISSING.
T  INDICATES TRACE AMOUNT.




$$
