000
CDUS43 KOAX 060637
CLIOAX


CLIMATE REPORT
NATIONAL WEATHER SERVICE OMAHA NEBRASKA
136 AM CDT FRI MAY 6 2016


...................................

...THE VALLEY  NWS, NEBRASKA CLIMATE SUMMARY FOR MAY 5 2016...

CLIMATE NORMAL PERIOD 1981 TO 2010
CLIMATE RECORD PERIOD 1997 TO 2016


WEATHER ITEM   OBSERVED TIME   NORMAL DEPARTURE LAST
                VALUE   (LST)  VALUE  FROM      YEAR
                                      NORMAL
......................................................
TEMPERATURE (F)
 YESTERDAY
  MAXIMUM         76    618 PM  68      8       74
  MINIMUM         44    552 AM  48     -4       57
  AVERAGE         60            58      2       66

PRECIPITATION (IN)
  YESTERDAY        0.00          0.15  -0.15     0.03
  MONTH TO DATE    0.02          0.72  -0.70     1.35
  SINCE MAR 1      7.81          5.75   2.06     5.53
  SINCE JAN 1      9.55          7.46   2.09     7.10

SNOWFALL (IN)
  YESTERDAY        0.0                           0.0
  MONTH TO DATE    0.0                           0.0
  SINCE JUL 1     28.7                          19.3
  SNOW DEPTH       0

DEGREE DAYS
 HEATING
  YESTERDAY        5             8     -3        0
  MONTH TO DATE   48            42      6        6
  SINCE MAR 1    930          1309   -379      994
  SINCE JUL 1   4918          6140  -1222     5723

 COOLING
  YESTERDAY        0             1     -1        1
  MONTH TO DATE    0             5     -5        7
  SINCE MAR 1      0            12    -12       11
  SINCE JAN 1      0            12    -12       11
......................................................


WIND (MPH)
  HIGHEST WIND SPEED    MM   HIGHEST WIND DIRECTION    MM
  HIGHEST GUST SPEED    16   HIGHEST GUST DIRECTION    MM


SKY COVER
  POSSIBLE SUNSHINE  MM


WEATHER CONDITIONS
 THE FOLLOWING WEATHER WAS RECORDED YESTERDAY.
  NO SIGNIFICANT WEATHER WAS OBSERVED.


..........................................................


THE VALLEY  NWS, NEBRASKA CLIMATE NORMALS FOR TODAY
                         NORMAL
 MAXIMUM TEMPERATURE (F)   69
 MINIMUM TEMPERATURE (F)   48


SUNRISE AND SUNSET
MAY  6 2016...........SUNRISE   616 AM CDT   SUNSET   829 PM CDT
MAY  7 2016...........SUNRISE   615 AM CDT   SUNSET   830 PM CDT


-  INDICATES NEGATIVE NUMBERS.
R  INDICATES RECORD WAS SET OR TIED.
MM INDICATES DATA IS MISSING.
T  INDICATES TRACE AMOUNT.




$$
