000
CDUS43 KOAX 270638
CLIOAX


CLIMATE REPORT
NATIONAL WEATHER SERVICE OMAHA NEBRASKA
138 AM CDT THU JUL 27 2017


...................................

...THE VALLEY  NWS, NEBRASKA CLIMATE SUMMARY FOR JULY 26 2017...

CLIMATE NORMAL PERIOD 1981 TO 2010
CLIMATE RECORD PERIOD 1997 TO 2017


WEATHER ITEM   OBSERVED TIME   NORMAL DEPARTURE LAST
                VALUE   (LST)  VALUE  FROM      YEAR
                                      NORMAL
......................................................
TEMPERATURE (F)
 YESTERDAY
  MAXIMUM         82   1200 AM  86     -4       85
  MINIMUM         72    129 PM  67      5       65
  AVERAGE         77            77      0       75

PRECIPITATION (IN)
  YESTERDAY        1.80          0.13   1.67     0.00
  MONTH TO DATE    2.84          3.75  -0.91     5.42
  SINCE JUN 1      5.59          8.84  -3.25    13.11
  SINCE JAN 1     20.94         20.16   0.78    29.61

SNOWFALL (IN)
  YESTERDAY        0.0                           0.0
  MONTH TO DATE    0.0                           0.0
  SINCE JUL 1      0.0                           0.0
  SNOW DEPTH       0

DEGREE DAYS
 HEATING
  YESTERDAY        0             0      0        0
  MONTH TO DATE    0             0      0        0
  SINCE JUN 1      0            16    -16        0
  SINCE JUL 1      0             0      0        0

 COOLING
  YESTERDAY       12            12      0       10
  MONTH TO DATE  387           304     83      304
  SINCE JUN 1    696           538    158      692
  SINCE JAN 1    760           610    150      745
......................................................


WIND (MPH)
  HIGHEST WIND SPEED    MM   HIGHEST WIND DIRECTION    MM
  HIGHEST GUST SPEED    31   HIGHEST GUST DIRECTION    MM


SKY COVER
  POSSIBLE SUNSHINE  MM


WEATHER CONDITIONS
 THE FOLLOWING WEATHER WAS RECORDED YESTERDAY.
  THUNDERSTORM
  HEAVY RAIN
  RAIN
  LIGHT RAIN
  FOG


..........................................................


THE VALLEY  NWS, NEBRASKA CLIMATE NORMALS FOR TODAY
                         NORMAL
 MAXIMUM TEMPERATURE (F)   86
 MINIMUM TEMPERATURE (F)   67


SUNRISE AND SUNSET
JULY 27 2017..........SUNRISE   616 AM CDT   SUNSET   847 PM CDT
JULY 28 2017..........SUNRISE   617 AM CDT   SUNSET   846 PM CDT


-  INDICATES NEGATIVE NUMBERS.
R  INDICATES RECORD WAS SET OR TIED.
MM INDICATES DATA IS MISSING.
T  INDICATES TRACE AMOUNT.




$$
