000
CDUS43 KOAX 120650
CLIOAX


CLIMATE REPORT
NATIONAL WEATHER SERVICE OMAHA NEBRASKA
1249 AM CST FRI FEB 12 2016


...................................

...THE VALLEY  NWS, NEBRASKA CLIMATE SUMMARY FOR FEBRUARY 11 2016...

CLIMATE NORMAL PERIOD 1981 TO 2010
CLIMATE RECORD PERIOD 1997 TO 2016


WEATHER ITEM   OBSERVED TIME   NORMAL DEPARTURE LAST
                VALUE   (LST)  VALUE  FROM      YEAR
                                      NORMAL
......................................................
TEMPERATURE (F)
 YESTERDAY
  MAXIMUM         28    446 PM  36     -8       39
  MINIMUM         15    718 AM  17     -2       14
  AVERAGE         22            26     -4       27

PRECIPITATION (IN)
  YESTERDAY        T             0.03  -0.03      T
  MONTH TO DATE    0.92          0.35   0.57     0.76
  SINCE DEC 1      6.78          2.25   4.53     3.38
  SINCE JAN 1      1.67          1.14   0.53     1.48

SNOWFALL (IN)
  YESTERDAY        0.1                            T
  MONTH TO DATE    9.0                           9.0
  SINCE JUL 1     27.8                          18.6
  SNOW DEPTH       2

DEGREE DAYS
 HEATING
  YESTERDAY       43            39      4       38
  MONTH TO DATE  425           439    -14      441
  SINCE DEC 1   2631          2943   -312     2631
  SINCE JUL 1   3516          4213   -697     3948

 COOLING
  YESTERDAY        0             0      0        0
  MONTH TO DATE    0             0      0        0
  SINCE DEC 1      0             0      0        0
  SINCE JAN 1      0             0      0        0
......................................................


WIND (MPH)
  HIGHEST WIND SPEED    MM   HIGHEST WIND DIRECTION    MM
  HIGHEST GUST SPEED    16   HIGHEST GUST DIRECTION    MM


SKY COVER
  POSSIBLE SUNSHINE  MM


WEATHER CONDITIONS
 THE FOLLOWING WEATHER WAS RECORDED YESTERDAY.
  LIGHT SNOW


..........................................................


THE VALLEY  NWS, NEBRASKA CLIMATE NORMALS FOR TODAY
                         NORMAL
 MAXIMUM TEMPERATURE (F)   36
 MINIMUM TEMPERATURE (F)   17


SUNRISE AND SUNSET
FEBRUARY 12 2016......SUNRISE   725 AM CST   SUNSET   555 PM CST
FEBRUARY 13 2016......SUNRISE   723 AM CST   SUNSET   556 PM CST


-  INDICATES NEGATIVE NUMBERS.
R  INDICATES RECORD WAS SET OR TIED.
MM INDICATES DATA IS MISSING.
T  INDICATES TRACE AMOUNT.




$$
