000
CDUS43 KOAX 222149
CLIOAX


CLIMATE REPORT
NATIONAL WEATHER SERVICE OMAHA NEBRASKA
442 PM CDT FRI SEP 22 2017


...................................

...THE VALLEY  NWS, NEBRASKA CLIMATE SUMMARY FOR SEPTEMBER 22 2017...
VALID TODAY AS OF 400 PM LOCAL TIME.

CLIMATE NORMAL PERIOD 1981 TO 2010
CLIMATE RECORD PERIOD 1997 TO 2017


WEATHER ITEM   OBSERVED TIME   NORMAL DEPARTURE LAST
                VALUE   (LST)  VALUE  FROM      YEAR
                                      NORMAL
......................................................
TEMPERATURE (F)
 TODAY
  MAXIMUM         94    209 PM  75     19       89
  MINIMUM         75    624 AM  52     23       72
  AVERAGE         85            63     22       81

PRECIPITATION (IN)
  TODAY            0.00          0.09  -0.09     0.03
  MONTH TO DATE    1.45          2.16  -0.71     2.19
  SINCE SEP 1      1.45          2.16  -0.71     2.19
  SINCE JAN 1     26.67         27.08  -0.41    39.63

SNOWFALL (IN)
  TODAY            0.0                           0.0
  MONTH TO DATE    0.0                           0.0
  SINCE JUL 1      0.0                           0.0
  SNOW DEPTH       0

DEGREE DAYS
 HEATING
  TODAY            0             4     -4        0
  MONTH TO DATE   17            47    -30       10
  SINCE SEP 1     17            47    -30       10
  SINCE JUL 1     17            53    -36       12

 COOLING
  TODAY           20             2     18       16
  MONTH TO DATE  158            94     64      150
  SINCE SEP 1    158            94     64      150
  SINCE JAN 1   1163          1045    118     1247
......................................................


WIND (MPH)
  HIGHEST WIND SPEED    MM   HIGHEST WIND DIRECTION    MM
  HIGHEST GUST SPEED    32   HIGHEST GUST DIRECTION    MM



WEATHER CONDITIONS
 THE FOLLOWING WEATHER WAS RECORDED TODAY.
  NO SIGNIFICANT WEATHER WAS OBSERVED.


..........................................................


THE VALLEY  NWS, NEBRASKA CLIMATE NORMALS FOR TOMORROW
                         NORMAL
 MAXIMUM TEMPERATURE (F)   74
 MINIMUM TEMPERATURE (F)   51


SUNRISE AND SUNSET
SEPTEMBER 22 2017.....SUNRISE   713 AM CDT   SUNSET   722 PM CDT
SEPTEMBER 23 2017.....SUNRISE   714 AM CDT   SUNSET   720 PM CDT


-  INDICATES NEGATIVE NUMBERS.
R  INDICATES RECORD WAS SET OR TIED.
MM INDICATES DATA IS MISSING.
T  INDICATES TRACE AMOUNT.




$$

Klish
