000
CDUS43 KOAX 152152
CLIOAX


CLIMATE REPORT
NATIONAL WEATHER SERVICE OMAHA NEBRASKA
448 PM CDT TUE APR 15 2014


...................................

...THE VALLEY  NWS, NEBRASKA CLIMATE SUMMARY FOR APRIL 15 2014...
VALID TODAY AS OF 0400 PM LOCAL TIME.

CLIMATE NORMAL PERIOD 1981 TO 2010
CLIMATE RECORD PERIOD 1997 TO 2014


WEATHER ITEM   OBSERVED TIME   NORMAL DEPARTURE LAST
                VALUE   (LST)  VALUE  FROM      YEAR
                                      NORMAL
......................................................
TEMPERATURE (F)
 TODAY
  MAXIMUM         MM        MM  61     MM       46
  MINIMUM         MM        MM  39     MM       31
  AVERAGE         MM            50     MM       39

PRECIPITATION (IN)
  TODAY           MM             0.10  MM        0.01
  MONTH TO DATE    1.32          1.30   0.02     1.98
  SINCE MAR 1      1.68          3.30  -1.62     3.95
  SINCE JAN 1      2.72          5.01  -2.29     5.31

SNOWFALL (IN)
  TODAY           MM                             0.1
  MONTH TO DATE    0.9                           0.7
  SINCE JUL 1     18.2                          33.4
  SNOW DEPTH      MM

DEGREE DAYS
 HEATING
  TODAY           MM            15     MM       26
  MONTH TO DATE  236           261    -25      304
  SINCE MAR 1   1129          1089     40     1249
  SINCE JUL 1   6189          5920    269     5749

 COOLING
  TODAY           MM             0     MM        0
  MONTH TO DATE    3             0      3        0
  SINCE MAR 1      3             0      3        0
  SINCE JAN 1      3             0      3        0
......................................................


WIND (MPH)
  HIGHEST WIND SPEED    MM   HIGHEST WIND DIRECTION    MM
  HIGHEST GUST SPEED    MM   HIGHEST GUST DIRECTION    MM



WEATHER CONDITIONS
 THE FOLLOWING WEATHER WAS RECORDED TODAY.
  NO SIGNIFICANT WEATHER WAS OBSERVED.


..........................................................


THE VALLEY  NWS, NEBRASKA CLIMATE NORMALS FOR TOMORROW
                         NORMAL
 MAXIMUM TEMPERATURE (F)   62
 MINIMUM TEMPERATURE (F)   40


SUNRISE AND SUNSET
APRIL 15 2014.........SUNRISE   646 AM CDT   SUNSET   806 PM CDT
APRIL 16 2014.........SUNRISE   644 AM CDT   SUNSET   807 PM CDT


-  INDICATES NEGATIVE NUMBERS.
R  INDICATES RECORD WAS SET OR TIED.
MM INDICATES DATA IS MISSING.
T  INDICATES TRACE AMOUNT.




$$
