000
CDUS43 KOAX 222232
CLIOAX


CLIMATE REPORT
NATIONAL WEATHER SERVICE OMAHA NEBRASKA
431 PM CST MON JAN 22 2018


...................................

...THE VALLEY  NWS, NEBRASKA CLIMATE SUMMARY FOR JANUARY 22 2018...
VALID TODAY AS OF 0400 PM LOCAL TIME.

CLIMATE NORMAL PERIOD 1981 TO 2010
CLIMATE RECORD PERIOD 1997 TO 2018


WEATHER ITEM   OBSERVED TIME   NORMAL DEPARTURE LAST
                VALUE   (LST)  VALUE  FROM      YEAR
                                      NORMAL
......................................................
TEMPERATURE (F)
 TODAY
  MAXIMUM         37   1200 AM  33      4       40
  MINIMUM         29   1212 PM  14     15       29
  AVERAGE         33            23     10       35

PRECIPITATION (IN)
  TODAY            0.93          0.02   0.91     0.00
  MONTH TO DATE    1.26          0.51   0.75     0.84
  SINCE DEC 1      1.64          1.62   0.02     2.15
  SINCE JAN 1      1.26          0.51   0.75     0.84

SNOWFALL (IN)
  TODAY            5.3                           0.0
  MONTH TO DATE    6.4                           0.5
  SINCE JUL 1      9.7                           3.1
  SNOW DEPTH       T

DEGREE DAYS
 HEATING
  TODAY           32            42    -10       30
  MONTH TO DATE  965           924     41      865
  SINCE DEC 1   2118          2134    -16     2043
  SINCE JUL 1   3193          3404   -211     2832

 COOLING
  TODAY            0             0      0        0
  MONTH TO DATE    0             0      0        0
  SINCE DEC 1      0             0      0        0
  SINCE JAN 1      0             0      0        0
......................................................


WIND (MPH)
  HIGHEST WIND SPEED    MM   HIGHEST WIND DIRECTION    MM
  HIGHEST GUST SPEED    46   HIGHEST GUST DIRECTION    MM



WEATHER CONDITIONS
 THE FOLLOWING WEATHER WAS RECORDED TODAY.
  LIGHT RAIN
  HEAVY SNOW
  SNOW
  LIGHT SNOW
  SLEET
  FOG


..........................................................


THE VALLEY  NWS, NEBRASKA CLIMATE NORMALS FOR TOMORROW
                         NORMAL
 MAXIMUM TEMPERATURE (F)   33
 MINIMUM TEMPERATURE (F)   14


SUNRISE AND SUNSET
JANUARY 22 2018.......SUNRISE   745 AM CST   SUNSET   529 PM CST
JANUARY 23 2018.......SUNRISE   744 AM CST   SUNSET   531 PM CST


-  INDICATES NEGATIVE NUMBERS.
R  INDICATES RECORD WAS SET OR TIED.
MM INDICATES DATA IS MISSING.
T  INDICATES TRACE AMOUNT.




$$
