000
CDUS43 KOAX 182226
CLIOAX


CLIMATE REPORT
NATIONAL WEATHER SERVICE OMAHA NEBRASKA
422 PM CST SAT NOV 18 2017


...................................

...THE VALLEY  NWS, NEBRASKA CLIMATE SUMMARY FOR NOVEMBER 18 2017...
VALID TODAY AS OF 0400 PM LOCAL TIME.

CLIMATE NORMAL PERIOD 1981 TO 2010
CLIMATE RECORD PERIOD 1997 TO 2017


WEATHER ITEM   OBSERVED TIME   NORMAL DEPARTURE LAST
                VALUE   (LST)  VALUE  FROM      YEAR
                                      NORMAL
......................................................
TEMPERATURE (F)
 TODAY
  MAXIMUM         49    110 PM  47      2       45
  MINIMUM         37    823 AM  28      9       31
  AVERAGE         43            37      6       38

PRECIPITATION (IN)
  TODAY            0.49          0.05   0.44     0.05
  MONTH TO DATE    0.57          0.92  -0.35     0.06
  SINCE SEP 1     10.92          6.06   4.86     4.39
  SINCE JAN 1     36.14         30.98   5.16    41.83

SNOWFALL (IN)
  TODAY            0.0                            T
  MONTH TO DATE    T                              T
  SINCE JUL 1      T                              T
  SNOW DEPTH       0

DEGREE DAYS
 HEATING
  TODAY           22            28     -6       27
  MONTH TO DATE  454           416     38      222
  SINCE SEP 1    814           891    -77      487
  SINCE JUL 1    814           897    -83      489

 COOLING
  TODAY            0             0      0        0
  MONTH TO DATE    0             0      0        0
  SINCE SEP 1    200           124     76      187
  SINCE JAN 1   1205          1075    130     1284
......................................................


WIND (MPH)
  HIGHEST WIND SPEED    MM   HIGHEST WIND DIRECTION    MM
  HIGHEST GUST SPEED    40   HIGHEST GUST DIRECTION    MM



WEATHER CONDITIONS
 THE FOLLOWING WEATHER WAS RECORDED TODAY.
  RAIN
  LIGHT RAIN


..........................................................


THE VALLEY  NWS, NEBRASKA CLIMATE NORMALS FOR TOMORROW
                         NORMAL
 MAXIMUM TEMPERATURE (F)   47
 MINIMUM TEMPERATURE (F)   27


SUNRISE AND SUNSET
NOVEMBER 18 2017......SUNRISE   718 AM CST   SUNSET   503 PM CST
NOVEMBER 19 2017......SUNRISE   719 AM CST   SUNSET   503 PM CST


-  INDICATES NEGATIVE NUMBERS.
R  INDICATES RECORD WAS SET OR TIED.
MM INDICATES DATA IS MISSING.
T  INDICATES TRACE AMOUNT.




$$
