000
CDUS43 KGID 252322
CLIODX


CLIMATE REPORT
NATIONAL WEATHER SERVICE HASTINGS NE
522 PM CST SAT FEB 25 2017


...................................

...THE ORD NE CLIMATE SUMMARY FOR FEBRUARY 25 2017...
VALID TODAY AS OF 0500 PM LOCAL TIME.

CLIMATE NORMAL PERIOD 1981 TO 2010
CLIMATE RECORD PERIOD 1895 TO 2017


WEATHER ITEM   OBSERVED TIME   NORMAL DEPARTURE LAST
                VALUE   (LST)  VALUE  FROM      YEAR
                                      NORMAL
......................................................
TEMPERATURE (F)
 TODAY
  MAXIMUM         34    412 PM  43     -9       40
  MINIMUM         -1    603 AM  18    -19       22
  AVERAGE         17            30    -13       31

PRECIPITATION (IN)
  TODAY            0.00          0.02  -0.02      T
  MONTH TO DATE    0.79          0.41   0.38     0.85
  SINCE DEC 1      2.35          1.37   0.98     1.84
  SINCE JAN 1      1.94          0.78   1.16     1.15

DEGREE DAYS
 HEATING
  TODAY           48            35     13       34
  MONTH TO DATE  760           939   -179      803
  SINCE DEC 1   3298          3434   -136     3117
  SINCE JUL 1   4414          4915   -501     4256

 COOLING
  TODAY            0             0      0        0
  MONTH TO DATE    0             0      0        0
  SINCE DEC 1      0             0      0        0
  SINCE JAN 1      0             0      0        0
......................................................


WIND (MPH)
  HIGHEST WIND SPEED    18   HIGHEST WIND DIRECTION    SW (210)
  HIGHEST GUST SPEED    23   HIGHEST GUST DIRECTION     S (200)
  AVERAGE WIND SPEED     7.1


SKY COVER
  AVERAGE SKY COVER 0.1


WEATHER CONDITIONS
 THE FOLLOWING WEATHER WAS RECORDED TODAY.
  NO SIGNIFICANT WEATHER WAS OBSERVED.


RELATIVE HUMIDITY (PERCENT)
 HIGHEST    88           900 AM
 LOWEST     51           300 PM
 AVERAGE    70

..........................................................


THE ORD NE CLIMATE NORMALS FOR TOMORROW
                         NORMAL
 MAXIMUM TEMPERATURE (F)   43
 MINIMUM TEMPERATURE (F)   18


SUNRISE AND SUNSET
FEBRUARY 25 2017......SUNRISE   716 AM CST   SUNSET   622 PM CST
FEBRUARY 26 2017......SUNRISE   715 AM CST   SUNSET   623 PM CST


-  INDICATES NEGATIVE NUMBERS.
R  INDICATES RECORD WAS SET OR TIED.
MM INDICATES DATA IS MISSING.
T  INDICATES TRACE AMOUNT.




$$
