000
CDUS43 KGID 260627
CLIODX


CLIMATE REPORT
NATIONAL WEATHER SERVICE HASTINGS NE
126 AM CDT SUN MAR 26 2017


...................................

...THE ORD NE CLIMATE SUMMARY FOR MARCH 25 2017...

CLIMATE NORMAL PERIOD 1981 TO 2010
CLIMATE RECORD PERIOD 1895 TO 2017


WEATHER ITEM   OBSERVED TIME   NORMAL DEPARTURE LAST
                VALUE   (LST)  VALUE  FROM      YEAR
                                      NORMAL
......................................................
TEMPERATURE (F)
 YESTERDAY
  MAXIMUM         44    450 PM  55    -11       55
  MINIMUM         35    842 AM  28      7       21
  AVERAGE         40            41     -1       38

PRECIPITATION (IN)
  YESTERDAY        0.00          0.08  -0.08      T
  MONTH TO DATE    1.68          0.89   0.79     1.03
  SINCE MAR 1      1.68          0.89   0.79     1.03
  SINCE JAN 1      3.62          1.70   1.92     2.18

DEGREE DAYS
 HEATING
  YESTERDAY       25            24      1       27
  MONTH TO DATE  607           712   -105      540
  SINCE MAR 1    607           712   -105      540
  SINCE JUL 1   5118          5729   -611     4889

 COOLING
  YESTERDAY        0             0      0        0
  MONTH TO DATE    0             0      0        0
  SINCE MAR 1      0             0      0        0
  SINCE JAN 1      0             0      0        0
......................................................


WIND (MPH)
  HIGHEST WIND SPEED    18   HIGHEST WIND DIRECTION     N (10)
  HIGHEST GUST SPEED    22   HIGHEST GUST DIRECTION     N (10)
  AVERAGE WIND SPEED     9.6


SKY COVER
  AVERAGE SKY COVER 1.0


WEATHER CONDITIONS
 THE FOLLOWING WEATHER WAS RECORDED YESTERDAY.
  FOG


RELATIVE HUMIDITY (PERCENT)
 HIGHEST    92           200 AM
 LOWEST     82           200 PM
 AVERAGE    87

..........................................................


THE ORD NE CLIMATE NORMALS FOR TODAY
                         NORMAL
 MAXIMUM TEMPERATURE (F)   55
 MINIMUM TEMPERATURE (F)   29


SUNRISE AND SUNSET
MARCH 26 2017.........SUNRISE   728 AM CDT   SUNSET   755 PM CDT
MARCH 27 2017.........SUNRISE   727 AM CDT   SUNSET   756 PM CDT


-  INDICATES NEGATIVE NUMBERS.
R  INDICATES RECORD WAS SET OR TIED.
MM INDICATES DATA IS MISSING.
T  INDICATES TRACE AMOUNT.




$$
