000
CDUS43 KGID 170723
CLIODX


CLIMATE REPORT
NATIONAL WEATHER SERVICE HASTINGS NE
223 AM CDT WED SEP 17 2014


...................................

...THE ORD NE CLIMATE SUMMARY FOR SEPTEMBER 16 2014...

CLIMATE NORMAL PERIOD 1981 TO 2010
CLIMATE RECORD PERIOD 1895 TO 2014


WEATHER ITEM   OBSERVED TIME   NORMAL DEPARTURE LAST
                VALUE   (LST)  VALUE  FROM      YEAR
                                      NORMAL
......................................................
TEMPERATURE (F)
 YESTERDAY
  MAXIMUM         69    214 PM  78     -9       64
  MINIMUM         38    426 AM  49    -11       56
  AVERAGE         54            64    -10       60

PRECIPITATION (IN)
  YESTERDAY        0.00          0.09  -0.09     0.00
  MONTH TO DATE    1.13          1.41  -0.28     0.20
  SINCE SEP 1      1.13          1.41  -0.28     0.20
  SINCE JAN 1     18.77         20.32  -1.55    19.63

DEGREE DAYS
 HEATING
  YESTERDAY       11             4      7        5
  MONTH TO DATE  118            33     85       11
  SINCE SEP 1    118            33     85       11
  SINCE JUL 1    137            47     90       18

 COOLING
  YESTERDAY        0             2     -2        0
  MONTH TO DATE   21            63    -42      121
  SINCE SEP 1     21            63    -42      121
  SINCE JAN 1    656           820   -164      881
......................................................


WIND (MPH)
  HIGHEST WIND SPEED    21   HIGHEST WIND DIRECTION     S (200)
  HIGHEST GUST SPEED    26   HIGHEST GUST DIRECTION     S (170)
  AVERAGE WIND SPEED     7.7


SKY COVER
  AVERAGE SKY COVER 0.2


WEATHER CONDITIONS
 THE FOLLOWING WEATHER WAS RECORDED YESTERDAY.
  NO SIGNIFICANT WEATHER WAS OBSERVED.


RELATIVE HUMIDITY (PERCENT)
 HIGHEST    96          1100 PM
 LOWEST     63          1200 PM
 AVERAGE    80

..........................................................


THE ORD NE CLIMATE NORMALS FOR TODAY
                         NORMAL
 MAXIMUM TEMPERATURE (F)   78
 MINIMUM TEMPERATURE (F)   48


SUNRISE AND SUNSET
SEPTEMBER 17 2014.....SUNRISE   718 AM CDT   SUNSET   742 PM CDT
SEPTEMBER 18 2014.....SUNRISE   719 AM CDT   SUNSET   740 PM CDT


-  INDICATES NEGATIVE NUMBERS.
R  INDICATES RECORD WAS SET OR TIED.
MM INDICATES DATA IS MISSING.
T  INDICATES TRACE AMOUNT.




$$
