000
CDUS43 KGID 300646
CLIODX


CLIMATE REPORT
NATIONAL WEATHER SERVICE HASTINGS NE
145 AM CDT WED JUL 30 2014


...................................

...THE ORD NE CLIMATE SUMMARY FOR JULY 29 2014...

CLIMATE NORMAL PERIOD 1981 TO 2010
CLIMATE RECORD PERIOD 1895 TO 2014


WEATHER ITEM   OBSERVED TIME   NORMAL DEPARTURE LAST
                VALUE   (LST)  VALUE  FROM      YEAR
                                      NORMAL
......................................................
TEMPERATURE (F)
 YESTERDAY
  MAXIMUM         81    321 PM  88     -7       67
  MINIMUM         55   1244 AM  62     -7       59
  AVERAGE         68            75     -7       63

PRECIPITATION (IN)
  YESTERDAY        0.10          0.16  -0.06     0.19
  MONTH TO DATE    2.07          2.62  -0.55     3.53
  SINCE JUN 1     10.15          6.74   3.41     5.46
  SINCE JAN 1     12.37         15.40  -3.03    15.60

DEGREE DAYS
 HEATING
  YESTERDAY        0             0      0        2
  MONTH TO DATE   19             0     19        7
  SINCE JUN 1     51            37     14       54
  SINCE JUL 1     19             0     19        7

 COOLING
  YESTERDAY        3            10     -7        0
  MONTH TO DATE  174           277   -103      260
  SINCE JUN 1    320           439   -119      426
  SINCE JAN 1    389           480    -91      473
......................................................


WIND (MPH)
  HIGHEST WIND SPEED     9   HIGHEST WIND DIRECTION     E (90)
  HIGHEST GUST SPEED    12   HIGHEST GUST DIRECTION     E (80)
  AVERAGE WIND SPEED     2.2


SKY COVER
  AVERAGE SKY COVER 0.3


WEATHER CONDITIONS
 THE FOLLOWING WEATHER WAS RECORDED YESTERDAY.
  THUNDERSTORM
  HEAVY RAIN
  LIGHT RAIN
  FOG


RELATIVE HUMIDITY (PERCENT)
 HIGHEST    93          1200 AM
 LOWEST     48           400 PM
 AVERAGE    71

..........................................................


THE ORD NE CLIMATE NORMALS FOR TODAY
                         NORMAL
 MAXIMUM TEMPERATURE (F)   88
 MINIMUM TEMPERATURE (F)   62


SUNRISE AND SUNSET
JULY 30 2014..........SUNRISE   628 AM CDT   SUNSET   856 PM CDT
JULY 31 2014..........SUNRISE   629 AM CDT   SUNSET   854 PM CDT


-  INDICATES NEGATIVE NUMBERS.
R  INDICATES RECORD WAS SET OR TIED.
MM INDICATES DATA IS MISSING.
T  INDICATES TRACE AMOUNT.




$$
