000
CDUS43 KGID 022231
CLIODX


CLIMATE REPORT
NATIONAL WEATHER SERVICE HASTINGS NE
531 PM CDT THU JUL 2 2015


...................................

...THE ORD NE CLIMATE SUMMARY FOR JULY 2 2015...
VALID TODAY AS OF 0500 PM LOCAL TIME.

CLIMATE NORMAL PERIOD 1981 TO 2010
CLIMATE RECORD PERIOD 1895 TO 2015


WEATHER ITEM   OBSERVED TIME   NORMAL DEPARTURE LAST
                VALUE   (LST)  VALUE  FROM      YEAR
                                      NORMAL
......................................................
TEMPERATURE (F)
 TODAY
  MAXIMUM         86    151 PM  86      0       75
  MINIMUM         MM        MM  61     MM       47
  AVERAGE         MM            73     MM       61

PRECIPITATION (IN)
  TODAY            0.00          0.10  -0.10     0.00
  MONTH TO DATE    0.00          0.21  -0.21     0.00
  SINCE JUN 1      3.27          4.33  -1.06     8.08
  SINCE JAN 1      9.73         12.99  -3.26    10.30

DEGREE DAYS
 HEATING
  TODAY           MM             0     MM        4
  MONTH TO DATE    0             0      0        5
  SINCE JUN 1      6            37    -31       37
  SINCE JUL 1      0             0      0        5

 COOLING
  TODAY           MM             8     MM        0
  MONTH TO DATE    8            16     -8        0
  SINCE JUN 1    168           178    -10      146
  SINCE JAN 1    177           219    -42      215
......................................................


WIND (MPH)
  HIGHEST WIND SPEED    21   HIGHEST WIND DIRECTION     N (10)
  HIGHEST GUST SPEED    27   HIGHEST GUST DIRECTION     N (10)
  AVERAGE WIND SPEED    12.3


SKY COVER
  AVERAGE SKY COVER 0.3


WEATHER CONDITIONS
 THE FOLLOWING WEATHER WAS RECORDED TODAY.
  FOG
  HAZE


RELATIVE HUMIDITY (PERCENT)
 HIGHEST    97           800 AM
 LOWEST     43           200 PM
 AVERAGE    70

..........................................................


THE ORD NE CLIMATE NORMALS FOR TOMORROW
                         NORMAL
 MAXIMUM TEMPERATURE (F)   86
 MINIMUM TEMPERATURE (F)   61


SUNRISE AND SUNSET
JULY  2 2015..........SUNRISE   606 AM CDT   SUNSET   914 PM CDT
JULY  3 2015..........SUNRISE   606 AM CDT   SUNSET   914 PM CDT


-  INDICATES NEGATIVE NUMBERS.
R  INDICATES RECORD WAS SET OR TIED.
MM INDICATES DATA IS MISSING.
T  INDICATES TRACE AMOUNT.




$$
