000
CDUS43 KGID 120624
CLIODX


CLIMATE REPORT
NATIONAL WEATHER SERVICE HASTINGS NE
1223 AM CST FRI FEB 12 2016


...................................

...THE ORD NE CLIMATE SUMMARY FOR FEBRUARY 11 2016...

CLIMATE NORMAL PERIOD 1981 TO 2010
CLIMATE RECORD PERIOD 1895 TO 2016


WEATHER ITEM   OBSERVED TIME   NORMAL DEPARTURE LAST
                VALUE   (LST)  VALUE  FROM      YEAR
                                      NORMAL
......................................................
TEMPERATURE (F)
 YESTERDAY
  MAXIMUM         38    836 PM  39     -1       39
  MINIMUM         26    944 AM  15     11       20
  AVERAGE         32            27      5       30

PRECIPITATION (IN)
  YESTERDAY        0.00          0.02  -0.02     0.00
  MONTH TO DATE    0.85          0.20   0.65     0.49
  SINCE DEC 1      1.84          1.16   0.68     2.22
  SINCE JAN 1      1.15          0.57   0.58     0.66

DEGREE DAYS
 HEATING
  YESTERDAY       33            38     -5       35
  MONTH TO DATE  407           427    -20      399
  SINCE DEC 1   2721          2922   -201     2786
  SINCE JUL 1   3860          4403   -543     4372

 COOLING
  YESTERDAY        0             0      0        0
  MONTH TO DATE    0             0      0        0
  SINCE DEC 1      0             0      0        0
  SINCE JAN 1      0             0      0        0
......................................................


WIND (MPH)
  HIGHEST WIND SPEED    20   HIGHEST WIND DIRECTION    SW (210)
  HIGHEST GUST SPEED    23   HIGHEST GUST DIRECTION     S (200)
  AVERAGE WIND SPEED     8.8


SKY COVER
  AVERAGE SKY COVER 0.8


WEATHER CONDITIONS
 THE FOLLOWING WEATHER WAS RECORDED YESTERDAY.
  FOG


RELATIVE HUMIDITY (PERCENT)
 HIGHEST   100          1200 PM
 LOWEST     82           400 PM
 AVERAGE    91

..........................................................


THE ORD NE CLIMATE NORMALS FOR TODAY
                         NORMAL
 MAXIMUM TEMPERATURE (F)   39
 MINIMUM TEMPERATURE (F)   15


SUNRISE AND SUNSET
FEBRUARY 12 2016......SUNRISE   736 AM CST   SUNSET   605 PM CST
FEBRUARY 13 2016......SUNRISE   734 AM CST   SUNSET   606 PM CST


-  INDICATES NEGATIVE NUMBERS.
R  INDICATES RECORD WAS SET OR TIED.
MM INDICATES DATA IS MISSING.
T  INDICATES TRACE AMOUNT.




$$
