000
CDUS43 KGID 290718
CLIODX


CLIMATE REPORT
NATIONAL WEATHER SERVICE HASTINGS NE
216 AM CDT FRI AUG 29 2014


...................................

...THE ORD NE CLIMATE SUMMARY FOR AUGUST 28 2014...

CLIMATE NORMAL PERIOD 1981 TO 2010
CLIMATE RECORD PERIOD 1895 TO 2014


WEATHER ITEM   OBSERVED TIME   NORMAL DEPARTURE LAST
                VALUE   (LST)  VALUE  FROM      YEAR
                                      NORMAL
......................................................
TEMPERATURE (F)
 YESTERDAY
  MAXIMUM         82    501 PM  84     -2       94
  MINIMUM         63   1159 PM  58      5       61
  AVERAGE         73            71      2       78

PRECIPITATION (IN)
  YESTERDAY        0.17          0.09   0.08     0.00
  MONTH TO DATE    5.25          2.91   2.34     3.75
  SINCE JUN 1     15.40         10.00   5.40     9.27
  SINCE JAN 1     17.62         18.66  -1.04    19.41

DEGREE DAYS
 HEATING
  YESTERDAY        0             1     -1        0
  MONTH TO DATE    0             1     -1        0
  SINCE JUN 1     51            43      8       54
  SINCE JUL 1     19             6     13        7

 COOLING
  YESTERDAY        8             6      2       13
  MONTH TO DATE  222           240    -18      231
  SINCE JUN 1    553           699   -146      672
  SINCE JAN 1    622           740   -118      719
......................................................


WIND (MPH)
  HIGHEST WIND SPEED    18   HIGHEST WIND DIRECTION    NW (330)
  HIGHEST GUST SPEED    26   HIGHEST GUST DIRECTION    NW (330)
  AVERAGE WIND SPEED     6.2


SKY COVER
  AVERAGE SKY COVER 0.7


WEATHER CONDITIONS
 THE FOLLOWING WEATHER WAS RECORDED YESTERDAY.
  THUNDERSTORM
  HEAVY RAIN
  RAIN
  LIGHT RAIN
  FOG


RELATIVE HUMIDITY (PERCENT)
 HIGHEST   100           300 AM
 LOWEST     62           300 PM
 AVERAGE    81

..........................................................


THE ORD NE CLIMATE NORMALS FOR TODAY
                         NORMAL
 MAXIMUM TEMPERATURE (F)   84
 MINIMUM TEMPERATURE (F)   57


SUNRISE AND SUNSET
AUGUST 29 2014........SUNRISE   659 AM CDT   SUNSET   814 PM CDT
AUGUST 30 2014........SUNRISE   700 AM CDT   SUNSET   812 PM CDT


-  INDICATES NEGATIVE NUMBERS.
R  INDICATES RECORD WAS SET OR TIED.
MM INDICATES DATA IS MISSING.
T  INDICATES TRACE AMOUNT.




$$
