000
CDUS43 KGID 312223
CLIODX


CLIMATE REPORT
NATIONAL WEATHER SERVICE HASTINGS NE
522 PM CDT FRI OCT 31 2014


...................................

...THE ORD NE CLIMATE SUMMARY FOR OCTOBER 31 2014...
VALID TODAY AS OF 0500 PM LOCAL TIME.

CLIMATE NORMAL PERIOD 1981 TO 2010
CLIMATE RECORD PERIOD 1895 TO 2014


WEATHER ITEM   OBSERVED TIME   NORMAL DEPARTURE LAST
                VALUE   (LST)  VALUE  FROM      YEAR
                                      NORMAL
......................................................
TEMPERATURE (F)
 TODAY
  MAXIMUM         43    358 PM  56    -13       57
  MINIMUM         19    731 AM  31    -12       25
  AVERAGE         31            44    -13       41

PRECIPITATION (IN)
  TODAY            0.00          0.04  -0.04     0.00
  MONTH TO DATE    1.14          1.93  -0.79     1.62
  SINCE SEP 1      2.82          4.37  -1.55     4.42
  SINCE JAN 1     20.46         23.28  -2.82    23.85

DEGREE DAYS
 HEATING
  TODAY           34            21     13       24
  MONTH TO DATE  414           483    -69      522
  SINCE SEP 1    551           606    -55      567
  SINCE JUL 1    570           620    -50      574

 COOLING
  TODAY            0             0      0        0
  MONTH TO DATE    0             7     -7        1
  SINCE SEP 1     57            88    -31      147
  SINCE JAN 1    692           845   -153      907
......................................................


WIND (MPH)
  HIGHEST WIND SPEED    18   HIGHEST WIND DIRECTION     N (10)
  HIGHEST GUST SPEED    23   HIGHEST GUST DIRECTION     N (10)
  AVERAGE WIND SPEED     7.2


SKY COVER
  AVERAGE SKY COVER 0.4


WEATHER CONDITIONS
 THE FOLLOWING WEATHER WAS RECORDED TODAY.
  NO SIGNIFICANT WEATHER WAS OBSERVED.


RELATIVE HUMIDITY (PERCENT)
 HIGHEST    89          1200 AM
 LOWEST     27           400 PM
 AVERAGE    58

..........................................................


THE ORD NE CLIMATE NORMALS FOR TOMORROW
                         NORMAL
 MAXIMUM TEMPERATURE (F)   56
 MINIMUM TEMPERATURE (F)   31


SUNRISE AND SUNSET
OCTOBER 31 2014.......SUNRISE   807 AM CDT   SUNSET   632 PM CDT
NOVEMBER  1 2014......SUNRISE   808 AM CDT   SUNSET   630 PM CDT


-  INDICATES NEGATIVE NUMBERS.
R  INDICATES RECORD WAS SET OR TIED.
MM INDICATES DATA IS MISSING.
T  INDICATES TRACE AMOUNT.




$$
