000
CDUS43 KGID 240628
CLIODX


CLIMATE REPORT
NATIONAL WEATHER SERVICE HASTINGS NE
128 AM CDT TUE MAY 24 2016


...................................

...THE ORD NE CLIMATE SUMMARY FOR MAY 23 2016...

CLIMATE NORMAL PERIOD 1981 TO 2010
CLIMATE RECORD PERIOD 1895 TO 2016


WEATHER ITEM   OBSERVED TIME   NORMAL DEPARTURE LAST
                VALUE   (LST)  VALUE  FROM      YEAR
                                      NORMAL
......................................................
TEMPERATURE (F)
 YESTERDAY
  MAXIMUM         78    436 PM  74      4       59
  MINIMUM         55    629 AM  50      5       50
  AVERAGE         67            62      5       55

PRECIPITATION (IN)
  YESTERDAY        0.36          0.13   0.23     0.07
  MONTH TO DATE    3.22          2.64   0.58     2.82
  SINCE MAR 1     13.56          6.68   6.88     5.56
  SINCE JAN 1     14.71          7.49   7.22     6.30

DEGREE DAYS
 HEATING
  YESTERDAY        0             5     -5       10
  MONTH TO DATE  219           186     33      213
  SINCE MAR 1   1337          1522   -185     1362
  SINCE JUL 1   5686          6539   -853     6494

 COOLING
  YESTERDAY        2             2      0        0
  MONTH TO DATE    8            23    -15        5
  SINCE MAR 1      8            25    -17        9
  SINCE JAN 1      8            25    -17        9
......................................................


WIND (MPH)
  HIGHEST WIND SPEED    21   HIGHEST WIND DIRECTION    NW (320)
  HIGHEST GUST SPEED    27   HIGHEST GUST DIRECTION     S (170)
  AVERAGE WIND SPEED     7.4


SKY COVER
  AVERAGE SKY COVER 0.5


WEATHER CONDITIONS
 THE FOLLOWING WEATHER WAS RECORDED YESTERDAY.
  THUNDERSTORM
  HEAVY RAIN
  RAIN
  LIGHT RAIN
  FOG
  HAZE


RELATIVE HUMIDITY (PERCENT)
 HIGHEST    93           700 AM
 LOWEST     43           600 PM
 AVERAGE    68

..........................................................


THE ORD NE CLIMATE NORMALS FOR TODAY
                         NORMAL
 MAXIMUM TEMPERATURE (F)   74
 MINIMUM TEMPERATURE (F)   50


SUNRISE AND SUNSET
MAY 24 2016...........SUNRISE   608 AM CDT   SUNSET   858 PM CDT
MAY 25 2016...........SUNRISE   608 AM CDT   SUNSET   858 PM CDT


-  INDICATES NEGATIVE NUMBERS.
R  INDICATES RECORD WAS SET OR TIED.
MM INDICATES DATA IS MISSING.
T  INDICATES TRACE AMOUNT.




$$
