000
CDUS43 KOAX 050640
CLIOFK


CLIMATE REPORT
NATIONAL WEATHER SERVICE OMAHA NEBRASKA
138 AM CDT SUN JUL 5 2015


...................................

...THE NORFOLK, NEBRASKA CLIMATE SUMMARY FOR JULY 4 2015...

CLIMATE NORMAL PERIOD 1981 TO 2010
CLIMATE RECORD PERIOD 1888 TO 2015


WEATHER ITEM   OBSERVED TIME   RECORD YEAR NORMAL DEPARTURE LAST
                VALUE   (LST)  VALUE       VALUE  FROM      YEAR
                                                  NORMAL
..................................................................
TEMPERATURE (F)
 YESTERDAY
  MAXIMUM         82    440 PM 111    1936  86     -4       83
  MINIMUM         56    509 AM  45    1915  63     -7       58
  AVERAGE         69                        75     -6       71

PRECIPITATION (IN)
  YESTERDAY        0.00          2.32 1893   0.12  -0.12      T
  MONTH TO DATE    1.07                      0.48   0.59      T
  SINCE JUN 1      5.67                      4.74   0.93    11.39
  SINCE JAN 1     12.63                     14.44  -1.81    16.88

SNOWFALL (IN)
  YESTERDAY        0.0                       0.0    0.0      0.0
  MONTH TO DATE    0.0                       0.0    0.0      0.0
  SINCE JUL 1      0.0                       0.0    0.0      0.0
  SNOW DEPTH       0

DEGREE DAYS
 HEATING
  YESTERDAY        0                         0      0        0
  MONTH TO DATE    0                         0      0        3
  SINCE JUN 1      3                        30    -27       28
  SINCE JUL 1      0                         0      0        3

 COOLING
  YESTERDAY        4                        10     -6        6
  MONTH TO DATE   17                        38    -21        7
  SINCE JUN 1    203                       224    -21      201
  SINCE JAN 1    236                       285    -49      298
..................................................................


WIND (MPH)
  HIGHEST WIND SPEED    18   HIGHEST WIND DIRECTION     S (160)
  HIGHEST GUST SPEED    26   HIGHEST GUST DIRECTION     S (160)
  AVERAGE WIND SPEED     8.0


SKY COVER
  POSSIBLE SUNSHINE  MM
  AVERAGE SKY COVER 0.0


WEATHER CONDITIONS
 THE FOLLOWING WEATHER WAS RECORDED YESTERDAY.
  FOG
  FOG W/VISIBILITY <= 1/4 MILE
  HAZE


RELATIVE HUMIDITY (PERCENT)
 HIGHEST    97           300 AM
 LOWEST     55           300 PM
 AVERAGE    76

..........................................................


THE NORFOLK, NEBRASKA CLIMATE NORMALS FOR TODAY
                         NORMAL    RECORD    YEAR
 MAXIMUM TEMPERATURE (F)   86       108      1936
 MINIMUM TEMPERATURE (F)   63        44      1972
                                             1915


SUNRISE AND SUNSET
JULY  5 2015..........SUNRISE   600 AM CDT   SUNSET   908 PM CDT
JULY  6 2015..........SUNRISE   601 AM CDT   SUNSET   908 PM CDT


-  INDICATES NEGATIVE NUMBERS.
R  INDICATES RECORD WAS SET OR TIED.
MM INDICATES DATA IS MISSING.
T  INDICATES TRACE AMOUNT.




$$
