000
CDUS43 KOAX 300651
CLIOFK


CLIMATE REPORT
NATIONAL WEATHER SERVICE OMAHA NEBRASKA
150 AM CDT TUE AUG 30 2016


...................................

...THE NORFOLK, NEBRASKA CLIMATE SUMMARY FOR AUGUST 29 2016...

CLIMATE NORMAL PERIOD 1981 TO 2010
CLIMATE RECORD PERIOD 1888 TO 2016


WEATHER ITEM   OBSERVED TIME   RECORD YEAR NORMAL DEPARTURE LAST
                VALUE   (LST)  VALUE       VALUE  FROM      YEAR
                                                  NORMAL
..................................................................
TEMPERATURE (F)
 YESTERDAY
  MAXIMUM         85    519 PM 102    2012  82      3       79
  MINIMUM         65    453 AM  40    1909  59      6       58
                                      1893
  AVERAGE         75                        70      5       69

PRECIPITATION (IN)
  YESTERDAY        T             1.70 1993   0.09  -0.09     0.00
  MONTH TO DATE    2.33                      3.06  -0.73     2.69
  SINCE JUN 1      8.42                     10.64  -2.22    12.43
  SINCE JAN 1     24.87                     20.34   4.53    19.39

SNOWFALL (IN)
  YESTERDAY        0.0                       0.0    0.0      0.0
  MONTH TO DATE    0.0                       0.0    0.0      0.0
  SINCE JUL 1      0.0                       0.0    0.0      0.0
  SNOW DEPTH       0

DEGREE DAYS
 HEATING
  YESTERDAY        0                         1     -1        0
  MONTH TO DATE    6                         6      0       20
  SINCE JUN 1     16                        40    -24       27
  SINCE JUL 1     13                        10      3       24

 COOLING
  YESTERDAY       10                         6      4        4
  MONTH TO DATE  222                       244    -22      189
  SINCE JUN 1    793                       744     49      679
  SINCE JAN 1    831                       805     26      712
..................................................................


WIND (MPH)
  HIGHEST WIND SPEED    23   HIGHEST WIND DIRECTION     S (170)
  HIGHEST GUST SPEED    27   HIGHEST GUST DIRECTION     S (170)
  AVERAGE WIND SPEED     5.8


SKY COVER
  POSSIBLE SUNSHINE  MM
  AVERAGE SKY COVER 0.2


WEATHER CONDITIONS
 THE FOLLOWING WEATHER WAS RECORDED YESTERDAY.
  THUNDERSTORM
  LIGHT RAIN
  FOG


RELATIVE HUMIDITY (PERCENT)
 HIGHEST    93           400 AM
 LOWEST     48           500 PM
 AVERAGE    71

..........................................................


THE NORFOLK, NEBRASKA CLIMATE NORMALS FOR TODAY
                         NORMAL    RECORD    YEAR
 MAXIMUM TEMPERATURE (F)   82       102      2012
 MINIMUM TEMPERATURE (F)   58        37      1915


SUNRISE AND SUNSET
AUGUST 30 2016........SUNRISE   654 AM CDT   SUNSET   806 PM CDT
AUGUST 31 2016........SUNRISE   655 AM CDT   SUNSET   804 PM CDT


-  INDICATES NEGATIVE NUMBERS.
R  INDICATES RECORD WAS SET OR TIED.
MM INDICATES DATA IS MISSING.
T  INDICATES TRACE AMOUNT.




$$
