000
CDUS43 KOAX 280635
CLIOFK


CLIMATE REPORT
NATIONAL WEATHER SERVICE OMAHA NEBRASKA
134 AM CDT WED JUN 28 2017


...................................

...THE NORFOLK, NEBRASKA CLIMATE SUMMARY FOR JUNE 27 2017...

CLIMATE NORMAL PERIOD 1981 TO 2010
CLIMATE RECORD PERIOD 1888 TO 2017


WEATHER ITEM   OBSERVED TIME   RECORD YEAR NORMAL DEPARTURE LAST
                VALUE   (LST)  VALUE       VALUE  FROM      YEAR
                                                  NORMAL
..................................................................
TEMPERATURE (F)
 YESTERDAY
  MAXIMUM         83    400 PM 106    1934  85     -2       86
  MINIMUM         46R   414 AM  46    1968  62    -16       62
  AVERAGE         65                        73     -8       74

PRECIPITATION (IN)
  YESTERDAY        0.10          1.59 1928   0.14  -0.04     0.00
  MONTH TO DATE    1.66                      3.86  -2.20     3.21
  SINCE JUN 1      1.66                      3.86  -2.20     3.21
  SINCE JAN 1     13.27                     13.56  -0.29    19.66

SNOWFALL (IN)
  YESTERDAY        0.0                       0.0    0.0      0.0
  MONTH TO DATE    0.0                       0.0    0.0      0.0
  SINCE JUL 1     32.2                      30.5    1.7     53.0
  SNOW DEPTH       0

DEGREE DAYS
 HEATING
  YESTERDAY        0                         0      0        0
  MONTH TO DATE   12                        28    -16        3
  SINCE JUN 1     12                        28    -16        3
  SINCE JUL 1   5908                      6641   -733     5579

 COOLING
  YESTERDAY        0                         9     -9        9
  MONTH TO DATE  213                       159     54      252
  SINCE JUN 1    213                       159     54      252
  SINCE JAN 1    241                       220     21      290
..................................................................


WIND (MPH)
  HIGHEST WIND SPEED    31   HIGHEST WIND DIRECTION    SW (220)
  HIGHEST GUST SPEED    39   HIGHEST GUST DIRECTION     S (170)
  AVERAGE WIND SPEED    16.9


SKY COVER
  POSSIBLE SUNSHINE  MM
  AVERAGE SKY COVER 0.1


WEATHER CONDITIONS
 THE FOLLOWING WEATHER WAS RECORDED YESTERDAY.
  THUNDERSTORM
  LIGHT RAIN
  FOG


RELATIVE HUMIDITY (PERCENT)
 HIGHEST    86           400 AM
 LOWEST     46          1100 AM
 AVERAGE    66

..........................................................


THE NORFOLK, NEBRASKA CLIMATE NORMALS FOR TODAY
                         NORMAL    RECORD    YEAR
 MAXIMUM TEMPERATURE (F)   85       105      1931
 MINIMUM TEMPERATURE (F)   62        48      2004
                                             1985
                                             1923


SUNRISE AND SUNSET
JUNE 28 2017..........SUNRISE   557 AM CDT   SUNSET   909 PM CDT
JUNE 29 2017..........SUNRISE   557 AM CDT   SUNSET   909 PM CDT


-  INDICATES NEGATIVE NUMBERS.
R  INDICATES RECORD WAS SET OR TIED.
MM INDICATES DATA IS MISSING.
T  INDICATES TRACE AMOUNT.




$$

KLISH
