000
CDUS43 KOAX 210625
CLIOFK


CLIMATE REPORT
NATIONAL WEATHER SERVICE OMAHA NEBRASKA
1223 AM CST TUE NOV 21 2017


...................................

...THE NORFOLK, NEBRASKA CLIMATE SUMMARY FOR NOVEMBER 20 2017...

CLIMATE NORMAL PERIOD 1981 TO 2010
CLIMATE RECORD PERIOD 1888 TO 2017


WEATHER ITEM   OBSERVED TIME   RECORD YEAR NORMAL DEPARTURE LAST
                VALUE   (LST)  VALUE       VALUE  FROM      YEAR
                                                  NORMAL
..................................................................
TEMPERATURE (F)
 YESTERDAY
  MAXIMUM         63    401 PM  75    1933  44     19       46
  MINIMUM         29    422 AM  -1    1950  23      6       23
  AVERAGE         46                        34     12       35

PRECIPITATION (IN)
  YESTERDAY        0.00          1.53 1930   0.05  -0.05     0.00
  MONTH TO DATE    0.09                      0.96  -0.87     0.56
  SINCE SEP 1      5.69                      5.72  -0.03     4.94
  SINCE JAN 1     27.47                     26.25   1.22    29.81

SNOWFALL (IN)
  YESTERDAY        0.0                       0.1   -0.1      0.0
  MONTH TO DATE    T                         2.2   -2.2      2.5
  SINCE JUL 1      T                         3.0   -3.0      2.5
  SNOW DEPTH       0

DEGREE DAYS
 HEATING
  YESTERDAY       19                        31    -12       30
  MONTH TO DATE  560                       518     42      350
  SINCE SEP 1   1062                      1087    -25      748
  SINCE JUL 1   1073                      1103    -30      761

 COOLING
  YESTERDAY        0                         0      0        0
  MONTH TO DATE    0                         0      0        0
  SINCE SEP 1    121                        99     22      120
  SINCE JAN 1    879                       915    -36      963
..................................................................


WIND (MPH)
  HIGHEST WIND SPEED    18   HIGHEST WIND DIRECTION    SW (220)
  HIGHEST GUST SPEED    21   HIGHEST GUST DIRECTION     S (200)
  AVERAGE WIND SPEED     8.2


SKY COVER
  POSSIBLE SUNSHINE  MM
  AVERAGE SKY COVER 0.0


WEATHER CONDITIONS
 THE FOLLOWING WEATHER WAS RECORDED YESTERDAY.
  NO SIGNIFICANT WEATHER WAS OBSERVED.


RELATIVE HUMIDITY (PERCENT)
 HIGHEST    78           500 AM
 LOWEST     19           400 PM
 AVERAGE    49

..........................................................


THE NORFOLK, NEBRASKA CLIMATE NORMALS FOR TODAY
                         NORMAL    RECORD    YEAR
 MAXIMUM TEMPERATURE (F)   44        72      2012
 MINIMUM TEMPERATURE (F)   23        -5      1926


SUNRISE AND SUNSET
NOVEMBER 21 2017......SUNRISE   727 AM CST   SUNSET   504 PM CST
NOVEMBER 22 2017......SUNRISE   728 AM CST   SUNSET   503 PM CST


-  INDICATES NEGATIVE NUMBERS.
R  INDICATES RECORD WAS SET OR TIED.
MM INDICATES DATA IS MISSING.
T  INDICATES TRACE AMOUNT.




$$
