110
CDUS43 KOAX 040635
CLIOFK


CLIMATE REPORT
NATIONAL WEATHER SERVICE OMAHA NEBRASKA
134 AM CDT WED MAY 4 2016


...................................

...THE NORFOLK, NEBRASKA CLIMATE SUMMARY FOR MAY 3 2016...

CLIMATE NORMAL PERIOD 1981 TO 2010
CLIMATE RECORD PERIOD 1888 TO 2016


WEATHER ITEM   OBSERVED TIME   RECORD YEAR NORMAL DEPARTURE LAST
                VALUE   (LST)  VALUE       VALUE  FROM      YEAR
                                                  NORMAL
..................................................................
TEMPERATURE (F)
 YESTERDAY
  MAXIMUM         70    520 PM  92    1949  68      2       89
  MINIMUM         38    523 AM  24    1976  44     -6       60
                                      1910
  AVERAGE         54                        56     -2       75

PRECIPITATION (IN)
  YESTERDAY        0.00          3.30 1899   0.11  -0.11     0.00
  MONTH TO DATE    0.33                      0.33   0.00     0.04
  SINCE MAR 1      7.95                      4.75   3.20     2.80
  SINCE JAN 1     10.10                      6.10   4.00     3.68

SNOWFALL (IN)
  YESTERDAY        0.0                       0.0    0.0      0.0
  MONTH TO DATE    0.0                       0.1   -0.1      0.0
  SINCE JUL 1     53.0                      30.6   22.4     20.7
  SNOW DEPTH       0

DEGREE DAYS
 HEATING
  YESTERDAY       11                        10      1        0
  MONTH TO DATE   46                        30     16        3
  SINCE MAR 1   1128                      1360   -232     1057
  SINCE JUL 1   5429                      6453  -1024     6103

 COOLING
  YESTERDAY        0                         1     -1       10
  MONTH TO DATE    0                         3     -3       11
  SINCE MAR 1      0                        15    -15       16
  SINCE JAN 1      0                        15    -15       16
..................................................................


WIND (MPH)
  HIGHEST WIND SPEED    22   HIGHEST WIND DIRECTION     W (290)
  HIGHEST GUST SPEED    27   HIGHEST GUST DIRECTION    NW (330)
  AVERAGE WIND SPEED     8.9


SKY COVER
  POSSIBLE SUNSHINE  MM
  AVERAGE SKY COVER 0.1


WEATHER CONDITIONS
 THE FOLLOWING WEATHER WAS RECORDED YESTERDAY.
  HAZE


RELATIVE HUMIDITY (PERCENT)
 HIGHEST    92           300 AM
 LOWEST     35           200 PM
 AVERAGE    64

..........................................................


THE NORFOLK, NEBRASKA CLIMATE NORMALS FOR TODAY
                         NORMAL    RECORD    YEAR
 MAXIMUM TEMPERATURE (F)   69        94      1918
 MINIMUM TEMPERATURE (F)   45        25      1907


SUNRISE AND SUNSET
MAY  4 2016...........SUNRISE   621 AM CDT   SUNSET   832 PM CDT
MAY  5 2016...........SUNRISE   620 AM CDT   SUNSET   833 PM CDT


-  INDICATES NEGATIVE NUMBERS.
R  INDICATES RECORD WAS SET OR TIED.
MM INDICATES DATA IS MISSING.
T  INDICATES TRACE AMOUNT.




$$
