000
CDUS43 KOAX 272145
CLIOFK


CLIMATE REPORT
NATIONAL WEATHER SERVICE OMAHA NEBRASKA
444 PM CDT FRI MAR 27 2015


...................................

...THE NORFOLK, NEBRASKA CLIMATE SUMMARY FOR MARCH 27 2015...
VALID TODAY AS OF 0400 PM LOCAL TIME.

CLIMATE NORMAL PERIOD 1981 TO 2010
CLIMATE RECORD PERIOD 1888 TO 2015


WEATHER ITEM   OBSERVED TIME   RECORD YEAR NORMAL DEPARTURE LAST
                VALUE   (LST)  VALUE       VALUE  FROM      YEAR
                                                  NORMAL
..................................................................
TEMPERATURE (F)
 TODAY
  MAXIMUM         36    155 PM  84    1989  54    -18       44
  MINIMUM         18    638 AM   0    1913  30    -12       29
  AVERAGE         27                        42    -15       37

PRECIPITATION (IN)
  TODAY            0.01          1.06 1998   0.07  -0.06     0.03
  MONTH TO DATE    0.81                      1.46  -0.65     0.37
  SINCE MAR 1      0.81                      1.46  -0.65     0.37
  SINCE JAN 1      1.69                      2.81  -1.12     0.93

SNOWFALL (IN)
  TODAY            0.0                       0.2   -0.2       T
  MONTH TO DATE    0.2                       4.5   -4.3      4.0
  SINCE JUL 1     20.5                      27.3   -6.8     15.4
  SNOW DEPTH       0

DEGREE DAYS
 HEATING
  TODAY           38                        23     15       28
  MONTH TO DATE  626                       767   -141      854
  SINCE MAR 1    626                       767   -141      854
  SINCE JUL 1   5672                      5860   -188     6204

 COOLING
  TODAY            0                         0      0        0
  MONTH TO DATE    0                         0      0        0
  SINCE MAR 1      0                         0      0        0
  SINCE JAN 1      0                         0      0        0
..................................................................


WIND (MPH)
  HIGHEST WIND SPEED    14   HIGHEST WIND DIRECTION    NE (040)
  HIGHEST GUST SPEED    17   HIGHEST GUST DIRECTION    NE (030)
  AVERAGE WIND SPEED     5.5


SKY COVER
  POSSIBLE SUNSHINE  MM
  AVERAGE SKY COVER 0.4


WEATHER CONDITIONS
 THE FOLLOWING WEATHER WAS RECORDED TODAY.
  LIGHT SNOW


RELATIVE HUMIDITY (PERCENT)
 HIGHEST    91           700 AM
 LOWEST     56          1200 PM
 AVERAGE    74

..........................................................


THE NORFOLK, NEBRASKA CLIMATE NORMALS FOR TOMORROW
                         NORMAL    RECORD    YEAR
 MAXIMUM TEMPERATURE (F)   54        87      1986
 MINIMUM TEMPERATURE (F)   30         6      1926


SUNRISE AND SUNSET
MARCH 27 2015.........SUNRISE   721 AM CDT   SUNSET   750 PM CDT
MARCH 28 2015.........SUNRISE   720 AM CDT   SUNSET   751 PM CDT


-  INDICATES NEGATIVE NUMBERS.
R  INDICATES RECORD WAS SET OR TIED.
MM INDICATES DATA IS MISSING.
T  INDICATES TRACE AMOUNT.




$$
