825
CDUS43 KOAX 280628
CLIOFK


CLIMATE REPORT
NATIONAL WEATHER SERVICE OMAHA NEBRASKA
1228 AM CST TUE FEB 28 2017


...................................

...THE NORFOLK, NEBRASKA CLIMATE SUMMARY FOR FEBRUARY 27 2017...

CLIMATE NORMAL PERIOD 1981 TO 2010
CLIMATE RECORD PERIOD 1888 TO 2017


WEATHER ITEM   OBSERVED TIME   RECORD YEAR NORMAL DEPARTURE LAST
                VALUE   (LST)  VALUE       VALUE  FROM      YEAR
                                                  NORMAL
..................................................................
TEMPERATURE (F)
 YESTERDAY
  MAXIMUM         48    451 PM  75    2016  41      7       75
  MINIMUM         14    613 AM -18    1899  20     -6       26
  AVERAGE         31                        31      0       51

PRECIPITATION (IN)
  YESTERDAY        0.00          0.63 1907   0.03  -0.03     0.00
  MONTH TO DATE    0.99                      0.73   0.26     1.58
  SINCE DEC 1      3.08                      2.07   1.01     4.42
  SINCE JAN 1      2.24                      1.32   0.92     2.15

SNOWFALL (IN)
  YESTERDAY        0.0                       0.1   -0.1      0.0
  MONTH TO DATE   11.0                       5.3    5.7     16.5
  SINCE JUL 1     28.1                      22.6    5.5     41.0
  SNOW DEPTH       2

DEGREE DAYS
 HEATING
  YESTERDAY       34                        34      0       14
  MONTH TO DATE  828                      1035   -207      886
  SINCE DEC 1   3381                      3612   -231     3229
  SINCE JUL 1   4426                      5057   -631     4250

 COOLING
  YESTERDAY        0                         0      0        0
  MONTH TO DATE    0                         0      0        0
  SINCE DEC 1      0                         0      0        0
  SINCE JAN 1      0                         0      0        0
..................................................................


WIND (MPH)
  HIGHEST WIND SPEED    24   HIGHEST WIND DIRECTION     S (180)
  HIGHEST GUST SPEED    30   HIGHEST GUST DIRECTION     S (160)
  AVERAGE WIND SPEED     8.5


SKY COVER
  POSSIBLE SUNSHINE  MM
  AVERAGE SKY COVER 0.1


WEATHER CONDITIONS
 THE FOLLOWING WEATHER WAS RECORDED YESTERDAY.
  NO SIGNIFICANT WEATHER WAS OBSERVED.


RELATIVE HUMIDITY (PERCENT)
 HIGHEST   100           600 AM
 LOWEST     45           200 PM
 AVERAGE    73

..........................................................


THE NORFOLK, NEBRASKA CLIMATE NORMALS FOR TODAY
                         NORMAL    RECORD    YEAR
 MAXIMUM TEMPERATURE (F)   41        71      1972
 MINIMUM TEMPERATURE (F)   21       -26      1962


SUNRISE AND SUNSET
FEBRUARY 28 2017......SUNRISE   706 AM CST   SUNSET   619 PM CST
MARCH  1 2017.........SUNRISE   704 AM CST   SUNSET   620 PM CST


-  INDICATES NEGATIVE NUMBERS.
R  INDICATES RECORD WAS SET OR TIED.
MM INDICATES DATA IS MISSING.
T  INDICATES TRACE AMOUNT.




$$
