000
CDUS43 KOAX 050627
CLIOFK


CLIMATE REPORT
NATIONAL WEATHER SERVICE OMAHA NEBRASKA
1226 AM CST THU MAR 5 2015


...................................

...THE NORFOLK, NEBRASKA CLIMATE SUMMARY FOR MARCH 4 2015...

CLIMATE NORMAL PERIOD 1981 TO 2010
CLIMATE RECORD PERIOD 1888 TO 2015


WEATHER ITEM   OBSERVED TIME   RECORD YEAR NORMAL DEPARTURE LAST
                VALUE   (LST)  VALUE       VALUE  FROM      YEAR
                                                  NORMAL
..................................................................
TEMPERATURE (F)
 YESTERDAY
  MAXIMUM         26    308 PM  75    1918  43    -17       32
  MINIMUM          2   1159 PM -20    1960  22    -20        7
  AVERAGE         14                        33    -19       20

PRECIPITATION (IN)
  YESTERDAY        0.00          0.76 1959   0.04  -0.04     0.00
  MONTH TO DATE    T                         0.15  -0.15     0.15
  SINCE MAR 1      T                         0.15  -0.15     0.15
  SINCE JAN 1      0.88                      1.50  -0.62     0.71

SNOWFALL (IN)
  YESTERDAY        0.0                       0.1   -0.1      0.0
  MONTH TO DATE    T                         0.7   -0.7      3.2
  SINCE JUL 1     20.3                      23.5   -3.2     14.6
  SNOW DEPTH       0

DEGREE DAYS
 HEATING
  YESTERDAY       51                        32     19       45
  MONTH TO DATE  168                       132     36      236
  SINCE MAR 1    168                       132     36      236
  SINCE JUL 1   5214                      5225    -11     5586

 COOLING
  YESTERDAY        0                         0      0        0
  MONTH TO DATE    0                         0      0        0
  SINCE MAR 1      0                         0      0        0
  SINCE JAN 1      0                         0      0        0
..................................................................


WIND (MPH)
  HIGHEST WIND SPEED    29   HIGHEST WIND DIRECTION    NW (330)
  HIGHEST GUST SPEED    42   HIGHEST GUST DIRECTION    NW (320)
  AVERAGE WIND SPEED    12.7


SKY COVER
  POSSIBLE SUNSHINE  MM
  AVERAGE SKY COVER 0.1


WEATHER CONDITIONS
 THE FOLLOWING WEATHER WAS RECORDED YESTERDAY.
  NO SIGNIFICANT WEATHER WAS OBSERVED.


RELATIVE HUMIDITY (PERCENT)
 HIGHEST    70           500 AM
 LOWEST     26           300 PM
 AVERAGE    48

..........................................................


THE NORFOLK, NEBRASKA CLIMATE NORMALS FOR TODAY
                         NORMAL    RECORD    YEAR
 MAXIMUM TEMPERATURE (F)   44        75      1937
 MINIMUM TEMPERATURE (F)   23       -13      1960


SUNRISE AND SUNSET
MARCH  5 2015.........SUNRISE   659 AM CST   SUNSET   624 PM CST
MARCH  6 2015.........SUNRISE   657 AM CST   SUNSET   626 PM CST


-  INDICATES NEGATIVE NUMBERS.
R  INDICATES RECORD WAS SET OR TIED.
MM INDICATES DATA IS MISSING.
T  INDICATES TRACE AMOUNT.




$$
