000
CDUS42 KCAE 292136
CLIOGB


CLIMATE REPORT
NATIONAL WEATHER SERVICE COLUMBIA SC
535 PM EDT SUN MAR 29 2015


...................................

...THE ORANGEBURG AIRPORT SC CLIMATE SUMMARY FOR MARCH 29 2015...
VALID TODAY AS OF 0500 PM LOCAL TIME.

CLIMATE NORMAL PERIOD 1981 TO 2010
CLIMATE RECORD PERIOD 9999 TO 9999


WEATHER ITEM   OBSERVED TIME   NORMAL DEPARTURE LAST
                VALUE   (LST)  VALUE  FROM      YEAR
                                      NORMAL
......................................................
TEMPERATURE (F)
 TODAY
  MAXIMUM         58    351 PM  72    -14       79
  MINIMUM         33    641 AM  47    -14       55
  AVERAGE         46            60    -14       67

PRECIPITATION (IN)
  TODAY            0.00          0.14  -0.14     0.13
  MONTH TO DATE    2.97          3.75  -0.78     2.87
  SINCE MAR 1      2.97          3.75  -0.78     2.87
  SINCE JAN 1      9.82         11.32  -1.50     8.79

DEGREE DAYS
 HEATING
  TODAY           19             6     13        0
  MONTH TO DATE  194           265    -71      370
  SINCE MAR 1    194           265    -71      370
  SINCE JUL 1   2268          2197     71     2234

 COOLING
  TODAY            0             1     -1        2
  MONTH TO DATE   26            21      5        2
  SINCE MAR 1     26            21      5        2
  SINCE JAN 1     26            24      2        8
......................................................


WIND (MPH)
  HIGHEST WIND SPEED    15   HIGHEST WIND DIRECTION    NE (40)
  HIGHEST GUST SPEED    19   HIGHEST GUST DIRECTION    NE (40)
  AVERAGE WIND SPEED     5.8


SKY COVER
  AVERAGE SKY COVER 0.0


WEATHER CONDITIONS
 THE FOLLOWING WEATHER WAS RECORDED TODAY.
  NO SIGNIFICANT WEATHER WAS OBSERVED.


RELATIVE HUMIDITY (PERCENT)
 HIGHEST    52           400 AM
 LOWEST     17           400 PM

..........................................................


THE ORANGEBURG AIRPORT SC CLIMATE NORMALS FOR TOMORROW
                         NORMAL
 MAXIMUM TEMPERATURE (F)   73
 MINIMUM TEMPERATURE (F)   47


SUNRISE AND SUNSET
MARCH 29 2015.........SUNRISE   715 AM EDT   SUNSET   742 PM EDT
MARCH 30 2015.........SUNRISE   714 AM EDT   SUNSET   742 PM EDT


-  INDICATES NEGATIVE NUMBERS.
R  INDICATES RECORD WAS SET OR TIED.
MM INDICATES DATA IS MISSING.
T  INDICATES TRACE AMOUNT.




$$
