206
CDUS42 KCAE 250541
CLIOGB


CLIMATE REPORT
NATIONAL WEATHER SERVICE COLUMBIA SC
141 AM EDT WED MAY 25 2016


...................................

...THE ORANGEBURG AIRPORT SC CLIMATE SUMMARY FOR MAY 24 2016...

CLIMATE NORMAL PERIOD 1981 TO 2010
CLIMATE RECORD PERIOD 9999 TO 9999


WEATHER ITEM   OBSERVED TIME   NORMAL DEPARTURE LAST
                VALUE   (LST)  VALUE  FROM      YEAR
                                      NORMAL
......................................................
TEMPERATURE (F)
 YESTERDAY
  MAXIMUM         85    346 PM  85      0       83
  MINIMUM         55    512 AM  62     -7       59
  AVERAGE         70            74     -4       71

PRECIPITATION (IN)
  YESTERDAY        0.00          0.12  -0.12     0.00
  MONTH TO DATE    1.35          2.18  -0.83     2.32
  SINCE MAR 1      4.96          9.01  -4.05     8.41
  SINCE JAN 1     12.13         16.58  -4.45    15.26

DEGREE DAYS
 HEATING
  YESTERDAY        0             0      0        0
  MONTH TO DATE    8            10     -2        7
  SINCE MAR 1    228           395   -167      252
  SINCE JUL 1   1629          2327   -698     2326

 COOLING
  YESTERDAY        5             9     -4        6
  MONTH TO DATE  161           150     11      179
  SINCE MAR 1    322           232     90      301
  SINCE JAN 1    328           235     93      301
......................................................


WIND (MPH)
  HIGHEST WIND SPEED    13   HIGHEST WIND DIRECTION     W (260)
  HIGHEST GUST SPEED    17   HIGHEST GUST DIRECTION     W (260)
  AVERAGE WIND SPEED     2.7


SKY COVER
  AVERAGE SKY COVER 0.3


WEATHER CONDITIONS
 THE FOLLOWING WEATHER WAS RECORDED YESTERDAY.
  NO SIGNIFICANT WEATHER WAS OBSERVED.


RELATIVE HUMIDITY (PERCENT)
 HIGHEST    93           400 AM
 LOWEST     37           100 PM

..........................................................


THE ORANGEBURG AIRPORT SC CLIMATE NORMALS FOR TODAY
                         NORMAL    RECORD    YEAR
 MAXIMUM TEMPERATURE (F)   85        MM        MM
 MINIMUM TEMPERATURE (F)   63        MM        MM


SUNRISE AND SUNSET
MAY 25 2016...........SUNRISE   617 AM EDT   SUNSET   824 PM EDT
MAY 26 2016...........SUNRISE   617 AM EDT   SUNSET   825 PM EDT


-  INDICATES NEGATIVE NUMBERS.
R  INDICATES RECORD WAS SET OR TIED.
MM INDICATES DATA IS MISSING.
T  INDICATES TRACE AMOUNT.




$$
