000
CDUS42 KCAE 290608
CLIOGB


CLIMATE REPORT
NATIONAL WEATHER SERVICE COLUMBIA SC
208 AM EDT FRI MAY 29 2015


...................................

...THE ORANGEBURG AIRPORT SC CLIMATE SUMMARY FOR MAY 28 2015...

CLIMATE NORMAL PERIOD 1981 TO 2010
CLIMATE RECORD PERIOD 9999 TO 9999


WEATHER ITEM   OBSERVED TIME   NORMAL DEPARTURE LAST
                VALUE   (LST)  VALUE  FROM      YEAR
                                      NORMAL
......................................................
TEMPERATURE (F)
 YESTERDAY
  MAXIMUM         87    429 PM  86      1       91
  MINIMUM         64    545 AM  64      0       68
  AVERAGE         76            75      1       80

PRECIPITATION (IN)
  YESTERDAY        0.00          0.14  -0.14     0.03
  MONTH TO DATE    2.32          2.73  -0.41     3.51
  SINCE MAR 1      8.41          9.56  -1.15    10.11
  SINCE JAN 1     15.26         17.13  -1.87    16.03

DEGREE DAYS
 HEATING
  YESTERDAY        0             0      0        0
  MONTH TO DATE    7            10     -3        6
  SINCE MAR 1    252           395   -143      470
  SINCE JUL 1   2326          2327     -1     2334

 COOLING
  YESTERDAY       11            10      1       15
  MONTH TO DATE  220           188     32      231
  SINCE MAR 1    342           270     72      314
  SINCE JAN 1    342           273     69      320
......................................................


WIND (MPH)
  HIGHEST WIND SPEED    13   HIGHEST WIND DIRECTION    SE (140)
  HIGHEST GUST SPEED    17   HIGHEST GUST DIRECTION    SE (150)
  AVERAGE WIND SPEED     3.8


SKY COVER
  AVERAGE SKY COVER 0.1


WEATHER CONDITIONS
 THE FOLLOWING WEATHER WAS RECORDED YESTERDAY.
  FOG
  FOG W/VISIBILITY <= 1/4 MILE


RELATIVE HUMIDITY (PERCENT)
 HIGHEST    93           100 AM
 LOWEST     45           500 PM

..........................................................


THE ORANGEBURG AIRPORT SC CLIMATE NORMALS FOR TODAY
                         NORMAL    RECORD    YEAR
 MAXIMUM TEMPERATURE (F)   86        MM        MM
 MINIMUM TEMPERATURE (F)   64        MM        MM


SUNRISE AND SUNSET
MAY 29 2015...........SUNRISE   616 AM EDT   SUNSET   826 PM EDT
MAY 30 2015...........SUNRISE   615 AM EDT   SUNSET   827 PM EDT


-  INDICATES NEGATIVE NUMBERS.
R  INDICATES RECORD WAS SET OR TIED.
MM INDICATES DATA IS MISSING.
T  INDICATES TRACE AMOUNT.




$$
