000
CDUS42 KCAE 232249
CLIOGB


CLIMATE REPORT
NATIONAL WEATHER SERVICE COLUMBIA SC
549 PM EST MON JAN 23 2017


...................................

...THE ORANGEBURG AIRPORT SC CLIMATE SUMMARY FOR JANUARY 23 2017...
VALID TODAY AS OF 0500 PM LOCAL TIME.

CLIMATE NORMAL PERIOD 1981 TO 2010
CLIMATE RECORD PERIOD 9999 TO 9999


WEATHER ITEM   OBSERVED TIME   NORMAL DEPARTURE LAST
                VALUE   (LST)  VALUE  FROM      YEAR
                                      NORMAL
......................................................
TEMPERATURE (F)
 TODAY
  MAXIMUM         61   1202 AM  57      4       39
  MINIMUM         49    609 AM  36     13       30
  AVERAGE         55            46      9       35

PRECIPITATION (IN)
  TODAY            0.09          0.14  -0.05     0.01
  MONTH TO DATE    5.17          2.80   2.37     1.67
  SINCE DEC 1      9.57          6.12   3.45     6.46
  SINCE JAN 1      5.17          2.80   2.37     1.67

DEGREE DAYS
 HEATING
  TODAY           10            19     -9       30
  MONTH TO DATE  227           449   -222      472
  SINCE DEC 1    674           984   -310      623
  SINCE JUL 1    979          1353   -374      844

 COOLING
  TODAY            0             0      0        0
  MONTH TO DATE    7             0      7        0
  SINCE DEC 1     11             4      7       69
  SINCE JAN 1      7             0      7        0
......................................................


WIND (MPH)
  HIGHEST WIND SPEED    30   HIGHEST WIND DIRECTION     W (250)
  HIGHEST GUST SPEED    39   HIGHEST GUST DIRECTION     W (250)
  AVERAGE WIND SPEED     9.9


SKY COVER
  AVERAGE SKY COVER 0.5


WEATHER CONDITIONS
 THE FOLLOWING WEATHER WAS RECORDED TODAY.
  RAIN
  LIGHT RAIN
  FOG


RELATIVE HUMIDITY (PERCENT)
 HIGHEST    96          1000 AM
 LOWEST     62           300 PM

..........................................................


THE ORANGEBURG AIRPORT SC CLIMATE NORMALS FOR TOMORROW
                         NORMAL
 MAXIMUM TEMPERATURE (F)   57
 MINIMUM TEMPERATURE (F)   36


SUNRISE AND SUNSET
JANUARY 23 2017.......SUNRISE   725 AM EST   SUNSET   546 PM EST
JANUARY 24 2017.......SUNRISE   724 AM EST   SUNSET   547 PM EST


-  INDICATES NEGATIVE NUMBERS.
R  INDICATES RECORD WAS SET OR TIED.
MM INDICATES DATA IS MISSING.
T  INDICATES TRACE AMOUNT.




$$
