117
CDUS42 KCAE 230552
CLIOGB


CLIMATE REPORT
NATIONAL WEATHER SERVICE COLUMBIA SC
1251 AM EST TUE JAN 23 2018


...................................

...THE ORANGEBURG AIRPORT SC CLIMATE SUMMARY FOR JANUARY 22 2018...

CLIMATE NORMAL PERIOD 1981 TO 2010
CLIMATE RECORD PERIOD 9999 TO 9999


WEATHER ITEM   OBSERVED TIME   NORMAL DEPARTURE LAST
                VALUE   (LST)  VALUE  FROM      YEAR
                                      NORMAL
......................................................
TEMPERATURE (F)
 YESTERDAY
  MAXIMUM         71    329 PM  57     14       64
  MINIMUM         38    743 AM  36      2       59
  AVERAGE         55            46      9       62

PRECIPITATION (IN)
  YESTERDAY        0.00          0.14  -0.14     1.20
  MONTH TO DATE    0.57          2.66  -2.09     5.08
  SINCE DEC 1      2.31          5.98  -3.67     9.48
  SINCE JAN 1      0.57          2.66  -2.09     5.08

DEGREE DAYS
 HEATING
  YESTERDAY       10            19     -9        3
  MONTH TO DATE  521           430     91      217
  SINCE DEC 1   1005           965     40      664
  SINCE JUL 1   1369          1334     35      969

 COOLING
  YESTERDAY        0             0      0        0
  MONTH TO DATE    1             0      1        7
  SINCE DEC 1      1             4     -3       11
  SINCE JAN 1      1             0      1        7
......................................................


WIND (MPH)
  HIGHEST WIND SPEED    14   HIGHEST WIND DIRECTION    SE (150)
  HIGHEST GUST SPEED    18   HIGHEST GUST DIRECTION     S (160)
  AVERAGE WIND SPEED     4.1


SKY COVER
  AVERAGE SKY COVER 0.4


WEATHER CONDITIONS
 THE FOLLOWING WEATHER WAS RECORDED YESTERDAY.
  NO SIGNIFICANT WEATHER WAS OBSERVED.


RELATIVE HUMIDITY (PERCENT)
 HIGHEST    93          1000 PM
 LOWEST     52          1200 PM

..........................................................


THE ORANGEBURG AIRPORT SC CLIMATE NORMALS FOR TODAY
                         NORMAL    RECORD    YEAR
 MAXIMUM TEMPERATURE (F)   57        MM        MM
 MINIMUM TEMPERATURE (F)   36        MM        MM


SUNRISE AND SUNSET
JANUARY 23 2018.......SUNRISE   725 AM EST   SUNSET   546 PM EST
JANUARY 24 2018.......SUNRISE   724 AM EST   SUNSET   547 PM EST


-  INDICATES NEGATIVE NUMBERS.
R  INDICATES RECORD WAS SET OR TIED.
MM INDICATES DATA IS MISSING.
T  INDICATES TRACE AMOUNT.




$$
