000
CDHW42 PHFO 220226
CLIOGG


CLIMATE REPORT
NATIONAL WEATHER SERVICE HONOLULU HI
426 PM HST SUN DEC 21 2014


...................................

...THE KAHULUI HI CLIMATE SUMMARY FOR DECEMBER 21 2014...
VALID TODAY AS OF 0400 PM LOCAL TIME.

CLIMATE NORMAL PERIOD 1981 TO 2010
CLIMATE RECORD PERIOD 1946 TO 2014


WEATHER ITEM   OBSERVED TIME   RECORD YEAR NORMAL DEPARTURE LAST
                VALUE   (LST)  VALUE       VALUE  FROM      YEAR
                                                  NORMAL
..................................................................
TEMPERATURE (F)
 TODAY
  MAXIMUM         85    337 PM  87    1952  81      4       86
  MINIMUM         65    711 AM  55    1950  65      0       66
  AVERAGE         75                        73      2       76

PRECIPITATION (IN)
  TODAY            0.00          5.82 1955   0.12  -0.12     0.00
  MONTH TO DATE    0.28                      2.29  -2.01     0.08
  SINCE DEC 1      0.28                      2.29  -2.01     0.08
  SINCE JAN 1     18.53                     16.77   1.76    13.67

SNOWFALL (IN)
  TODAY            0.0
  MONTH TO DATE    0.0
  SINCE DEC 1      0.0
  SINCE JUL 1      0.0
  SNOW DEPTH       0

DEGREE DAYS
 HEATING
  TODAY            0                         0      0        0
  MONTH TO DATE    0                         0      0        0
  SINCE DEC 1      0                         0      0        0
  SINCE JUL 1      0                         0      0        0

 COOLING
  TODAY           10                         8      2       11
  MONTH TO DATE  194                       183     11      199
  SINCE DEC 1    194                       183     11      199
  SINCE JAN 1   4388                      3890    498     4177
..................................................................


WIND (MPH)
  HIGHEST WIND SPEED    13   HIGHEST WIND DIRECTION    NE (40)
  HIGHEST GUST SPEED    16   HIGHEST GUST DIRECTION     S (200)
  AVERAGE WIND SPEED     5.5


SKY COVER
  POSSIBLE SUNSHINE  MM
  AVERAGE SKY COVER 0.4


WEATHER CONDITIONS
 THE FOLLOWING WEATHER WAS RECORDED TODAY.
  NO SIGNIFICANT WEATHER WAS OBSERVED.


RELATIVE HUMIDITY (PERCENT)
 HIGHEST    87           200 AM
 LOWEST     51           300 PM
 AVERAGE    69

..........................................................


THE KAHULUI HI CLIMATE NORMALS FOR TOMORROW
                         NORMAL    RECORD    YEAR
 MAXIMUM TEMPERATURE (F)   81        89      1952
 MINIMUM TEMPERATURE (F)   65        53      1969


SUNRISE AND SUNSET
DECEMBER 21 2014......SUNRISE   658 AM HST   SUNSET   550 PM HST
DECEMBER 22 2014......SUNRISE   659 AM HST   SUNSET   550 PM HST


-  INDICATES NEGATIVE NUMBERS.
R  INDICATES RECORD WAS SET OR TIED.
MM INDICATES DATA IS MISSING.
T  INDICATES TRACE AMOUNT.




$$
