000
CDHW42 PHFO 081245
CLIOGG


CLIMATE REPORT
NATIONAL WEATHER SERVICE HONOLULU HI
245 AM HST MON FEB 8 2016


...................................

...THE KAHULUI HI CLIMATE SUMMARY FOR FEBRUARY 7 2016...

CLIMATE NORMAL PERIOD 1981 TO 2010
CLIMATE RECORD PERIOD 1946 TO 2016


WEATHER ITEM   OBSERVED TIME   RECORD YEAR NORMAL DEPARTURE LAST
                VALUE   (LST)  VALUE       VALUE  FROM      YEAR
                                                  NORMAL
..................................................................
TEMPERATURE (F)
 YESTERDAY
  MAXIMUM         79   1216 PM  88    1952  81     -2       79
  MINIMUM         64   1049 PM  53    1987  63      1       57
                                      1981
  AVERAGE         72                        72      0       68

PRECIPITATION (IN)
  YESTERDAY        0.12          0.41 1968   0.07   0.05      T
  MONTH TO DATE    0.27                      0.52  -0.25     0.48
  SINCE DEC 1      1.55                      6.74  -5.19     5.84
  SINCE JAN 1      0.82                      3.39  -2.57     1.60

SNOWFALL (IN)
  YESTERDAY        0.0
  MONTH TO DATE    0.0
  SINCE DEC 1      0.0
  SINCE JUL 1      0.0
  SNOW DEPTH       0

DEGREE DAYS
 HEATING
  YESTERDAY        0                         0      0        0
  MONTH TO DATE    0                         0      0        0
  SINCE DEC 1      0                         0      0        0
  SINCE JUL 1      0                         0      0        0

 COOLING
  YESTERDAY        7                         7      0        3
  MONTH TO DATE   57                        49      8       47
  SINCE DEC 1    605                       525     80      488
  SINCE JAN 1    290                       266     24      228
..................................................................


WIND (MPH)
  HIGHEST WIND SPEED    21   HIGHEST WIND DIRECTION     N (350)
  HIGHEST GUST SPEED    35   HIGHEST GUST DIRECTION     N (360)
  AVERAGE WIND SPEED    14.1


SKY COVER
  POSSIBLE SUNSHINE  MM
  AVERAGE SKY COVER 0.6


WEATHER CONDITIONS
 THE FOLLOWING WEATHER WAS RECORDED YESTERDAY.
  HEAVY RAIN
  RAIN
  LIGHT RAIN
  FOG


RELATIVE HUMIDITY (PERCENT)
 HIGHEST    84           200 AM
 LOWEST     43           200 PM
 AVERAGE    64

..........................................................


THE KAHULUI HI CLIMATE NORMALS FOR TODAY
                         NORMAL    RECORD    YEAR
 MAXIMUM TEMPERATURE (F)   81        88      1980
 MINIMUM TEMPERATURE (F)   63        52      1970


SUNRISE AND SUNSET
FEBRUARY  8 2016......SUNRISE   700 AM HST   SUNSET   620 PM HST
FEBRUARY  9 2016......SUNRISE   659 AM HST   SUNSET   621 PM HST


-  INDICATES NEGATIVE NUMBERS.
R  INDICATES RECORD WAS SET OR TIED.
MM INDICATES DATA IS MISSING.
T  INDICATES TRACE AMOUNT.




$$
