000
CDHW42 PHFO 220249
CLIOGG


CLIMATE REPORT
NATIONAL WEATHER SERVICE HONOLULU HI
426 PM HST FRI JUL 21 2017


...................................

...THE KAHULUI HI CLIMATE SUMMARY FOR JULY 21 2017...
VALID TODAY AS OF 0400 PM LOCAL TIME.

CLIMATE NORMAL PERIOD 1981 TO 2010
CLIMATE RECORD PERIOD 1946 TO 2017


WEATHER ITEM   OBSERVED TIME   RECORD YEAR NORMAL DEPARTURE LAST
                VALUE   (LST)  VALUE       VALUE  FROM      YEAR
                                                  NORMAL
..................................................................
TEMPERATURE (F)
 TODAY
  MAXIMUM         87   1029 AM  95    2010  87      0       88
  MINIMUM         74    341 AM  64    2004  71      3       74
                                      2002
                                      1975
  AVERAGE         81                        79      2       81

PRECIPITATION (IN)
  TODAY            T             0.19 1997   0.02  -0.02     0.04
  MONTH TO DATE    0.07                      0.31  -0.24     0.46
  SINCE JUN 1      0.19                      0.51  -0.32     0.82
  SINCE JAN 1     14.66                     10.01   4.65     8.55

SNOWFALL (IN)
  TODAY            0.0
  MONTH TO DATE    0.0
  SINCE JUN 1      0.0
  SINCE JUL 1      0.0
  SNOW DEPTH      MM

DEGREE DAYS
 HEATING
  TODAY            0                         0      0        0
  MONTH TO DATE    0                         0      0        0
  SINCE JUN 1      0                         0      0        0
  SINCE JUL 1      0                         0      0        0

 COOLING
  TODAY           16                        14      2       16
  MONTH TO DATE  314                       294     20      320
  SINCE JUN 1    754                       682     72      746
  SINCE JAN 1   2117                      1941    176     2235
..................................................................


WIND (MPH)
  HIGHEST WIND SPEED    30   HIGHEST WIND DIRECTION    NE (40)
  HIGHEST GUST SPEED    35   HIGHEST GUST DIRECTION    NE (40)
  AVERAGE WIND SPEED    MM


SKY COVER
  POSSIBLE SUNSHINE  MM
  AVERAGE SKY COVER  MM


WEATHER CONDITIONS
 THE FOLLOWING WEATHER WAS RECORDED TODAY.
  NO SIGNIFICANT WEATHER WAS OBSERVED.


RELATIVE HUMIDITY (PERCENT)
 HIGHEST    MM
 LOWEST     MM
 AVERAGE    MM

..........................................................


THE KAHULUI HI CLIMATE NORMALS FOR TOMORROW
                         NORMAL    RECORD    YEAR
 MAXIMUM TEMPERATURE (F)   87        96      1951
 MINIMUM TEMPERATURE (F)   71        60      1972


SUNRISE AND SUNSET
JULY 21 2017..........SUNRISE   556 AM HST   SUNSET   708 PM HST
JULY 22 2017..........SUNRISE   556 AM HST   SUNSET   708 PM HST


-  INDICATES NEGATIVE NUMBERS.
R  INDICATES RECORD WAS SET OR TIED.
MM INDICATES DATA IS MISSING.
T  INDICATES TRACE AMOUNT.




$$
