000
CDHW42 PHFO 251245
CLIOGG


CLIMATE REPORT
NATIONAL WEATHER SERVICE HONOLULU HI
245 AM HST TUE APR 25 2017


...................................

...THE KAHULUI HI CLIMATE SUMMARY FOR APRIL 24 2017...

CLIMATE NORMAL PERIOD 1981 TO 2010
CLIMATE RECORD PERIOD 1946 TO 2017


WEATHER ITEM   OBSERVED TIME   RECORD YEAR NORMAL DEPARTURE LAST
                VALUE   (LST)  VALUE       VALUE  FROM      YEAR
                                                  NORMAL
..................................................................
TEMPERATURE (F)
 YESTERDAY
  MAXIMUM         88    202 PM  90    2015  83      5       84
                                      1984
  MINIMUM         68    239 AM  59    2006  66      2       67
  AVERAGE         78                        74      4       76

PRECIPITATION (IN)
  YESTERDAY        0.00          0.30 2009   0.04  -0.04     0.00
  MONTH TO DATE    1.78                      1.36   0.42     1.14
  SINCE MAR 1      5.92                      3.81   2.11     3.09
  SINCE JAN 1      8.40                      8.57  -0.17     4.64

SNOWFALL (IN)
  YESTERDAY        0.0
  MONTH TO DATE    0.0
  SINCE MAR 1      0.0
  SINCE JUL 1      0.0
  SNOW DEPTH      MM

DEGREE DAYS
 HEATING
  YESTERDAY        0                         0      0        0
  MONTH TO DATE    0                         0      0        0
  SINCE MAR 1      0                         0      0        0
  SINCE JUL 1      0                         0      0        0

 COOLING
  YESTERDAY       13                         9      4       11
  MONTH TO DATE  237                       216     21      274
  SINCE MAR 1    482                       461     21      553
  SINCE JAN 1    953                       870     83     1021
..................................................................


WIND (MPH)
  HIGHEST WIND SPEED    26   HIGHEST WIND DIRECTION    NE (40)
  HIGHEST GUST SPEED    32   HIGHEST GUST DIRECTION    NE (60)
  AVERAGE WIND SPEED    11.8


SKY COVER
  POSSIBLE SUNSHINE  MM
  AVERAGE SKY COVER  MM


WEATHER CONDITIONS
 THE FOLLOWING WEATHER WAS RECORDED YESTERDAY.
  NO SIGNIFICANT WEATHER WAS OBSERVED.


RELATIVE HUMIDITY (PERCENT)
 HIGHEST    MM
 LOWEST     MM
 AVERAGE    MM

..........................................................


THE KAHULUI HI CLIMATE NORMALS FOR TODAY
                         NORMAL    RECORD    YEAR
 MAXIMUM TEMPERATURE (F)   83        89      1951
 MINIMUM TEMPERATURE (F)   66        60      1985
                                             1972
                                             1956


SUNRISE AND SUNSET
APRIL 25 2017.........SUNRISE   559 AM HST   SUNSET   648 PM HST
APRIL 26 2017.........SUNRISE   558 AM HST   SUNSET   649 PM HST


-  INDICATES NEGATIVE NUMBERS.
R  INDICATES RECORD WAS SET OR TIED.
MM INDICATES DATA IS MISSING.
T  INDICATES TRACE AMOUNT.




$$
