000
CDHW42 PHFO 281245
CLIOGG


CLIMATE REPORT
NATIONAL WEATHER SERVICE HONOLULU HI
245 AM HST FRI AUG 28 2015


...................................

...THE KAHULUI HI CLIMATE SUMMARY FOR AUGUST 27 2015...

CLIMATE NORMAL PERIOD 1981 TO 2010
CLIMATE RECORD PERIOD 1946 TO 2015


WEATHER ITEM   OBSERVED TIME   RECORD YEAR NORMAL DEPARTURE LAST
                VALUE   (LST)  VALUE       VALUE  FROM      YEAR
                                                  NORMAL
..................................................................
TEMPERATURE (F)
 YESTERDAY
  MAXIMUM         93R  1259 PM  92    1952  88      5       88
  MINIMUM         72    657 AM  62    1953  71      1       74
  AVERAGE         83                        80      3       81

PRECIPITATION (IN)
  YESTERDAY        0.00          0.06 1971   0.02  -0.02     0.00
  MONTH TO DATE    2.12                      0.45   1.67     0.46
  SINCE JUN 1      3.08                      1.15   1.93     1.68
  SINCE JAN 1     22.04                     10.65  11.39    15.64

SNOWFALL (IN)
  YESTERDAY        0.0
  MONTH TO DATE    0.0
  SINCE JUN 1      0.0
  SINCE JUL 1      0.0
  SNOW DEPTH       0

DEGREE DAYS
 HEATING
  YESTERDAY        0                         0      0        0
  MONTH TO DATE    0                         0      0        0
  SINCE JUN 1      0                         0      0        0
  SINCE JUL 1      0                         0      0        0

 COOLING
  YESTERDAY       18                        15      3       16
  MONTH TO DATE  490                       405     85      439
  SINCE JUN 1   1434                      1232    202     1337
  SINCE JAN 1   2761                      2491    270     2833
..................................................................


WIND (MPH)
  HIGHEST WIND SPEED    18   HIGHEST WIND DIRECTION    NE (40)
  HIGHEST GUST SPEED    21   HIGHEST GUST DIRECTION    NE (40)
  AVERAGE WIND SPEED     7.6


SKY COVER
  POSSIBLE SUNSHINE  MM
  AVERAGE SKY COVER 0.3


WEATHER CONDITIONS
 THE FOLLOWING WEATHER WAS RECORDED YESTERDAY.
  NO SIGNIFICANT WEATHER WAS OBSERVED.


RELATIVE HUMIDITY (PERCENT)
 HIGHEST    93           500 AM
 LOWEST     49           100 PM
 AVERAGE    71

..........................................................


THE KAHULUI HI CLIMATE NORMALS FOR TODAY
                         NORMAL    RECORD    YEAR
 MAXIMUM TEMPERATURE (F)   88        92      2006
                                             2001
 MINIMUM TEMPERATURE (F)   71        63      1952


SUNRISE AND SUNSET
AUGUST 28 2015........SUNRISE   608 AM HST   SUNSET   645 PM HST
AUGUST 29 2015........SUNRISE   609 AM HST   SUNSET   644 PM HST


-  INDICATES NEGATIVE NUMBERS.
R  INDICATES RECORD WAS SET OR TIED.
MM INDICATES DATA IS MISSING.
T  INDICATES TRACE AMOUNT.




$$
