000
CDHW42 PHFO 301245
CLIOGG


CLIMATE REPORT
NATIONAL WEATHER SERVICE HONOLULU HI
245 AM HST SAT APR 30 2016


...................................

...THE KAHULUI HI CLIMATE SUMMARY FOR APRIL 29 2016...

CLIMATE NORMAL PERIOD 1981 TO 2010
CLIMATE RECORD PERIOD 1946 TO 2016


WEATHER ITEM   OBSERVED TIME   RECORD YEAR NORMAL DEPARTURE LAST
                VALUE   (LST)  VALUE       VALUE  FROM      YEAR
                                                  NORMAL
..................................................................
TEMPERATURE (F)
 YESTERDAY
  MAXIMUM         89    202 PM  91    1953  83      6       84
  MINIMUM         68    609 AM  57    1985  66      2       71
  AVERAGE         79                        75      4       78

PRECIPITATION (IN)
  YESTERDAY        0.00          0.43 1989   0.03  -0.03     0.11
  MONTH TO DATE    1.19                      1.52  -0.33     2.80
  SINCE MAR 1      3.14                      3.97  -0.83    12.41
  SINCE JAN 1      4.69                      8.73  -4.04    16.72

SNOWFALL (IN)
  YESTERDAY        0.0
  MONTH TO DATE    0.0
  SINCE MAR 1      0.0
  SINCE JUL 1      0.0
  SNOW DEPTH       0

DEGREE DAYS
 HEATING
  YESTERDAY        0                         0      0        0
  MONTH TO DATE    0                         0      0        0
  SINCE MAR 1      0                         0      0        0
  SINCE JUL 1      0                         0      0        0

 COOLING
  YESTERDAY       14                        10      4       13
  MONTH TO DATE  344                       262     82      338
  SINCE MAR 1    623                       507    116      564
  SINCE JAN 1   1091                       916    175      968
..................................................................


WIND (MPH)
  HIGHEST WIND SPEED    25   HIGHEST WIND DIRECTION     E (70)
  HIGHEST GUST SPEED    35   HIGHEST GUST DIRECTION    NE (40)
  AVERAGE WIND SPEED    14.3


SKY COVER
  POSSIBLE SUNSHINE  MM
  AVERAGE SKY COVER 0.4


WEATHER CONDITIONS
 THE FOLLOWING WEATHER WAS RECORDED YESTERDAY.
  NO SIGNIFICANT WEATHER WAS OBSERVED.


RELATIVE HUMIDITY (PERCENT)
 HIGHEST    84           700 AM
 LOWEST     44          1000 AM
 AVERAGE    64

..........................................................


THE KAHULUI HI CLIMATE NORMALS FOR TODAY
                         NORMAL    RECORD    YEAR
 MAXIMUM TEMPERATURE (F)   83        92      1953
 MINIMUM TEMPERATURE (F)   66        58      2003


SUNRISE AND SUNSET
APRIL 30 2016.........SUNRISE   556 AM HST   SUNSET   650 PM HST
MAY  1 2016...........SUNRISE   555 AM HST   SUNSET   651 PM HST


-  INDICATES NEGATIVE NUMBERS.
R  INDICATES RECORD WAS SET OR TIED.
MM INDICATES DATA IS MISSING.
T  INDICATES TRACE AMOUNT.




$$
