000
CDUS43 KEAX 030035
CLIOJC


CLIMATE REPORT
NATIONAL WEATHER SERVICE KANSAS CITY/PLEASANT HILL MO
634 PM CST MON MAR 2 2015


...................................

...THE JOHNSON COUNTY EXECUTIVE KS CLIMATE SUMMARY FOR MARCH 2 2015...
VALID TODAY AS OF 0600 PM LOCAL TIME.

CLIMATE NORMAL PERIOD 1981 TO 2010
CLIMATE RECORD PERIOD 9999 TO 9999


WEATHER ITEM   OBSERVED TIME   NORMAL DEPARTURE LAST
                VALUE   (LST)  VALUE  FROM      YEAR
                                      NORMAL
......................................................
TEMPERATURE (F)
 TODAY
  MAXIMUM         38    130 PM  50    -12        8
  MINIMUM         18    450 AM  30    -12        1
  AVERAGE         28            40    -12        5

PRECIPITATION (IN)
  TODAY            0.00          0.09  -0.09     0.17
  MONTH TO DATE    T             0.18  -0.18     0.18
  SINCE MAR 1      T             0.18  -0.18     0.18
  SINCE JAN 1      1.59          2.87  -1.28     0.67

DEGREE DAYS
 HEATING
  TODAY           37            25     12       60
  MONTH TO DATE   74            51     23      103
  SINCE MAR 1     74            51     23      103
  SINCE JUL 1   4109          3944    165     4584

 COOLING
  TODAY            0             0      0        0
  MONTH TO DATE    0             0      0        0
  SINCE MAR 1      0             0      0        0
  SINCE JAN 1      0             0      0        0
......................................................


WIND (MPH)
  HIGHEST WIND SPEED    18   HIGHEST WIND DIRECTION     E (110)
  HIGHEST GUST SPEED    23   HIGHEST GUST DIRECTION     E (110)
  AVERAGE WIND SPEED     6.1


SKY COVER
  AVERAGE SKY COVER 0.1


WEATHER CONDITIONS
 THE FOLLOWING WEATHER WAS RECORDED TODAY.
  FOG
  HAZE


RELATIVE HUMIDITY (PERCENT)
 HIGHEST    92           200 AM
 LOWEST     47           100 PM
 AVERAGE    70

..........................................................


THE JOHNSON COUNTY EXECUTIVE KS CLIMATE NORMALS FOR TOMORROW
                         NORMAL
 MAXIMUM TEMPERATURE (F)   50
 MINIMUM TEMPERATURE (F)   30


SUNRISE AND SUNSET
MARCH  2 2015.........SUNRISE   650 AM CST   SUNSET   613 PM CST
MARCH  3 2015.........SUNRISE   649 AM CST   SUNSET   614 PM CST


-  INDICATES NEGATIVE NUMBERS.
R  INDICATES RECORD WAS SET OR TIED.
MM INDICATES DATA IS MISSING.
T  INDICATES TRACE AMOUNT.




$$
