000
CDUS43 KEAX 252132
CLIOJC


CLIMATE REPORT
NATIONAL WEATHER SERVICE KANSAS CITY/PLEASANT HILL MO
432 PM CDT MON MAY 25 2015


...................................

...THE JOHNSON COUNTY EXECUTIVE KS CLIMATE SUMMARY FOR MAY 25 2015...
VALID AS OF 0400 PM LOCAL TIME.

CLIMATE NORMAL PERIOD 1981 TO 2010
CLIMATE RECORD PERIOD 9999 TO 9999


WEATHER ITEM   OBSERVED TIME   NORMAL DEPARTURE LAST
                VALUE   (LST)  VALUE  FROM      YEAR
                                      NORMAL
......................................................
TEMPERATURE (F)
 TODAY
  MAXIMUM         79    259 PM  77      2       83
  MINIMUM         58    519 AM  58      0       62
  AVERAGE         69            68      1       73

PRECIPITATION (IN)
  TODAY            0.06          0.15  -0.09     0.05
  MONTH TO DATE    9.35          4.41   4.94     0.79
  SINCE MAR 1     13.38         11.03   2.35     6.51
  SINCE JAN 1     14.97         13.72   1.25     7.00

DEGREE DAYS
 HEATING
  TODAY            0             2     -2        0
  MONTH TO DATE   78            87     -9      113
  SINCE MAR 1    835          1025   -190     1211
  SINCE JUL 1   4870          4918    -48     5692

 COOLING
  TODAY            4             4      0        8
  MONTH TO DATE   54            56     -2       93
  SINCE MAR 1     63            74    -11       98
  SINCE JAN 1     63            74    -11       98
......................................................


WIND (MPH)
  HIGHEST WIND SPEED    22   HIGHEST WIND DIRECTION     S (170)
  HIGHEST GUST SPEED    30   HIGHEST GUST DIRECTION     S (190)
  AVERAGE WIND SPEED    11.2


SKY COVER
  AVERAGE SKY COVER 0.8


WEATHER CONDITIONS
 THE FOLLOWING WEATHER WAS RECORDED TODAY.
  LIGHT RAIN
  FOG


RELATIVE HUMIDITY (PERCENT)
 HIGHEST   100           400 AM
 LOWEST     67           300 PM
 AVERAGE    84

..........................................................


THE JOHNSON COUNTY EXECUTIVE KS CLIMATE NORMALS FOR TOMORROW
                         NORMAL
 MAXIMUM TEMPERATURE (F)   78
 MINIMUM TEMPERATURE (F)   58


SUNRISE AND SUNSET
MAY 25 2015...........SUNRISE   559 AM CDT   SUNSET   833 PM CDT
MAY 26 2015...........SUNRISE   559 AM CDT   SUNSET   834 PM CDT


-  INDICATES NEGATIVE NUMBERS.
R  INDICATES RECORD WAS SET OR TIED.
MM INDICATES DATA IS MISSING.
T  INDICATES TRACE AMOUNT.




$$
