000
CDUS43 KEAX 080635
CLIOJC


CLIMATE REPORT
NATIONAL WEATHER SERVICE KANSAS CITY/PLEASANT HILL MO
1234 AM CST THU DEC 8 2016


...................................

...THE JOHNSON COUNTY EXECUTIVE KS CLIMATE SUMMARY FOR DECEMBER 7 2016...

CLIMATE NORMAL PERIOD 1981 TO 2010
CLIMATE RECORD PERIOD 9999 TO 9999


WEATHER ITEM   OBSERVED TIME   NORMAL DEPARTURE LAST
                VALUE   (LST)  VALUE  FROM      YEAR
                                      NORMAL
......................................................
TEMPERATURE (F)
 YESTERDAY
  MAXIMUM         33    204 AM  43    -10       58
  MINIMUM         20   1159 PM  26     -6       28
  AVERAGE         27            34     -7       43

PRECIPITATION (IN)
  YESTERDAY        T             0.05  -0.05     0.00
  MONTH TO DATE    0.54          0.38   0.16      T
  SINCE DEC 1      0.54          0.38   0.16      T
  SINCE JAN 1     37.38         38.78  -1.40    43.35

DEGREE DAYS
 HEATING
  YESTERDAY       38            31      7       22
  MONTH TO DATE  204           206     -2      170
  SINCE DEC 1    204           206     -2      170
  SINCE JUL 1    786          1161   -375      945

 COOLING
  YESTERDAY        0             0      0        0
  MONTH TO DATE    0             0      0        0
  SINCE DEC 1      0             0      0        0
  SINCE JAN 1   1468          1349    119     1359
......................................................


WIND (MPH)
  HIGHEST WIND SPEED    14   HIGHEST WIND DIRECTION    NW (330)
  HIGHEST GUST SPEED    18   HIGHEST GUST DIRECTION    NW (320)
  AVERAGE WIND SPEED     8.8


SKY COVER
  AVERAGE SKY COVER 0.8


WEATHER CONDITIONS
 THE FOLLOWING WEATHER WAS RECORDED YESTERDAY.
  LIGHT SNOW
  FOG
  HAZE


RELATIVE HUMIDITY (PERCENT)
 HIGHEST    88           300 PM
 LOWEST     38           200 AM
 AVERAGE    63

..........................................................


THE JOHNSON COUNTY EXECUTIVE KS CLIMATE NORMALS FOR TODAY
                         NORMAL
 MAXIMUM TEMPERATURE (F)   43
 MINIMUM TEMPERATURE (F)   26


SUNRISE AND SUNSET
DECEMBER  8 2016......SUNRISE   725 AM CST   SUNSET   457 PM CST
DECEMBER  9 2016......SUNRISE   726 AM CST   SUNSET   457 PM CST


-  INDICATES NEGATIVE NUMBERS.
R  INDICATES RECORD WAS SET OR TIED.
MM INDICATES DATA IS MISSING.
T  INDICATES TRACE AMOUNT.




$$
