000
CDUS43 KEAX 300632
CLIOJC


CLIMATE REPORT
NATIONAL WEATHER SERVICE KANSAS CITY/PLEASANT HILL MO
132 AM CDT SAT JUL 30 2016


...................................

...THE JOHNSON COUNTY EXECUTIVE KS CLIMATE SUMMARY FOR JULY 29 2016...

CLIMATE NORMAL PERIOD 1981 TO 2010
CLIMATE RECORD PERIOD 9999 TO 9999


WEATHER ITEM   OBSERVED TIME   NORMAL DEPARTURE LAST
                VALUE   (LST)  VALUE  FROM      YEAR
                                      NORMAL
......................................................
TEMPERATURE (F)
 YESTERDAY
  MAXIMUM         86    248 PM  89     -3       86
  MINIMUM         68    534 AM  70     -2       70
  AVERAGE         77            79     -2       78

PRECIPITATION (IN)
  YESTERDAY        0.00          0.11  -0.11     0.35
  MONTH TO DATE    4.28          3.46   0.82     7.07
  SINCE JUN 1      5.89          9.24  -3.35    13.26
  SINCE JAN 1     21.29         23.98  -2.69    29.48

DEGREE DAYS
 HEATING
  YESTERDAY        0             0      0        0
  MONTH TO DATE    0             0      0        1
  SINCE JUN 1      0             8     -8        5
  SINCE JUL 1      0             0      0        1

 COOLING
  YESTERDAY       12            14     -2       13
  MONTH TO DATE  393           383     10      371
  SINCE JUN 1    783           640    143      718
  SINCE JAN 1    837           744     93      795
......................................................


WIND (MPH)
  HIGHEST WIND SPEED    13   HIGHEST WIND DIRECTION     N (360)
  HIGHEST GUST SPEED    19   HIGHEST GUST DIRECTION     N (10)
  AVERAGE WIND SPEED     5.7


SKY COVER
  AVERAGE SKY COVER 0.2


WEATHER CONDITIONS
 THE FOLLOWING WEATHER WAS RECORDED YESTERDAY.
  NO SIGNIFICANT WEATHER WAS OBSERVED.


RELATIVE HUMIDITY (PERCENT)
 HIGHEST    97           100 AM
 LOWEST     44           400 PM
 AVERAGE    71

..........................................................


THE JOHNSON COUNTY EXECUTIVE KS CLIMATE NORMALS FOR TODAY
                         NORMAL
 MAXIMUM TEMPERATURE (F)   89
 MINIMUM TEMPERATURE (F)   70


SUNRISE AND SUNSET
JULY 30 2016..........SUNRISE   619 AM CDT   SUNSET   831 PM CDT
JULY 31 2016..........SUNRISE   620 AM CDT   SUNSET   830 PM CDT


-  INDICATES NEGATIVE NUMBERS.
R  INDICATES RECORD WAS SET OR TIED.
MM INDICATES DATA IS MISSING.
T  INDICATES TRACE AMOUNT.




$$
