000
CDUS43 KEAX 250643
CLIOJC


CLIMATE REPORT
NATIONAL WEATHER SERVICE KANSAS CITY/PLEASANT HILL MO
141 AM CDT SAT MAR 25 2017


...................................

...THE JOHNSON COUNTY EXECUTIVE KS CLIMATE SUMMARY FOR MARCH 24 2017...

CLIMATE NORMAL PERIOD 1981 TO 2010
CLIMATE RECORD PERIOD 9999 TO 9999


WEATHER ITEM   OBSERVED TIME   NORMAL DEPARTURE LAST
                VALUE   (LST)  VALUE  FROM      YEAR
                                      NORMAL
......................................................
TEMPERATURE (F)
 YESTERDAY
  MAXIMUM         67   1153 AM  58      9       53
  MINIMUM         55    951 PM  37     18       33
  AVERAGE         61            48     13       43

PRECIPITATION (IN)
  YESTERDAY        0.07          0.08  -0.01      T
  MONTH TO DATE    0.39          2.07  -1.68     1.17
  SINCE MAR 1      0.39          2.07  -1.68     1.17
  SINCE JAN 1      1.31          4.76  -3.45     2.42

DEGREE DAYS
 HEATING
  YESTERDAY        4            17    -13       22
  MONTH TO DATE  409           513   -104      325
  SINCE MAR 1    409           513   -104      325
  SINCE JUL 1   3549          4406   -857     3670

 COOLING
  YESTERDAY        0             0      0        0
  MONTH TO DATE    9             0      9        0
  SINCE MAR 1      9             0      9        0
  SINCE JAN 1      9             0      9        0
......................................................


WIND (MPH)
  HIGHEST WIND SPEED    26   HIGHEST WIND DIRECTION     S (190)
  HIGHEST GUST SPEED    36   HIGHEST GUST DIRECTION     S (170)
  AVERAGE WIND SPEED    11.5


SKY COVER
  AVERAGE SKY COVER 0.5


WEATHER CONDITIONS
 THE FOLLOWING WEATHER WAS RECORDED YESTERDAY.
  THUNDERSTORM
  LIGHT RAIN
  FOG


RELATIVE HUMIDITY (PERCENT)
 HIGHEST   100           800 PM
 LOWEST     42           700 AM
 AVERAGE    71

..........................................................


THE JOHNSON COUNTY EXECUTIVE KS CLIMATE NORMALS FOR TODAY
                         NORMAL
 MAXIMUM TEMPERATURE (F)   59
 MINIMUM TEMPERATURE (F)   38


SUNRISE AND SUNSET
MARCH 25 2017.........SUNRISE   714 AM CDT   SUNSET   736 PM CDT
MARCH 26 2017.........SUNRISE   713 AM CDT   SUNSET   737 PM CDT


-  INDICATES NEGATIVE NUMBERS.
R  INDICATES RECORD WAS SET OR TIED.
MM INDICATES DATA IS MISSING.
T  INDICATES TRACE AMOUNT.




$$
