000
CDUS43 KEAX 240644
CLIOJC


CLIMATE REPORT
NATIONAL WEATHER SERVICE KANSAS CITY/PLEASANT HILL MO
143 AM CDT TUE OCT 24 2017


...................................

...THE JOHNSON COUNTY EXECUTIVE KS CLIMATE SUMMARY FOR OCTOBER 23 2017...

CLIMATE NORMAL PERIOD 1981 TO 2010
CLIMATE RECORD PERIOD 9999 TO 9999


WEATHER ITEM   OBSERVED TIME   NORMAL DEPARTURE LAST
                VALUE   (LST)  VALUE  FROM      YEAR
                                      NORMAL
......................................................
TEMPERATURE (F)
 YESTERDAY
  MAXIMUM         66    156 PM  64      2       74
  MINIMUM         43    504 AM  45     -2       51
  AVERAGE         55            54      1       63

PRECIPITATION (IN)
  YESTERDAY        0.00          0.10  -0.10     0.00
  MONTH TO DATE    3.80          2.70   1.10     1.69
  SINCE SEP 1      6.01          7.21  -1.20     5.06
  SINCE JAN 1     44.61         35.17   9.44    34.94

DEGREE DAYS
 HEATING
  YESTERDAY       10            11     -1        2
  MONTH TO DATE   97           176    -79      116
  SINCE SEP 1    111           224   -113      136
  SINCE JUL 1    114           225   -111      136

 COOLING
  YESTERDAY        0             0      0        0
  MONTH TO DATE   43            27     16       33
  SINCE SEP 1    229           183     46      227
  SINCE JAN 1   1236          1348   -112     1446
......................................................


WIND (MPH)
  HIGHEST WIND SPEED    26   HIGHEST WIND DIRECTION    NW (320)
  HIGHEST GUST SPEED    38   HIGHEST GUST DIRECTION    NW (310)
  AVERAGE WIND SPEED    12.0


SKY COVER
  AVERAGE SKY COVER 0.1


WEATHER CONDITIONS
 THE FOLLOWING WEATHER WAS RECORDED YESTERDAY.
  NO SIGNIFICANT WEATHER WAS OBSERVED.


RELATIVE HUMIDITY (PERCENT)
 HIGHEST    83          1200 AM
 LOWEST     32           500 PM
 AVERAGE    58

..........................................................


THE JOHNSON COUNTY EXECUTIVE KS CLIMATE NORMALS FOR TODAY
                         NORMAL
 MAXIMUM TEMPERATURE (F)   64
 MINIMUM TEMPERATURE (F)   44


SUNRISE AND SUNSET
OCTOBER 24 2017.......SUNRISE   738 AM CDT   SUNSET   628 PM CDT
OCTOBER 25 2017.......SUNRISE   739 AM CDT   SUNSET   626 PM CDT


-  INDICATES NEGATIVE NUMBERS.
R  INDICATES RECORD WAS SET OR TIED.
MM INDICATES DATA IS MISSING.
T  INDICATES TRACE AMOUNT.




$$
