000
CDUS43 KEAX 170036
CLIOJC


CLIMATE REPORT
NATIONAL WEATHER SERVICE KANSAS CITY/PLEASANT HILL MO
736 PM CDT WED AUG 16 2017


...................................

...THE JOHNSON COUNTY EXECUTIVE KS CLIMATE SUMMARY FOR AUGUST 16 2017...
VALID TODAY AS OF 0700 PM LOCAL TIME.

CLIMATE NORMAL PERIOD 1981 TO 2010
CLIMATE RECORD PERIOD 9999 TO 9999


WEATHER ITEM   OBSERVED TIME   NORMAL DEPARTURE LAST
                VALUE   (LST)  VALUE  FROM      YEAR
                                      NORMAL
......................................................
TEMPERATURE (F)
 TODAY
  MAXIMUM         85    213 PM  88     -3       86
  MINIMUM         72    559 PM  68      4       62
  AVERAGE         79            78      1       74

PRECIPITATION (IN)
  TODAY            0.85          0.13   0.72     0.00
  MONTH TO DATE    3.56          1.48   2.08     0.59
  SINCE JUN 1     19.23         10.98   8.25     6.59
  SINCE JAN 1     32.59         25.72   6.87    21.99

DEGREE DAYS
 HEATING
  TODAY            0             0      0        0
  MONTH TO DATE    3             0      3        0
  SINCE JUN 1      8             8      0        0
  SINCE JUL 1      3             0      3        0

 COOLING
  TODAY           14            13      1        9
  MONTH TO DATE  120           221   -101      221
  SINCE JUN 1    805           889    -84     1025
  SINCE JAN 1    901           993    -92     1079
......................................................


WIND (MPH)
  HIGHEST WIND SPEED    15   HIGHEST WIND DIRECTION     S (200)
  HIGHEST GUST SPEED    21   HIGHEST GUST DIRECTION     S (200)
  AVERAGE WIND SPEED     8.5


SKY COVER
  AVERAGE SKY COVER 0.6


WEATHER CONDITIONS
 THE FOLLOWING WEATHER WAS RECORDED TODAY.
  THUNDERSTORM
  HEAVY RAIN
  RAIN
  LIGHT RAIN
  FOG


RELATIVE HUMIDITY (PERCENT)
 HIGHEST   100           200 AM
 LOWEST     65          1200 PM
 AVERAGE    83

..........................................................


THE JOHNSON COUNTY EXECUTIVE KS CLIMATE NORMALS FOR TOMORROW
                         NORMAL
 MAXIMUM TEMPERATURE (F)   88
 MINIMUM TEMPERATURE (F)   68


SUNRISE AND SUNSET
AUGUST 16 2017........SUNRISE   634 AM CDT   SUNSET   812 PM CDT
AUGUST 17 2017........SUNRISE   635 AM CDT   SUNSET   810 PM CDT


-  INDICATES NEGATIVE NUMBERS.
R  INDICATES RECORD WAS SET OR TIED.
MM INDICATES DATA IS MISSING.
T  INDICATES TRACE AMOUNT.




$$
