000
CDUS46 KSGX 291419
CLIOKB


CLIMATE REPORT
NATIONAL WEATHER SERVICE SAN DIEGO, CA
719 AM PDT THU SEP 29 2016


...................................

...THE OCEANSIDE AIRPORT CA CLIMATE SUMMARY FOR SEPTEMBER 28 2016...

CLIMATE NORMAL PERIOD 1981 TO 2010
CLIMATE RECORD PERIOD 1999 TO 2016


WEATHER ITEM   OBSERVED TIME   RECORD YEAR NORMAL DEPARTURE LAST
                VALUE   (LST)  VALUE       VALUE  FROM      YEAR
                                                  NORMAL
..................................................................
TEMPERATURE (F)
 YESTERDAY
  MAXIMUM         90R   120 PM  88    2010  76     14       83
  MINIMUM         61    429 AM  45    2005  57      4       63
  AVERAGE         76                        66     10       73

PRECIPITATION (IN)
  YESTERDAY        0.00          0.05 2007   0.01  -0.01     0.00
  MONTH TO DATE    0.24                      0.23   0.01     1.14
  SINCE OCT 1      7.36                     13.65  -6.29     9.31
  SINCE JAN 1      5.19                      9.77  -4.58     4.91

DEGREE DAYS
 HEATING
  YESTERDAY        0                         1     -1        0
  MONTH TO DATE   12                         5      7        0
  SINCE SEP 1     12                         5      7        0
  SINCE JUL 1     12                        10      2        0

 COOLING
  YESTERDAY       11                         2      9        8
  MONTH TO DATE  121                        90     31      272
  SINCE SEP 1    121                        90     31      272
  SINCE JAN 1    578                       390    188      877
..................................................................


WIND (MPH)
  RESULTANT WIND SPEED   4   RESULTANT WIND DIRECTION   W (270)
  HIGHEST WIND SPEED    17   HIGHEST WIND DIRECTION     W (270)
  HIGHEST GUST SPEED    MM   HIGHEST GUST DIRECTION    MM
  AVERAGE WIND SPEED     5.8


SKY COVER
  POSSIBLE SUNSHINE  MM
  AVERAGE SKY COVER 0.1


WEATHER CONDITIONS
 THE FOLLOWING WEATHER WAS RECORDED YESTERDAY.
  NO SIGNIFICANT WEATHER WAS OBSERVED.


RELATIVE HUMIDITY (PERCENT)
 HIGHEST    81          1100 PM
 LOWEST     26           100 PM
 AVERAGE    54

..........................................................


THE OCEANSIDE AIRPORT CA CLIMATE NORMALS FOR TODAY
                         NORMAL    RECORD    YEAR
 MAXIMUM TEMPERATURE (F)   75        92      1999
 MINIMUM TEMPERATURE (F)   57        46      2013


SUNRISE AND SUNSET
SEPTEMBER 29 2016.....SUNRISE   643 AM PDT   SUNSET   636 PM PDT
SEPTEMBER 30 2016.....SUNRISE   643 AM PDT   SUNSET   634 PM PDT


-  INDICATES NEGATIVE NUMBERS.
R  INDICATES RECORD WAS SET OR TIED.
MM INDICATES DATA IS MISSING.
T  INDICATES TRACE AMOUNT.




$$
