000
CDUS46 KSGX 271423
CLIOKB


CLIMATE REPORT
NATIONAL WEATHER SERVICE SAN DIEGO, CA
722 AM PDT SAT AUG 27 2016


...................................

...THE OCEANSIDE AIRPORT CA CLIMATE SUMMARY FOR AUGUST 26 2016...

CLIMATE NORMAL PERIOD 1981 TO 2010
CLIMATE RECORD PERIOD 1999 TO 2016


WEATHER ITEM   OBSERVED TIME   RECORD YEAR NORMAL DEPARTURE LAST
                VALUE   (LST)  VALUE       VALUE  FROM      YEAR
                                                  NORMAL
..................................................................
TEMPERATURE (F)
 YESTERDAY
  MAXIMUM         74    143 PM  86    2015  77     -3       86
                                      2009
  MINIMUM         63    929 PM  50    2009  62      1       68
  AVERAGE         69                        69      0       77

PRECIPITATION (IN)
  YESTERDAY        0.00          0.44 2007   0.01  -0.01     0.00
  MONTH TO DATE    0.00                      0.12  -0.12      T
  SINCE OCT 1      7.12                     13.39  -6.27     8.17
  SINCE JAN 1      4.95                      9.51  -4.56     3.77

DEGREE DAYS
 HEATING
  YESTERDAY        0                         0      0        0
  MONTH TO DATE    0                         0      0        0
  SINCE JUN 1      2                        30    -28        4
  SINCE JUL 1      0                         3     -3        0

 COOLING
  YESTERDAY        4                         4      0       12
  MONTH TO DATE  141                       112     29      193
  SINCE JUN 1    411                       264    147      509
  SINCE JAN 1    431                       274    157      548
..................................................................


WIND (MPH)
  RESULTANT WIND SPEED   4   RESULTANT WIND DIRECTION  SW (240)
  HIGHEST WIND SPEED    15   HIGHEST WIND DIRECTION     W (250)
  HIGHEST GUST SPEED    20   HIGHEST GUST DIRECTION     W (250)
  AVERAGE WIND SPEED     5.3


SKY COVER
  POSSIBLE SUNSHINE  MM
  AVERAGE SKY COVER 0.6


WEATHER CONDITIONS
 THE FOLLOWING WEATHER WAS RECORDED YESTERDAY.
  NO SIGNIFICANT WEATHER WAS OBSERVED.


RELATIVE HUMIDITY (PERCENT)
 HIGHEST    78          1200 AM
 LOWEST     53          1200 PM
 AVERAGE    66

..........................................................


THE OCEANSIDE AIRPORT CA CLIMATE NORMALS FOR TODAY
                         NORMAL    RECORD    YEAR
 MAXIMUM TEMPERATURE (F)   77        92      2009
 MINIMUM TEMPERATURE (F)   62        52      2009


SUNRISE AND SUNSET
AUGUST 27 2016........SUNRISE   621 AM PDT   SUNSET   720 PM PDT
AUGUST 28 2016........SUNRISE   621 AM PDT   SUNSET   719 PM PDT


-  INDICATES NEGATIVE NUMBERS.
R  INDICATES RECORD WAS SET OR TIED.
MM INDICATES DATA IS MISSING.
T  INDICATES TRACE AMOUNT.




$$
