000
CDUS46 KSGX 270123
CLIOKB


CLIMATE REPORT
NATIONAL WEATHER SERVICE SAN DIEGO, CA
522 PM PST SUN FEB 26 2017


...................................

...THE OCEANSIDE AIRPORT CA CLIMATE SUMMARY FOR FEBRUARY 26 2017...
VALID TODAY AS OF 0500 PM LOCAL TIME.

CLIMATE NORMAL PERIOD 1981 TO 2010
CLIMATE RECORD PERIOD 1999 TO 2017


WEATHER ITEM   OBSERVED TIME   RECORD YEAR NORMAL DEPARTURE LAST
                VALUE   (LST)  VALUE       VALUE  FROM      YEAR
                                                  NORMAL
..................................................................
TEMPERATURE (F)
 TODAY
  MAXIMUM         60    125 PM  79    2005  65     -5       72
  MINIMUM         51    649 AM  32    2013  45      6       38
  AVERAGE         56                        55      1       55

PRECIPITATION (IN)
  TODAY            0.02          1.54 2011   0.12  -0.10     0.00
  MONTH TO DATE    2.59                      2.86  -0.27     0.13
  SINCE OCT 1     12.00                      9.39   2.61     4.91
  SINCE JAN 1      6.85                      5.51   1.34     2.74

DEGREE DAYS
 HEATING
  TODAY            9                        10     -1       10
  MONTH TO DATE  217                       284    -67      177
  SINCE DEC 1    804                      1039   -235      917
  SINCE JUL 1    990                      1389   -399     1148

 COOLING
  TODAY            0                         0      0        0
  MONTH TO DATE    0                         0      0        6
  SINCE DEC 1      0                         0      0        6
  SINCE JAN 1      0                         0      0        6
..................................................................


WIND (MPH)
  RESULTANT WIND SPEED   6   RESULTANT WIND DIRECTION   S (180)
  HIGHEST WIND SPEED    21   HIGHEST WIND DIRECTION     S (200)
  HIGHEST GUST SPEED    25   HIGHEST GUST DIRECTION     S (200)
  AVERAGE WIND SPEED     7.0


SKY COVER
  POSSIBLE SUNSHINE  MM
  AVERAGE SKY COVER 0.9


WEATHER CONDITIONS
 THE FOLLOWING WEATHER WAS RECORDED TODAY.
  LIGHT RAIN
  HAZE


RELATIVE HUMIDITY (PERCENT)
 HIGHEST    83           700 AM
 LOWEST     67          1100 AM
 AVERAGE    75

..........................................................


THE OCEANSIDE AIRPORT CA CLIMATE NORMALS FOR TOMORROW
                         NORMAL    RECORD    YEAR
 MAXIMUM TEMPERATURE (F)   65        81      2005
 MINIMUM TEMPERATURE (F)   45        34      2013


SUNRISE AND SUNSET
FEBRUARY 26 2017......SUNRISE   621 AM PST   SUNSET   544 PM PST
FEBRUARY 27 2017......SUNRISE   619 AM PST   SUNSET   545 PM PST


-  INDICATES NEGATIVE NUMBERS.
R  INDICATES RECORD WAS SET OR TIED.
MM INDICATES DATA IS MISSING.
T  INDICATES TRACE AMOUNT.




$$
