000
CDUS46 KSGX 200017
CLIOKB


CLIMATE REPORT
NATIONAL WEATHER SERVICE SAN DIEGO, CA
417 PM PST MON FEB 19 2018


...................................

...THE OCEANSIDE AIRPORT CA CLIMATE SUMMARY FOR FEBRUARY 19 2018...
VALID TODAY AS OF 0400 PM LOCAL TIME.

CLIMATE NORMAL PERIOD 1981 TO 2010
CLIMATE RECORD PERIOD 1999 TO 2018


WEATHER ITEM   OBSERVED TIME   RECORD YEAR NORMAL DEPARTURE LAST
                VALUE   (LST)  VALUE       VALUE  FROM      YEAR
                                                  NORMAL
..................................................................
TEMPERATURE (F)
 TODAY
  MAXIMUM         60   1252 PM  79    2000  65     -5       61
  MINIMUM         54    731 AM  34    2009  44     10       54
  AVERAGE         57                        54      3       58

PRECIPITATION (IN)
  TODAY            T             0.45 2011   0.13  -0.13      T
  MONTH TO DATE    0.02                      1.91  -1.89     2.57
  SINCE OCT 1      2.69                      8.44  -5.75    11.98
  SINCE JAN 1      2.65                      4.56  -1.91     6.83

DEGREE DAYS
 HEATING
  TODAY            8                        11     -3        7
  MONTH TO DATE  156                       209    -53      139
  SINCE DEC 1    629                       964   -335      726
  SINCE JUL 1    798                      1314   -516      912

 COOLING
  TODAY            0                         0      0        0
  MONTH TO DATE    0                         0      0        0
  SINCE DEC 1      5                         0      5        0
  SINCE JAN 1      3                         0      3        0
..................................................................


WIND (MPH)
  RESULTANT WIND SPEED  14   RESULTANT WIND DIRECTION   W (270)
  HIGHEST WIND SPEED    25   HIGHEST WIND DIRECTION    SW (240)
  HIGHEST GUST SPEED    31   HIGHEST GUST DIRECTION    SW (240)
  AVERAGE WIND SPEED    15.1


SKY COVER
  POSSIBLE SUNSHINE  MM
  AVERAGE SKY COVER 0.4


WEATHER CONDITIONS
 THE FOLLOWING WEATHER WAS RECORDED TODAY.
  LIGHT RAIN


RELATIVE HUMIDITY (PERCENT)
 HIGHEST    72           200 AM
 LOWEST     30           200 PM
 AVERAGE    51

..........................................................


THE OCEANSIDE AIRPORT CA CLIMATE NORMALS FOR TOMORROW
                         NORMAL    RECORD    YEAR
 MAXIMUM TEMPERATURE (F)   65        77      2014
 MINIMUM TEMPERATURE (F)   44        35      2006


SUNRISE AND SUNSET
FEBRUARY 19 2018......SUNRISE   629 AM PST   SUNSET   538 PM PST
FEBRUARY 20 2018......SUNRISE   628 AM PST   SUNSET   539 PM PST


-  INDICATES NEGATIVE NUMBERS.
R  INDICATES RECORD WAS SET OR TIED.
MM INDICATES DATA IS MISSING.
T  INDICATES TRACE AMOUNT.




$$
