000
CDUS46 KSGX 210019
CLIOKB


CLIMATE REPORT
NATIONAL WEATHER SERVICE SAN DIEGO, CA
519 PM PDT THU JUL 20 2017


...................................

...THE OCEANSIDE AIRPORT CA CLIMATE SUMMARY FOR JULY 20 2017...
VALID TODAY AS OF 0500 PM LOCAL TIME.

CLIMATE NORMAL PERIOD 1981 TO 2010
CLIMATE RECORD PERIOD 1999 TO 2017


WEATHER ITEM   OBSERVED TIME   RECORD YEAR NORMAL DEPARTURE LAST
                VALUE   (LST)  VALUE       VALUE  FROM      YEAR
                                                  NORMAL
..................................................................
TEMPERATURE (F)
 TODAY
  MAXIMUM         81    129 PM  87    2005  76      5       82
  MINIMUM         62    429 AM  54    2001  62      0       63
  AVERAGE         72                        69      3       73

PRECIPITATION (IN)
  TODAY            0.00          T    2013   0.01  -0.01     0.00
  MONTH TO DATE    0.00                      0.10  -0.10     0.00
  SINCE OCT 1     14.97                     13.25   1.72     7.12
  SINCE JAN 1      9.82                      9.37   0.45     4.95

DEGREE DAYS
 HEATING
  TODAY            0                         0      0        0
  MONTH TO DATE    0                         0      0        0
  SINCE JUN 1     14                        27    -13        2
  SINCE JUL 1      0                         0      0        0

 COOLING
  TODAY            7                         4      3        8
  MONTH TO DATE  140                        69     71       95
  SINCE JUN 1    190                       107     83      175
  SINCE JAN 1    207                       117     90      195
..................................................................


WIND (MPH)
  RESULTANT WIND SPEED   4   RESULTANT WIND DIRECTION   W (250)
  HIGHEST WIND SPEED    14   HIGHEST WIND DIRECTION     W (250)
  HIGHEST GUST SPEED    18   HIGHEST GUST DIRECTION     W (250)
  AVERAGE WIND SPEED     4.5


SKY COVER
  POSSIBLE SUNSHINE  MM
  AVERAGE SKY COVER 0.3


WEATHER CONDITIONS
 THE FOLLOWING WEATHER WAS RECORDED TODAY.
  FOG
  HAZE


RELATIVE HUMIDITY (PERCENT)
 HIGHEST   100           300 AM
 LOWEST     62          1200 PM
 AVERAGE    81

..........................................................


THE OCEANSIDE AIRPORT CA CLIMATE NORMALS FOR TOMORROW
                         NORMAL    RECORD    YEAR
 MAXIMUM TEMPERATURE (F)   76        86      2016
 MINIMUM TEMPERATURE (F)   62        54      2008


SUNRISE AND SUNSET
JULY 20 2017..........SUNRISE   555 AM PDT   SUNSET   757 PM PDT
JULY 21 2017..........SUNRISE   555 AM PDT   SUNSET   756 PM PDT


-  INDICATES NEGATIVE NUMBERS.
R  INDICATES RECORD WAS SET OR TIED.
MM INDICATES DATA IS MISSING.
T  INDICATES TRACE AMOUNT.




$$
