000
CDUS44 KOUN 122325
CLIOKC

CLIMATE REPORT
NATIONAL WEATHER SERVICE NORMAN OK
525 PM CST FRI FEB 12 2016


...................................

...THE OKLAHOMA CITY CLIMATE SUMMARY FOR FEBRUARY 12 2016...
VALID TODAY AS OF 0500 PM LOCAL TIME.

CLIMATE NORMAL PERIOD 1981 TO 2010
CLIMATE RECORD PERIOD 1890 TO 2016


WEATHER ITEM   OBSERVED TIME   RECORD YEAR NORMAL DEPARTURE LAST
                VALUE   (LST)  VALUE       VALUE  FROM      YEAR
                                                  NORMAL
..................................................................
TEMPERATURE (F)
 TODAY
  MAXIMUM         60    325 PM  84    1962  54      6       49
  MINIMUM         31    745 AM -17    1899  32     -1       28
  AVERAGE         46                        43      3       39

PRECIPITATION (IN)
  TODAY            0.00          2.21 1978   0.05  -0.05     0.00
  MONTH TO DATE    0.26                      0.63  -0.37     0.04
  SINCE JAN 1      0.37                      2.02  -1.65     1.84

SNOWFALL (IN)
  TODAY            0.0           3.5  2013   0.1   -0.1      0.0
  MONTH TO DATE    0.0                       0.8   -0.8      0.0
  SINCE JUL 1      1.2                       6.1   -4.9      6.0
  SNOW DEPTH       0

DEGREE DAYS
 HEATING
  TODAY           19                        22     -3       26
  MONTH TO DATE  260                       279    -19      250
  SINCE JUL 1   2148                      2432   -284     2309
..................................................................


WIND (MPH)
  HIGHEST WIND SPEED    16   HIGHEST WIND DIRECTION    NE (30)
  HIGHEST GUST SPEED    23   HIGHEST GUST DIRECTION     N (350)
  AVERAGE WIND SPEED     7.8


SKY COVER
  AVERAGE SKY COVER 0.3


WEATHER CONDITIONS
 THE FOLLOWING WEATHER WAS RECORDED TODAY.
  NO SIGNIFICANT WEATHER WAS OBSERVED.


RELATIVE HUMIDITY (PERCENT)
 HIGHEST    85           400 AM
 LOWEST     36           300 PM
 AVERAGE    61

..........................................................


THE OKLAHOMA CITY CLIMATE NORMALS FOR TOMORROW
                         NORMAL    RECORD    YEAR
 MAXIMUM TEMPERATURE (F)   54        82      1962
 MINIMUM TEMPERATURE (F)   32       -11      1905


SUNRISE AND SUNSET
FEBRUARY 12 2016......SUNRISE   720 AM CST   SUNSET   609 PM CST
FEBRUARY 13 2016......SUNRISE   719 AM CST   SUNSET   610 PM CST


-  INDICATES NEGATIVE NUMBERS.
R  INDICATES RECORD WAS SET OR TIED.
MM INDICATES DATA IS MISSING.
T  INDICATES TRACE AMOUNT.

$$
