000
CDUS44 KOUN 240642
CLIOKC

CLIMATE REPORT
NATIONAL WEATHER SERVICE NORMAN OK
1230 AM CST FRI NOV 24 2017


...................................

...THE OKLAHOMA CITY CLIMATE SUMMARY FOR NOVEMBER 23 2017...

CLIMATE NORMAL PERIOD 1981 TO 2010
CLIMATE RECORD PERIOD 1890 TO 2017


WEATHER ITEM   OBSERVED TIME   RECORD YEAR NORMAL DEPARTURE LAST
                VALUE   (LST)  VALUE       VALUE  FROM      YEAR
                                                  NORMAL
..................................................................
TEMPERATURE (F)
 YESTERDAY
  MAXIMUM         70    406 PM  79    2005  58     12       59
                                      1973
  MINIMUM         31    557 AM  19    1950  37     -6       37
  AVERAGE         51                        47      4       48

PRECIPITATION (IN)
  YESTERDAY        0.00          1.62 1931   0.06  -0.06     0.00
  MONTH TO DATE    0.07                      1.59  -1.52     0.48
  SINCE SEP 1      9.83                      9.36   0.47     5.55
  SINCE JAN 1     33.04                     34.25  -1.21    25.46

SNOWFALL (IN)
  YESTERDAY        0.0

DEGREE DAYS
 HEATING
  YESTERDAY       14                        18     -4       17
  MONTH TO DATE  297                       299     -2      169
  SINCE SEP 1    478                       463     15      215
  SINCE JUL 1    478                       463     15      215

 COOLING
  YESTERDAY        0                         0      0        0
  MONTH TO DATE    5                         7     -2       23
  SINCE SEP 1    345                       362    -17      488
  SINCE JAN 1   1916                      2099   -183     2214
..................................................................


WIND (MPH)
  HIGHEST WIND SPEED    10   HIGHEST WIND DIRECTION     S (160)
  HIGHEST GUST SPEED    13   HIGHEST GUST DIRECTION     S (200)
  AVERAGE WIND SPEED     6.1


SKY COVER
  AVERAGE SKY COVER 0.3


WEATHER CONDITIONS
 THE FOLLOWING WEATHER WAS RECORDED YESTERDAY.
  NO SIGNIFICANT WEATHER WAS OBSERVED.


RELATIVE HUMIDITY (PERCENT)
 HIGHEST    72           600 AM
 LOWEST     23           300 PM
 AVERAGE    48

..........................................................


THE OKLAHOMA CITY CLIMATE NORMALS FOR TODAY
                         NORMAL    RECORD    YEAR
 MAXIMUM TEMPERATURE (F)   58        79      2010
 MINIMUM TEMPERATURE (F)   36        15      1950


SUNRISE AND SUNSET
NOVEMBER 24 2017......SUNRISE   715 AM CST   SUNSET   519 PM CST
NOVEMBER 25 2017......SUNRISE   716 AM CST   SUNSET   519 PM CST


-  INDICATES NEGATIVE NUMBERS.
R  INDICATES RECORD WAS SET OR TIED.
MM INDICATES DATA IS MISSING.
T  INDICATES TRACE AMOUNT.




$$
