000
CDUS44 KOUN 270627
CLIOKC

CLIMATE REPORT
NATIONAL WEATHER SERVICE NORMAN OK
127 AM CDT SAT MAY 27 2017


...................................

...THE OKLAHOMA CITY CLIMATE SUMMARY FOR MAY 26 2017...

CLIMATE NORMAL PERIOD 1981 TO 2010
CLIMATE RECORD PERIOD 1890 TO 2017


WEATHER ITEM   OBSERVED TIME   RECORD YEAR NORMAL DEPARTURE LAST
                VALUE   (LST)  VALUE       VALUE  FROM      YEAR
                                                  NORMAL
..................................................................
TEMPERATURE (F)
 YESTERDAY
  MAXIMUM         89    508 PM  96    1953  83      6       87
  MINIMUM         71   1129 PM  45    1901  63      8       67
  AVERAGE         80                        73      7       77

PRECIPITATION (IN)
  YESTERDAY        0.00          3.22 1995   0.16  -0.16      T
  MONTH TO DATE    1.10                      3.83  -2.73     1.98
  SINCE MAR 1      9.97                      9.96   0.01    10.31
  SINCE JAN 1     14.66                     12.93   1.73    11.77

SNOWFALL (IN)
  YESTERDAY        0.0           0.0  2002   0.0    0.0      0.0
  MONTH TO DATE    0.0                       0.0    0.0      0.0
  SINCE MAR 1      T                         0.9   -0.9       T
  SINCE JUL 1      2.1                       7.6   -5.5      1.2
  SNOW DEPTH       0

DEGREE DAYS
 HEATING
  YESTERDAY        0                         0      0        0
  MONTH TO DATE   49                        31     18       60
  SINCE MAR 1    481                       613   -132      460
  SINCE JUL 1   2701                      3363   -662     2817

 COOLING
  YESTERDAY       15                         8      7       12
  MONTH TO DATE   80                       140    -60       98
  SINCE MAR 1    171                       205    -34      136
  SINCE JAN 1    180                       206    -26      140
..................................................................


WIND (MPH)
  HIGHEST WIND SPEED    21   HIGHEST WIND DIRECTION    NW (320)
  HIGHEST GUST SPEED    26   HIGHEST GUST DIRECTION    NW (330)
  AVERAGE WIND SPEED    10.1


SKY COVER
  AVERAGE SKY COVER 0.4


WEATHER CONDITIONS
 THE FOLLOWING WEATHER WAS RECORDED YESTERDAY.
  NO SIGNIFICANT WEATHER WAS OBSERVED.


RELATIVE HUMIDITY (PERCENT)
 HIGHEST    79          1100 PM
 LOWEST     44           400 PM
 AVERAGE    62

..........................................................


THE OKLAHOMA CITY CLIMATE NORMALS FOR TODAY
                         NORMAL    RECORD    YEAR
 MAXIMUM TEMPERATURE (F)   83        96      1927
 MINIMUM TEMPERATURE (F)   63        42      1907


SUNRISE AND SUNSET
MAY 27 2017...........SUNRISE   618 AM CDT   SUNSET   837 PM CDT
MAY 28 2017...........SUNRISE   618 AM CDT   SUNSET   838 PM CDT


-  INDICATES NEGATIVE NUMBERS.
R  INDICATES RECORD WAS SET OR TIED.
MM INDICATES DATA IS MISSING.
T  INDICATES TRACE AMOUNT.




$$
