000
CDUS44 KOUN 270639
CLIOKC

CLIMATE REPORT
NATIONAL WEATHER SERVICE NORMAN OK
139 AM CDT FRI MAR 27 2015


...................................

...THE OKLAHOMA CITY CLIMATE SUMMARY FOR MARCH 26 2015...

CLIMATE NORMAL PERIOD 1981 TO 2010
CLIMATE RECORD PERIOD 1890 TO 2015


WEATHER ITEM   OBSERVED TIME   RECORD YEAR NORMAL DEPARTURE LAST
                VALUE   (LST)  VALUE       VALUE  FROM      YEAR
                                                  NORMAL
..................................................................
TEMPERATURE (F)
 YESTERDAY
  MAXIMUM         62    358 PM  85    1972  67     -5       56
                                      1956
                                      1918
  MINIMUM         42    752 AM  13    1955  44     -2       37
  AVERAGE         52                        55     -3       47

PRECIPITATION (IN)
  YESTERDAY        0.00          2.02 1938   0.10  -0.10     0.25
  MONTH TO DATE    1.97                      2.54  -0.57     1.26
  SINCE JAN 1      4.18                      5.51  -1.33     1.69

SNOWFALL (IN)
  YESTERDAY        0.0           7.6  1913   0.0    0.0      0.0
  MONTH TO DATE    3.0                       0.8    2.2      1.5
  SINCE JUL 1     13.6                       7.5    6.1     10.2
  SNOW DEPTH       0

DEGREE DAYS
 HEATING
  YESTERDAY       13                        11      2       18
  MONTH TO DATE  332                       361    -29      489
  SINCE JUL 1   3107                      3111     -4     3577

 COOLING
  YESTERDAY        0                         1     -1        0
  MONTH TO DATE    5                         5      0        0
  SINCE JAN 1      5                         6     -1        0
..................................................................


WIND (MPH)
  HIGHEST WIND SPEED    25   HIGHEST WIND DIRECTION     N (360)
  HIGHEST GUST SPEED    33   HIGHEST GUST DIRECTION     N (10)
  AVERAGE WIND SPEED    15.8


SKY COVER
  AVERAGE SKY COVER 0.4


WEATHER CONDITIONS
 THE FOLLOWING WEATHER WAS RECORDED YESTERDAY.
  NO SIGNIFICANT WEATHER WAS OBSERVED.


RELATIVE HUMIDITY (PERCENT)
 HIGHEST    83           100 AM
 LOWEST     29           400 PM
 AVERAGE    56

..........................................................


THE OKLAHOMA CITY CLIMATE NORMALS FOR TODAY
                         NORMAL    RECORD    YEAR
 MAXIMUM TEMPERATURE (F)   67        90      1895
 MINIMUM TEMPERATURE (F)   44        13      1913


SUNRISE AND SUNSET
MARCH 27 2015.........SUNRISE   724 AM CDT   SUNSET   748 PM CDT
MARCH 28 2015.........SUNRISE   723 AM CDT   SUNSET   749 PM CDT


-  INDICATES NEGATIVE NUMBERS.
R  INDICATES RECORD WAS SET OR TIED.
MM INDICATES DATA IS MISSING.
T  INDICATES TRACE AMOUNT.




$$
