000
CDUS44 KOUN 010646
CLIOKC

CLIMATE REPORT
NATIONAL WEATHER SERVICE NORMAN OK
137 AM CDT SAT OCT 1 2016


...................................

...THE OKLAHOMA CITY CLIMATE SUMMARY FOR SEPTEMBER 30 2016...

CLIMATE NORMAL PERIOD 1981 TO 2010
CLIMATE RECORD PERIOD 1890 TO 2016


WEATHER ITEM   OBSERVED TIME   RECORD YEAR NORMAL DEPARTURE LAST
                VALUE   (LST)  VALUE       VALUE  FROM      YEAR
                                                  NORMAL
..................................................................
TEMPERATURE (F)
 YESTERDAY
  MAXIMUM         76    320 PM 100    1977  79     -3       81
  MINIMUM         51    638 AM  36    1895  57     -6       62
  AVERAGE         64                        68     -4       72

PRECIPITATION (IN)
  YESTERDAY        0.00          1.79 1986   0.12  -0.12     0.00
  MONTH TO DATE    4.25                      4.06   0.19     1.06
  SINCE JAN 1     24.16                     28.95  -4.79    43.97

DEGREE DAYS
 HEATING
  YESTERDAY        1                         2     -1        0
  MONTH TO DATE    3                        19    -16        0
  SINCE JUL 1      3                        19    -16        0

 COOLING
  YESTERDAY        0                         5     -5        7
  MONTH TO DATE  330                       288     42      383
  SINCE JAN 1   2056                      2025     31     1963
..................................................................


WIND (MPH)
  HIGHEST WIND SPEED     8   HIGHEST WIND DIRECTION    SE (120)
  HIGHEST GUST SPEED    10   HIGHEST GUST DIRECTION     N (10)
  AVERAGE WIND SPEED     3.4


SKY COVER
  AVERAGE SKY COVER 0.4


WEATHER CONDITIONS
 THE FOLLOWING WEATHER WAS RECORDED YESTERDAY.
  NO SIGNIFICANT WEATHER WAS OBSERVED.


RELATIVE HUMIDITY (PERCENT)
 HIGHEST    89           500 AM
 LOWEST     31           400 PM
 AVERAGE    60

..........................................................


THE OKLAHOMA CITY CLIMATE NORMALS FOR TODAY
                         NORMAL    RECORD    YEAR
 MAXIMUM TEMPERATURE (F)   79        97      1938
 MINIMUM TEMPERATURE (F)   57        38      1958
                                             1895


SUNRISE AND SUNSET
OCTOBER  1 2016.......SUNRISE   726 AM CDT   SUNSET   713 PM CDT
OCTOBER  2 2016.......SUNRISE   726 AM CDT   SUNSET   712 PM CDT


-  INDICATES NEGATIVE NUMBERS.
R  INDICATES RECORD WAS SET OR TIED.
MM INDICATES DATA IS MISSING.
T  INDICATES TRACE AMOUNT.

$$
