000
CDUS44 KOUN 290635
CLIOKC

CLIMATE REPORT
NATIONAL WEATHER SERVICE NORMAN OK
135 AM CDT SUN MAY 29 2016


...................................

...THE OKLAHOMA CITY CLIMATE SUMMARY FOR MAY 28 2016...

CLIMATE NORMAL PERIOD 1981 TO 2010
CLIMATE RECORD PERIOD 1890 TO 2016


WEATHER ITEM   OBSERVED TIME   RECORD YEAR NORMAL DEPARTURE LAST
                VALUE   (LST)  VALUE       VALUE  FROM      YEAR
                                                  NORMAL
..................................................................
TEMPERATURE (F)
 YESTERDAY
  MAXIMUM         84    245 PM  93    1895  83      1       84
  MINIMUM         59    535 AM  43    1947  63     -4       64
  AVERAGE         72                        73     -1       74

PRECIPITATION (IN)
  YESTERDAY        0.00          2.33 1987   0.16  -0.16     0.35
  MONTH TO DATE    1.99                      4.15  -2.16    19.47
  SINCE JAN 1     11.78                     13.25  -1.47    28.65

DEGREE DAYS
 COOLING
  YESTERDAY        7                         8     -1        9
  MONTH TO DATE  113                       156    -43      106
  SINCE JAN 1    155                       222    -67      168
..................................................................


WIND (MPH)
  HIGHEST WIND SPEED    13   HIGHEST WIND DIRECTION     S (170)
  HIGHEST GUST SPEED    16   HIGHEST GUST DIRECTION     S (170)
  AVERAGE WIND SPEED     6.0


SKY COVER
  AVERAGE SKY COVER 0.2


WEATHER CONDITIONS
 THE FOLLOWING WEATHER WAS RECORDED YESTERDAY.
  FOG


RELATIVE HUMIDITY (PERCENT)
 HIGHEST   100           500 AM
 LOWEST     46           200 PM
 AVERAGE    73

..........................................................


THE OKLAHOMA CITY CLIMATE NORMALS FOR TODAY
                         NORMAL    RECORD    YEAR
 MAXIMUM TEMPERATURE (F)   83        94      2006
                                             1985
                                             1926
 MINIMUM TEMPERATURE (F)   63        39      1947


SUNRISE AND SUNSET
MAY 29 2016...........SUNRISE   617 AM CDT   SUNSET   839 PM CDT
MAY 30 2016...........SUNRISE   617 AM CDT   SUNSET   839 PM CDT


-  INDICATES NEGATIVE NUMBERS.
R  INDICATES RECORD WAS SET OR TIED.
MM INDICATES DATA IS MISSING.
T  INDICATES TRACE AMOUNT.

$$
