000
CDUS44 KOUN 240627
CLIOKC

CLIMATE REPORT
NATIONAL WEATHER SERVICE NORMAN OK
126 AM CDT FRI OCT 24 2014


...................................

...THE OKLAHOMA CITY CLIMATE SUMMARY FOR OCTOBER 23 2014...

CLIMATE NORMAL PERIOD 1981 TO 2010
CLIMATE RECORD PERIOD 1890 TO 2014


WEATHER ITEM   OBSERVED TIME   RECORD YEAR NORMAL DEPARTURE LAST
                VALUE   (LST)  VALUE       VALUE  FROM      YEAR
                                                  NORMAL
..................................................................
TEMPERATURE (F)
 YESTERDAY
  MAXIMUM         80    358 PM  89    2003  71      9       78
                                      1927
  MINIMUM         61   1159 PM  26    1917  49     12       46
  AVERAGE         71                        60     11       62

PRECIPITATION (IN)
  YESTERDAY        0.00          1.58 1920   0.12  -0.12     0.00
  MONTH TO DATE    2.44                      2.82  -0.38     2.95
  SINCE JAN 1     25.30                     31.77  -6.47    50.09

SNOWFALL (IN)
  YESTERDAY        0.0           0.0    MM   0.0    0.0      0.0
  MONTH TO DATE    0.0                       0.0    0.0      0.0
  SINCE JUL 1      0.0                       0.0    0.0      0.0
  SNOW DEPTH       0

DEGREE DAYS
 HEATING
  YESTERDAY        0                         6     -6        3
  MONTH TO DATE   44                        86    -42      111
  SINCE JUL 1     55                       105    -50      114

 COOLING
  YESTERDAY        6                         1      5        0
  MONTH TO DATE   98                        59     39       71
  SINCE JAN 1   2089                      2084      5     2056
..................................................................


WIND (MPH)
  HIGHEST WIND SPEED    16   HIGHEST WIND DIRECTION     S (200)
  HIGHEST GUST SPEED    22   HIGHEST GUST DIRECTION     S (190)
  AVERAGE WIND SPEED     7.7


SKY COVER
  AVERAGE SKY COVER 0.6


WEATHER CONDITIONS
 THE FOLLOWING WEATHER WAS RECORDED YESTERDAY.
  FOG


RELATIVE HUMIDITY (PERCENT)
 HIGHEST    93          1200 AM
 LOWEST     48           200 PM
 AVERAGE    71

..........................................................


THE OKLAHOMA CITY CLIMATE NORMALS FOR TODAY
                         NORMAL    RECORD    YEAR
 MAXIMUM TEMPERATURE (F)   71        91      2003
 MINIMUM TEMPERATURE (F)   49        30      1995


SUNRISE AND SUNSET
OCTOBER 24 2014.......SUNRISE   745 AM CDT   SUNSET   644 PM CDT
OCTOBER 25 2014.......SUNRISE   745 AM CDT   SUNSET   643 PM CDT


-  INDICATES NEGATIVE NUMBERS.
R  INDICATES RECORD WAS SET OR TIED.
MM INDICATES DATA IS MISSING.
T  INDICATES TRACE AMOUNT.




$$
