000
CDUS44 KOUN 270629
CLIOKC

CLIMATE REPORT
NATIONAL WEATHER SERVICE NORMAN OK
1228 AM CST FRI FEB 27 2015


...................................

...THE OKLAHOMA CITY CLIMATE SUMMARY FOR FEBRUARY 26 2015...

CLIMATE NORMAL PERIOD 1981 TO 2010
CLIMATE RECORD PERIOD 1890 TO 2015


WEATHER ITEM   OBSERVED TIME   RECORD YEAR NORMAL DEPARTURE LAST
                VALUE   (LST)  VALUE       VALUE  FROM      YEAR
                                                  NORMAL
..................................................................
TEMPERATURE (F)
 YESTERDAY
  MAXIMUM         37   1209 AM  82    1996  58    -21       37
  MINIMUM         21    828 AM  10    1891  36    -15       18
  AVERAGE         29                        47    -18       28

PRECIPITATION (IN)
  YESTERDAY        0.00          1.34 1903   0.06  -0.06     0.00
  MONTH TO DATE    0.26                      1.44  -1.18     0.36
  SINCE JAN 1      2.06                      2.83  -0.77     0.43

SNOWFALL (IN)
  YESTERDAY        0.0           2.0  1942   0.0    0.0      0.0
  MONTH TO DATE    2.4                       1.3    1.1      4.0
  SINCE JUL 1      8.4                       6.6    1.8      8.7
  SNOW DEPTH       0

DEGREE DAYS
 HEATING
  YESTERDAY       36                        18     18       37
  MONTH TO DATE  631                       561     70      701
  SINCE JUL 1   2690                      2714    -24     3051
..................................................................


WIND (MPH)
  HIGHEST WIND SPEED    36   HIGHEST WIND DIRECTION     N (360)
  HIGHEST GUST SPEED    44   HIGHEST GUST DIRECTION     N (10)
  AVERAGE WIND SPEED    20.6


SKY COVER
  AVERAGE SKY COVER 0.8


WEATHER CONDITIONS
 THE FOLLOWING WEATHER WAS RECORDED YESTERDAY.
  NO SIGNIFICANT WEATHER WAS OBSERVED.


RELATIVE HUMIDITY (PERCENT)
 HIGHEST    70          1200 AM
 LOWEST     27           500 PM
 AVERAGE    49

..........................................................


THE OKLAHOMA CITY CLIMATE NORMALS FOR TODAY
                         NORMAL    RECORD    YEAR
 MAXIMUM TEMPERATURE (F)   58        83      1918
 MINIMUM TEMPERATURE (F)   36        10      2002


SUNRISE AND SUNSET
FEBRUARY 27 2015......SUNRISE   703 AM CST   SUNSET   624 PM CST
FEBRUARY 28 2015......SUNRISE   702 AM CST   SUNSET   625 PM CST


-  INDICATES NEGATIVE NUMBERS.
R  INDICATES RECORD WAS SET OR TIED.
MM INDICATES DATA IS MISSING.
T  INDICATES TRACE AMOUNT.




$$
