922
CDUS45 KGGW 060054
CLIOLF


CLIMATE REPORT
NATIONAL WEATHER SERVICE GLASGOW MT
553 PM MST FRI FEB 5 2016


...................................

...THE WOLF POINT MT CLIMATE SUMMARY FOR FEBRUARY 5 2016...
VALID TODAY AS OF 0500 PM LOCAL TIME.

CLIMATE NORMAL PERIOD 1981 TO 2010
CLIMATE RECORD PERIOD 9999 TO 9999


WEATHER ITEM   OBSERVED RECORD YEAR NORMAL DEPARTURE
                VALUE   VALUE       VALUE  FROM
                                           NORMAL
........................................................
TEMPERATURE (F)
 TODAY
  MAXIMUM         43     MM      MM  27
  MINIMUM         12     MM      MM   2
  AVERAGE         28

PRECIPITATION (IN)
  TODAY            0.00  MM      MM   0.00   0.00
  MONTH TO DATE    0.02               0.03  -0.01
  SINCE OCT 1      1.79               1.84  -0.05
  SINCE JAN 1      0.12               0.34  -0.22

SNOWFALL (IN)
  TODAY            0.0   MM      MM  MM
  MONTH TO DATE    0.0               MM
  SINCE DEC 1      0.0               MM
  SINCE JUL 1      0.0               MM

DEGREE DAYS
 HEATING
  TODAY           37

 COOLING
  TODAY            0
........................................................







THE WOLF POINT MT CLIMATE NORMALS FOR TOMORROW
                         NORMAL    RECORD    YEAR
 MAXIMUM TEMPERATURE (F)   27        MM        MM
 MINIMUM TEMPERATURE (F)    3        MM        MM


SUNRISE AND SUNSET
FEBRUARY  5 2016......SUNRISE   725 AM MST   SUNSET   508 PM MST
FEBRUARY  6 2016......SUNRISE   724 AM MST   SUNSET   510 PM MST


-  INDICATES NEGATIVE NUMBERS.
R  INDICATES RECORD WAS SET OR TIED.
MM INDICATES DATA IS MISSING.
T  INDICATES TRACE AMOUNT.




$$
