000
CDUS45 KGGW 290741
CLIOLF


CLIMATE REPORT
NATIONAL WEATHER SERVICE GLASGOW MT
140 AM MDT THU JUN 29 2017


...................................

...THE WOLF POINT MT CLIMATE SUMMARY FOR JUNE 28 2017...

CLIMATE NORMAL PERIOD 1981 TO 2010
CLIMATE RECORD PERIOD 9999 TO 9999


WEATHER ITEM   OBSERVED RECORD YEAR NORMAL DEPARTURE
                VALUE   VALUE       VALUE  FROM
                                           NORMAL
........................................................
TEMPERATURE (F)
 YESTERDAY
  MAXIMUM         79     MM      MM  82
  MINIMUM         44     MM      MM  52
  AVERAGE         62

PRECIPITATION (IN)
  YESTERDAY        0.01  MM      MM   0.05  -0.04
  MONTH TO DATE    0.23               2.60  -2.37
  SINCE OCT 1      3.68               7.80  -4.12
  SINCE JAN 1      1.81               6.30  -4.49

SNOWFALL (IN)
  YESTERDAY       MM     MM      MM  MM
  MONTH TO DATE    0.0               MM
  SINCE JUN 1      0.0               MM
  SINCE JUL 1      0.0               MM

DEGREE DAYS
 HEATING
  YESTERDAY        3

 COOLING
  YESTERDAY        0
........................................................







THE WOLF POINT MT CLIMATE NORMALS FOR TODAY
                         NORMAL    RECORD    YEAR
 MAXIMUM TEMPERATURE (F)   82        MM        MM
 MINIMUM TEMPERATURE (F)   52        MM        MM


SUNRISE AND SUNSET
JUNE 29 2017..........SUNRISE   505 AM MDT   SUNSET   906 PM MDT
JUNE 30 2017..........SUNRISE   506 AM MDT   SUNSET   906 PM MDT


-  INDICATES NEGATIVE NUMBERS.
R  INDICATES RECORD WAS SET OR TIED.
MM INDICATES DATA IS MISSING.
T  INDICATES TRACE AMOUNT.




$$
