000
CDUS45 KGGW 010741
CLIOLF


CLIMATE REPORT
NATIONAL WEATHER SERVICE GLASGOW MT
141 AM MDT TUE SEP 1 2015


...................................

...THE WOLF POINT MT CLIMATE SUMMARY FOR AUGUST 31 2015...

CLIMATE NORMAL PERIOD 1981 TO 2010
CLIMATE RECORD PERIOD 9999 TO 9999


WEATHER ITEM   OBSERVED RECORD YEAR NORMAL DEPARTURE
                VALUE   VALUE       VALUE  FROM
                                           NORMAL
........................................................
TEMPERATURE (F)
 YESTERDAY
  MAXIMUM         77     MM      MM  81
  MINIMUM         48     MM      MM  47
  AVERAGE         63

PRECIPITATION (IN)
  YESTERDAY        0.07  MM      MM   0.02   0.05
  MONTH TO DATE    1.16               1.28  -0.12
  SINCE OCT 1      8.71              11.17  -2.46
  SINCE JAN 1      8.14               9.67  -1.53

SNOWFALL (IN)
  YESTERDAY       MM     MM      MM  MM
  MONTH TO DATE    0.0               MM
  SINCE JUN 1      0.0               MM
  SINCE JUL 1      0.0               MM

DEGREE DAYS
 HEATING
  YESTERDAY        2

 COOLING
  YESTERDAY        0
........................................................







THE WOLF POINT MT CLIMATE NORMALS FOR TODAY
                         NORMAL    RECORD    YEAR
 MAXIMUM TEMPERATURE (F)   81        MM        MM
 MINIMUM TEMPERATURE (F)   47        MM        MM


SUNRISE AND SUNSET
SEPTEMBER  1 2015.....SUNRISE   620 AM MDT   SUNSET   744 PM MDT
SEPTEMBER  2 2015.....SUNRISE   621 AM MDT   SUNSET   742 PM MDT


-  INDICATES NEGATIVE NUMBERS.
R  INDICATES RECORD WAS SET OR TIED.
MM INDICATES DATA IS MISSING.
T  INDICATES TRACE AMOUNT.




$$
