000
CDUS45 KGGW 040741
CLIOLF


CLIMATE REPORT
NATIONAL WEATHER SERVICE GLASGOW MT
140 AM MDT TUE AUG 4 2015


...................................

...THE WOLF POINT MT CLIMATE SUMMARY FOR AUGUST 3 2015...

CLIMATE NORMAL PERIOD 1981 TO 2010
CLIMATE RECORD PERIOD 9999 TO 9999


WEATHER ITEM   OBSERVED RECORD YEAR NORMAL DEPARTURE
                VALUE   VALUE       VALUE  FROM
                                           NORMAL
........................................................
TEMPERATURE (F)
 YESTERDAY
  MAXIMUM         89     MM      MM  88
  MINIMUM         51     MM      MM  56
  AVERAGE         70

PRECIPITATION (IN)
  YESTERDAY        0.00  MM      MM   0.05  -0.05
  MONTH TO DATE    0.00               0.15  -0.15
  SINCE OCT 1      7.55              10.04  -2.49
  SINCE JAN 1      6.98               8.54  -1.56

SNOWFALL (IN)
  YESTERDAY        0.0   MM      MM  MM
  MONTH TO DATE    0.0               MM
  SINCE JUN 1      0.0               MM
  SINCE JUL 1      0.0               MM

DEGREE DAYS
 HEATING
  YESTERDAY        0

 COOLING
  YESTERDAY        5
........................................................







THE WOLF POINT MT CLIMATE NORMALS FOR TODAY
                         NORMAL    RECORD    YEAR
 MAXIMUM TEMPERATURE (F)   88        MM        MM
 MINIMUM TEMPERATURE (F)   56        MM        MM


SUNRISE AND SUNSET
AUGUST  4 2015........SUNRISE   542 AM MDT   SUNSET   834 PM MDT
AUGUST  5 2015........SUNRISE   543 AM MDT   SUNSET   833 PM MDT


-  INDICATES NEGATIVE NUMBERS.
R  INDICATES RECORD WAS SET OR TIED.
MM INDICATES DATA IS MISSING.
T  INDICATES TRACE AMOUNT.




$$
