000
CDUS45 KGGW 030754
CLIOLF


CLIMATE REPORT
NATIONAL WEATHER SERVICE GLASGOW MT
153 AM MDT TUE MAY 3 2016


...................................

...THE WOLF POINT MT CLIMATE SUMMARY FOR MAY 2 2016...

CLIMATE NORMAL PERIOD 1981 TO 2010
CLIMATE RECORD PERIOD 9999 TO 9999


WEATHER ITEM   OBSERVED RECORD YEAR NORMAL DEPARTURE
                VALUE   VALUE       VALUE  FROM
                                           NORMAL
........................................................
TEMPERATURE (F)
 YESTERDAY
  MAXIMUM         80     MM      MM  66
  MINIMUM         42     MM      MM  34
  AVERAGE         61

PRECIPITATION (IN)
  YESTERDAY        0.00  MM      MM   0.03  -0.03
  MONTH TO DATE    0.00               0.07  -0.07
  SINCE OCT 1      4.95               3.49   1.46
  SINCE JAN 1      3.28               1.99   1.29

SNOWFALL (IN)
  YESTERDAY        0.0   MM      MM  MM
  MONTH TO DATE    0.0               MM
  SINCE MAR 1      0.0               MM
  SINCE JUL 1      0.0               MM

DEGREE DAYS
 HEATING
  YESTERDAY        4

 COOLING
  YESTERDAY        0
........................................................







THE WOLF POINT MT CLIMATE NORMALS FOR TODAY
                         NORMAL    RECORD    YEAR
 MAXIMUM TEMPERATURE (F)   66        MM        MM
 MINIMUM TEMPERATURE (F)   34        MM        MM


SUNRISE AND SUNSET
MAY  3 2016...........SUNRISE   540 AM MDT   SUNSET   819 PM MDT
MAY  4 2016...........SUNRISE   538 AM MDT   SUNSET   821 PM MDT


-  INDICATES NEGATIVE NUMBERS.
R  INDICATES RECORD WAS SET OR TIED.
MM INDICATES DATA IS MISSING.
T  INDICATES TRACE AMOUNT.




$$
