067
CDUS45 KGGW 280017
CLIOLF


CLIMATE REPORT
NATIONAL WEATHER SERVICE GLASGOW MT
617 PM MDT THU APR 27 2017


...................................

...THE WOLF POINT MT CLIMATE SUMMARY FOR APRIL 27 2017...
VALID TODAY AS OF 0500 PM LOCAL TIME.

CLIMATE NORMAL PERIOD 1981 TO 2010
CLIMATE RECORD PERIOD 9999 TO 9999


WEATHER ITEM   OBSERVED RECORD YEAR NORMAL DEPARTURE
                VALUE   VALUE       VALUE  FROM
                                           NORMAL
........................................................
TEMPERATURE (F)
 TODAY
  MAXIMUM         57     MM      MM  64
  MINIMUM         27     MM      MM  32
  AVERAGE         42

PRECIPITATION (IN)
  TODAY            0.00  MM      MM   0.05  -0.05
  MONTH TO DATE    0.88               0.79   0.09
  SINCE OCT 1      3.23               3.27  -0.04
  SINCE JAN 1      1.36               1.77  -0.41

SNOWFALL (IN)
  TODAY            0.0   MM      MM  MM
  MONTH TO DATE    0.0               MM
  SINCE MAR 1      0.0               MM
  SINCE JUL 1      0.0               MM

DEGREE DAYS
 HEATING
  TODAY           23

 COOLING
  TODAY            0
........................................................







THE WOLF POINT MT CLIMATE NORMALS FOR TOMORROW
                         NORMAL    RECORD    YEAR
 MAXIMUM TEMPERATURE (F)   65        MM        MM
 MINIMUM TEMPERATURE (F)   32        MM        MM


SUNRISE AND SUNSET
APRIL 27 2017.........SUNRISE   550 AM MDT   SUNSET   811 PM MDT
APRIL 28 2017.........SUNRISE   548 AM MDT   SUNSET   812 PM MDT


-  INDICATES NEGATIVE NUMBERS.
R  INDICATES RECORD WAS SET OR TIED.
MM INDICATES DATA IS MISSING.
T  INDICATES TRACE AMOUNT.




$$
