654
CDUS46 KSEW 300117
CLIOLM


CLIMATE REPORT
NATIONAL WEATHER SERVICE SEATTLE WA
617 PM PDT THU SEP 29 2016


...................................

...THE OLYMPIA WA AIRPORT CLIMATE SUMMARY FOR SEPTEMBER 29 2016...
VALID TODAY AS OF 0600 PM LOCAL TIME.

CLIMATE NORMAL PERIOD 1981 TO 2010
CLIMATE RECORD PERIOD 1948 TO 2016


WEATHER ITEM   OBSERVED TIME   RECORD YEAR NORMAL DEPARTURE LAST
                VALUE   (LST)  VALUE       VALUE  FROM      YEAR
                                                  NORMAL
..................................................................
TEMPERATURE (F)
 TODAY
  MAXIMUM         69    311 PM  89    1993  67      2       75
  MINIMUM         37    605 AM  30    1985  43     -6       37
                                      1961
  AVERAGE         53                        55     -2       56

PRECIPITATION (IN)
  TODAY            0.00          1.14 2005   0.07  -0.07     0.00
  MONTH TO DATE    1.73                      1.63   0.10     0.90
  SINCE OCT 1     62.37                     49.92  12.45    43.55
  SINCE JAN 1     29.37                     29.23   0.14    24.52

DEGREE DAYS
 HEATING
  TODAY           12                        10      2        9
  MONTH TO DATE  187                       181      6      199
  SINCE SEP 1    187                       181      6      199
  SINCE JUL 1    297                       331    -34      244

 COOLING
  TODAY            0                         0      0        0
  MONTH TO DATE    0                         4     -4        2
  SINCE SEP 1      0                         4     -4        2
  SINCE JAN 1    145                       103     42      264
..................................................................


WIND (MPH)
  RESULTANT WIND SPEED   1   RESULTANT WIND DIRECTION   E (100)
  HIGHEST WIND SPEED     7   HIGHEST WIND DIRECTION    NE (30)
  HIGHEST GUST SPEED    13   HIGHEST GUST DIRECTION    NE (50)
  AVERAGE WIND SPEED     2.4


SKY COVER
  AVERAGE SKY COVER 0.2


WEATHER CONDITIONS
 THE FOLLOWING WEATHER WAS RECORDED TODAY.
  FOG
  FOG W/VISIBILITY <= 1/4 MILE


RELATIVE HUMIDITY (PERCENT)
 HIGHEST   100           600 AM
 LOWEST     42           300 PM
 AVERAGE    71

..........................................................


THE OLYMPIA WA AIRPORT CLIMATE NORMALS FOR TOMORROW
                         NORMAL    RECORD    YEAR
 MAXIMUM TEMPERATURE (F)   67        83      1992
                                             1987
 MINIMUM TEMPERATURE (F)   43        29      1950


SUNRISE AND SUNSET
SEPTEMBER 29 2016.....SUNRISE   708 AM PDT   SUNSET   654 PM PDT
SEPTEMBER 30 2016.....SUNRISE   710 AM PDT   SUNSET   652 PM PDT


-  INDICATES NEGATIVE NUMBERS.
R  INDICATES RECORD WAS SET OR TIED.
MM INDICATES DATA IS MISSING.
T  INDICATES TRACE AMOUNT.




$$
