000
CDUS46 KSEW 250828
CLIOLM


CLIMATE REPORT
NATIONAL WEATHER SERVICE SEATTLE WA
128 AM PDT FRI APR 25 2014


...................................

...THE OLYMPIA WA AIRPORT CLIMATE SUMMARY FOR APRIL 24 2014...

CLIMATE NORMAL PERIOD 1981 TO 2010
CLIMATE RECORD PERIOD 1948 TO 2014


WEATHER ITEM   OBSERVED TIME   RECORD YEAR NORMAL DEPARTURE LAST
                VALUE   (LST)  VALUE       VALUE  FROM      YEAR
                                                  NORMAL
..................................................................
TEMPERATURE (F)
 YESTERDAY
  MAXIMUM         56    259 PM  77    1999  61     -5       70
                                      1977
  MINIMUM         42   1040 PM  26    1971  39      3       31
  AVERAGE         49                        50     -1       51

PRECIPITATION (IN)
  YESTERDAY        0.44          0.97 1974   0.10   0.34     0.00
  MONTH TO DATE    3.56                      2.97   0.59     4.32
  SINCE OCT 1     34.61                     42.06  -7.45    43.11
  SINCE JAN 1     25.77                     21.37   4.40    16.15

DEGREE DAYS
 HEATING
  YESTERDAY       16                        15      1       14
  MONTH TO DATE  372                       412    -40      422
  SINCE MAR 1    949                      1048    -99     1031
  SINCE JUL 1   4732                      4770    -38     4718

 COOLING
  YESTERDAY        0                         0      0        0
  MONTH TO DATE    0                         0      0        0
  SINCE MAR 1      0                         0      0        0
  SINCE JAN 1      0                         0      0        0
..................................................................


WIND (MPH)
  RESULTANT WIND SPEED  10   RESULTANT WIND DIRECTION  SW (210)
  HIGHEST WIND SPEED    28   HIGHEST WIND DIRECTION     W (250)
  HIGHEST GUST SPEED    35   HIGHEST GUST DIRECTION     W (250)
  AVERAGE WIND SPEED    11.1


SKY COVER
  AVERAGE SKY COVER 0.9


WEATHER CONDITIONS
 THE FOLLOWING WEATHER WAS RECORDED YESTERDAY.
  RAIN
  LIGHT RAIN
  FOG


RELATIVE HUMIDITY (PERCENT)
 HIGHEST    89          1200 AM
 LOWEST     59           300 PM
 AVERAGE    74

..........................................................


THE OLYMPIA WA AIRPORT CLIMATE NORMALS FOR TODAY
                         NORMAL    RECORD    YEAR
 MAXIMUM TEMPERATURE (F)   61        77      1992
 MINIMUM TEMPERATURE (F)   39        27      1985


SUNRISE AND SUNSET
APRIL 25 2014.........SUNRISE   606 AM PDT   SUNSET   814 PM PDT
APRIL 26 2014.........SUNRISE   604 AM PDT   SUNSET   815 PM PDT


-  INDICATES NEGATIVE NUMBERS.
R  INDICATES RECORD WAS SET OR TIED.
MM INDICATES DATA IS MISSING.
T  INDICATES TRACE AMOUNT.




$$
