000
CDUS46 KSEW 230830
CLIOLM


CLIMATE REPORT
NATIONAL WEATHER SERVICE SEATTLE WA
130 AM PDT SAT AUG 23 2014


...................................

...THE OLYMPIA WA AIRPORT CLIMATE SUMMARY FOR AUGUST 22 2014...

CLIMATE NORMAL PERIOD 1981 TO 2010
CLIMATE RECORD PERIOD 1948 TO 2014


WEATHER ITEM   OBSERVED TIME   RECORD YEAR NORMAL DEPARTURE LAST
                VALUE   (LST)  VALUE       VALUE  FROM      YEAR
                                                  NORMAL
..................................................................
TEMPERATURE (F)
 YESTERDAY
  MAXIMUM         79    345 PM  90    1956  77      2       84
  MINIMUM         45    457 AM  38    1973  50     -5       49
                                      1960
  AVERAGE         62                        64     -2       67

PRECIPITATION (IN)
  YESTERDAY        0.00          1.24 2001   0.03  -0.03     0.00
  MONTH TO DATE    0.85                      0.54   0.31     0.28
  SINCE OCT 1     40.65                     47.89  -7.24    48.66
  SINCE JAN 1     31.81                     27.20   4.61    21.70

DEGREE DAYS
 HEATING
  YESTERDAY        3                         2      1        0
  MONTH TO DATE   14                        44    -30       12
  SINCE JUN 1    202                       312   -110      205
  SINCE JUL 1     47                       124    -77       69

 COOLING
  YESTERDAY        0                         1     -1        2
  MONTH TO DATE   67                        38     29       36
  SINCE JUN 1    164                        92     72       98
  SINCE JAN 1    165                        95     70      100
..................................................................


WIND (MPH)
  RESULTANT WIND SPEED   2   RESULTANT WIND DIRECTION  NE (30)
  HIGHEST WIND SPEED    12   HIGHEST WIND DIRECTION    NE (60)
  HIGHEST GUST SPEED    18   HIGHEST GUST DIRECTION    NE (60)
  AVERAGE WIND SPEED     3.3


SKY COVER
  AVERAGE SKY COVER 0.2


WEATHER CONDITIONS
 THE FOLLOWING WEATHER WAS RECORDED YESTERDAY.
  FOG
  FOG W/VISIBILITY <= 1/4 MILE


RELATIVE HUMIDITY (PERCENT)
 HIGHEST   100           100 AM
 LOWEST     43           100 PM
 AVERAGE    72

..........................................................


THE OLYMPIA WA AIRPORT CLIMATE NORMALS FOR TODAY
                         NORMAL    RECORD    YEAR
 MAXIMUM TEMPERATURE (F)   77        90      1981
 MINIMUM TEMPERATURE (F)   50        39      1973


SUNRISE AND SUNSET
AUGUST 23 2014........SUNRISE   619 AM PDT   SUNSET   808 PM PDT
AUGUST 24 2014........SUNRISE   621 AM PDT   SUNSET   806 PM PDT


-  INDICATES NEGATIVE NUMBERS.
R  INDICATES RECORD WAS SET OR TIED.
MM INDICATES DATA IS MISSING.
T  INDICATES TRACE AMOUNT.




$$
