000
CDUS46 KSEW 230829
CLIOLM


CLIMATE REPORT
NATIONAL WEATHER SERVICE SEATTLE WA
128 AM PDT SAT MAY 23 2015


...................................

...THE OLYMPIA WA AIRPORT CLIMATE SUMMARY FOR MAY 22 2015...

CLIMATE NORMAL PERIOD 1981 TO 2010
CLIMATE RECORD PERIOD 1948 TO 2015


WEATHER ITEM   OBSERVED TIME   RECORD YEAR NORMAL DEPARTURE LAST
                VALUE   (LST)  VALUE       VALUE  FROM      YEAR
                                                  NORMAL
..................................................................
TEMPERATURE (F)
 YESTERDAY
  MAXIMUM         60   1251 PM  91    2001  67     -7       76
  MINIMUM         51    149 AM  31    1960  44      7       46
  AVERAGE         56                        56      0       61

PRECIPITATION (IN)
  YESTERDAY        0.02          0.83 1984   0.06  -0.04     0.00
  MONTH TO DATE    0.67                      1.67  -1.00     2.75
  SINCE OCT 1     39.52                     44.30  -4.78    38.06
  SINCE JAN 1     20.49                     23.61  -3.12    29.22

DEGREE DAYS
 HEATING
  YESTERDAY        9                        10     -1        4
  MONTH TO DATE  212                       259    -47      187
  SINCE MAR 1   1224                      1396   -172     1219
  SINCE JUL 1   4259                      5118   -859     5002

 COOLING
  YESTERDAY        0                         0      0        0
  MONTH TO DATE    0                         0      0        1
  SINCE MAR 1      0                         0      0        1
  SINCE JAN 1      0                         0      0        1
..................................................................


WIND (MPH)
  RESULTANT WIND SPEED   8   RESULTANT WIND DIRECTION  SW (220)
  HIGHEST WIND SPEED    15   HIGHEST WIND DIRECTION    SW (220)
  HIGHEST GUST SPEED    21   HIGHEST GUST DIRECTION    SW (220)
  AVERAGE WIND SPEED     9.0


SKY COVER
  AVERAGE SKY COVER 0.9


WEATHER CONDITIONS
 THE FOLLOWING WEATHER WAS RECORDED YESTERDAY.
  LIGHT RAIN


RELATIVE HUMIDITY (PERCENT)
 HIGHEST    89           200 AM
 LOWEST     69           100 PM
 AVERAGE    79

..........................................................


THE OLYMPIA WA AIRPORT CLIMATE NORMALS FOR TODAY
                         NORMAL    RECORD    YEAR
 MAXIMUM TEMPERATURE (F)   67        89      1969
 MINIMUM TEMPERATURE (F)   45        32      1964
                                             1950


SUNRISE AND SUNSET
MAY 23 2015...........SUNRISE   528 AM PDT   SUNSET   850 PM PDT
MAY 24 2015...........SUNRISE   527 AM PDT   SUNSET   851 PM PDT


-  INDICATES NEGATIVE NUMBERS.
R  INDICATES RECORD WAS SET OR TIED.
MM INDICATES DATA IS MISSING.
T  INDICATES TRACE AMOUNT.




$$
