000
CDUS46 KSEW 110830
CLIOLM


CLIMATE REPORT
NATIONAL WEATHER SERVICE SEATTLE WA
1230 AM PST SUN DEC 11 2016


...................................

...THE OLYMPIA WA AIRPORT CLIMATE SUMMARY FOR DECEMBER 10 2016...

CLIMATE NORMAL PERIOD 1981 TO 2010
CLIMATE RECORD PERIOD 1948 TO 2016


WEATHER ITEM   OBSERVED TIME   RECORD YEAR NORMAL DEPARTURE LAST
                VALUE   (LST)  VALUE       VALUE  FROM      YEAR
                                                  NORMAL
..................................................................
TEMPERATURE (F)
 YESTERDAY
  MAXIMUM         40    231 PM  64    2014  44     -4       48
  MINIMUM         34    804 AM  -1    1972  33      1       42
  AVERAGE         37                        38     -1       45

PRECIPITATION (IN)
  YESTERDAY        0.44          2.41 1977   0.24   0.20     0.73
  MONTH TO DATE    2.50                      2.67  -0.17     7.07
  SINCE OCT 1     24.21                     15.90   8.31    25.57
  SINCE JAN 1     53.58                     45.21   8.37    50.09

DEGREE DAYS
 HEATING
  YESTERDAY       28                        27      1       20
  MONTH TO DATE  281                       259     22      183
  SINCE DEC 1    281                       259     22      183
  SINCE JUL 1   1478                      1704   -226     1459

 COOLING
  YESTERDAY        0                         0      0        0
  MONTH TO DATE    0                         0      0        0
  SINCE DEC 1      0                         0      0        0
  SINCE JAN 1    145                       106     39      264
..................................................................


WIND (MPH)
  RESULTANT WIND SPEED   8   RESULTANT WIND DIRECTION  SW (220)
  HIGHEST WIND SPEED    18   HIGHEST WIND DIRECTION     S (190)
  HIGHEST GUST SPEED    25   HIGHEST GUST DIRECTION     S (200)
  AVERAGE WIND SPEED     8.2


SKY COVER
  AVERAGE SKY COVER 0.8


WEATHER CONDITIONS
 THE FOLLOWING WEATHER WAS RECORDED YESTERDAY.
  RAIN
  LIGHT RAIN
  FOG


RELATIVE HUMIDITY (PERCENT)
 HIGHEST   100           200 AM
 LOWEST     92           200 PM
 AVERAGE    96

..........................................................


THE OLYMPIA WA AIRPORT CLIMATE NORMALS FOR TODAY
                         NORMAL    RECORD    YEAR
 MAXIMUM TEMPERATURE (F)   44        58      2014
                                             1958
 MINIMUM TEMPERATURE (F)   32        10      2009


SUNRISE AND SUNSET
DECEMBER 11 2016......SUNRISE   748 AM PST   SUNSET   423 PM PST
DECEMBER 12 2016......SUNRISE   749 AM PST   SUNSET   423 PM PST


-  INDICATES NEGATIVE NUMBERS.
R  INDICATES RECORD WAS SET OR TIED.
MM INDICATES DATA IS MISSING.
T  INDICATES TRACE AMOUNT.




$$
