000
CDUS46 KSEW 220834
CLIOLM


CLIMATE REPORT
NATIONAL WEATHER SERVICE SEATTLE WA
134 AM PDT WED OCT 22 2014


...................................

...THE OLYMPIA WA AIRPORT CLIMATE SUMMARY FOR OCTOBER 21 2014...

CLIMATE NORMAL PERIOD 1981 TO 2010
CLIMATE RECORD PERIOD 1948 TO 2014


WEATHER ITEM   OBSERVED TIME   RECORD YEAR NORMAL DEPARTURE LAST
                VALUE   (LST)  VALUE       VALUE  FROM      YEAR
                                                  NORMAL
..................................................................
TEMPERATURE (F)
 YESTERDAY
  MAXIMUM         60    312 PM  74    1969  58      2       51
  MINIMUM         53    807 AM  25    1976  40     13       46
  AVERAGE         57                        49      8       49

PRECIPITATION (IN)
  YESTERDAY        0.09          1.21 1966   0.17  -0.08     0.00
  MONTH TO DATE    1.81                      2.60  -0.79     1.93
  SINCE OCT 1      1.81                      2.60  -0.79     1.93
  SINCE JAN 1     37.29                     31.91   5.38    34.55

DEGREE DAYS
 HEATING
  YESTERDAY        8                        16     -8       16
  MONTH TO DATE  145                       281   -136      331
  SINCE SEP 1    263                       471   -208      473
  SINCE JUL 1    316                       621   -305      550

 COOLING
  YESTERDAY        0                         0      0        0
  MONTH TO DATE    0                         0      0        0
  SINCE SEP 1      6                         7     -1       26
  SINCE JAN 1    187                       106     81      147
..................................................................


WIND (MPH)
  RESULTANT WIND SPEED  14   RESULTANT WIND DIRECTION   S (180)
  HIGHEST WIND SPEED    25   HIGHEST WIND DIRECTION     S (170)
  HIGHEST GUST SPEED    34   HIGHEST GUST DIRECTION     S (180)
  AVERAGE WIND SPEED    13.8


SKY COVER
  AVERAGE SKY COVER 0.9


WEATHER CONDITIONS
 THE FOLLOWING WEATHER WAS RECORDED YESTERDAY.
  LIGHT RAIN
  FOG


RELATIVE HUMIDITY (PERCENT)
 HIGHEST    93          1200 AM
 LOWEST     67          1000 PM
 AVERAGE    80

..........................................................


THE OLYMPIA WA AIRPORT CLIMATE NORMALS FOR TODAY
                         NORMAL    RECORD    YEAR
 MAXIMUM TEMPERATURE (F)   58        71      1998
 MINIMUM TEMPERATURE (F)   40        26      1981


SUNRISE AND SUNSET
OCTOBER 22 2014.......SUNRISE   740 AM PDT   SUNSET   612 PM PDT
OCTOBER 23 2014.......SUNRISE   741 AM PDT   SUNSET   610 PM PDT


-  INDICATES NEGATIVE NUMBERS.
R  INDICATES RECORD WAS SET OR TIED.
MM INDICATES DATA IS MISSING.
T  INDICATES TRACE AMOUNT.




$$
