000
CDUS46 KSEW 200838
CLIOLM


CLIMATE REPORT
NATIONAL WEATHER SERVICE SEATTLE WA
1238 AM PST MON FEB 20 2017


...................................

...THE OLYMPIA WA AIRPORT CLIMATE SUMMARY FOR FEBRUARY 19 2017...

CLIMATE NORMAL PERIOD 1981 TO 2010
CLIMATE RECORD PERIOD 1948 TO 2017


WEATHER ITEM   OBSERVED TIME   RECORD YEAR NORMAL DEPARTURE LAST
                VALUE   (LST)  VALUE       VALUE  FROM      YEAR
                                                  NORMAL
..................................................................
TEMPERATURE (F)
 YESTERDAY
  MAXIMUM         46    412 PM  66    1977  50     -4       47
  MINIMUM         38   1159 PM  13    2006  33      5       38
  AVERAGE         42                        41      1       43

PRECIPITATION (IN)
  YESTERDAY        0.23          2.07 1991   0.18   0.05     0.51
  MONTH TO DATE    7.94                      3.67   4.27     5.10
  SINCE OCT 1     39.86                     32.20   7.66    46.57
  SINCE JAN 1     11.76                     11.51   0.25    13.57

DEGREE DAYS
 HEATING
  YESTERDAY       23                        24     -1       22
  MONTH TO DATE  468                       457     11      373
  SINCE DEC 1   2296                      2063    233     1879
  SINCE JUL 1   3493                      3508    -15     3155

 COOLING
  YESTERDAY        0                         0      0        0
  MONTH TO DATE    0                         0      0        0
  SINCE DEC 1      0                         0      0        0
  SINCE JAN 1      0                         0      0        0
..................................................................


WIND (MPH)
  RESULTANT WIND SPEED   8   RESULTANT WIND DIRECTION   S (190)
  HIGHEST WIND SPEED    25   HIGHEST WIND DIRECTION     S (190)
  HIGHEST GUST SPEED    34   HIGHEST GUST DIRECTION     S (190)
  AVERAGE WIND SPEED     8.3


SKY COVER
  AVERAGE SKY COVER 0.9


WEATHER CONDITIONS
 THE FOLLOWING WEATHER WAS RECORDED YESTERDAY.
  LIGHT RAIN
  FOG


RELATIVE HUMIDITY (PERCENT)
 HIGHEST   100          1200 AM
 LOWEST     83           400 PM
 AVERAGE    92

..........................................................


THE OLYMPIA WA AIRPORT CLIMATE NORMALS FOR TODAY
                         NORMAL    RECORD    YEAR
 MAXIMUM TEMPERATURE (F)   50        61      1995
 MINIMUM TEMPERATURE (F)   33        19      2011
                                             1986


SUNRISE AND SUNSET
FEBRUARY 20 2017......SUNRISE   707 AM PST   SUNSET   544 PM PST
FEBRUARY 21 2017......SUNRISE   705 AM PST   SUNSET   546 PM PST


-  INDICATES NEGATIVE NUMBERS.
R  INDICATES RECORD WAS SET OR TIED.
MM INDICATES DATA IS MISSING.
T  INDICATES TRACE AMOUNT.




$$
