000
CDUS43 KOAX 280628
CLIOMA


CLIMATE REPORT
NATIONAL WEATHER SERVICE OMAHA NEBRASKA
125 AM CDT SUN MAY 28 2017


...................................

...THE OMAHA EPPLEY, NEBRASKA CLIMATE SUMMARY FOR MAY 27 2017...

CLIMATE NORMAL PERIOD 1981 TO 2010
CLIMATE RECORD PERIOD 1871 TO 2017


WEATHER ITEM   OBSERVED TIME   RECORD YEAR NORMAL DEPARTURE LAST
                VALUE   (LST)  VALUE       VALUE  FROM      YEAR
                                                  NORMAL
..................................................................
TEMPERATURE (F)
 YESTERDAY
  MAXIMUM         72    456 PM  94    2012  77     -5       79
  MINIMUM         55    200 AM  38    1907  55      0       62
  AVERAGE         64                        66     -2       71

PRECIPITATION (IN)
  YESTERDAY        0.28          1.44 1918   0.15   0.13     0.08
  MONTH TO DATE    4.60                      4.10   0.50     4.79
  SINCE MAR 1      9.41                      9.05   0.36    11.22
  SINCE JAN 1     11.31                     10.62   0.69    12.94

SNOWFALL (IN)
  YESTERDAY        0.0                       0.0    0.0      0.0
  MONTH TO DATE    T                         0.1   -0.1      0.0
  SINCE JUL 1     11.4                      26.5  -15.1     27.4
  SNOW DEPTH       0

DEGREE DAYS
 HEATING
  YESTERDAY        1                         2     -1        0
  MONTH TO DATE  127                       139    -12      121
  SINCE MAR 1   1108                      1343   -235      961
  SINCE JUL 1   4935                      6141  -1206     4927

 COOLING
  YESTERDAY        0                         3     -3        6
  MONTH TO DATE   73                        50     23       45
  SINCE MAR 1     81                        66     15       58
  SINCE JAN 1     81                        66     15       58
..................................................................


WIND (MPH)
  HIGHEST WIND SPEED    23   HIGHEST WIND DIRECTION    SW (240)
  HIGHEST GUST SPEED    30   HIGHEST GUST DIRECTION     W (250)
  AVERAGE WIND SPEED     7.9


SKY COVER
  POSSIBLE SUNSHINE  MM
  AVERAGE SKY COVER 0.8


WEATHER CONDITIONS
 THE FOLLOWING WEATHER WAS RECORDED YESTERDAY.
  THUNDERSTORM
  RAIN
  LIGHT RAIN


RELATIVE HUMIDITY (PERCENT)
 HIGHEST    86           900 AM
 LOWEST     57           300 PM
 AVERAGE    72

..........................................................


THE OMAHA EPPLEY, NEBRASKA CLIMATE NORMALS FOR TODAY
                         NORMAL    RECORD    YEAR
 MAXIMUM TEMPERATURE (F)   78        97      1895
 MINIMUM TEMPERATURE (F)   55        35      1947


SUNRISE AND SUNSET
MAY 28 2017...........SUNRISE   555 AM CDT   SUNSET   848 PM CDT
MAY 29 2017...........SUNRISE   554 AM CDT   SUNSET   848 PM CDT


-  INDICATES NEGATIVE NUMBERS.
R  INDICATES RECORD WAS SET OR TIED.
MM INDICATES DATA IS MISSING.
T  INDICATES TRACE AMOUNT.




$$
