000
CDUS43 KOAX 310638
CLIOMA


CLIMATE REPORT
NATIONAL WEATHER SERVICE OMAHA NEBRASKA
136 AM CDT FRI OCT 31 2014


...................................

...THE OMAHA EPPLEY, NEBRASKA CLIMATE SUMMARY FOR OCTOBER 30 2014...

CLIMATE NORMAL PERIOD 1981 TO 2010
CLIMATE RECORD PERIOD 1871 TO 2014


WEATHER ITEM   OBSERVED TIME   RECORD YEAR NORMAL DEPARTURE LAST
                VALUE   (LST)  VALUE       VALUE  FROM      YEAR
                                                  NORMAL
..................................................................
TEMPERATURE (F)
 YESTERDAY
  MAXIMUM         63    236 PM  83    1950  58      5       62
  MINIMUM         36    659 AM  11    1925  37     -1       43
  AVERAGE         50                        48      2       53

PRECIPITATION (IN)
  YESTERDAY        0.00          2.57 1979   0.06  -0.06     0.16
  MONTH TO DATE    2.48                      2.09   0.39     3.78
  SINCE SEP 1      8.59                      4.77   3.82     6.50
  SINCE JAN 1     37.24                     27.88   9.36    27.74

SNOWFALL (IN)
  YESTERDAY        0.0                       0.0    0.0      0.0
  MONTH TO DATE    0.0                       0.3   -0.3      0.0
  SINCE JUL 1      0.0                       0.3   -0.3      0.0
  SNOW DEPTH       0

DEGREE DAYS
 HEATING
  YESTERDAY       15                        18     -3       12
  MONTH TO DATE  272                       364    -92      368
  SINCE SEP 1    346                       459   -113      385
  SINCE JUL 1    350                       467   -117      390

 COOLING
  YESTERDAY        0                         0      0        0
  MONTH TO DATE    6                        12     -6       21
  SINCE SEP 1    126                       129     -3      228
  SINCE JAN 1   1149                      1109     40     1294
..................................................................


WIND (MPH)
  HIGHEST WIND SPEED    31   HIGHEST WIND DIRECTION     N (350)
  HIGHEST GUST SPEED    40   HIGHEST GUST DIRECTION     N (350)
  AVERAGE WIND SPEED    16.5


SKY COVER
  POSSIBLE SUNSHINE  MM
  AVERAGE SKY COVER 0.4


WEATHER CONDITIONS
 THE FOLLOWING WEATHER WAS RECORDED YESTERDAY.
  NO SIGNIFICANT WEATHER WAS OBSERVED.


RELATIVE HUMIDITY (PERCENT)
 HIGHEST    85           700 AM
 LOWEST     43           300 PM
 AVERAGE    64

..........................................................


THE OMAHA EPPLEY, NEBRASKA CLIMATE NORMALS FOR TODAY
                         NORMAL    RECORD    YEAR
 MAXIMUM TEMPERATURE (F)   58        83      1950
 MINIMUM TEMPERATURE (F)   36        15      1993


SUNRISE AND SUNSET
OCTOBER 31 2014.......SUNRISE   754 AM CDT   SUNSET   620 PM CDT
NOVEMBER  1 2014......SUNRISE   755 AM CDT   SUNSET   619 PM CDT


-  INDICATES NEGATIVE NUMBERS.
R  INDICATES RECORD WAS SET OR TIED.
MM INDICATES DATA IS MISSING.
T  INDICATES TRACE AMOUNT.




$$
