000
CDUS43 KOAX 290658
CLIOMA


CLIMATE REPORT
NATIONAL WEATHER SERVICE OMAHA NEBRASKA
157 AM CDT FRI AUG 29 2014


...................................

...THE OMAHA EPPLEY, NEBRASKA CLIMATE SUMMARY FOR AUGUST 28 2014...

CLIMATE NORMAL PERIOD 1981 TO 2010
CLIMATE RECORD PERIOD 1871 TO 2014


WEATHER ITEM   OBSERVED TIME   RECORD YEAR NORMAL DEPARTURE LAST
                VALUE   (LST)  VALUE       VALUE  FROM      YEAR
                                                  NORMAL
..................................................................
TEMPERATURE (F)
 YESTERDAY
  MAXIMUM         83    200 PM 101    2000  84     -1       97
  MINIMUM         70    712 AM  44    1986  62      8       71
  AVERAGE         77                        72      5       84

PRECIPITATION (IN)
  YESTERDAY        1.55          2.41 1957   0.11   1.44     0.00
  MONTH TO DATE    8.85                      3.49   5.36     1.72
  SINCE JUN 1     21.09                     11.50   9.59     6.90
  SINCE JAN 1     27.91                     22.78   5.13    21.24

SNOWFALL (IN)
  YESTERDAY        0.0                       0.0    0.0      0.0
  MONTH TO DATE    0.0                       0.0    0.0      0.0
  SINCE JUL 1      0.0                       0.0    0.0      0.0
  SNOW DEPTH       0

DEGREE DAYS
 HEATING
  YESTERDAY        0                         0      0        0
  MONTH TO DATE    0                         0      0        0
  SINCE JUN 1     10                        18     -8       21
  SINCE JUL 1      4                         1      3        5

 COOLING
  YESTERDAY       12                         8      4       19
  MONTH TO DATE  305                       279     26      314
  SINCE JUN 1    853                       874    -21      909
  SINCE JAN 1    996                       956     40     1005
..................................................................


WIND (MPH)
  HIGHEST WIND SPEED    20   HIGHEST WIND DIRECTION     S (160)
  HIGHEST GUST SPEED    24   HIGHEST GUST DIRECTION    SE (130)
  AVERAGE WIND SPEED     9.8


SKY COVER
  POSSIBLE SUNSHINE  MM
  AVERAGE SKY COVER 0.9


WEATHER CONDITIONS
 THE FOLLOWING WEATHER WAS RECORDED YESTERDAY.
  THUNDERSTORM
  HEAVY RAIN
  RAIN
  LIGHT RAIN
  FOG


RELATIVE HUMIDITY (PERCENT)
 HIGHEST    97           600 AM
 LOWEST     65           300 PM
 AVERAGE    81

..........................................................


THE OMAHA EPPLEY, NEBRASKA CLIMATE NORMALS FOR TODAY
                         NORMAL    RECORD    YEAR
 MAXIMUM TEMPERATURE (F)   83        98      2013
                                             2012
                                             1948
 MINIMUM TEMPERATURE (F)   61        44      1946


SUNRISE AND SUNSET
AUGUST 29 2014........SUNRISE   647 AM CDT   SUNSET   801 PM CDT
AUGUST 30 2014........SUNRISE   648 AM CDT   SUNSET   800 PM CDT


-  INDICATES NEGATIVE NUMBERS.
R  INDICATES RECORD WAS SET OR TIED.
MM INDICATES DATA IS MISSING.
T  INDICATES TRACE AMOUNT.




$$
