000
CDUS43 KOAX 110631
CLIOMA


CLIMATE REPORT
NATIONAL WEATHER SERVICE OMAHA NEBRASKA
1229 AM CST SUN DEC 11 2016


...................................

...THE OMAHA EPPLEY, NEBRASKA CLIMATE SUMMARY FOR DECEMBER 10 2016...

CLIMATE NORMAL PERIOD 1981 TO 2010
CLIMATE RECORD PERIOD 1871 TO 2016


WEATHER ITEM   OBSERVED TIME   RECORD YEAR NORMAL DEPARTURE LAST
                VALUE   (LST)  VALUE       VALUE  FROM      YEAR
                                                  NORMAL
..................................................................
TEMPERATURE (F)
 YESTERDAY
  MAXIMUM         32   1150 PM  71    1890  36     -4       61
  MINIMUM         22    833 AM -16    1919  18      4       38
  AVERAGE         27                        27      0       50

PRECIPITATION (IN)
  YESTERDAY        0.01          0.84 1965   0.04  -0.03     0.00
  MONTH TO DATE    0.49                      0.41   0.08     0.03
  SINCE DEC 1      0.49                      0.41   0.08     0.03
  SINCE JAN 1     33.66                     29.99   3.67    39.29

SNOWFALL (IN)
  YESTERDAY        0.3                       0.2    0.1      0.0
  MONTH TO DATE    1.4                       2.0   -0.6      0.6
  SINCE JUL 1      1.4                       4.8   -3.4      2.5
  SNOW DEPTH       0

DEGREE DAYS
 HEATING
  YESTERDAY       38                        38      0       15
  MONTH TO DATE  364                       363      1      244
  SINCE DEC 1    364                       363      1      244
  SINCE JUL 1   1115                      1633   -518     1122

 COOLING
  YESTERDAY        0                         0      0        0
  MONTH TO DATE    0                         0      0        0
  SINCE DEC 1      0                         0      0        0
  SINCE JAN 1   1476                      1113    363     1215
..................................................................


WIND (MPH)
  HIGHEST WIND SPEED    22   HIGHEST WIND DIRECTION    SE (140)
  HIGHEST GUST SPEED    26   HIGHEST GUST DIRECTION    SE (140)
  AVERAGE WIND SPEED    10.6


SKY COVER
  POSSIBLE SUNSHINE  MM
  AVERAGE SKY COVER 1.0


WEATHER CONDITIONS
 THE FOLLOWING WEATHER WAS RECORDED YESTERDAY.
  LIGHT SNOW
  FOG
  HAZE


RELATIVE HUMIDITY (PERCENT)
 HIGHEST    84           800 AM
 LOWEST     53           100 PM
 AVERAGE    69

..........................................................


THE OMAHA EPPLEY, NEBRASKA CLIMATE NORMALS FOR TODAY
                         NORMAL    RECORD    YEAR
 MAXIMUM TEMPERATURE (F)   36        65      1965
 MINIMUM TEMPERATURE (F)   18        -6      1994


SUNRISE AND SUNSET
DECEMBER 11 2016......SUNRISE   740 AM CST   SUNSET   454 PM CST
DECEMBER 12 2016......SUNRISE   740 AM CST   SUNSET   455 PM CST


-  INDICATES NEGATIVE NUMBERS.
R  INDICATES RECORD WAS SET OR TIED.
MM INDICATES DATA IS MISSING.
T  INDICATES TRACE AMOUNT.




$$
