000
CDUS43 KOAX 060628
CLIOMA


CLIMATE REPORT
NATIONAL WEATHER SERVICE OMAHA NEBRASKA
1225 AM CST FRI MAR 6 2015


...................................

...THE OMAHA EPPLEY, NEBRASKA CLIMATE SUMMARY FOR MARCH 5 2015...

CLIMATE NORMAL PERIOD 1981 TO 2010
CLIMATE RECORD PERIOD 1871 TO 2015


WEATHER ITEM   OBSERVED TIME   RECORD YEAR NORMAL DEPARTURE LAST
                VALUE   (LST)  VALUE       VALUE  FROM      YEAR
                                                  NORMAL
..................................................................
TEMPERATURE (F)
 YESTERDAY
  MAXIMUM         31    518 PM  72    2000  46    -15       33
                                      1921
                                      1910
  MINIMUM          3    601 AM -14    1960  24    -21       20
  AVERAGE         17                        35    -18       27

PRECIPITATION (IN)
  YESTERDAY        0.00          1.30 1933   0.05  -0.05      T
  MONTH TO DATE    0.02                      0.24  -0.22     0.04
  SINCE MAR 1      0.02                      0.24  -0.22     0.04
  SINCE JAN 1      1.16                      1.81  -0.65     0.90

SNOWFALL (IN)
  YESTERDAY        0.0                       0.2   -0.2       T
  MONTH TO DATE    0.2                       0.9   -0.7      1.1
  SINCE JUL 1     13.8                      22.1   -8.3     16.0
  SNOW DEPTH       0

DEGREE DAYS
 HEATING
  YESTERDAY       48                        30     18       38
  MONTH TO DATE  201                       155     46      257
  SINCE MAR 1    201                       155     46      257
  SINCE JUL 1   4912                      4953    -41     5362

 COOLING
  YESTERDAY        0                         0      0        0
  MONTH TO DATE    0                         0      0        0
  SINCE MAR 1      0                         0      0        0
  SINCE JAN 1      0                         0      0        0
..................................................................


WIND (MPH)
  HIGHEST WIND SPEED    20   HIGHEST WIND DIRECTION     S (170)
  HIGHEST GUST SPEED    25   HIGHEST GUST DIRECTION     S (170)
  AVERAGE WIND SPEED     7.6


SKY COVER
  POSSIBLE SUNSHINE  MM
  AVERAGE SKY COVER 0.1


WEATHER CONDITIONS
 THE FOLLOWING WEATHER WAS RECORDED YESTERDAY.
  NO SIGNIFICANT WEATHER WAS OBSERVED.


RELATIVE HUMIDITY (PERCENT)
 HIGHEST    86           700 AM
 LOWEST     31           400 PM
 AVERAGE    59

..........................................................


THE OMAHA EPPLEY, NEBRASKA CLIMATE NORMALS FOR TODAY
                         NORMAL    RECORD    YEAR
 MAXIMUM TEMPERATURE (F)   46        77      1972
 MINIMUM TEMPERATURE (F)   25        -4      1888


SUNRISE AND SUNSET
MARCH  6 2015.........SUNRISE   650 AM CST   SUNSET   620 PM CST
MARCH  7 2015.........SUNRISE   649 AM CST   SUNSET   621 PM CST


-  INDICATES NEGATIVE NUMBERS.
R  INDICATES RECORD WAS SET OR TIED.
MM INDICATES DATA IS MISSING.
T  INDICATES TRACE AMOUNT.




$$
