000
CDUS43 KOAX 160753
CLIOMA


CLIMATE REPORT
NATIONAL WEATHER SERVICE OMAHA NEBRASKA
251 AM CDT WED APR 16 2014


...................................

...THE OMAHA EPPLEY, NEBRASKA CLIMATE SUMMARY FOR APRIL 15 2014...

CLIMATE NORMAL PERIOD 1981 TO 2010
CLIMATE RECORD PERIOD 1871 TO 2014


WEATHER ITEM   OBSERVED TIME   RECORD YEAR NORMAL DEPARTURE LAST
                VALUE   (LST)  VALUE       VALUE  FROM      YEAR
                                                  NORMAL
..................................................................
TEMPERATURE (F)
 YESTERDAY
  MAXIMUM         53    609 PM  92    2002  64    -11       47
  MINIMUM         22R   549 AM  24    1962  40    -18       34
  AVERAGE         38                        52    -14       41

PRECIPITATION (IN)
  YESTERDAY        0.00          1.91 1973   0.09  -0.09      T
  MONTH TO DATE    1.56                      1.31   0.25     2.18
  SINCE MAR 1      1.77                      3.30  -1.53     4.16
  SINCE JAN 1      2.63                      4.87  -2.24     5.45

SNOWFALL (IN)
  YESTERDAY        0.0                       0.0    0.0       T
  MONTH TO DATE    0.6                       0.7   -0.1      0.1
  SINCE JUL 1     17.8                      26.1   -8.3     32.6
  SNOW DEPTH       0

DEGREE DAYS
 HEATING
  YESTERDAY       27                        14     13       24
  MONTH TO DATE  267                       246     21      294
  SINCE MAR 1   1146                      1037    109     1240
  SINCE JUL 1   6251                      5835    416     5721

 COOLING
  YESTERDAY        0                         0      0        0
  MONTH TO DATE    6                         0      6        0
  SINCE MAR 1      6                         1      5        0
  SINCE JAN 1      6                         1      5        0
..................................................................


WIND (MPH)
  HIGHEST WIND SPEED    29   HIGHEST WIND DIRECTION     S (170)
  HIGHEST GUST SPEED    38   HIGHEST GUST DIRECTION     S (180)
  AVERAGE WIND SPEED    12.2


SKY COVER
  POSSIBLE SUNSHINE  MM
  AVERAGE SKY COVER 0.3


WEATHER CONDITIONS
 THE FOLLOWING WEATHER WAS RECORDED YESTERDAY.
  NO SIGNIFICANT WEATHER WAS OBSERVED.


RELATIVE HUMIDITY (PERCENT)
 HIGHEST    81           300 AM
 LOWEST     30           300 PM
 AVERAGE    56

..........................................................


THE OMAHA EPPLEY, NEBRASKA CLIMATE NORMALS FOR TODAY
                         NORMAL    RECORD    YEAR
 MAXIMUM TEMPERATURE (F)   64        90      2004
                                             1964
 MINIMUM TEMPERATURE (F)   40        21      1875


SUNRISE AND SUNSET
APRIL 16 2014.........SUNRISE   643 AM CDT   SUNSET   805 PM CDT
APRIL 17 2014.........SUNRISE   641 AM CDT   SUNSET   806 PM CDT


-  INDICATES NEGATIVE NUMBERS.
R  INDICATES RECORD WAS SET OR TIED.
MM INDICATES DATA IS MISSING.
T  INDICATES TRACE AMOUNT.




$$
