000
CDAK49 PAOM 022340
CLIOME

CLIMATE REPORT
NATIONAL WEATHER SERVICE NOME, AK
340 PM AKDT TUE JUN 2 2015

...................................
...THE NOME WSO AP CLIMATE SUMMARY FOR JUNE 2 2015...
VALID TODAY AS OF 2:00 PM LOCAL TIME

CLIMATE NORMAL PERIOD  1981 TO  2010
CLIMATE RECORD PERIOD  1906 TO  2015

WEATHER ITEM   OBSERVED TIME    RECORD YEAR NORMAL DEPARTURE LAST
               VALUE    (LST)   VALUE       VALUE  FROM      YEAR
                                                   NORMAL
...................................................................
TEMPERATURE
TODAY
 MAXIMUM            63  1245 PM    72  1979     51      12     44
 MINIMUM            49  0539 AM    20  1931     37      12     35
 AVERAGE            56                          44      12     40

PRECIPITATION
(INCHES)
 TODAY            0.00           0.20  1980   0.03   -0.03      T
 MONTH TO DATE    0.00                        0.06   -0.06      T
 SINCE JUN 1      0.00                        0.06   -0.06   0.00
 SINCE JAN 1      4.44                        4.20    0.24   4.47

SNOWFALL
(INCHES)
 TODAY             0.0            1.7  1982    0.0     0.0    0.0
 MONTH TO DATE     0.0                         0.0     0.0    0.0
 SINCE JUN 1       0.0                         0.0     0.0    0.0
 SINCE JUL 1      59.7                        75.4   -15.7   72.3
 SNOW DEPTH (IN)     0                                          0

DEGREE DAYS
 HEATING
  TODAY              9                          21     -12     25
  MONTH TO DATE     16                          43     -27     53
  SINCE JUN 1       16                          43     -27     53
  SINCE JUL 1    12019                       13231   -1212  11847

 COOLING
  TODAY              0                           0       0      0
  MONTH TO DATE      0                           0       0      0
  SINCE JUN 1        0                           0       0      0
  SINCE JAN 1        0                           0       0      0
...................................................................

WIND (MPH)
 HIGHEST WIND SPEED    18     HIGHEST WIND DIRECTION     40
 HIGHEST GUST SPEED    27     HIGHEST GUST DIRECTION     70
 AVERAGE WIND SPEED    MM

SKY COVER
  POSSIBLE SUNSHINE  MM            AVERAGE SKY COVER MM

WEATHER CONDITIONS
 THE FOLLOWING WEATHER WAS RECORDED TODAY.
MM

RELATIVE HUMIDITY
 HIGHEST RH     MM PERCENT       MM
 LOWEST  RH     MM PERCENT       MM
 AVERAGE RH     MM PERCENT       MM
...................................................................

THE NOME CLIMATE NORMALS FOR TOMORROW
                        NORMAL    RECORD   YEAR
 MAXIMUM TEMPERATURE      51        70     1993
 MINIMUM TEMPERATURE      37        24     2006

SUNRISE AND SUNSET
 JUN 2 2015..........SUNRISE  4:48 AM      SUNSET  1:15 AM
 JUN 3 2015..........SUNRISE  4:45 AM      SUNSET  1:18 AM

-  INDICATES NEGATIVE NUMBERS.
R  INDICATES RECORD HAS BEEN SET OR TIED.
MM INDICATES DATA IS MISSING.
T  INDICATES TRACE OF PRECIPITATION.

&&
-------------------------------------------------------------------

AMOUNT OF DAYLIGHT TODAY  (HOUR:MIN)........20 HOURS 27 MINUTES
GAIN/LOSS SINCE YESTERDAY (HOUR:MIN:SEC)....+0:05:43

$$
RCT JUN 15
