000
CDAK49 PAFG 170952
CLIOME

CLIMATE REPORT
NATIONAL WEATHER SERVICE FAIRBANKS AK
152 AM AKDT THU AUG 17 2017


...................................

...THE NOME AK CLIMATE SUMMARY FOR AUGUST 16 2017...

CLIMATE NORMAL PERIOD 1981 TO 2010
CLIMATE RECORD PERIOD 1906 TO 2017


WEATHER ITEM   OBSERVED TIME   RECORD YEAR NORMAL DEPARTURE LAST
                VALUE   (LST)  VALUE       VALUE  FROM      YEAR
                                                  NORMAL
..................................................................
TEMPERATURE (F)
 YESTERDAY
  MAXIMUM         52    328 PM  68    2008  56     -4       59
                                      2005
                                      1950
  MINIMUM         37    532 AM  24    1929  45     -8       39
  AVERAGE         45                        50     -5       49

PRECIPITATION (IN)
  YESTERDAY        0.00          1.18 1994   0.10  -0.10     0.00
  MONTH TO DATE    1.43                      1.69  -0.26     1.52
  SINCE JUN 1      6.54                      4.78   1.76     5.66
  SINCE JAN 1      9.39                      8.92   0.47     8.75

SNOWFALL (IN)
  YESTERDAY        0.0           0.0    MM   0.0    0.0      0.0
  MONTH TO DATE    0.0                       0.0    0.0      0.0
  SINCE JUN 1      0.0                       0.3   -0.3      0.0
  SINCE JUL 1      0.0                       0.0    0.0      0.0
  SNOW DEPTH       0

DEGREE DAYS
 HEATING
  YESTERDAY       20                        15      5       16
  MONTH TO DATE  181                       228    -47      145
  SINCE JUN 1    905                      1143   -238      956
  SINCE JUL 1    540                       626    -86      509

 COOLING
  YESTERDAY        0                         0      0        0
  MONTH TO DATE    0                         0      0        0
  SINCE JUN 1      4                         3      1        0
  SINCE JAN 1      4                         3      1        0
..................................................................


WIND (MPH)
  HIGHEST GUST SPEED    21   HIGHEST GUST DIRECTION    NW (310)


SKY COVER
  AVERAGE SKY COVER 0.7


WEATHER CONDITIONS
 THE FOLLOWING WEATHER WAS RECORDED YESTERDAY.
  NO SIGNIFICANT WEATHER WAS OBSERVED.


RELATIVE HUMIDITY (PERCENT)
 HIGHEST    92
 LOWEST     61
 AVERAGE    77

..........................................................


THE NOME AK CLIMATE NORMALS FOR TODAY
                         NORMAL    RECORD    YEAR
 MAXIMUM TEMPERATURE (F)   56        68      2007
                                             1940
 MINIMUM TEMPERATURE (F)   44        25      1914


SUNRISE AND SUNSET
AUGUST 17 2017........SUNRISE   659 AM AKDT  SUNSET  1111 PM AKDT
AUGUST 18 2017........SUNRISE   702 AM AKDT  SUNSET  1108 PM AKDT

-  INDICATES NEGATIVE NUMBERS.
R  INDICATES RECORD WAS SET OR TIED.
MM INDICATES DATA IS MISSING.
T  INDICATES TRACE AMOUNT.

&&

SNOW DEPTH IS MEASURED AT 3AM AKST/4AM AKDT.

----------------------------
AVAILABLE DAYLIGHT

AMOUNT OF DAYLIGHT TODAY  (HOUR:MIN)........16:12
GAIN/LOSS SINCE YESTERDAY (HOUR:MIN:SEC)....-0:06:44

NOME TIDAL INFORMATION FOR 17 AUGUST 2017
0120  +0.9
0611  +0.5
1222  +1.3
1957  -0.1

$$
AUG 17
