000
CDAK49 PAOM 141300
CLIOME

CLIMATE REPORT
NATIONAL WEATHER SERVICE NOME, AK
4 AM AKST SUN FEB 14 2016

...................................
...THE NOME WSO AP CLIMATE SUMMARY FOR FEBRUARY 13 2016...

CLIMATE NORMAL PERIOD  1981 TO  2010
CLIMATE RECORD PERIOD  1906 TO  2016

WEATHER ITEM   OBSERVED TIME    RECORD YEAR NORMAL DEPARTURE LAST
               VALUE    (LST)   VALUE       VALUE  FROM      YEAR
                                                   NORMAL
...................................................................
TEMPERATURE
YESTERDAY
 MAXIMUM             0  0500 PM    48  1986     15     -15     17
 MINIMUM           -15  1037 AM   -37  1964     -1     -14      3
 AVERAGE            -8                           7     -15     10

PRECIPITATION
(INCHES)
 YESTERDAY        0.00           0.38  1996   0.04   -0.04      T
 MONTH TO DATE    0.28                        0.43   -0.15      T
 SINCE DEC 1      1.59                        2.45   -0.86   1.25
 SINCE JAN 1      0.81                        1.37   -0.56   0.71

SNOWFALL
(INCHES)
 YESTERDAY         0.0            6.7  1996    0.4    -0.4      T
 MONTH TO DATE     4.5                         5.4    -0.9    0.1
 SINCE DEC 1      21.0                        32.6   -11.6   15.6
 SINCE JUL 1      39.2                        49.9   -10.7   33.2
 SNOW DEPTH (IN)    14                                         10

DEGREE DAYS
 HEATING
  YESTERDAY         73                          58      15     55
  MONTH TO DATE    637                         762    -125    790
  SINCE DEC 1     3665                        4335    -670   4033
  SINCE JUL 1     7461                        8433    -972   7587

 COOLING
  YESTERDAY          0                           0       0      0
  MONTH TO DATE      0                           0       0      0
  SINCE DEC 1        0                           0       0      0
  SINCE JAN 1        0                           0       0      0
...................................................................

WIND (MPH)
 HIGHEST WIND SPEED    10     HIGHEST WIND DIRECTION    310
 HIGHEST GUST SPEED    11     HIGHEST GUST DIRECTION    300
 AVERAGE WIND SPEED   0.6

SKY COVER
  POSSIBLE SUNSHINE    MM          AVERAGE SKY COVER     MM

WEATHER CONDITIONS
 THE FOLLOWING WEATHER WAS RECORDED YESTERDAY.
  NO SIGNIFICANT WEATHER WAS OBSERVED.

RELATIVE HUMIDITY
 HIGHEST RH     MM PERCENT       MM
 LOWEST  RH     MM PERCENT       MM
 AVERAGE RH     MM PERCENT       MM
...................................................................

THE NOME CLIMATE NORMALS FOR TODAY
                           NORMAL    RECORD   YEAR
 MAXIMUM TEMPERATURE (F)     15        44     1927
 MINIMUM TEMPERATURE (F)      0       -37     1964

SUNRISE AND SUNSET
 FEB 14 2016..........SUNRISE 10:03 AM      SUNSET  6:31 PM
 FEB 15 2016..........SUNRISE 10:00 AM      SUNSET  6:34 PM

-  INDICATES NEGATIVE NUMBERS.
R  INDICATES RECORD HAS BEEN SET OR TIED.
MM INDICATES DATA IS MISSING.
T  INDICATES TRACE OF PRECIPITATION.

&&
-------------------------------------------------------------------

AMOUNT OF DAYLIGHT TODAY  (HOUR:MIN)........8 HOURS 28 MINUTES
GAIN/LOSS SINCE YESTERDAY (HOUR:MIN:SEC)....+0:06:42

NOME TIDAL INFORMATION FOR 14 FEBRUARY 2016
0253  +0.5
0923  +1.6
1511  +0.5
2135  +1.6

$$

CKC FEB 16
