000
CDAK49 PAOM 301200
CLIOME

CLIMATE REPORT
NATIONAL WEATHER SERVICE NOME, AK
4 AM AKDT SAT JUL 30 2016

...................................
...THE NOME WSO AP CLIMATE SUMMARY FOR JULY 29 2016...

CLIMATE NORMAL PERIOD  1981 TO  2010
CLIMATE RECORD PERIOD  1906 TO  2016

WEATHER ITEM   OBSERVED TIME    RECORD YEAR NORMAL DEPARTURE LAST
               VALUE    (LST)   VALUE       VALUE  FROM      YEAR
                                                   NORMAL
...................................................................
TEMPERATURE
YESTERDAY
 MAXIMUM            51  0839 PM    72  1997     57      -6     60
 MINIMUM            46  0641 AM    32  1929     46       0     48
 AVERAGE            49                          52      -3     54

PRECIPITATION
(INCHES)
 YESTERDAY        1.43R          1.21  1991   0.09    1.34   0.00
 MONTH TO DATE    3.82                        1.91    1.91   1.44
 SINCE JUN 1      4.16                        2.89    1.27   2.10
 SINCE JAN 1      7.25                        7.03    0.22   6.54

SNOWFALL
(INCHES)
 YESTERDAY         0.0            0.0  2016    0.0     0.0    0.0
 MONTH TO DATE     0.0                         0.0     0.0    0.0
 SINCE JUN 1       0.0                         0.3    -0.3    0.0
 SINCE JUL 1       0.0                         0.0     0.0    0.0
 SNOW DEPTH (IN)     0                                          0

DEGREE DAYS
 HEATING
  YESTERDAY         16                          13       3     11
  MONTH TO DATE    370                         374      -4    279
  SINCE JUN 1      834                         890     -56    804
  SINCE JUL 1      370                         374      -4    279

 COOLING
  YESTERDAY          0                           0       0      0
  MONTH TO DATE      0                           0       0      0
  SINCE JUN 1        0                           0       0      5
  SINCE JAN 1        0                           0       0      5
...................................................................

WIND (MPH)
 HIGHEST WIND SPEED    14     HIGHEST WIND DIRECTION     50
 HIGHEST GUST SPEED    17     HIGHEST GUST DIRECTION     50
 AVERAGE WIND SPEED   7.1

SKY COVER
  POSSIBLE SUNSHINE    MM          AVERAGE SKY COVER     MM

WEATHER CONDITIONS
 THE FOLLOWING WEATHER WAS RECORDED YESTERDAY.
  PATCHY FOG
  LIGHT RAINFALL
  MODERATE RAINFALL

RELATIVE HUMIDITY
 HIGHEST RH     MM PERCENT       MM
 LOWEST  RH     MM PERCENT       MM
 AVERAGE RH     MM PERCENT       MM
...................................................................

THE NOME CLIMATE NORMALS FOR TODAY
                           NORMAL    RECORD   YEAR
 MAXIMUM TEMPERATURE (F)     57        84     1977
 MINIMUM TEMPERATURE (F)     46        33     1929

SUNRISE AND SUNSET
 JUL 30 2016..........SUNRISE  6:01 AM      SUNSET 12:14 AM
 JUL 31 2016..........SUNRISE  6:04 AM      SUNSET 12:10 AM

-  INDICATES NEGATIVE NUMBERS.
R  INDICATES RECORD HAS BEEN SET OR TIED.
MM INDICATES DATA IS MISSING.
T  INDICATES TRACE OF PRECIPITATION.

&&
-------------------------------------------------------------------

AMOUNT OF DAYLIGHT TODAY  (HOUR:MIN)........18 HOURS 13 MINUTES
GAIN/LOSS SINCE YESTERDAY (HOUR:MIN:SEC)....-0:06:43

NOME TIDAL INFORMATION FOR 30 JULY 2016
0237  +0.8
0723  +0.3
1338  +1.1
2102  -0.4

$$

CKC JUL 16
