000
CDAK49 PAFG 300940
CLIOME

CLIMATE REPORT
NATIONAL WEATHER SERVICE FAIRBANKS AK
140 AM AKDT FRI SEP 30 2016


...................................

...THE NOME AK CLIMATE SUMMARY FOR SEPTEMBER 29 2016...

CLIMATE NORMAL PERIOD 1981 TO 2010
CLIMATE RECORD PERIOD 1906 TO 2016


WEATHER ITEM   OBSERVED TIME   RECORD YEAR NORMAL DEPARTURE LAST
                VALUE   (LST)  VALUE       VALUE  FROM      YEAR
                                                  NORMAL
..................................................................
TEMPERATURE (F)
 YESTERDAY
  MAXIMUM         48   1147 PM  57    1969  43      5       MM
  MINIMUM         44    348 AM  14    1992  31     13       MM
  AVERAGE         46                        37      9       MM

PRECIPITATION (IN)
  YESTERDAY        0.10          0.97 1950   0.06   0.04    MM
  MONTH TO DATE    2.16                      2.38  -0.22    MM
  SINCE SEP 1      2.16                      2.38  -0.22    MM
  SINCE JAN 1     12.42                     12.83  -0.41    MM

SNOWFALL (IN)
  YESTERDAY        0.0           1.9  1993   0.0    0.0     MM
  MONTH TO DATE    0.0                       0.5   -0.5     MM
  SINCE SEP 1      0.0                       0.5   -0.5     MM
  SINCE JUL 1      0.0                       0.5   -0.5     MM
  SNOW DEPTH       0

DEGREE DAYS
 HEATING
  YESTERDAY       19                        28     -9       MM
  MONTH TO DATE  612                       637    -25       MM
  SINCE SEP 1    612                       637    -25       MM
  SINCE JUL 1   1297                      1497   -200       MM

 COOLING
  YESTERDAY        0                         0      0       MM
  MONTH TO DATE    0                         0      0       MM
  SINCE SEP 1      0                         0      0       MM
  SINCE JAN 1      0                         3     -3       MM
..................................................................


WIND (MPH)
  HIGHEST GUST SPEED    28   HIGHEST GUST DIRECTION    SE (150)


SKY COVER
  AVERAGE SKY COVER 0.9


WEATHER CONDITIONS
 THE FOLLOWING WEATHER WAS RECORDED YESTERDAY.
  LIGHT RAIN
  FOG
  FOG W/VISIBILITY <= 1/4 MILE


RELATIVE HUMIDITY (PERCENT)
 HIGHEST   100
 LOWEST     92
 AVERAGE    96

..........................................................


THE NOME AK CLIMATE NORMALS FOR TODAY
                         NORMAL    RECORD    YEAR
 MAXIMUM TEMPERATURE (F)   42        52      1969
 MINIMUM TEMPERATURE (F)   31        16      1923


SUNRISE AND SUNSET
SEPTEMBER 30 2016.....SUNRISE   911 AM AKDT  SUNSET   831 PM AKDT
OCTOBER 01 2016.......SUNRISE   914 AM AKDT  SUNSET   828 PM AKDT

-  INDICATES NEGATIVE NUMBERS.
R  INDICATES RECORD WAS SET OR TIED.
MM INDICATES DATA IS MISSING.
T  INDICATES TRACE AMOUNT.

&&

SNOW DEPTH IS MEASURED AT 3AM AKST/4AM AKDT.

----------------------------
AVAILABLE DAYLIGHT

AMOUNT OF DAYLIGHT TODAY  (HOUR:MIN)........11:21
GAIN/LOSS SINCE YESTERDAY (HOUR:MIN:SEC)....-0:06:32

NOME TIDAL INFORMATION FOR 30 SEPTEMBER 2016
0624  +1.3
1124  +0.7
1740  +0.3

$$
SDB SEP 16
