417
CDAK49 PAOM 232300
CLIOME

CLIMATE REPORT
NATIONAL WEATHER SERVICE NOME, AK
3 PM AKDT TUE AUG 23 2016

...................................
...THE NOME WSO AP CLIMATE SUMMARY FOR AUGUST 23 2016...
VALID TODAY AS OF 3:00 PM LOCAL TIME

CLIMATE NORMAL PERIOD  1981 TO  2010
CLIMATE RECORD PERIOD  1906 TO  2016

WEATHER ITEM   OBSERVED TIME    RECORD YEAR NORMAL DEPARTURE LAST
               VALUE    (LST)   VALUE       VALUE  FROM      YEAR
                                                   NORMAL
...................................................................
TEMPERATURE
TODAY
 MAXIMUM            54  0159 PM    77  1977     55      -1     53
 MINIMUM            44  0544 AM    28  1988     44       0     42
 AVERAGE            49                          50      -1     48

PRECIPITATION
(INCHES)
 TODAY            0.00           1.43  1955   0.10   -0.10   0.00
 MONTH TO DATE    2.95                        2.44    0.51   1.08
 SINCE JUN 1      7.11                        5.53    1.58   3.18
 SINCE JAN 1     10.20                        9.67    0.53   7.62

SNOWFALL
(INCHES)
 TODAY             0.0            0.0  2016    0.0     0.0    0.0
 MONTH TO DATE     0.0                         0.0     0.0    0.0
 SINCE JUN 1       0.0                         0.3    -0.3    0.0
 SINCE JUL 1       0.0                         0.0     0.0    0.0
 SNOW DEPTH (IN)     0                                          0

DEGREE DAYS
 HEATING
  TODAY             16                          16       0     17
  MONTH TO DATE    250                         334     -84    343
  SINCE JUN 1     1117                        1250    -133   1175
  SINCE JUL 1      653                         734     -81    650

 COOLING
  TODAY              0                           0       0      0
  MONTH TO DATE      0                           0       0      0
  SINCE JUN 1        0                           0       0      5
  SINCE JAN 1        0                           0       0      5
...................................................................

WIND (MPH)
 HIGHEST WIND SPEED    15     HIGHEST WIND DIRECTION    360
 HIGHEST GUST SPEED    18     HIGHEST GUST DIRECTION    360
 AVERAGE WIND SPEED    MM

SKY COVER
  POSSIBLE SUNSHINE  MM            AVERAGE SKY COVER MM

WEATHER CONDITIONS
 THE FOLLOWING WEATHER WAS RECORDED TODAY.
NO SIGNIFICANT WEATHER WAS OBSERVED.

RELATIVE HUMIDITY
 HIGHEST RH     MM PERCENT       MM
 LOWEST  RH     MM PERCENT       MM
 AVERAGE RH     MM PERCENT       MM
...................................................................

THE NOME CLIMATE NORMALS FOR TOMORROW
                        NORMAL    RECORD   YEAR
 MAXIMUM TEMPERATURE      55        70     2008
 MINIMUM TEMPERATURE      44        29     2002

SUNRISE AND SUNSET
 AUG 23 2016..........SUNRISE  7:18 AM      SUNSET 10:49 PM
 AUG 24 2016..........SUNRISE  7:21 AM      SUNSET 10:45 PM

-  INDICATES NEGATIVE NUMBERS.
R  INDICATES RECORD HAS BEEN SET OR TIED.
MM INDICATES DATA IS MISSING.
T  INDICATES TRACE OF PRECIPITATION.

&&
-------------------------------------------------------------------

AMOUNT OF DAYLIGHT TODAY  (HOUR:MIN)........15 HOURS 31 MINUTES
GAIN/LOSS SINCE YESTERDAY (HOUR:MIN:SEC)....-0:06:41

$$

CKC AUG 16
