000
CDAK49 PAOM 290905
CLIOME

CLIMATE REPORT
NATIONAL WEATHER SERVICE NOME, AK
105 AM AKDT SAT AUG 29 2015

...................................
...THE NOME WSO AP CLIMATE SUMMARY FOR AUGUST 28 2015...

CLIMATE NORMAL PERIOD  1981 TO  2010
CLIMATE RECORD PERIOD  1906 TO  2015

WEATHER ITEM   OBSERVED TIME    RECORD YEAR NORMAL DEPARTURE LAST
               VALUE    (LST)   VALUE       VALUE  FROM      YEAR
                                                   NORMAL
...................................................................
TEMPERATURE
YESTERDAY
 MAXIMUM            52  0621 PM    69  1982     55      -3     53
 MINIMUM            42  1159 PM    26  1994     43      -1     37
 AVERAGE            47                          49      -2     45

PRECIPITATION
(INCHES)
 YESTERDAY        0.00           0.74  1924   0.09   -0.09   0.01
 MONTH TO DATE    3.70                        2.94    0.76   0.97
 SINCE JUN 1      5.80                        6.03   -0.23   3.81
 SINCE JAN 1     10.24                       10.17    0.07   8.28

SNOWFALL
(INCHES)
 YESTERDAY         0.0              T  1913    0.0     0.0    0.0
 MONTH TO DATE     0.0                         0.0     0.0    0.0
 SINCE JUN 1       0.0                         0.3    -0.3    0.0
 SINCE JUL 1       0.0                         0.0     0.0    0.0
 SNOW DEPTH (IN)     0                                          0

DEGREE DAYS
 HEATING
  YESTERDAY         18                          16       2     20
  MONTH TO DATE    428                         414      14    213
  SINCE JUN 1     1260                        1330     -70   1204
  SINCE JUL 1      735                         814     -79    636

 COOLING
  YESTERDAY          0                           0       0      0
  MONTH TO DATE      0                           0       0      1
  SINCE JUN 1        5                           0       5      3
  SINCE JAN 1        5                           0       5      3
...................................................................

WIND (MPH)
 HIGHEST WIND SPEED    24     HIGHEST WIND DIRECTION    270
 HIGHEST GUST SPEED    28     HIGHEST GUST DIRECTION    270
 AVERAGE WIND SPEED  10.0

SKY COVER
  POSSIBLE SUNSHINE    MM          AVERAGE SKY COVER     MM

WEATHER CONDITIONS
 THE FOLLOWING WEATHER WAS RECORDED YESTERDAY.
  NO SIGNIFICANT WEATHER WAS OBSERVED.

RELATIVE HUMIDITY
 HIGHEST RH     MM PERCENT       MM
 LOWEST  RH     MM PERCENT       MM
 AVERAGE RH     MM PERCENT       MM
...................................................................

THE NOME CLIMATE NORMALS FOR TODAY
                           NORMAL    RECORD   YEAR
 MAXIMUM TEMPERATURE (F)     54        67     1981
 MINIMUM TEMPERATURE (F)     43        27     1927

SUNRISE AND SUNSET
 AUG 29 2015..........SUNRISE  7:34 AM      SUNSET 10:30 PM
 AUG 30 2015..........SUNRISE  7:37 AM      SUNSET 10:26 PM

-  INDICATES NEGATIVE NUMBERS.
R  INDICATES RECORD HAS BEEN SET OR TIED.
MM INDICATES DATA IS MISSING.
T  INDICATES TRACE OF PRECIPITATION.

&&
-------------------------------------------------------------------

AMOUNT OF DAYLIGHT TODAY  (HOUR:MIN)........14 HOURS 56 MINUTES
GAIN/LOSS SINCE YESTERDAY (HOUR:MIN:SEC)....-0:06:38

TIDE INFORMATION FOR SATURDAY AUGUST 29 2015
 5:33 AM HIGH 1.2 FT
10:18 AM LOW  0.8 FT
 4:17 PM HIGH 1.4 FT
11:25 PM LOW -0.1 FT

$$
RWM AUG 15
