000
CDAK49 PAFG 160944
CLIOME

CLIMATE REPORT
NATIONAL WEATHER SERVICE FAIRBANKS AK
1244 AM AKST SAT DEC 16 2017


...................................

...THE NOME AK CLIMATE SUMMARY FOR DECEMBER 15 2017...

CLIMATE NORMAL PERIOD 1981 TO 2010
CLIMATE RECORD PERIOD 1906 TO 2017


WEATHER ITEM   OBSERVED TIME   RECORD YEAR NORMAL DEPARTURE LAST
                VALUE   (LST)  VALUE       VALUE  FROM      YEAR
                                                  NORMAL
..................................................................
TEMPERATURE (F)
 YESTERDAY
  MAXIMUM         28    858 PM  35    1989  17     11       30
  MINIMUM         15    353 AM -33    1974   2     13       25
  AVERAGE         22                        10     12       28

PRECIPITATION (IN)
  YESTERDAY        T             0.49 1924   0.04  -0.04     0.01
  MONTH TO DATE    0.67                      0.51   0.16     0.20
  SINCE DEC 1      0.67                      0.51   0.16     0.20
  SINCE JAN 1     18.12                     16.24   1.88    15.16

SNOWFALL (IN)
  YESTERDAY        0.1           4.0  1924   0.5   -0.4      0.1
  MONTH TO DATE    8.9                       6.6    2.3      3.9
  SINCE DEC 1      8.9                       6.6    2.3      3.9
  SINCE JUL 1     40.5                      23.9   16.6     12.5
  SNOW DEPTH      15

DEGREE DAYS
 HEATING
  YESTERDAY       43                        55    -12       37
  MONTH TO DATE  633                       809   -176      860
  SINCE DEC 1    633                       809   -176      860
  SINCE JUL 1   4421                      4902   -481     4475

 COOLING
  YESTERDAY        0                         0      0        0
  MONTH TO DATE    0                         0      0        0
  SINCE DEC 1      0                         0      0        0
  SINCE JAN 1      4                         3      1        0
..................................................................


WIND (MPH)
  HIGHEST GUST SPEED    33   HIGHEST GUST DIRECTION    NE (40)


SKY COVER
  AVERAGE SKY COVER 0.6


WEATHER CONDITIONS
 THE FOLLOWING WEATHER WAS RECORDED YESTERDAY.
  LIGHT SNOW
  FOG


RELATIVE HUMIDITY (PERCENT)
 HIGHEST    92
 LOWEST     62
 AVERAGE    77

..........................................................


THE NOME AK CLIMATE NORMALS FOR TODAY
                         NORMAL    RECORD    YEAR
 MAXIMUM TEMPERATURE (F)   17        39      1907
 MINIMUM TEMPERATURE (F)    2       -30      1966
                                             1965


SUNRISE AND SUNSET
DECEMBER 16 2017......SUNRISE  1159 AM AKST  SUNSET   357 PM AKST
DECEMBER 17 2017......SUNRISE  1201 PM AKST  SUNSET   357 PM AKST

-  INDICATES NEGATIVE NUMBERS.
R  INDICATES RECORD WAS SET OR TIED.
MM INDICATES DATA IS MISSING.
T  INDICATES TRACE AMOUNT.

&&

SNOW DEPTH IS MEASURED AT 3AM AKST/4AM AKDT.

----------------------------
AVAILABLE DAYLIGHT

AMOUNT OF DAYLIGHT TODAY  (HOUR:MIN)........3:57
GAIN/LOSS SINCE YESTERDAY (HOUR:MIN:SEC)....-0:01:37

NOME TIDAL INFORMATION FOR 16 DECEMBER 2017
0255  +1.4
0953  +0.4
1704  +1.3
2111  +0.9

$$
SDB DEC 17
