021
CDAK49 PAFG 240959
CLIOME

CLIMATE REPORT
NATIONAL WEATHER SERVICE FAIRBANKS AK
159 AM AKDT WED MAY 24 2017


...................................

...THE NOME AK CLIMATE SUMMARY FOR MAY 23 2017...

CLIMATE NORMAL PERIOD 1981 TO 2010
CLIMATE RECORD PERIOD 1906 TO 2017


WEATHER ITEM   OBSERVED TIME   RECORD YEAR NORMAL DEPARTURE LAST
                VALUE   (LST)  VALUE       VALUE  FROM      YEAR
                                                  NORMAL
..................................................................
TEMPERATURE (F)
 YESTERDAY
  MAXIMUM         42    901 PM  63    1925  47     -5       MM
  MINIMUM         35    556 AM  20    2000  33      2       MM
  AVERAGE         39                        40     -1       MM

PRECIPITATION (IN)
  YESTERDAY        0.04          0.62 2004   0.03   0.01     0.11
  MONTH TO DATE    0.19                      0.64  -0.45     0.79
  SINCE MAR 1      0.35                      2.05  -1.70     1.63
  SINCE JAN 1      2.10                      3.92  -1.82     2.66

SNOWFALL (IN)
  YESTERDAY        0.0           0.7  1943   0.0    0.0     MM
  MONTH TO DATE    T                         2.0   -2.0      0.0
  SINCE MAR 1      2.0                      18.4  -16.4      0.7
  SINCE JUL 1     54.2                      75.1  -20.9     16.2
  SNOW DEPTH       0

DEGREE DAYS
 HEATING
  YESTERDAY       26                        25      1       MM
  MONTH TO DATE  601                       687    -86      502
  SINCE MAR 1   3618                      3718   -100     3024
  SINCE JUL 1  12413                     12997   -584     5815

 COOLING
  YESTERDAY        0                         0      0       MM
  MONTH TO DATE    0                         0      0        0
  SINCE MAR 1      0                         0      0        0
  SINCE JAN 1      0                         0      0        0
..................................................................


WIND (MPH)
  HIGHEST GUST SPEED    23   HIGHEST GUST DIRECTION    SE (130)


SKY COVER
  AVERAGE SKY COVER 0.9


WEATHER CONDITIONS
 THE FOLLOWING WEATHER WAS RECORDED YESTERDAY.
  LIGHT RAIN
  FOG


RELATIVE HUMIDITY (PERCENT)
 HIGHEST   100
 LOWEST     73
 AVERAGE    87

..........................................................


THE NOME AK CLIMATE NORMALS FOR TODAY
                         NORMAL    RECORD    YEAR
 MAXIMUM TEMPERATURE (F)   47        68      1969
 MINIMUM TEMPERATURE (F)   34        14      1920


SUNRISE AND SUNSET
MAY 24 2017...........SUNRISE   512 AM AKDT  SUNSET  1249 AM AKDT
MAY 25 2017...........SUNRISE   509 AM AKDT  SUNSET  1252 AM AKDT

-  INDICATES NEGATIVE NUMBERS.
R  INDICATES RECORD WAS SET OR TIED.
MM INDICATES DATA IS MISSING.
T  INDICATES TRACE AMOUNT.

&&

SNOW DEPTH IS MEASURED AT 3AM AKST/4AM AKDT.

----------------------------
AVAILABLE DAYLIGHT

AMOUNT OF DAYLIGHT TODAY  (HOUR:MIN)........19:33
GAIN/LOSS SINCE YESTERDAY (HOUR:MIN:SEC)....+0:06:27

NOME TIDAL INFORMATION FOR 24 MAY 2017
0416  +0.5
0930  -0.0
1539  +0.9
2233  -0.4

$$
MAY 17
