000
CDAK49 PAOM 010915
CLIOME

CLIMATE REPORT
NATIONAL WEATHER SERVICE NOME, AK
1215 AM AKST SUN FEB 1 2015

...................................
...THE NOME WSO AP CLIMATE SUMMARY FOR JANUARY 31 2015...

CLIMATE NORMAL PERIOD  1981 TO  2010
CLIMATE RECORD PERIOD  1906 TO  2015

WEATHER ITEM   OBSERVED TIME    RECORD YEAR NORMAL DEPARTURE LAST
               VALUE    (LST)   VALUE       VALUE  FROM      YEAR
                                                   NORMAL
...................................................................
TEMPERATURE
YESTERDAY
 MAXIMUM            22  0420 PM    38  2007     13       9     34
 MINIMUM             5  1159 PM   -40  1999     -3       8     29
 AVERAGE            14                           5       9     32

PRECIPITATION
(INCHES)
 YESTERDAY        0.00           0.32  1936   0.03   -0.03   0.25
 MONTH TO DATE    0.71                        0.94   -0.23   1.57
 SINCE DEC 1      1.25                        2.02   -0.77   3.58
 SINCE JAN 1      0.71                        0.94   -0.23   1.57

SNOWFALL
(INCHES)
 YESTERDAY         0.0            4.1  1973    0.4    -0.4    0.4
 MONTH TO DATE    10.4                        12.7    -2.3   12.2
 SINCE DEC 1      15.5                        27.2   -11.7   30.6
 SINCE JUL 1      33.1                        44.5   -11.4   45.2
 SNOW DEPTH (IN)    12                                          4

DEGREE DAYS
 HEATING
  YESTERDAY         51                          60      -9     33
  MONTH TO DATE   1727                        1853    -126   1351
  SINCE DEC 1     3245                        3573    -328   2911
  SINCE JUL 1     6790                        7671    -881   6717

 COOLING
  YESTERDAY          0                           0       0      0
  MONTH TO DATE      0                           0       0      0
  SINCE DEC 1        0                           0       0      0
  SINCE JAN 1        0                           0       0      0
...................................................................

WIND (MPH)
 HIGHEST WIND SPEED    12     HIGHEST WIND DIRECTION     70
 HIGHEST GUST SPEED    14     HIGHEST GUST DIRECTION     70
 AVERAGE WIND SPEED   5.3

SKY COVER
  POSSIBLE SUNSHINE    MM          AVERAGE SKY COVER     MM

WEATHER CONDITIONS
 THE FOLLOWING WEATHER WAS RECORDED YESTERDAY.
  PATCHY FOG
  DENSE FOG

RELATIVE HUMIDITY
 HIGHEST RH     MM PERCENT       MM
 LOWEST  RH     MM PERCENT       MM
 AVERAGE RH     MM PERCENT       MM
...................................................................

THE NOME CLIMATE NORMALS FOR TODAY
                           NORMAL    RECORD   YEAR
 MAXIMUM TEMPERATURE (F)     13        40     2007
 MINIMUM TEMPERATURE (F)     -3       -41     1999

SUNRISE AND SUNSET
 FEB 1 2015..........SUNRISE 10:45 AM      SUNSET  5:47 PM
 FEB 2 2015..........SUNRISE 10:42 AM      SUNSET  5:51 PM

-  INDICATES NEGATIVE NUMBERS.
R  INDICATES RECORD HAS BEEN SET OR TIED.
MM INDICATES DATA IS MISSING.
T  INDICATES TRACE OF PRECIPITATION.

&&
-------------------------------------------------------------------

AMOUNT OF DAYLIGHT TODAY  (HOUR:MIN)........7 HOURS 2 MINUTES
GAIN/LOSS SINCE YESTERDAY (HOUR:MIN:SEC)....+0:06:33

NOME TIDAL INFORMATION FOR 1 FEBRUARY 2015
0222AM  +1.2
0920AM  +0.1
0428PM  +1.2
0924PM  +0.8

$$

CKC FEB 15
