000
CDAK49 PAFG 170947
CLIOME

CLIMATE REPORT
NATIONAL WEATHER SERVICE FAIRBANKS AK
1247 AM AKST TUE JAN 17 2017


...................................

...THE NOME AK CLIMATE SUMMARY FOR JANUARY 16 2017...

CLIMATE NORMAL PERIOD 1981 TO 2010
CLIMATE RECORD PERIOD 1906 TO 2017


WEATHER ITEM   OBSERVED TIME   RECORD YEAR NORMAL DEPARTURE LAST
                VALUE   (LST)  VALUE       VALUE  FROM      YEAR
                                                  NORMAL
..................................................................
TEMPERATURE (F)
 YESTERDAY
  MAXIMUM        -13        MM  40    1963  13    -26       18
  MINIMUM        -24        MM -35    1993  -3    -21        4
                                      1980
                                      1960
  AVERAGE        -18                         5    -23       11

PRECIPITATION (IN)
  YESTERDAY        0.00          0.25 2009   0.02  -0.02     0.00
                                      2002
                                      1928
  MONTH TO DATE    0.32                      0.50  -0.18     0.23
  SINCE DEC 1      1.39                      1.58  -0.19     0.23
  SINCE JAN 1      0.32                      0.50  -0.18     0.23

SNOWFALL (IN)
  YESTERDAY        0.0           3.9  2015   0.4   -0.4      0.0
                                      1995
  MONTH TO DATE    3.0                       6.9   -3.9      3.2
  SINCE DEC 1     19.0                      21.4   -2.4      3.2
  SINCE JUL 1     27.6                      38.7  -11.1      3.2
  SNOW DEPTH      17

DEGREE DAYS
 HEATING
  YESTERDAY       83                        60     23       54
  MONTH TO DATE  886                       953    -67      643
  SINCE DEC 1   2488                      2673   -185      643
  SINCE JUL 1   6103                      6766   -663      643

 COOLING
  YESTERDAY        0                         0      0        0
  MONTH TO DATE    0                         0      0        0
  SINCE DEC 1      0                         0      0        0
  SINCE JAN 1      0                         0      0        0
..................................................................


WIND (MPH)
  HIGHEST GUST SPEED    MM   HIGHEST GUST DIRECTION    MM


SKY COVER
  AVERAGE SKY COVER 0.1


WEATHER CONDITIONS
 THE FOLLOWING WEATHER WAS RECORDED YESTERDAY.
  NO SIGNIFICANT WEATHER WAS OBSERVED.


RELATIVE HUMIDITY (PERCENT)
 HIGHEST    86
 LOWEST     69
 AVERAGE    78

..........................................................


THE NOME AK CLIMATE NORMALS FOR TODAY
                         NORMAL    RECORD    YEAR
 MAXIMUM TEMPERATURE (F)   13        42      1963
 MINIMUM TEMPERATURE (F)   -3       -34      1973


SUNRISE AND SUNSET
JANUARY 17 2017.......SUNRISE  1127 AM AKST  SUNSET   458 PM AKST
JANUARY 18 2017.......SUNRISE  1125 AM AKST  SUNSET   502 PM AKST

-  INDICATES NEGATIVE NUMBERS.
R  INDICATES RECORD WAS SET OR TIED.
MM INDICATES DATA IS MISSING.
T  INDICATES TRACE AMOUNT.

&&

SNOW DEPTH IS MEASURED AT 3AM AKST/4AM AKDT.

----------------------------
AVAILABLE DAYLIGHT

AMOUNT OF DAYLIGHT TODAY  (HOUR:MIN)........5:31
GAIN/LOSS SINCE YESTERDAY (HOUR:MIN:SEC)....+0:05:49

NOME TIDAL INFORMATION FOR 17 JANUARY 2017
0205  +1.1
0817  +1.8
1439  +0.4
2132  +1.7

$$
JB JAN 17
