000
CDUS46 KOTX 010827
CLIOMK


CLIMATE REPORT
NATIONAL WEATHER SERVICE SPOKANE, WA
1227 AM PST SUN MAR 1 2015


...................................

...THE OMAK WA AIRPORT CLIMATE SUMMARY FOR FEBRUARY 28 2015...

CLIMATE NORMAL PERIOD 1981 TO 2010
CLIMATE RECORD PERIOD 9999 TO 9999


WEATHER ITEM   OBSERVED TIME   RECORD YEAR NORMAL DEPARTURE LAST
                VALUE   (LST)  VALUE       VALUE  FROM      YEAR
                                                  NORMAL
..................................................................
TEMPERATURE (F)
 YESTERDAY
  MAXIMUM         50    411 PM  62    1945  45      5       45
  MINIMUM         32   1159 PM  11    1960  26      6       31
  AVERAGE         41                        35      6       38

PRECIPITATION (IN)
  YESTERDAY        0.00          0.72 1977   0.04  -0.04     0.00
  MONTH TO DATE    1.00                      1.30  -0.30     1.50
  SINCE OCT 1      8.30                      8.44  -0.14     2.99
  SINCE JAN 1      1.73                      2.99  -1.26     1.82

SNOWFALL (IN)
  YESTERDAY       MM

DEGREE DAYS
 HEATING
  YESTERDAY       24                        30     -6       27
  MONTH TO DATE  687                       928   -241     1035
  SINCE DEC 1   2789                      3328   -539     3393
  SINCE JUL 1   4186                      4861   -675     4990

 COOLING
  YESTERDAY        0                         0      0        0
  MONTH TO DATE    0                         0      0        0
  SINCE DEC 1      0                         0      0        0
  SINCE JAN 1      0                         0      0        0
..................................................................


WIND (MPH)
  HIGHEST WIND SPEED    24   HIGHEST WIND DIRECTION     N (10)
  HIGHEST GUST SPEED    30   HIGHEST GUST DIRECTION     N (360)
  AVERAGE WIND SPEED    11.2


SKY COVER
  POSSIBLE SUNSHINE  MM
  AVERAGE SKY COVER 0.1


WEATHER CONDITIONS
 THE FOLLOWING WEATHER WAS RECORDED YESTERDAY.
  NO SIGNIFICANT WEATHER WAS OBSERVED.


RELATIVE HUMIDITY (PERCENT)
 HIGHEST    64          1200 AM
 LOWEST     21           300 PM
 AVERAGE    43

..........................................................


THE OMAK WA AIRPORT CLIMATE NORMALS FOR TODAY
                         NORMAL    RECORD    YEAR
 MAXIMUM TEMPERATURE (F)   46        58      2013
                                             1968
 MINIMUM TEMPERATURE (F)   26         9      1976


SUNRISE AND SUNSET
MARCH  1 2015.........SUNRISE   640 AM PST   SUNSET   542 PM PST
MARCH  2 2015.........SUNRISE   638 AM PST   SUNSET   543 PM PST


-  INDICATES NEGATIVE NUMBERS.
R  INDICATES RECORD WAS SET OR TIED.
MM INDICATES DATA IS MISSING.
T  INDICATES TRACE AMOUNT.




$$
