000
CDUS46 KOTX 300823
CLIOMK


CLIMATE REPORT
NATIONAL WEATHER SERVICE SPOKANE, WA
123 AM PDT TUE SEP 30 2014


...................................

...THE OMAK WA AIRPORT CLIMATE SUMMARY FOR SEPTEMBER 29 2014...

CLIMATE NORMAL PERIOD 1981 TO 2010
CLIMATE RECORD PERIOD 9999 TO 9999


WEATHER ITEM   OBSERVED TIME   RECORD YEAR NORMAL DEPARTURE LAST
                VALUE   (LST)  VALUE       VALUE  FROM      YEAR
                                                  NORMAL
..................................................................
TEMPERATURE (F)
 YESTERDAY
  MAXIMUM         76    307 PM  86    1932  72      4       60
  MINIMUM         42    612 AM  25    1945  42      0       48
  AVERAGE         59                        57      2       54

PRECIPITATION (IN)
  YESTERDAY        0.00          0.84 1944   0.03  -0.03     0.07
  MONTH TO DATE    0.77                      0.56   0.21     1.41
  SINCE OCT 1      8.18                     15.03  -6.85    15.82
  SINCE JAN 1      7.01                      9.58  -2.57     8.83

SNOWFALL (IN)
  YESTERDAY       MM            MM      MM  MM     MM       MM
  MONTH TO DATE   MM                        MM     MM       MM
  SINCE SEP 1     MM                        MM     MM       MM
  SINCE JUL 1     MM                        MM     MM       MM
  SNOW DEPTH      MM

DEGREE DAYS
 HEATING
  YESTERDAY        6                         8     -2       11
  MONTH TO DATE   75                       122    -47      123
  SINCE SEP 1     75                       122    -47      123
  SINCE JUL 1     80                       153    -73      123

 COOLING
  YESTERDAY        0                         0      0        0
  MONTH TO DATE   46                        57    -11      128
  SINCE SEP 1     46                        57    -11      128
  SINCE JAN 1    870                       663    207      814
..................................................................


WIND (MPH)
  HIGHEST WIND SPEED    12   HIGHEST WIND DIRECTION     S (190)
  HIGHEST GUST SPEED    29   HIGHEST GUST DIRECTION     S (200)
  AVERAGE WIND SPEED     3.8


SKY COVER
  POSSIBLE SUNSHINE  MM
  AVERAGE SKY COVER 0.1


WEATHER CONDITIONS
 THE FOLLOWING WEATHER WAS RECORDED YESTERDAY.
  NO SIGNIFICANT WEATHER WAS OBSERVED.


RELATIVE HUMIDITY (PERCENT)
 HIGHEST    89           400 AM
 LOWEST     33           300 PM
 AVERAGE    61

..........................................................


THE OMAK WA AIRPORT CLIMATE NORMALS FOR TODAY
                         NORMAL    RECORD    YEAR
 MAXIMUM TEMPERATURE (F)   71        85      1993
 MINIMUM TEMPERATURE (F)   42        28      1933


SUNRISE AND SUNSET
SEPTEMBER 30 2014.....SUNRISE   656 AM PDT   SUNSET   639 PM PDT
OCTOBER  1 2014.......SUNRISE   658 AM PDT   SUNSET   637 PM PDT


-  INDICATES NEGATIVE NUMBERS.
R  INDICATES RECORD WAS SET OR TIED.
MM INDICATES DATA IS MISSING.
T  INDICATES TRACE AMOUNT.




$$
