263
CDUS46 KOTX 250824
CLIOMK


CLIMATE REPORT
NATIONAL WEATHER SERVICE SPOKANE, WA
123 AM PDT SAT MAR 25 2017


...................................

...THE OMAK WA AIRPORT CLIMATE SUMMARY FOR MARCH 24 2017...

CLIMATE NORMAL PERIOD 1981 TO 2010
CLIMATE RECORD PERIOD 9999 TO 9999


WEATHER ITEM   OBSERVED TIME   RECORD YEAR NORMAL DEPARTURE LAST
                VALUE   (LST)  VALUE       VALUE  FROM      YEAR
                                                  NORMAL
..................................................................
TEMPERATURE (F)
 YESTERDAY
  MAXIMUM         44   1256 AM  71    1960  56    -12       57
  MINIMUM         37    142 PM  11    1965  33      4       36
  AVERAGE         41                        45     -4       47

PRECIPITATION (IN)
  YESTERDAY        0.51                      0.03   0.48      T
  MONTH TO DATE    1.64                      0.95   0.69     2.65
  SINCE OCT 1     11.78                      9.14   2.64    11.20
  SINCE JAN 1      5.30                      4.25   1.05     5.84

SNOWFALL (IN)
  YESTERDAY       MM

DEGREE DAYS
 HEATING
  YESTERDAY       24                        20      4       18
  MONTH TO DATE  633                       595     38      521
  SINCE MAR 1    633                       595     38      521
  SINCE JUL 1   5568                      5456    112     4927

 COOLING
  YESTERDAY        0                         0      0        0
  MONTH TO DATE    0                         0      0        0
  SINCE MAR 1      0                         0      0        0
  SINCE JAN 1      0                         0      0        0
..................................................................


WIND (MPH)
  HIGHEST WIND SPEED    13   HIGHEST WIND DIRECTION    SW (210)
  HIGHEST GUST SPEED    16   HIGHEST GUST DIRECTION    SW (210)
  AVERAGE WIND SPEED     3.1


SKY COVER
  POSSIBLE SUNSHINE  MM
  AVERAGE SKY COVER 1.0


WEATHER CONDITIONS
 THE FOLLOWING WEATHER WAS RECORDED YESTERDAY.
  RAIN
  LIGHT RAIN
  FOG


RELATIVE HUMIDITY (PERCENT)
 HIGHEST    92           600 AM
 LOWEST     65          1200 AM
 AVERAGE    79

..........................................................


THE OMAK WA AIRPORT CLIMATE NORMALS FOR TODAY
                         NORMAL    RECORD    YEAR
 MAXIMUM TEMPERATURE (F)   57        73      1960
 MINIMUM TEMPERATURE (F)   33        15      1996


SUNRISE AND SUNSET
MARCH 25 2017.........SUNRISE   650 AM PDT   SUNSET   719 PM PDT
MARCH 26 2017.........SUNRISE   648 AM PDT   SUNSET   720 PM PDT


-  INDICATES NEGATIVE NUMBERS.
R  INDICATES RECORD WAS SET OR TIED.
MM INDICATES DATA IS MISSING.
T  INDICATES TRACE AMOUNT.




$$
