000
CDUS46 KOTX 270828
CLIOMK


CLIMATE REPORT
NATIONAL WEATHER SERVICE SPOKANE, WA
1225 AM PST SAT DEC 27 2014


...................................

...THE OMAK WA AIRPORT CLIMATE SUMMARY FOR DECEMBER 26 2014...

CLIMATE NORMAL PERIOD 1981 TO 2010
CLIMATE RECORD PERIOD 9999 TO 9999


WEATHER ITEM   OBSERVED TIME   RECORD YEAR NORMAL DEPARTURE LAST
                VALUE   (LST)  VALUE       VALUE  FROM      YEAR
                                                  NORMAL
..................................................................
TEMPERATURE (F)
 YESTERDAY
  MAXIMUM         36    253 PM  50    1972  30      6       30
  MINIMUM         18    818 AM -20    1948  18      0       14
  AVERAGE         27                        24      3       22

PRECIPITATION (IN)
  YESTERDAY        0.00        0.51   1958  0.10  -0.10     0.00
  MONTH TO DATE    2.52                     2.10   0.42     0.11
  SINCE OCT 1      6.56                     5.01   1.55     1.17
  SINCE JAN 1     13.57                    14.61  -1.04    10.00

SNOWFALL (IN)
  YESTERDAY       MM

DEGREE DAYS
 HEATING
  YESTERDAY       38                        41     -3       43
  MONTH TO DATE  853                      1015   -162     1117
  SINCE DEC 1    853                      1015   -162     1117
  SINCE JUL 1   2250                      2548   -298     2714

 COOLING
  YESTERDAY        0                         0      0        0
  MONTH TO DATE    0                         0      0        0
  SINCE DEC 1      0                         0      0        0
  SINCE JAN 1    873                       665    208      814
..................................................................


WIND (MPH)
  HIGHEST WIND SPEED     6   HIGHEST WIND DIRECTION     W (280)
  HIGHEST GUST SPEED     7   HIGHEST GUST DIRECTION    SE (150)
  AVERAGE WIND SPEED     1.8


SKY COVER
  POSSIBLE SUNSHINE  MM
  AVERAGE SKY COVER 0.0


WEATHER CONDITIONS
 THE FOLLOWING WEATHER WAS RECORDED YESTERDAY.
  FOG
  HAZE


RELATIVE HUMIDITY (PERCENT)
 HIGHEST    92           700 AM
 LOWEST     64          1200 PM
 AVERAGE    78

..........................................................


THE OMAK WA AIRPORT CLIMATE NORMALS FOR TODAY
                         NORMAL    RECORD    YEAR
 MAXIMUM TEMPERATURE (F)   30        44      1936
 MINIMUM TEMPERATURE (F)   18       -21      1948


SUNRISE AND SUNSET
DECEMBER 27 2014......SUNRISE   749 AM PST   SUNSET   409 PM PST
DECEMBER 28 2014......SUNRISE   749 AM PST   SUNSET   410 PM PST


-  INDICATES NEGATIVE NUMBERS.
R  INDICATES RECORD WAS SET OR TIED.
MM INDICATES DATA IS MISSING.
T  INDICATES TRACE AMOUNT.

$$
