000
CDUS46 KOTX 200826
CLIOMK


CLIMATE REPORT
NATIONAL WEATHER SERVICE SPOKANE, WA
126 AM PDT SUN AUG 20 2017


...................................

...THE OMAK WA AIRPORT CLIMATE SUMMARY FOR AUGUST 19 2017...

CLIMATE NORMAL PERIOD 1981 TO 2010
CLIMATE RECORD PERIOD 9999 TO 9999


WEATHER ITEM   OBSERVED TIME   RECORD YEAR NORMAL DEPARTURE LAST
                VALUE   (LST)  VALUE       VALUE  FROM      YEAR
                                                  NORMAL
..................................................................
TEMPERATURE (F)
 YESTERDAY
  MAXIMUM         83    401 PM 100    1992  88     -5       90
  MINIMUM         54    501 AM  44    1946  57     -3       57
  AVERAGE         69                        72     -3       74

PRECIPITATION (IN)
  YESTERDAY        0.00                      0.01  -0.01     0.00
  MONTH TO DATE    T                         0.31  -0.31      T
  SINCE OCT 1     16.87                     13.99   2.88    14.83
  SINCE JAN 1     10.39                      9.10   1.29     9.47

SNOWFALL (IN)
  YESTERDAY       MM

DEGREE DAYS
 HEATING
  YESTERDAY        0                         0      0        0
  MONTH TO DATE    0                         0      0        3
  SINCE JUN 1     58                        84    -26       93
  SINCE JUL 1      0                        15    -15        8

 COOLING
  YESTERDAY        4                         8     -4        9
  MONTH TO DATE  237                       174     63      181
  SINCE JUN 1    663                       512    151      530
  SINCE JAN 1    694                       535    159      555
..................................................................


WIND (MPH)
  HIGHEST WIND SPEED    16   HIGHEST WIND DIRECTION     N (360)
  HIGHEST GUST SPEED    20   HIGHEST GUST DIRECTION     N (360)
  AVERAGE WIND SPEED     8.1


SKY COVER
  POSSIBLE SUNSHINE  MM
  AVERAGE SKY COVER 0.0


WEATHER CONDITIONS
 THE FOLLOWING WEATHER WAS RECORDED YESTERDAY.
  NO SIGNIFICANT WEATHER WAS OBSERVED.


RELATIVE HUMIDITY (PERCENT)
 HIGHEST    61           500 AM
 LOWEST     18           500 PM
 AVERAGE    40

..........................................................


THE OMAK WA AIRPORT CLIMATE NORMALS FOR TODAY
                         NORMAL    RECORD    YEAR
 MAXIMUM TEMPERATURE (F)   87       102      2009
 MINIMUM TEMPERATURE (F)   56        40      1973


SUNRISE AND SUNSET
AUGUST 20 2017........SUNRISE   559 AM PDT   SUNSET   803 PM PDT
AUGUST 21 2017........SUNRISE   601 AM PDT   SUNSET   801 PM PDT


-  INDICATES NEGATIVE NUMBERS.
R  INDICATES RECORD WAS SET OR TIED.
MM INDICATES DATA IS MISSING.
T  INDICATES TRACE AMOUNT.




$$
