000
CDUS46 KOTX 240818
CLIOMK


CLIMATE REPORT
NATIONAL WEATHER SERVICE SPOKANE, WA
116 AM PDT SUN MAY 24 2015


...................................

...THE OMAK WA AIRPORT CLIMATE SUMMARY FOR MAY 23 2015...

CLIMATE NORMAL PERIOD 1981 TO 2010
CLIMATE RECORD PERIOD 9999 TO 9999


WEATHER ITEM   OBSERVED TIME   RECORD YEAR NORMAL DEPARTURE LAST
                VALUE   (LST)  VALUE       VALUE  FROM      YEAR
                                                  NORMAL
..................................................................
TEMPERATURE (F)
 YESTERDAY
  MAXIMUM         87        MM  96    2001  74     13       80
  MINIMUM         52        MM  29    1964  47      5       53
  AVERAGE         70                        60     10       67

PRECIPITATION (IN)
  YESTERDAY        0.00          0.56 1948   0.05  -0.05      T
  MONTH TO DATE    0.74                      0.93  -0.19     0.38
  SINCE OCT 1     10.06                     11.59  -1.53     5.71
  SINCE JAN 1      3.49                      6.14  -2.65     4.54

SNOWFALL (IN)
  YESTERDAY       MM

DEGREE DAYS
 HEATING
  YESTERDAY        0                         6     -6        0
  MONTH TO DATE  126                       197    -71      142
  SINCE MAR 1   1129                      1375   -246     1355
  SINCE JUL 1   5315                      6236   -921     6345

 COOLING
  YESTERDAY        5                         1      4        2
  MONTH TO DATE   22                        13      9       12
  SINCE MAR 1     22                        14      8       12
  SINCE JAN 1     22                        14      8       12
..................................................................


WIND (MPH)
  HIGHEST WIND SPEED    15   HIGHEST WIND DIRECTION     N (340)
  HIGHEST GUST SPEED    17   HIGHEST GUST DIRECTION     N (20)
  AVERAGE WIND SPEED     7.6


SKY COVER
  POSSIBLE SUNSHINE  MM
  AVERAGE SKY COVER 0.0


WEATHER CONDITIONS
 THE FOLLOWING WEATHER WAS RECORDED YESTERDAY.
  NO SIGNIFICANT WEATHER WAS OBSERVED.


RELATIVE HUMIDITY (PERCENT)
 HIGHEST    71           300 AM
 LOWEST     19           300 PM
 AVERAGE    45

..........................................................


THE OMAK WA AIRPORT CLIMATE NORMALS FOR TODAY
                         NORMAL    RECORD    YEAR
 MAXIMUM TEMPERATURE (F)   74        94      1958
 MINIMUM TEMPERATURE (F)   47        31      2010


SUNRISE AND SUNSET
MAY 24 2015...........SUNRISE   508 AM PDT   SUNSET   843 PM PDT
MAY 25 2015...........SUNRISE   507 AM PDT   SUNSET   844 PM PDT


-  INDICATES NEGATIVE NUMBERS.
R  INDICATES RECORD WAS SET OR TIED.
MM INDICATES DATA IS MISSING.
T  INDICATES TRACE AMOUNT.




$$
