000
CDUS46 KOTX 230828
CLIOMK


CLIMATE REPORT
NATIONAL WEATHER SERVICE SPOKANE, WA
127 AM PDT MON OCT 23 2017


...................................

...THE OMAK WA AIRPORT CLIMATE SUMMARY FOR OCTOBER 22 2017...

CLIMATE NORMAL PERIOD 1981 TO 2010
CLIMATE RECORD PERIOD 9999 TO 9999


WEATHER ITEM   OBSERVED TIME   RECORD YEAR NORMAL DEPARTURE LAST
                VALUE   (LST)  VALUE       VALUE  FROM      YEAR
                                                  NORMAL
..................................................................
TEMPERATURE (F)
 YESTERDAY
  MAXIMUM         64    213 PM  73    1939  58      6       56
  MINIMUM         36    630 AM  19    1961  34      2       40
  AVERAGE         50                        46      4       48

PRECIPITATION (IN)
  YESTERDAY        T                         0.04  -0.04     0.00
  MONTH TO DATE    1.11                      0.67   0.44     3.01
  SINCE OCT 1      1.11                      0.67   0.44     3.01
  SINCE JAN 1     11.60                     10.53   1.07    12.48

SNOWFALL (IN)
  YESTERDAY       MM

DEGREE DAYS
 HEATING
  YESTERDAY       15                        19     -4       17
  MONTH TO DATE  377                       309     68      329
  SINCE SEP 1    506                       439     67      438
  SINCE JUL 1    506                       470     36      446

 COOLING
  YESTERDAY        0                         0      0        0
  MONTH TO DATE    0                         0      0        0
  SINCE SEP 1     93                        58     35       11
  SINCE JAN 1    885                       664    221      637
..................................................................


WIND (MPH)
  HIGHEST WIND SPEED    18   HIGHEST WIND DIRECTION    NW (330)
  HIGHEST GUST SPEED    24   HIGHEST GUST DIRECTION    NW (330)
  AVERAGE WIND SPEED     6.9


SKY COVER
  POSSIBLE SUNSHINE  MM
  AVERAGE SKY COVER 0.3


WEATHER CONDITIONS
 THE FOLLOWING WEATHER WAS RECORDED YESTERDAY.
  LIGHT RAIN
  FOG


RELATIVE HUMIDITY (PERCENT)
 HIGHEST   100          1200 AM
 LOWEST     27           300 PM
 AVERAGE    64

..........................................................


THE OMAK WA AIRPORT CLIMATE NORMALS FOR TODAY
                         NORMAL    RECORD    YEAR
 MAXIMUM TEMPERATURE (F)   57        74      1944
 MINIMUM TEMPERATURE (F)   34        13      1945


SUNRISE AND SUNSET
OCTOBER 23 2017.......SUNRISE   731 AM PDT   SUNSET   553 PM PDT
OCTOBER 24 2017.......SUNRISE   732 AM PDT   SUNSET   552 PM PDT


-  INDICATES NEGATIVE NUMBERS.
R  INDICATES RECORD WAS SET OR TIED.
MM INDICATES DATA IS MISSING.
T  INDICATES TRACE AMOUNT.




$$
