000
CDUS45 KBOI 260931
CLIONO


CLIMATE REPORT
NATIONAL WEATHER SERVICE BOISE ID
230 AM MST FRI DEC 26 2014


...................................

...THE ONTARIO OR CLIMATE SUMMARY FOR DECEMBER 25 2014...

CLIMATE NORMAL PERIOD 1981 TO 2010
CLIMATE RECORD PERIOD 1948 TO 2014


WEATHER ITEM   OBSERVED TIME   RECORD YEAR NORMAL DEPARTURE LAST
                VALUE   (LST)  VALUE       VALUE  FROM      YEAR
                                                  NORMAL
..................................................................
TEMPERATURE (F)
 YESTERDAY
  MAXIMUM         43    345 PM  51    1964  34      9       24
  MINIMUM         30    226 AM  -7    1985  19     11        4
  AVERAGE         37                        26     11       14

PRECIPITATION (IN)
  YESTERDAY        0.00          0.85 1980   0.06  -0.06     0.00
  MONTH TO DATE    2.38                      1.34   1.04     0.45
  SINCE OCT 1      4.30                      3.07   1.23     1.51
  SINCE JAN 1     10.26                      9.72   0.54     5.28

DEGREE DAYS
 HEATING
  YESTERDAY       28                        39    -11       51
  MONTH TO DATE  640                       922   -282     1119
  SINCE DEC 1    640                       922   -282     1119
  SINCE JUL 1   1921                      2350   -429     2514

 COOLING
  YESTERDAY        0                         0      0        0
  MONTH TO DATE    0                         0      0        0
  SINCE DEC 1      0                         0      0        0
  SINCE JAN 1   1088                       852    236     1299
..................................................................


WIND (MPH)
  HIGHEST WIND SPEED    33   HIGHEST WIND DIRECTION    NW (300)
  HIGHEST GUST SPEED    41   HIGHEST GUST DIRECTION    NW (310)
  AVERAGE WIND SPEED    14.6


SKY COVER
  AVERAGE SKY COVER 0.3


WEATHER CONDITIONS
 THE FOLLOWING WEATHER WAS RECORDED YESTERDAY.
  NO SIGNIFICANT WEATHER WAS OBSERVED.


RELATIVE HUMIDITY (PERCENT)
 HIGHEST    69           100 AM
 LOWEST     49           100 PM
 AVERAGE    59

..........................................................


THE ONTARIO OR CLIMATE NORMALS FOR TODAY
                         NORMAL    RECORD    YEAR
 MAXIMUM TEMPERATURE (F)   34        55      1955
 MINIMUM TEMPERATURE (F)   19        -8      1985


SUNRISE AND SUNSET
DECEMBER 26 2014......SUNRISE   822 AM MST   SUNSET   516 PM MST
DECEMBER 27 2014......SUNRISE   822 AM MST   SUNSET   517 PM MST


-  INDICATES NEGATIVE NUMBERS.
R  INDICATES RECORD WAS SET OR TIED.
MM INDICATES DATA IS MISSING.
T  INDICATES TRACE AMOUNT.




$$
