000
CDUS45 KBOI 020931
CLIONO


CLIMATE REPORT
NATIONAL WEATHER SERVICE BOISE ID
231 AM MST MON MAR 2 2015


...................................

...THE ONTARIO OR CLIMATE SUMMARY FOR MARCH 1 2015...

CLIMATE NORMAL PERIOD 1981 TO 2010
CLIMATE RECORD PERIOD 1948 TO 2015


WEATHER ITEM   OBSERVED TIME   RECORD YEAR NORMAL DEPARTURE LAST
                VALUE   (LST)  VALUE       VALUE  FROM      YEAR
                                                  NORMAL
..................................................................
TEMPERATURE (F)
 YESTERDAY
  MAXIMUM         49    516 PM  70    1994  50     -1       53
  MINIMUM         23    741 AM  11    1960  27     -4       40
  AVERAGE         36                        38     -2       47

PRECIPITATION (IN)
  YESTERDAY        0.00          0.25 1970   0.03  -0.03     0.09
  MONTH TO DATE    0.00                      0.03  -0.03     0.09
  SINCE OCT 1      5.73                      5.42   0.31     3.52
  SINCE JAN 1      1.27                      2.01  -0.74     2.01

DEGREE DAYS
 HEATING
  YESTERDAY       29                        27      2       18
  MONTH TO DATE   29                        27      2       18
  SINCE MAR 1     29                        27      2       18
  SINCE JUL 1   3823                      4657   -834     4774

 COOLING
  YESTERDAY        0                         0      0        0
  MONTH TO DATE    0                         0      0        0
  SINCE MAR 1      0                         0      0        0
  SINCE JAN 1      0                         0      0        0
..................................................................


WIND (MPH)
  HIGHEST WIND SPEED    20   HIGHEST WIND DIRECTION    NW (320)
  HIGHEST GUST SPEED    25   HIGHEST GUST DIRECTION    NW (320)
  AVERAGE WIND SPEED     5.0


SKY COVER
  AVERAGE SKY COVER 0.0


WEATHER CONDITIONS
 THE FOLLOWING WEATHER WAS RECORDED YESTERDAY.
  NO SIGNIFICANT WEATHER WAS OBSERVED.


RELATIVE HUMIDITY (PERCENT)
 HIGHEST    69          1000 PM
 LOWEST     37           600 PM
 AVERAGE    53

..........................................................


THE ONTARIO OR CLIMATE NORMALS FOR TODAY
                         NORMAL    RECORD    YEAR
 MAXIMUM TEMPERATURE (F)   51        70      1986
 MINIMUM TEMPERATURE (F)   27        10      2002


SUNRISE AND SUNSET
MARCH  2 2015.........SUNRISE   724 AM MST   SUNSET   638 PM MST
MARCH  3 2015.........SUNRISE   722 AM MST   SUNSET   639 PM MST


-  INDICATES NEGATIVE NUMBERS.
R  INDICATES RECORD WAS SET OR TIED.
MM INDICATES DATA IS MISSING.
T  INDICATES TRACE AMOUNT.




$$
