057
CDUS45 KBOI 230933
CLIONO


CLIMATE REPORT
NATIONAL WEATHER SERVICE BOISE ID
233 AM MST TUE JAN 23 2018


...................................

...THE ONTARIO OR CLIMATE SUMMARY FOR JANUARY 22 2018...

CLIMATE NORMAL PERIOD 1981 TO 2010
CLIMATE RECORD PERIOD 1948 TO 2018


WEATHER ITEM   OBSERVED TIME   RECORD YEAR NORMAL DEPARTURE LAST
                VALUE   (LST)  VALUE       VALUE  FROM      YEAR
                                                  NORMAL
..................................................................
TEMPERATURE (F)
 YESTERDAY
  MAXIMUM         48    317 PM  53    1948  36     12       37
  MINIMUM         29   1158 PM -25    1962  20      9       21
  AVERAGE         39                        28     11       29

PRECIPITATION (IN)
  YESTERDAY        T             0.47 1970   0.04  -0.04     0.04
  MONTH TO DATE    1.03                      0.92   0.11     3.29
  SINCE OCT 1      3.74                      4.33  -0.59     6.61
  SINCE JAN 1      1.03                      0.92   0.11     3.29

DEGREE DAYS
 HEATING
  YESTERDAY       26                        37    -11       36
  MONTH TO DATE  663                       835   -172     1062
  SINCE DEC 1   1787                      1988   -201     2469
  SINCE JUL 1   3132                      3416   -284     3560

 COOLING
  YESTERDAY        0                         0      0        0
  MONTH TO DATE    0                         0      0        0
  SINCE DEC 1      0                         0      0        0
  SINCE JAN 1      0                         0      0        0
..................................................................


WIND (MPH)
  HIGHEST WIND SPEED    15   HIGHEST WIND DIRECTION     S (160)
  HIGHEST GUST SPEED    18   HIGHEST GUST DIRECTION     S (160)
  AVERAGE WIND SPEED     4.6


SKY COVER
  AVERAGE SKY COVER 0.5


WEATHER CONDITIONS
 THE FOLLOWING WEATHER WAS RECORDED YESTERDAY.
  FOG


RELATIVE HUMIDITY (PERCENT)
 HIGHEST    96           800 PM
 LOWEST     61           300 PM
 AVERAGE    79

..........................................................


THE ONTARIO OR CLIMATE NORMALS FOR TODAY
                         NORMAL    RECORD    YEAR
 MAXIMUM TEMPERATURE (F)   36        56      1948
 MINIMUM TEMPERATURE (F)   20       -24      1962


SUNRISE AND SUNSET
JANUARY 23 2018.......SUNRISE   814 AM MST   SUNSET   546 PM MST
JANUARY 24 2018.......SUNRISE   813 AM MST   SUNSET   548 PM MST


-  INDICATES NEGATIVE NUMBERS.
R  INDICATES RECORD WAS SET OR TIED.
MM INDICATES DATA IS MISSING.
T  INDICATES TRACE AMOUNT.




$$
