000
CDUS45 KBOI 130932
CLIONO


CLIMATE REPORT
NATIONAL WEATHER SERVICE BOISE ID
231 AM MST SAT FEB 13 2016


...................................

...THE ONTARIO OR CLIMATE SUMMARY FOR FEBRUARY 12 2016...

CLIMATE NORMAL PERIOD 1981 TO 2010
CLIMATE RECORD PERIOD 1948 TO 2016


WEATHER ITEM   OBSERVED TIME   RECORD YEAR NORMAL DEPARTURE LAST
                VALUE   (LST)  VALUE       VALUE  FROM      YEAR
                                                  NORMAL
..................................................................
TEMPERATURE (F)
 YESTERDAY
  MAXIMUM         45    525 PM  59    1954  42      3       56
  MINIMUM         27    635 AM   2    1989  23      4       32
  AVERAGE         36                        32      4       44

PRECIPITATION (IN)
  YESTERDAY        0.00          0.57 1958   0.02  -0.02     0.00
  MONTH TO DATE    0.09                      0.33  -0.24     0.69
  SINCE OCT 1      5.59                      4.92   0.67     5.71
  SINCE JAN 1      0.84                      1.51  -0.67     1.25

DEGREE DAYS
 HEATING
  YESTERDAY       29                        33     -4       21
  MONTH TO DATE  377                       410    -33      236
  SINCE DEC 1   2502                      2725   -223     2150
  SINCE JUL 1   3627                      4153   -526     3431

 COOLING
  YESTERDAY        0                         0      0        0
  MONTH TO DATE    0                         0      0        0
  SINCE DEC 1      0                         0      0        0
  SINCE JAN 1      0                         0      0        0
..................................................................


WIND (MPH)
  HIGHEST WIND SPEED     8   HIGHEST WIND DIRECTION    NW (300)
  HIGHEST GUST SPEED    14   HIGHEST GUST DIRECTION    SW (230)
  AVERAGE WIND SPEED     1.7


SKY COVER
  AVERAGE SKY COVER 0.5


WEATHER CONDITIONS
 THE FOLLOWING WEATHER WAS RECORDED YESTERDAY.
  FOG
  FOG W/VISIBILITY <= 1/4 MILE
  HAZE


RELATIVE HUMIDITY (PERCENT)
 HIGHEST    92           100 AM
 LOWEST     65           300 PM
 AVERAGE    79

..........................................................


THE ONTARIO OR CLIMATE NORMALS FOR TODAY
                         NORMAL    RECORD    YEAR
 MAXIMUM TEMPERATURE (F)   42        56      2011
                                             1967
 MINIMUM TEMPERATURE (F)   23         2      1989


SUNRISE AND SUNSET
FEBRUARY 13 2016......SUNRISE   751 AM MST   SUNSET   614 PM MST
FEBRUARY 14 2016......SUNRISE   749 AM MST   SUNSET   616 PM MST


-  INDICATES NEGATIVE NUMBERS.
R  INDICATES RECORD WAS SET OR TIED.
MM INDICATES DATA IS MISSING.
T  INDICATES TRACE AMOUNT.




$$
