000
CDUS46 KSGX 201419
CLIONT


CLIMATE REPORT
NATIONAL WEATHER SERVICE SAN DIEGO, CA
718 AM PDT MON OCT 20 2014


...................................

...THE ONTARIO INTL AIRPORT CA CLIMATE SUMMARY FOR OCTOBER 19 2014...

CLIMATE NORMAL PERIOD 1981 TO 2010
CLIMATE RECORD PERIOD 1998 TO 2014


WEATHER ITEM   OBSERVED TIME   RECORD YEAR NORMAL DEPARTURE LAST
                VALUE   (LST)  VALUE       VALUE  FROM      YEAR
                                                  NORMAL
..................................................................
TEMPERATURE (F)
 YESTERDAY
  MAXIMUM         81    243 PM  98    2003  80      1       90
  MINIMUM         57    559 AM  51    1999  54      3       54
  AVERAGE         69                        67      2       72

PRECIPITATION (IN)
  YESTERDAY        0.00          0.07 2004   0.03  -0.03     0.00
  MONTH TO DATE    0.00                      0.29  -0.29     0.09
  SINCE JUL 1      0.25                      0.78  -0.53     0.13
  SINCE JAN 1      3.74                     11.16  -7.42     2.92

SNOWFALL (IN)
  YESTERDAY        0.0
  MONTH TO DATE    0.0
  SINCE JAN 1      0.0
  SINCE JUL 1      0.0
  SNOW DEPTH       0

DEGREE DAYS
 HEATING
  YESTERDAY        0                         2     -2        0
  MONTH TO DATE    0                        15    -15       19
  SINCE SEP 1      0                        18    -18       19
  SINCE JUL 1      0                        18    -18       19

 COOLING
  YESTERDAY        4                         4      0        7
  MONTH TO DATE  184                        98     86       86
  SINCE SEP 1    658                       426    232      482
  SINCE JAN 1   2277                      1649    628     1955
..................................................................


WIND (MPH)
  RESULTANT WIND SPEED   4   RESULTANT WIND DIRECTION   W (250)
  HIGHEST WIND SPEED    14   HIGHEST WIND DIRECTION     W (270)
  HIGHEST GUST SPEED    20   HIGHEST GUST DIRECTION     W (260)
  AVERAGE WIND SPEED     4.4


SKY COVER
  POSSIBLE SUNSHINE  MM
  AVERAGE SKY COVER 0.1


WEATHER CONDITIONS
 THE FOLLOWING WEATHER WAS RECORDED YESTERDAY.
  NO SIGNIFICANT WEATHER WAS OBSERVED.


RELATIVE HUMIDITY (PERCENT)
 HIGHEST    84           200 AM
 LOWEST     39           100 PM
 AVERAGE    62

..........................................................


THE ONTARIO INTL AIRPORT CA CLIMATE NORMALS FOR TODAY
                         NORMAL    RECORD    YEAR
 MAXIMUM TEMPERATURE (F)   80       101      2003
 MINIMUM TEMPERATURE (F)   54        49      2002


SUNRISE AND SUNSET
OCTOBER 20 2014.......SUNRISE   700 AM PDT   SUNSET   610 PM PDT
OCTOBER 21 2014.......SUNRISE   701 AM PDT   SUNSET   609 PM PDT


-  INDICATES NEGATIVE NUMBERS.
R  INDICATES RECORD WAS SET OR TIED.
MM INDICATES DATA IS MISSING.
T  INDICATES TRACE AMOUNT.




$$
