000
CDUS46 KSGX 051417
CLIONT


CLIMATE REPORT
NATIONAL WEATHER SERVICE SAN DIEGO, CA
617 AM PST THU MAR 5 2015


...................................

...THE ONTARIO INTL AIRPORT CA CLIMATE SUMMARY FOR MARCH 4 2015...

CLIMATE NORMAL PERIOD 1981 TO 2010
CLIMATE RECORD PERIOD 1998 TO 2015


WEATHER ITEM   OBSERVED TIME   RECORD YEAR NORMAL DEPARTURE LAST
                VALUE   (LST)  VALUE       VALUE  FROM      YEAR
                                                  NORMAL
..................................................................
TEMPERATURE (F)
 YESTERDAY
  MAXIMUM         72    342 PM  87    2012  68      4       67
  MINIMUM         44    534 AM  36    2002  47     -3       50
  AVERAGE         58                        57      1       59

PRECIPITATION (IN)
  YESTERDAY        0.00          0.43 2005   0.14  -0.14     0.00
  MONTH TO DATE    0.19                      0.58  -0.39     0.50
  SINCE OCT 1      8.43                     11.45  -3.02     3.55
  SINCE JAN 1      2.79                      7.28  -4.49     2.67

SNOWFALL (IN)
  YESTERDAY        0.0
  MONTH TO DATE    0.0
  SINCE JAN 1      0.0
  SINCE JUL 1      0.0
  SNOW DEPTH       0

DEGREE DAYS
 HEATING
  YESTERDAY        7                         8     -1        6
  MONTH TO DATE   43                        32     11       30
  SINCE MAR 1     43                        32     11       30
  SINCE JUL 1    643                      1189   -546      716

 COOLING
  YESTERDAY        0                         0      0        0
  MONTH TO DATE    0                         0      0        0
  SINCE MAR 1      0                         0      0        0
  SINCE JAN 1     30                         6     24       30
..................................................................


WIND (MPH)
  RESULTANT WIND SPEED   0   RESULTANT WIND DIRECTION   N (350)
  HIGHEST WIND SPEED    18   HIGHEST WIND DIRECTION     E (70)
  HIGHEST GUST SPEED    26   HIGHEST GUST DIRECTION     E (70)
  AVERAGE WIND SPEED     3.7


SKY COVER
  POSSIBLE SUNSHINE  MM
  AVERAGE SKY COVER 0.3


WEATHER CONDITIONS
 THE FOLLOWING WEATHER WAS RECORDED YESTERDAY.
  NO SIGNIFICANT WEATHER WAS OBSERVED.


RELATIVE HUMIDITY (PERCENT)
 HIGHEST    83           500 AM
 LOWEST     20           400 PM
 AVERAGE    52

..........................................................


THE ONTARIO INTL AIRPORT CA CLIMATE NORMALS FOR TODAY
                         NORMAL    RECORD    YEAR
 MAXIMUM TEMPERATURE (F)   68        83      2012
                                             2007
 MINIMUM TEMPERATURE (F)   47        36      2000


SUNRISE AND SUNSET
MARCH  5 2015.........SUNRISE   614 AM PST   SUNSET   550 PM PST
MARCH  6 2015.........SUNRISE   613 AM PST   SUNSET   551 PM PST


-  INDICATES NEGATIVE NUMBERS.
R  INDICATES RECORD WAS SET OR TIED.
MM INDICATES DATA IS MISSING.
T  INDICATES TRACE AMOUNT.




$$
