000
CDUS46 KSGX 241250
CLIONT


CLIMATE REPORT
NATIONAL WEATHER SERVICE SAN DIEGO, CA
450 AM PST FRI NOV 24 2017


...................................

...THE ONTARIO INTL AIRPORT CA CLIMATE SUMMARY FOR NOVEMBER 23 2017...

CLIMATE NORMAL PERIOD 1981 TO 2010
CLIMATE RECORD PERIOD 1998 TO 2017


WEATHER ITEM   OBSERVED TIME   RECORD YEAR NORMAL DEPARTURE LAST
                VALUE   (LST)  VALUE       VALUE  FROM      YEAR
                                                  NORMAL
..................................................................
TEMPERATURE (F)
 YESTERDAY
  MAXIMUM         92R   321 PM  84    2012  70     22       71
  MINIMUM         56    320 AM  37    2003  45     11       46
  AVERAGE         74                        58     16       59

PRECIPITATION (IN)
  YESTERDAY        0.00          0.01 2010   0.03  -0.03     0.00
  MONTH TO DATE    T                         1.00  -1.00     0.58
  SINCE OCT 1      T                         1.64  -1.64     1.20
  SINCE JAN 1     10.85                     12.51  -1.66     6.79

DEGREE DAYS
 HEATING
  YESTERDAY        0                         8     -8        6
  MONTH TO DATE   28                       115    -87       46
  SINCE SEP 1     30                       160   -130       53
  SINCE JUL 1     30                       160   -130       53

 COOLING
  YESTERDAY        9                         0      9        0
  MONTH TO DATE   37                        21     16       82
  SINCE SEP 1    629                       481    148      571
  SINCE JAN 1   2268                      1704    564     2102
..................................................................


WIND (MPH)
  RESULTANT WIND SPEED   1   RESULTANT WIND DIRECTION   N (350)
  HIGHEST WIND SPEED     9   HIGHEST WIND DIRECTION     W (280)
  HIGHEST GUST SPEED    13   HIGHEST GUST DIRECTION     W (280)
  AVERAGE WIND SPEED     3.0


SKY COVER
  POSSIBLE SUNSHINE  MM
  AVERAGE SKY COVER 0.3


WEATHER CONDITIONS
 THE FOLLOWING WEATHER WAS RECORDED YESTERDAY.
  NO SIGNIFICANT WEATHER WAS OBSERVED.


RELATIVE HUMIDITY (PERCENT)
 HIGHEST    49           300 AM
 LOWEST     12           200 PM
 AVERAGE    31

..........................................................


THE ONTARIO INTL AIRPORT CA CLIMATE NORMALS FOR TODAY
                         NORMAL    RECORD    YEAR
 MAXIMUM TEMPERATURE (F)   70        88      2012
 MINIMUM TEMPERATURE (F)   45        38      2003


SUNRISE AND SUNSET
NOVEMBER 24 2017......SUNRISE   632 AM PST   SUNSET   443 PM PST
NOVEMBER 25 2017......SUNRISE   633 AM PST   SUNSET   442 PM PST


-  INDICATES NEGATIVE NUMBERS.
R  INDICATES RECORD WAS SET OR TIED.
MM INDICATES DATA IS MISSING.
T  INDICATES TRACE AMOUNT.




$$
