000
CDUS46 KSGX 231421
CLIONT


CLIMATE REPORT
NATIONAL WEATHER SERVICE SAN DIEGO, CA
720 AM PDT SAT MAY 23 2015


...................................

...THE ONTARIO INTL AIRPORT CA CLIMATE SUMMARY FOR MAY 22 2015...

CLIMATE NORMAL PERIOD 1981 TO 2010
CLIMATE RECORD PERIOD 1998 TO 2015


WEATHER ITEM   OBSERVED TIME   RECORD YEAR NORMAL DEPARTURE LAST
                VALUE   (LST)  VALUE       VALUE  FROM      YEAR
                                                  NORMAL
..................................................................
TEMPERATURE (F)
 YESTERDAY
  MAXIMUM         63   1215 PM  96    2005  80    -17       71
  MINIMUM         54    229 AM  48    2002  56     -2       55
  AVERAGE         59                        68     -9       63

PRECIPITATION (IN)
  YESTERDAY        T             0.43 2006   0.00   0.00     0.00
  MONTH TO DATE    0.93                      0.26   0.67      T
  SINCE OCT 1      9.86                     14.39  -4.53     4.30
  SINCE JAN 1      4.22                     10.22  -6.00     3.42

SNOWFALL (IN)
  YESTERDAY        0.0
  MONTH TO DATE    0.0
  SINCE MAR 1      0.0
  SINCE JUL 1      0.0
  SNOW DEPTH       0

DEGREE DAYS
 HEATING
  YESTERDAY        6                         1      5        2
  MONTH TO DATE   62                        30     32       14
  SINCE MAR 1    175                       366   -191      150
  SINCE JUL 1    775                      1523   -748      836

 COOLING
  YESTERDAY        0                         4     -4        0
  MONTH TO DATE   35                        70    -35      149
  SINCE MAR 1    231                       123    108      289
  SINCE JAN 1    261                       129    132      319
..................................................................


WIND (MPH)
  RESULTANT WIND SPEED   6   RESULTANT WIND DIRECTION   W (250)
  HIGHEST WIND SPEED    13   HIGHEST WIND DIRECTION    SW (230)
  HIGHEST GUST SPEED    17   HIGHEST GUST DIRECTION     W (250)
  AVERAGE WIND SPEED     6.7


SKY COVER
  POSSIBLE SUNSHINE  MM
  AVERAGE SKY COVER 1.0


WEATHER CONDITIONS
 THE FOLLOWING WEATHER WAS RECORDED YESTERDAY.
  LIGHT RAIN
  FOG


RELATIVE HUMIDITY (PERCENT)
 HIGHEST    86           800 PM
 LOWEST     52          1100 AM
 AVERAGE    69

..........................................................


THE ONTARIO INTL AIRPORT CA CLIMATE NORMALS FOR TODAY
                         NORMAL    RECORD    YEAR
 MAXIMUM TEMPERATURE (F)   80        97      2001
 MINIMUM TEMPERATURE (F)   56        50      2010


SUNRISE AND SUNSET
MAY 23 2015...........SUNRISE   544 AM PDT   SUNSET   751 PM PDT
MAY 24 2015...........SUNRISE   543 AM PDT   SUNSET   751 PM PDT


-  INDICATES NEGATIVE NUMBERS.
R  INDICATES RECORD WAS SET OR TIED.
MM INDICATES DATA IS MISSING.
T  INDICATES TRACE AMOUNT.




$$
