000
CDUS43 KLOT 312235
CLIORD


CLIMATE REPORT
NATIONAL WEATHER SERVICE CHICAGO IL
433 PM CST SAT JAN 31 2015


...................................

...THE CHICAGO-OHARE IL CLIMATE SUMMARY FOR JANUARY 31 2015...
VALID TODAY AS OF 0400 PM LOCAL TIME.

CLIMATE NORMAL PERIOD 1981 TO 2010
CLIMATE RECORD PERIOD 1871 TO 2015


WEATHER ITEM   OBSERVED TIME   RECORD YEAR NORMAL DEPARTURE LAST
                VALUE   (LST)  VALUE       VALUE  FROM      YEAR
                                                  NORMAL
..................................................................
TEMPERATURE (F)
 TODAY
  MAXIMUM         36    358 PM  65    1989  32      4       28
  MINIMUM         19   1211 AM -12    1985  17      2       17
                                      1899
  AVERAGE         28                        24      4       23

PRECIPITATION (IN)
  TODAY            0.00          1.52 1914   0.05  -0.05     0.01
  MONTH TO DATE    1.29                      1.73  -0.44     2.82
  SINCE DEC 1      2.08                      3.98  -1.90     4.76
  SINCE JAN 1      1.29                      1.73  -0.44     2.82

SNOWFALL (IN)
  TODAY            0.0           9.5  1914   0.4   -0.4      0.2
  MONTH TO DATE   12.6                      10.8    1.8     33.7
  SINCE DEC 1     12.6                      19.3   -6.7     47.9
  SINCE JUL 1     15.5                      20.7   -5.2     48.8

DEGREE DAYS
 HEATING
  TODAY           37                        41     -4       42
  MONTH TO DATE 1317                      1279     38     1521
  SINCE DEC 1   2332                      2434   -102     2804
  SINCE JUL 1   3775                      3690     85     4087

 COOLING
  TODAY            0                         0      0        0
  MONTH TO DATE    0                         0      0        0
  SINCE DEC 1      0                         0      0        0
  SINCE JAN 1      0                         0      0        0
..................................................................


WIND (MPH)
  HIGHEST WIND SPEED    16   HIGHEST WIND DIRECTION     W (250)
  HIGHEST GUST SPEED    19   HIGHEST GUST DIRECTION     W (250)
  AVERAGE WIND SPEED     8.1


SKY COVER
  POSSIBLE SUNSHINE  MM
  AVERAGE SKY COVER 0.8


WEATHER CONDITIONS
 THE FOLLOWING WEATHER WAS RECORDED TODAY.
  NO SIGNIFICANT WEATHER WAS OBSERVED.


RELATIVE HUMIDITY (PERCENT)
 HIGHEST    81           800 AM
 LOWEST     59          1200 PM
 AVERAGE    70

..........................................................


THE CHICAGO-OHARE IL CLIMATE NORMALS FOR TOMORROW
                         NORMAL    RECORD    YEAR
 MAXIMUM TEMPERATURE (F)   32        56      1968
 MINIMUM TEMPERATURE (F)   17       -14      1985


SUNRISE AND SUNSET
JANUARY 31 2015.......SUNRISE   705 AM CST   SUNSET   505 PM CST
FEBRUARY  1 2015......SUNRISE   704 AM CST   SUNSET   506 PM CST


-  INDICATES NEGATIVE NUMBERS.
R  INDICATES RECORD WAS SET OR TIED.
MM INDICATES DATA IS MISSING.
T  INDICATES TRACE AMOUNT.




$$
