000
CDUS41 KAKQ 312131
CLIORF


CLIMATE REPORT
NATIONAL WEATHER SERVICE WAKEFIELD, VA
531 PM EDT MON AUG 31 2015


...................................

...THE NORFOLK VA CLIMATE SUMMARY FOR AUGUST 31 2015...
VALID TODAY AS OF 0500 PM LOCAL TIME.

CLIMATE NORMAL PERIOD 1981 TO 2010
CLIMATE RECORD PERIOD 1871 TO 2015


WEATHER ITEM   OBSERVED TIME   RECORD YEAR NORMAL DEPARTURE LAST
                VALUE   (LST)  VALUE       VALUE  FROM      YEAR
                                                  NORMAL
..................................................................
TEMPERATURE (F)
 TODAY
  MAXIMUM         80    855 AM 100    1932  83     -3       93
  MINIMUM         73   1210 PM  56    1976  69      4       74
                                      1965
  AVERAGE         77

PRECIPITATION (IN)
  TODAY            0.11          7.41 1964   0.15  -0.04     0.00
  MONTH TO DATE    1.85                      5.52  -3.67     3.01
  SINCE JUN 1     18.12                     14.92   3.20    12.79
  SINCE JAN 1     33.12                     31.94   1.18    32.41

SNOWFALL (IN)
  TODAY            0.0
  MONTH TO DATE    0.0
  SINCE NOV 1     12.7
  SINCE JUL 1      0.0
  SNOW DEPTH       0

DEGREE DAYS
 HEATING
  TODAY            0                         0      0        0
  MONTH TO DATE    0                         0      0        0
  SINCE JUN 1      0                         6     -6        3
  SINCE JUL 1      0                         0      0        0

 COOLING
  TODAY           12                        11      1       19
  MONTH TO DATE  419                       400     19      381
  SINCE JUN 1   1323                      1169    154     1171
  SINCE JAN 1   1559                      1335    224     1373
..................................................................


WIND (MPH)
  RESULTANT WIND SPEED   5   RESULTANT WIND DIRECTION   S (200)
  HIGHEST WIND SPEED    12   HIGHEST WIND DIRECTION     S (200)
  HIGHEST GUST SPEED    14   HIGHEST GUST DIRECTION     S (200)


SKY COVER
  POSSIBLE SUNSHINE  MM
  AVERAGE SKY COVER 0.9


WEATHER CONDITIONS
 THE FOLLOWING WEATHER WAS RECORDED TODAY.
  RAIN
  LIGHT RAIN
  FOG


RELATIVE HUMIDITY (PERCENT)
 HIGHEST    87
 LOWEST     58
 AVERAGE    73

..........................................................


THE NORFOLK VA CLIMATE NORMALS FOR TOMORROW
                         NORMAL    RECORD    YEAR
 MAXIMUM TEMPERATURE (F)   83        97      1993
                                             1980
 MINIMUM TEMPERATURE (F)   69        53      1946


SUNRISE AND SUNSET
AUGUST 31 2015........SUNRISE   635 AM EDT   SUNSET   735 PM EDT
SEPTEMBER  1 2015.....SUNRISE   635 AM EDT   SUNSET   734 PM EDT


-  INDICATES NEGATIVE NUMBERS.
R  INDICATES RECORD WAS SET OR TIED.
MM INDICATES DATA IS MISSING.
T  INDICATES TRACE AMOUNT.




$$
