000
CDUS41 KAKQ 290527
CLIORF


CLIMATE REPORT
NATIONAL WEATHER SERVICE WAKEFIELD, VA
126 AM EDT SUN MAY 29 2016


...................................

...THE NORFOLK VA CLIMATE SUMMARY FOR MAY 28 2016...

CLIMATE NORMAL PERIOD 1981 TO 2010
CLIMATE RECORD PERIOD 1871 TO 2016


WEATHER ITEM   OBSERVED TIME   RECORD YEAR NORMAL DEPARTURE LAST
                VALUE   (LST)  VALUE       VALUE  FROM      YEAR
                                                  NORMAL
..................................................................
TEMPERATURE (F)
 YESTERDAY
  MAXIMUM         83    235 PM  98    1941  79      4       87
  MINIMUM         63    430 AM  39    1961  62      1       70
  AVERAGE         73                        70      3       79

PRECIPITATION (IN)
  YESTERDAY        0.00          3.33 1906   0.12  -0.12     0.26
  MONTH TO DATE    4.32                      3.04   1.28     1.51
  SINCE MAR 1     10.56                     10.13   0.43     8.82
  SINCE JAN 1     21.43                     16.65   4.78    15.00

SNOWFALL (IN)
  YESTERDAY        0.0           0.0  2002   0.0    0.0
                                      2001
  MONTH TO DATE    0.0                       0.0    0.0
  SINCE NOV 1      5.0                       5.8   -0.8
  SINCE JUL 1      5.0                       5.8   -0.8
  SNOW DEPTH       0

DEGREE DAYS
 HEATING
  YESTERDAY        0                         1     -1        0
  MONTH TO DATE   70                        68      2       30
  SINCE MAR 1    606                       799   -193      763
  SINCE JUL 1   2522                      3368   -846     3599

 COOLING
  YESTERDAY        8                         6      2       14
  MONTH TO DATE   81                       103    -22      173
  SINCE MAR 1    129                       146    -17      198
  SINCE JAN 1    129                       147    -18      198
..................................................................


WIND (MPH)
  HIGHEST WIND SPEED    15   HIGHEST WIND DIRECTION     E (100)
  HIGHEST GUST SPEED    20   HIGHEST GUST DIRECTION     E (110)
  AVERAGE WIND SPEED     6.7


SKY COVER
  POSSIBLE SUNSHINE  MM
  AVERAGE SKY COVER 0.0


WEATHER CONDITIONS
 THE FOLLOWING WEATHER WAS RECORDED YESTERDAY.
  NO SIGNIFICANT WEATHER WAS OBSERVED.


RELATIVE HUMIDITY (PERCENT)
 HIGHEST    93           600 AM
 LOWEST     42           600 PM
 AVERAGE    68

..........................................................


THE NORFOLK VA CLIMATE NORMALS FOR TODAY
                         NORMAL    RECORD    YEAR
 MAXIMUM TEMPERATURE (F)   79        97      1941
 MINIMUM TEMPERATURE (F)   62        46      2008


SUNRISE AND SUNSET
MAY 29 2016...........SUNRISE   548 AM EDT   SUNSET   817 PM EDT
MAY 30 2016...........SUNRISE   548 AM EDT   SUNSET   818 PM EDT


-  INDICATES NEGATIVE NUMBERS.
R  INDICATES RECORD WAS SET OR TIED.
MM INDICATES DATA IS MISSING.
T  INDICATES TRACE AMOUNT.




$$
