000
CDUS41 KAKQ 220545
CLIORF


CLIMATE REPORT
NATIONAL WEATHER SERVICE WAKEFIELD, VA
145 AM EDT SUN OCT 22 2017


...................................

...THE NORFOLK VA CLIMATE SUMMARY FOR OCTOBER 21 2017...

CLIMATE NORMAL PERIOD 1981 TO 2010
CLIMATE RECORD PERIOD 1871 TO 2017


WEATHER ITEM   OBSERVED TIME   RECORD YEAR NORMAL DEPARTURE LAST
                VALUE   (LST)  VALUE       VALUE  FROM      YEAR
                                                  NORMAL
..................................................................
TEMPERATURE (F)
 YESTERDAY
  MAXIMUM         75    304 PM  85    1993  69      6       82
                                      1984
  MINIMUM         55    647 AM  37    1974  52      3       60
                                      1952
  AVERAGE         65                        60      5       71

PRECIPITATION (IN)
  YESTERDAY        0.00          2.81 1958   0.11  -0.11     0.08
  MONTH TO DATE    2.89                      2.33   0.56     9.42
  SINCE SEP 1      4.88                      7.09  -2.21    22.96
  SINCE JAN 1     43.42                     39.03   4.39    65.33

SNOWFALL (IN)
  YESTERDAY        0.0           0.0  2002   0.0    0.0
                                      2001
  MONTH TO DATE    0.0                       0.0    0.0
  SINCE NOV 1      5.4                       5.8   -0.4
  SINCE JUL 1      0.0                       0.0    0.0
  SNOW DEPTH       0

DEGREE DAYS
 HEATING
  YESTERDAY        0                         6     -6        0
  MONTH TO DATE   23                        75    -52       26
  SINCE SEP 1     23                        86    -63       26
  SINCE JUL 1     23                        86    -63       26

 COOLING
  YESTERDAY        0                         1     -1        6
  MONTH TO DATE  122                        46     76       99
  SINCE SEP 1    389                       276    113      430
  SINCE JAN 1   2081                      1611    470     1982
..................................................................


WIND (MPH)
  HIGHEST WIND SPEED     9   HIGHEST WIND DIRECTION    NE (60)
  HIGHEST GUST SPEED    12   HIGHEST GUST DIRECTION     E (70)
  AVERAGE WIND SPEED     3.0


SKY COVER
  POSSIBLE SUNSHINE  MM
  AVERAGE SKY COVER 0.0


WEATHER CONDITIONS
 THE FOLLOWING WEATHER WAS RECORDED YESTERDAY.
  FOG


RELATIVE HUMIDITY (PERCENT)
 HIGHEST   100           100 AM
 LOWEST     38           300 PM
 AVERAGE    69

..........................................................


THE NORFOLK VA CLIMATE NORMALS FOR TODAY
                         NORMAL    RECORD    YEAR
 MAXIMUM TEMPERATURE (F)   68        84      1984
 MINIMUM TEMPERATURE (F)   52        34      1974
                                             1952


SUNRISE AND SUNSET
OCTOBER 22 2017.......SUNRISE   719 AM EDT   SUNSET   619 PM EDT
OCTOBER 23 2017.......SUNRISE   720 AM EDT   SUNSET   618 PM EDT


-  INDICATES NEGATIVE NUMBERS.
R  INDICATES RECORD WAS SET OR TIED.
MM INDICATES DATA IS MISSING.
T  INDICATES TRACE AMOUNT.




$$
