000
CDUS41 KAKQ 050631
CLIORF


CLIMATE REPORT
NATIONAL WEATHER SERVICE WAKEFIELD, VA
130 AM EST THU MAR 5 2015


...................................

...THE NORFOLK VA CLIMATE SUMMARY FOR MARCH 4 2015...

CLIMATE NORMAL PERIOD 1981 TO 2010
CLIMATE RECORD PERIOD 1871 TO 2015


WEATHER ITEM   OBSERVED TIME   RECORD YEAR NORMAL DEPARTURE LAST
                VALUE   (LST)  VALUE       VALUE  FROM      YEAR
                                                  NORMAL
..................................................................
TEMPERATURE (F)
 YESTERDAY
  MAXIMUM         70    525 PM  83    2004  55     15       32
  MINIMUM         43    723 PM  16    1943  37      6       24
  AVERAGE         57                        46     11       28

PRECIPITATION (IN)
  YESTERDAY        0.19          1.66 1993   0.12   0.07      T
  MONTH TO DATE    0.36                      0.47  -0.11     0.41
  SINCE MAR 1      0.36                      0.47  -0.11     0.41
  SINCE JAN 1      6.54                      6.99  -0.45     6.70

SNOWFALL (IN)
  YESTERDAY       MM             3.0  1912   0.0   MM
  MONTH TO DATE    0.0                       0.1   -0.1
  SINCE NOV 1     12.5                       5.7    6.8
  SINCE JUL 1     12.5                       5.7    6.8
  SNOW DEPTH       0

DEGREE DAYS
 HEATING
  YESTERDAY        8                        19    -11       37
  MONTH TO DATE   97                        78     19      109
  SINCE MAR 1     97                        78     19      109
  SINCE JUL 1   2933                      2647    286     2720

 COOLING
  YESTERDAY        0                         0      0        0
  MONTH TO DATE    0                         0      0        0
  SINCE MAR 1      0                         0      0        0
  SINCE JAN 1      0                         1     -1        0
..................................................................


WIND (MPH)
  HIGHEST WIND SPEED    25   HIGHEST WIND DIRECTION    SW (230)
  HIGHEST GUST SPEED    34   HIGHEST GUST DIRECTION    SW (230)
  AVERAGE WIND SPEED    12.0


SKY COVER
  POSSIBLE SUNSHINE  MM
  AVERAGE SKY COVER 0.9


WEATHER CONDITIONS
 THE FOLLOWING WEATHER WAS RECORDED YESTERDAY.
  RAIN
  LIGHT RAIN
  FOG
  FOG W/VISIBILITY <= 1/4 MILE


RELATIVE HUMIDITY (PERCENT)
 HIGHEST    96           800 AM
 LOWEST     61           500 PM
 AVERAGE    79

..........................................................


THE NORFOLK VA CLIMATE NORMALS FOR TODAY
                         NORMAL    RECORD    YEAR
 MAXIMUM TEMPERATURE (F)   55        84      1976
 MINIMUM TEMPERATURE (F)   38        21      1960


SUNRISE AND SUNSET
MARCH  5 2015.........SUNRISE   630 AM EST   SUNSET   603 PM EST
MARCH  6 2015.........SUNRISE   629 AM EST   SUNSET   604 PM EST


-  INDICATES NEGATIVE NUMBERS.
R  INDICATES RECORD WAS SET OR TIED.
MM INDICATES DATA IS MISSING.
T  INDICATES TRACE AMOUNT.




$$
