000
CDUS41 KBOX 040548
CLIORH


CLIMATE REPORT
NATIONAL WEATHER SERVICE TAUNTON MA
1238 AM EST SUN DEC 4 2016


...................................

...THE WORCESTER MA CLIMATE SUMMARY FOR DECEMBER 3 2016...

CLIMATE NORMAL PERIOD 1981 TO 2010
CLIMATE RECORD PERIOD 1892 TO 2016


WEATHER ITEM   OBSERVED TIME   RECORD YEAR NORMAL DEPARTURE LAST
                VALUE   (LST)  VALUE       VALUE  FROM      YEAR
                                                  NORMAL
..................................................................
TEMPERATURE (F)
 YESTERDAY
  MAXIMUM         40   1108 AM  63    2009  41     -1       49
  MINIMUM         29   1156 PM   0    1976  27      2       34
  AVERAGE         35                        34      1       42

PRECIPITATION (IN)
  YESTERDAY        0.00          1.69 1986   0.14  -0.14      T
  MONTH TO DATE    0.41                      0.40   0.01     0.51
  SINCE DEC 1      0.41                      0.40   0.01     0.51
  SINCE JAN 1     37.54                     44.65  -7.11    36.20

SNOWFALL (IN)
  YESTERDAY        0.0           6.1  1903   0.4   -0.4      0.0
  MONTH TO DATE    0.0                       1.0   -1.0      0.0
  SINCE DEC 1      0.0                       1.0   -1.0      0.0
  SINCE JUL 1      T                         3.8   -3.8       T
  SNOW DEPTH       0

DEGREE DAYS
 HEATING
  YESTERDAY       30                        31     -1       23
  MONTH TO DATE   78                        92    -14       78
  SINCE DEC 1     78                        92    -14       78
  SINCE JUL 1   1265                      1494   -229     1227

 COOLING
  YESTERDAY        0                         0      0        0
  MONTH TO DATE    0                         0      0        0
  SINCE DEC 1      0                         0      0        0
  SINCE JAN 1    663                       471    192      659
..................................................................


WIND (MPH)
  RESULTANT WIND SPEED  14   RESULTANT WIND DIRECTION   W (290)
  HIGHEST WIND SPEED    28   HIGHEST WIND DIRECTION    NW (320)
  HIGHEST GUST SPEED    36   HIGHEST GUST DIRECTION    NW (300)
  AVERAGE WIND SPEED    14.9


SKY COVER
  POSSIBLE SUNSHINE  MM
  AVERAGE SKY COVER 0.6


WEATHER CONDITIONS
 THE FOLLOWING WEATHER WAS RECORDED YESTERDAY.
  NO SIGNIFICANT WEATHER WAS OBSERVED.


RELATIVE HUMIDITY (PERCENT)
 HIGHEST    70          1200 AM
 LOWEST     54          1100 AM
 AVERAGE    62

..........................................................


THE WORCESTER MA CLIMATE NORMALS FOR TODAY
                         NORMAL    RECORD    YEAR
 MAXIMUM TEMPERATURE (F)   40        65      1998
                                             1982
                                             1941
 MINIMUM TEMPERATURE (F)   27        -9      1940


SUNRISE AND SUNSET
DECEMBER  4 2016......SUNRISE   700 AM EST   SUNSET   415 PM EST
DECEMBER  5 2016......SUNRISE   701 AM EST   SUNSET   415 PM EST


-  INDICATES NEGATIVE NUMBERS.
R  INDICATES RECORD WAS SET OR TIED.
MM INDICATES DATA IS MISSING.
T  INDICATES TRACE AMOUNT.




$$
