000
CDUS41 KBOX 190601
CLIORH


CLIMATE REPORT
NATIONAL WEATHER SERVICE TAUNTON MA
157 AM EDT FRI SEP 19 2014


...................................

...THE WORCESTER MA CLIMATE SUMMARY FOR SEPTEMBER 18 2014...

CLIMATE NORMAL PERIOD 1981 TO 2010
CLIMATE RECORD PERIOD 1892 TO 2014


WEATHER ITEM   OBSERVED TIME   RECORD YEAR NORMAL DEPARTURE LAST
                VALUE   (LST)  VALUE       VALUE  FROM      YEAR
                                                  NORMAL
..................................................................
TEMPERATURE (F)
 YESTERDAY
  MAXIMUM         69    139 PM  88    1906  69      0       68
  MINIMUM         48   1159 PM  34    1990  52     -4       45
  AVERAGE         59                        61     -2       57

PRECIPITATION (IN)
  YESTERDAY        T             2.53 2004   0.14  -0.14     0.00
  MONTH TO DATE    1.30                      2.17  -0.87     2.73
  SINCE SEP 1      1.30                      2.17  -0.87     2.73
  SINCE JAN 1     36.33                     33.53   2.80    35.75

SNOWFALL (IN)
  YESTERDAY        0.0           0.0  2002   0.0    0.0      0.0
                                      2001
                                      2000
  MONTH TO DATE    0.0                       0.0    0.0      0.0
  SINCE SEP 1      0.0                       0.0    0.0      0.0
  SINCE JUL 1      0.0                       0.0    0.0      0.0
  SNOW DEPTH       0

DEGREE DAYS
 HEATING
  YESTERDAY        6                         5      1        8
  MONTH TO DATE   73                        61     12       82
  SINCE SEP 1     73                        61     12       82
  SINCE JUL 1     93                       100     -7      101

 COOLING
  YESTERDAY        0                         1     -1        0
  MONTH TO DATE   52                        34     18       40
  SINCE SEP 1     52                        34     18       40
  SINCE JAN 1    414                       460    -46      571
..................................................................


WIND (MPH)
  RESULTANT WIND SPEED   7   RESULTANT WIND DIRECTION  NW (300)
  HIGHEST WIND SPEED    14   HIGHEST WIND DIRECTION    NW (300)
  HIGHEST GUST SPEED    23   HIGHEST GUST DIRECTION     W (290)
  AVERAGE WIND SPEED     8.6


SKY COVER
  POSSIBLE SUNSHINE  MM
  AVERAGE SKY COVER 0.3


WEATHER CONDITIONS
 THE FOLLOWING WEATHER WAS RECORDED YESTERDAY.
  NO SIGNIFICANT WEATHER WAS OBSERVED.


RELATIVE HUMIDITY (PERCENT)
 HIGHEST    83          1000 PM
 LOWEST     48          1100 AM
 AVERAGE    66

..........................................................


THE WORCESTER MA CLIMATE NORMALS FOR TODAY
                         NORMAL    RECORD    YEAR
 MAXIMUM TEMPERATURE (F)   69        88      1906
 MINIMUM TEMPERATURE (F)   52        30      1943


SUNRISE AND SUNSET
SEPTEMBER 19 2014.....SUNRISE   632 AM EDT   SUNSET   650 PM EDT
SEPTEMBER 20 2014.....SUNRISE   633 AM EDT   SUNSET   648 PM EDT


-  INDICATES NEGATIVE NUMBERS.
R  INDICATES RECORD WAS SET OR TIED.
MM INDICATES DATA IS MISSING.
T  INDICATES TRACE AMOUNT.




$$
