000
CDUS41 KBOX 282202
CLIORH


CLIMATE REPORT
NATIONAL WEATHER SERVICE TAUNTON MA
555 PM EDT FRI APR 28 2017


...................................

...THE WORCESTER MA CLIMATE SUMMARY FOR APRIL 28 2017...
VALID TODAY AS OF 0500 PM LOCAL TIME.

CLIMATE NORMAL PERIOD 1981 TO 2010
CLIMATE RECORD PERIOD 1892 TO 2017


WEATHER ITEM   OBSERVED TIME   RECORD YEAR NORMAL DEPARTURE LAST
                VALUE   (LST)  VALUE       VALUE  FROM      YEAR
                                                  NORMAL
..................................................................
TEMPERATURE (F)
 TODAY
  MAXIMUM         78    356 PM  90    1990  60     18       57
  MINIMUM         55    222 AM  24    1933  41     14       33
  AVERAGE         67                        51     16       45

PRECIPITATION (IN)
  TODAY            0.01          2.38 1988   0.13  -0.12     0.00
  MONTH TO DATE    4.71                      3.85   0.86     2.63
  SINCE MAR 1      8.72                      8.06   0.66     6.12
  SINCE JAN 1     15.07                     14.78   0.29    13.51

SNOWFALL (IN)
  TODAY            0.0          15.0  1987   0.0    0.0      0.0
  MONTH TO DATE    2.9                       2.7    0.2     10.0
  SINCE MAR 1     20.5                      14.1    6.4     15.5
  SINCE JUL 1     78.3                      64.0   14.3     47.2
  SNOW DEPTH       0

DEGREE DAYS
 HEATING
  TODAY            0                        14    -14       20
  MONTH TO DATE  448                       543    -95      569
  SINCE MAR 1   1528                      1482     46     1338
  SINCE JUL 1   5805                      6319   -514     5397

 COOLING
  TODAY            2                         0      2        0
  MONTH TO DATE    8                         0      8        4
  SINCE MAR 1      8                         0      8        4
  SINCE JAN 1      8                         0      8        4
..................................................................


WIND (MPH)
  HIGHEST WIND SPEED    20   HIGHEST WIND DIRECTION    SW (240)
  HIGHEST GUST SPEED    25   HIGHEST GUST DIRECTION    SW (240)
  AVERAGE WIND SPEED     8.1


SKY COVER
  POSSIBLE SUNSHINE  MM
  AVERAGE SKY COVER 0.7


WEATHER CONDITIONS
 THE FOLLOWING WEATHER WAS RECORDED TODAY.
  LIGHT RAIN
  FOG
  FOG W/VISIBILITY <= 1/4 MILE


RELATIVE HUMIDITY (PERCENT)
 HIGHEST   100           400 AM
 LOWEST     35           400 PM
 AVERAGE    68

..........................................................


THE WORCESTER MA CLIMATE NORMALS FOR TOMORROW
                         NORMAL    RECORD    YEAR
 MAXIMUM TEMPERATURE (F)   61        84      1901
 MINIMUM TEMPERATURE (F)   42        28      1939


SUNRISE AND SUNSET
APRIL 28 2017.........SUNRISE   547 AM EDT   SUNSET   744 PM EDT
APRIL 29 2017.........SUNRISE   545 AM EDT   SUNSET   745 PM EDT


-  INDICATES NEGATIVE NUMBERS.
R  INDICATES RECORD WAS SET OR TIED.
MM INDICATES DATA IS MISSING.
T  INDICATES TRACE AMOUNT.




$$
