000
CDUS41 KBOX 230545
CLIORH


CLIMATE REPORT
NATIONAL WEATHER SERVICE TAUNTON MA
145 AM EDT TUE AUG 23 2016


...................................

...THE WORCESTER MA CLIMATE SUMMARY FOR AUGUST 22 2016...

CLIMATE NORMAL PERIOD 1981 TO 2010
CLIMATE RECORD PERIOD 1892 TO 2016


WEATHER ITEM   OBSERVED TIME   RECORD YEAR NORMAL DEPARTURE LAST
                VALUE   (LST)  VALUE       VALUE  FROM      YEAR
                                                  NORMAL
..................................................................
TEMPERATURE (F)
 YESTERDAY
  MAXIMUM         73    244 PM  93    1916  77     -4       77
  MINIMUM         56   1159 PM  42    1894  60     -4       64
  AVERAGE         65                        68     -3       71

PRECIPITATION (IN)
  YESTERDAY        1.12          2.76 1935   0.11   1.01     0.00
  MONTH TO DATE    3.96                      2.73   1.23     3.17
  SINCE JUN 1      7.68                     11.15  -3.47    12.38
  SINCE JAN 1     23.40                     30.38  -6.98    26.68

SNOWFALL (IN)
  YESTERDAY        0.0           0.0  2002   0.0    0.0      0.0
                                      2001
                                      2000
  MONTH TO DATE    0.0                       0.0    0.0      0.0
  SINCE JUN 1      0.0                       0.0    0.0      0.0
  SINCE JUL 1      0.0                       0.0    0.0      0.0
  SNOW DEPTH       0

DEGREE DAYS
 HEATING
  YESTERDAY        0                         1     -1        0
  MONTH TO DATE    0                        13    -13        0
  SINCE JUN 1     60                       110    -50       95
  SINCE JUL 1      9                        27    -18        1

 COOLING
  YESTERDAY        0                         4     -4        6
  MONTH TO DATE  174                       112     62      145
  SINCE JUN 1    490                       371    119      452
  SINCE JAN 1    532                       393    139      518
..................................................................


WIND (MPH)
  RESULTANT WIND SPEED  13   RESULTANT WIND DIRECTION  NW (300)
  HIGHEST WIND SPEED    25   HIGHEST WIND DIRECTION    NW (300)
  HIGHEST GUST SPEED    33   HIGHEST GUST DIRECTION     W (290)
  AVERAGE WIND SPEED    14.1


SKY COVER
  POSSIBLE SUNSHINE  MM
  AVERAGE SKY COVER 0.3


WEATHER CONDITIONS
 THE FOLLOWING WEATHER WAS RECORDED YESTERDAY.
  HEAVY RAIN
  RAIN
  LIGHT RAIN
  FOG


RELATIVE HUMIDITY (PERCENT)
 HIGHEST   100          1200 AM
 LOWEST     44           100 PM
 AVERAGE    72

..........................................................


THE WORCESTER MA CLIMATE NORMALS FOR TODAY
                         NORMAL    RECORD    YEAR
 MAXIMUM TEMPERATURE (F)   77        94      1916
 MINIMUM TEMPERATURE (F)   60        44      1925


SUNRISE AND SUNSET
AUGUST 23 2016........SUNRISE   604 AM EDT   SUNSET   735 PM EDT
AUGUST 24 2016........SUNRISE   605 AM EDT   SUNSET   734 PM EDT


-  INDICATES NEGATIVE NUMBERS.
R  INDICATES RECORD WAS SET OR TIED.
MM INDICATES DATA IS MISSING.
T  INDICATES TRACE AMOUNT.




$$
