000
CDUS41 KBOX 060553
CLIORH


CLIMATE REPORT
NATIONAL WEATHER SERVICE TAUNTON MA
152 AM EDT MON JUL 6 2015


...................................

...THE WORCESTER MA CLIMATE SUMMARY FOR JULY 5 2015...

CLIMATE NORMAL PERIOD 1981 TO 2010
CLIMATE RECORD PERIOD 1892 TO 2015


WEATHER ITEM   OBSERVED TIME   RECORD YEAR NORMAL DEPARTURE LAST
                VALUE   (LST)  VALUE       VALUE  FROM      YEAR
                                                  NORMAL
..................................................................
TEMPERATURE (F)
 YESTERDAY
  MAXIMUM         81    232 PM  99    1911  78      3       75
  MINIMUM         57   1215 AM  45    1927  61     -4       57
                                      1926
  AVERAGE         69                        70     -1       66

PRECIPITATION (IN)
  YESTERDAY        0.00          1.95 1948   0.12  -0.12      T
  MONTH TO DATE    0.45                      0.61  -0.16     1.73
  SINCE JUN 1      6.80                      4.80   2.00     3.29
  SINCE JAN 1     21.10                     24.03  -2.93    24.48

SNOWFALL (IN)
  YESTERDAY        0.0           0.0  2002   0.0    0.0      0.0
                                      2001
                                      2000
  MONTH TO DATE    0.0                       0.0    0.0      0.0
  SINCE JUN 1      0.0                       0.0    0.0      0.0
  SINCE JUL 1      0.0                       0.0    0.0      0.0
  SNOW DEPTH      MM

DEGREE DAYS
 HEATING
  YESTERDAY        0                         1     -1        0
  MONTH TO DATE    0                         5     -5        0
  SINCE JUN 1     94                        88      6       45
  SINCE JUL 1      0                         5     -5        0

 COOLING
  YESTERDAY        4                         5     -1        1
  MONTH TO DATE   16                        25     -9       36
  SINCE JUN 1    100                       109     -9      120
  SINCE JAN 1    166                       131     35      128
..................................................................


WIND (MPH)
  RESULTANT WIND SPEED   8   RESULTANT WIND DIRECTION   W (270)
  HIGHEST WIND SPEED    16   HIGHEST WIND DIRECTION     W (270)
  HIGHEST GUST SPEED    20   HIGHEST GUST DIRECTION     W (280)
  AVERAGE WIND SPEED     9.0


SKY COVER
  POSSIBLE SUNSHINE  MM
  AVERAGE SKY COVER 0.0


WEATHER CONDITIONS
 THE FOLLOWING WEATHER WAS RECORDED YESTERDAY.
  NO SIGNIFICANT WEATHER WAS OBSERVED.


RELATIVE HUMIDITY (PERCENT)
 HIGHEST    86          1200 AM
 LOWEST     45           200 PM
 AVERAGE    66

..........................................................


THE WORCESTER MA CLIMATE NORMALS FOR TODAY
                         NORMAL    RECORD    YEAR
 MAXIMUM TEMPERATURE (F)   78        98      1911
 MINIMUM TEMPERATURE (F)   61        47      1979


SUNRISE AND SUNSET
JULY  6 2015..........SUNRISE   517 AM EDT   SUNSET   827 PM EDT
JULY  7 2015..........SUNRISE   518 AM EDT   SUNSET   826 PM EDT


-  INDICATES NEGATIVE NUMBERS.
R  INDICATES RECORD WAS SET OR TIED.
MM INDICATES DATA IS MISSING.
T  INDICATES TRACE AMOUNT.




$$
