000
CDUS41 KBOX 301235
CLIORH


CLIMATE REPORT
NATIONAL WEATHER SERVICE TAUNTON MA
835 AM EDT FRI SEP 30 2016


...................................

...THE WORCESTER MA CLIMATE SUMMARY FOR SEPTEMBER 29 2016...

CLIMATE NORMAL PERIOD 1981 TO 2010
CLIMATE RECORD PERIOD 1892 TO 2016


WEATHER ITEM   OBSERVED TIME   RECORD YEAR NORMAL DEPARTURE LAST
                VALUE   (LST)  VALUE       VALUE  FROM      YEAR
                                                  NORMAL
..................................................................
TEMPERATURE (F)
 YESTERDAY
  MAXIMUM         58    257 PM  84    1952  65     -7       79
                                      1929
  MINIMUM         48    654 AM  28    1947  48      0       61
  AVERAGE         53                        56     -3       70

PRECIPITATION (IN)
  YESTERDAY        0.00          2.19 1963   0.15  -0.15     0.13
  MONTH TO DATE    3.01                      3.77  -0.76     1.76
  SINCE SEP 1      3.01                      3.77  -0.76     1.76
  SINCE JAN 1     26.41                     35.13  -8.72    28.48

SNOWFALL (IN)
  YESTERDAY        0.0           0.0  2002   0.0    0.0      0.0
                                      2001
                                      2000
  MONTH TO DATE    0.0                       0.0    0.0      0.0
  SINCE SEP 1      0.0                       0.0    0.0      0.0
  SINCE JUL 1      0.0                       0.0    0.0      0.0
  SNOW DEPTH       0

DEGREE DAYS
 HEATING
  YESTERDAY       12                         9      3        0
  MONTH TO DATE   80                       143    -63       62
  SINCE SEP 1     80                       143    -63       62
  SINCE JUL 1     89                       182    -93       63

 COOLING
  YESTERDAY        0                         0      0        5
  MONTH TO DATE   75                        41     34      102
  SINCE SEP 1     75                        41     34      102
  SINCE JAN 1    663                       467    196      659
..................................................................


WIND (MPH)
  RESULTANT WIND SPEED  11   RESULTANT WIND DIRECTION  NE (50)
  HIGHEST WIND SPEED    20   HIGHEST WIND DIRECTION     E (70)
  HIGHEST GUST SPEED    27   HIGHEST GUST DIRECTION    NE (30)
  AVERAGE WIND SPEED    11.2


SKY COVER
  POSSIBLE SUNSHINE  MM
  AVERAGE SKY COVER 0.5


WEATHER CONDITIONS
 THE FOLLOWING WEATHER WAS RECORDED YESTERDAY.
  NO SIGNIFICANT WEATHER WAS OBSERVED.


RELATIVE HUMIDITY (PERCENT)
 HIGHEST    93           900 PM
 LOWEST     62           200 PM
 AVERAGE    78

..........................................................


THE WORCESTER MA CLIMATE NORMALS FOR TODAY
                         NORMAL    RECORD    YEAR
 MAXIMUM TEMPERATURE (F)   64        83      1986
 MINIMUM TEMPERATURE (F)   47        28      1941


SUNRISE AND SUNSET
SEPTEMBER 30 2016.....SUNRISE   644 AM EDT   SUNSET   630 PM EDT
OCTOBER  1 2016.......SUNRISE   645 AM EDT   SUNSET   628 PM EDT


-  INDICATES NEGATIVE NUMBERS.
R  INDICATES RECORD WAS SET OR TIED.
MM INDICATES DATA IS MISSING.
T  INDICATES TRACE AMOUNT.




$$
