000
CDUS41 KBOX 120558
CLIORH


CLIMATE REPORT
NATIONAL WEATHER SERVICE TAUNTON MA
1248 AM EST TUE DEC 12 2017


...................................

...THE WORCESTER MA CLIMATE SUMMARY FOR DECEMBER 11 2017...

CLIMATE NORMAL PERIOD 1981 TO 2010
CLIMATE RECORD PERIOD 1892 TO 2017


WEATHER ITEM   OBSERVED TIME   RECORD YEAR NORMAL DEPARTURE LAST
                VALUE   (LST)  VALUE       VALUE  FROM      YEAR
                                                  NORMAL
..................................................................
TEMPERATURE (F)
 YESTERDAY
  MAXIMUM         33    251 PM  62    1911  38     -5       30
  MINIMUM         26    650 AM  -2    1988  24      2       15
  AVERAGE         30                        31     -1       23

PRECIPITATION (IN)
  YESTERDAY        0.00          1.56 1969   0.13  -0.13     0.03
  MONTH TO DATE    1.56                      1.47   0.09     0.74
  SINCE DEC 1      1.56                      1.47   0.09     0.74
  SINCE JAN 1     43.98                     45.72  -1.74    37.87

SNOWFALL (IN)
  YESTERDAY        0.0          14.8  1992   0.4   -0.4      0.5
  MONTH TO DATE    7.1                       4.1    3.0      2.6
  SINCE DEC 1      7.1                       4.1    3.0      2.6
  SINCE JUL 1      7.1                       6.9    0.2      2.6
  SNOW DEPTH      MM

DEGREE DAYS
 HEATING
  YESTERDAY       35                        34      1       42
  MONTH TO DATE  334                       354    -20      365
  SINCE DEC 1    334                       354    -20      365
  SINCE JUL 1   1470                      1756   -286     1552

 COOLING
  YESTERDAY        0                         0      0        0
  MONTH TO DATE    0                         0      0        0
  SINCE DEC 1      0                         0      0        0
  SINCE JAN 1    533                       471     62      663
..................................................................


WIND (MPH)
  RESULTANT WIND SPEED   8   RESULTANT WIND DIRECTION   W (250)
  HIGHEST WIND SPEED    18   HIGHEST WIND DIRECTION     W (270)
  HIGHEST GUST SPEED    26   HIGHEST GUST DIRECTION     W (250)
  AVERAGE WIND SPEED     8.2


SKY COVER
  POSSIBLE SUNSHINE  MM
  AVERAGE SKY COVER 0.4


WEATHER CONDITIONS
 THE FOLLOWING WEATHER WAS RECORDED YESTERDAY.
  NO SIGNIFICANT WEATHER WAS OBSERVED.


RELATIVE HUMIDITY (PERCENT)
 HIGHEST    75           500 AM
 LOWEST     49           200 PM
 AVERAGE    62

..........................................................


THE WORCESTER MA CLIMATE NORMALS FOR TODAY
                         NORMAL    RECORD    YEAR
 MAXIMUM TEMPERATURE (F)   37        63      1911
                                             1899
 MINIMUM TEMPERATURE (F)   24        -4      1988


SUNRISE AND SUNSET
DECEMBER 12 2017......SUNRISE   707 AM EST   SUNSET   415 PM EST
DECEMBER 13 2017......SUNRISE   708 AM EST   SUNSET   416 PM EST


-  INDICATES NEGATIVE NUMBERS.
R  INDICATES RECORD WAS SET OR TIED.
MM INDICATES DATA IS MISSING.
T  INDICATES TRACE AMOUNT.




$$
