662
CDUS46 KMFR 171239
CLIOTH


CLIMATE REPORT
NATIONAL WEATHER SERVICE MEDFORD, OR
439 AM PST WED JAN 17 2018


...................................

...THE NORTH BEND OR CLIMATE SUMMARY FOR JANUARY 16 2018...

CLIMATE NORMAL PERIOD 1981 TO 2010
CLIMATE RECORD PERIOD 1902 TO 2018


WEATHER ITEM   OBSERVED TIME   RECORD YEAR NORMAL DEPARTURE LAST
                VALUE   (LST)  VALUE       VALUE  FROM      YEAR
                                                  NORMAL
..................................................................
TEMPERATURE (F)
 YESTERDAY
  MAXIMUM         58        MM  69    1985  52      6       57
                                      1944
  MINIMUM         44        MM  23    1917  40      4       37
  AVERAGE         51                        46      5       47

PRECIPITATION (IN)
  YESTERDAY        T             1.70 1974   0.34  -0.34     0.00
  MONTH TO DATE    0.48                      5.61  -5.13     5.36
  SINCE OCT 1     19.38                     31.70 -12.32    39.51
  SINCE JAN 1      0.48                      5.61  -5.13     5.36

SNOWFALL (IN)
  YESTERDAY       MM
  SNOW DEPTH      MM

DEGREE DAYS
 HEATING
  YESTERDAY       14                        19     -5       18
  MONTH TO DATE  233                       306    -73      375
  SINCE DEC 1    758                       915   -157     1033
  SINCE JUL 1   1913                      2367   -454     2029

 COOLING
  YESTERDAY        0                         0      0        0
  MONTH TO DATE    0                         0      0        0
  SINCE DEC 1      0                         0      0        0
  SINCE JAN 1      0                         0      0        0
..................................................................


WIND (MPH)
  HIGHEST WIND SPEED    10   HIGHEST WIND DIRECTION     S (180)
  HIGHEST GUST SPEED    MM   HIGHEST GUST DIRECTION    MM
  AVERAGE WIND SPEED     6.1


SKY COVER
  POSSIBLE SUNSHINE  MM
  AVERAGE SKY COVER 0.1


WEATHER CONDITIONS
 THE FOLLOWING WEATHER WAS RECORDED YESTERDAY.
  LIGHT RAIN


RELATIVE HUMIDITY (PERCENT)
 HIGHEST   100           600 AM
 LOWEST     67           300 PM

..........................................................


THE NORTH BEND OR CLIMATE NORMALS FOR TODAY
                         NORMAL    RECORD    YEAR
 MAXIMUM TEMPERATURE (F)   52        67      1981
 MINIMUM TEMPERATURE (F)   40        23      1917


SUNRISE AND SUNSET
JANUARY 17 2018.......SUNRISE   745 AM PST   SUNSET   509 PM PST
JANUARY 18 2018.......SUNRISE   745 AM PST   SUNSET   510 PM PST


-  INDICATES NEGATIVE NUMBERS.
R  INDICATES RECORD WAS SET OR TIED.
MM INDICATES DATA IS MISSING.
T  INDICATES TRACE AMOUNT.




$$
