000
CDUS46 KMFR 220837
CLIOTH


CLIMATE REPORT
NATIONAL WEATHER SERVICE MEDFORD, OR
1236 AM PST MON DEC 22 2014


...................................

...THE NORTH BEND OR CLIMATE SUMMARY FOR DECEMBER 21 2014...

CLIMATE NORMAL PERIOD 1981 TO 2010
CLIMATE RECORD PERIOD 1902 TO 2014


WEATHER ITEM   OBSERVED TIME   RECORD YEAR NORMAL DEPARTURE LAST
                VALUE   (LST)  VALUE       VALUE  FROM      YEAR
                                                  NORMAL
..................................................................
TEMPERATURE (F)
 YESTERDAY
  MAXIMUM         57        MM  68    1940  51      6       52
  MINIMUM         55        MM  13    1990  39     16       43
  AVERAGE         56                        45     11       48

PRECIPITATION (IN)
  YESTERDAY        0.52          2.14 1964   0.36   0.16     0.04
  MONTH TO DATE   10.86                      7.64   3.22     2.09
  SINCE SEP 1     23.25                     24.18  -0.93    11.50
  SINCE JAN 1     45.70                     61.42 -15.72    29.43

SNOWFALL (IN)
  YESTERDAY       MM
  SNOW DEPTH      MM

DEGREE DAYS
 HEATING
  YESTERDAY        9                        20    -11       17
  MONTH TO DATE  250                       413   -163      511
  SINCE DEC 1    250                       413   -163      511
  SINCE JUL 1   1126                      1865   -739     1626

 COOLING
  YESTERDAY        0                         0      0        0
  MONTH TO DATE    0                         0      0        0
  SINCE DEC 1      0                         0      0        0
  SINCE JAN 1     28                         2     26       13
..................................................................


WIND (MPH)
  HIGHEST WIND SPEED    18   HIGHEST WIND DIRECTION     W (250)
  HIGHEST GUST SPEED    25   HIGHEST GUST DIRECTION    SW (230)
  AVERAGE WIND SPEED    11.3


SKY COVER
  POSSIBLE SUNSHINE  MM
  AVERAGE SKY COVER 1.0


WEATHER CONDITIONS
 THE FOLLOWING WEATHER WAS RECORDED YESTERDAY.
  NO SIGNIFICANT WEATHER WAS OBSERVED.


RELATIVE HUMIDITY (PERCENT)
 HIGHEST   100          1200 AM
 LOWEST     93           700 AM

..........................................................


THE NORTH BEND OR CLIMATE NORMALS FOR TODAY
                         NORMAL    RECORD    YEAR
 MAXIMUM TEMPERATURE (F)   51        67      1999
 MINIMUM TEMPERATURE (F)   40        17      1990


SUNRISE AND SUNSET
DECEMBER 22 2014......SUNRISE   747 AM PST   SUNSET   444 PM PST
DECEMBER 23 2014......SUNRISE   747 AM PST   SUNSET   445 PM PST


-  INDICATES NEGATIVE NUMBERS.
R  INDICATES RECORD WAS SET OR TIED.
MM INDICATES DATA IS MISSING.
T  INDICATES TRACE AMOUNT.




$$
