000
CDUS46 KMFR 300933
CLIOTH


CLIMATE REPORT
NATIONAL WEATHER SERVICE MEDFORD, OR
233 AM PDT THU MAR 30 2017


...................................

...THE NORTH BEND OR CLIMATE SUMMARY FOR MARCH 29 2017...

CLIMATE NORMAL PERIOD 1981 TO 2010
CLIMATE RECORD PERIOD 1902 TO 2017


WEATHER ITEM   OBSERVED TIME   RECORD YEAR NORMAL DEPARTURE LAST
                VALUE   (LST)  VALUE       VALUE  FROM      YEAR
                                                  NORMAL
..................................................................
TEMPERATURE (F)
 YESTERDAY
  MAXIMUM         55        MM  79    1923  54      1       57
  MINIMUM         48        MM  23    1927  42      6       37
  AVERAGE         52                        48      4       47

PRECIPITATION (IN)
  YESTERDAY        0.62          1.64 1963   0.23   0.39     0.00
  MONTH TO DATE    9.93                      7.38   2.55     9.93
  SINCE OCT 1     67.73                     51.25  16.48    52.15
  SINCE JAN 1     33.58                     25.16   8.42    26.52

SNOWFALL (IN)
  YESTERDAY       MM
  SNOW DEPTH      MM

DEGREE DAYS
 HEATING
  YESTERDAY       13                        17     -4       18
  MONTH TO DATE  396                       502   -106      396
  SINCE MAR 1    396                       502   -106      396
  SINCE JUL 1   3172                      3676   -504     2721

 COOLING
  YESTERDAY        0                         0      0        0
  MONTH TO DATE    0                         0      0        0
  SINCE MAR 1      0                         0      0        0
  SINCE JAN 1      0                         0      0        2
..................................................................


WIND (MPH)
  HIGHEST WIND SPEED    14   HIGHEST WIND DIRECTION     W (260)
  HIGHEST GUST SPEED    24   HIGHEST GUST DIRECTION    SW (210)
  AVERAGE WIND SPEED    10.3


SKY COVER
  POSSIBLE SUNSHINE  MM
  AVERAGE SKY COVER 1.0


WEATHER CONDITIONS
 THE FOLLOWING WEATHER WAS RECORDED YESTERDAY.
  NO SIGNIFICANT WEATHER WAS OBSERVED.


RELATIVE HUMIDITY (PERCENT)
 HIGHEST   100          1000 AM
 LOWEST     77           500 AM

..........................................................


THE NORTH BEND OR CLIMATE NORMALS FOR TODAY
                         NORMAL    RECORD    YEAR
 MAXIMUM TEMPERATURE (F)   54        77      1911
 MINIMUM TEMPERATURE (F)   42        31      1936


SUNRISE AND SUNSET
MARCH 30 2017.........SUNRISE   702 AM PDT   SUNSET   742 PM PDT
MARCH 31 2017.........SUNRISE   700 AM PDT   SUNSET   743 PM PDT


-  INDICATES NEGATIVE NUMBERS.
R  INDICATES RECORD WAS SET OR TIED.
MM INDICATES DATA IS MISSING.
T  INDICATES TRACE AMOUNT.




$$
