000
CDUS43 KDMX 260644
CLIOTM

CLIMATE REPORT
NATIONAL WEATHER SERVICE DES MOINES IA
139 AM CDT FRI AUG 26 2016


...................................

...THE OTTUMWA IA CLIMATE SUMMARY FOR AUGUST 25 2016...

CLIMATE NORMAL PERIOD 1981 TO 2010
CLIMATE RECORD PERIOD 1920 TO 2016


WEATHER ITEM   OBSERVED TIME   RECORD YEAR NORMAL DEPARTURE LAST
                VALUE   (LST)  VALUE       VALUE  FROM      YEAR
                                                  NORMAL
..................................................................
TEMPERATURE (F)
 YESTERDAY
  MAXIMUM         78    327 PM 106    1936  83     -5       76
  MINIMUM         63   1159 PM  42    1934  61      2       50
  AVERAGE         71                        72     -1       63

PRECIPITATION (IN)
  YESTERDAY        0.43          3.21 1987   0.15   0.28     0.00
  MONTH TO DATE    3.74                      3.74   0.00     1.19
  SINCE JUN 1     10.21                     13.30  -3.09    15.73
  SINCE JAN 1     18.25                     25.83  -7.58    25.60

DEGREE DAYS
 HEATING
  YESTERDAY        0                         0      0        2
  MONTH TO DATE    0                         0      0       12
  SINCE JUN 1      8                        23    -15       28
  SINCE JUL 1      7                         2      5       18

 COOLING
  YESTERDAY        6                         7     -1        0
  MONTH TO DATE  227                       215     12      165
  SINCE JUN 1    775                       730     45      645
  SINCE JAN 1    846                       794     52      706
..................................................................


WIND (MPH)
  HIGHEST WIND SPEED    13   HIGHEST WIND DIRECTION     N (10)
  HIGHEST GUST SPEED    15   HIGHEST GUST DIRECTION     N (10)
  AVERAGE WIND SPEED     5.4


SKY COVER
  POSSIBLE SUNSHINE  MM
  AVERAGE SKY COVER 0.6


WEATHER CONDITIONS
 THE FOLLOWING WEATHER WAS RECORDED YESTERDAY.
  HEAVY RAIN
  RAIN
  LIGHT RAIN
  FOG


RELATIVE HUMIDITY (PERCENT)
 HIGHEST    93           400 AM
 LOWEST     60           200 PM
 AVERAGE    77

..........................................................


THE OTTUMWA IA CLIMATE NORMALS FOR TODAY
                         NORMAL    RECORD    YEAR
 MAXIMUM TEMPERATURE (F)   83       102      1983
 MINIMUM TEMPERATURE (F)   61        46      2015
                                             1934


SUNRISE AND SUNSET
AUGUST 26 2016........SUNRISE   631 AM CDT   SUNSET   751 PM CDT
AUGUST 27 2016........SUNRISE   632 AM CDT   SUNSET   750 PM CDT


-  INDICATES NEGATIVE NUMBERS.
R  INDICATES RECORD WAS SET OR TIED.
MM INDICATES DATA IS MISSING.
T  INDICATES TRACE AMOUNT.




$$
