000
CDUS43 KDMX 280630
CLIOTM

CLIMATE REPORT
NATIONAL WEATHER SERVICE DES MOINES IA
126 AM CDT SUN MAY 28 2017

...................................

...THE OTTUMWA IA CLIMATE SUMMARY FOR MAY 27 2017...

CLIMATE NORMAL PERIOD 1981 TO 2010
CLIMATE RECORD PERIOD 1920 TO 2017


WEATHER ITEM   OBSERVED TIME   RECORD YEAR NORMAL DEPARTURE LAST
                VALUE   (LST)  VALUE       VALUE  FROM      YEAR
                                                  NORMAL
..................................................................
TEMPERATURE (F)
 YESTERDAY
  MAXIMUM         76    251 PM  93    1977  76      0       82
  MINIMUM         54    418 AM  39    1992  54      0       60
  AVERAGE         65                        65      0       71

PRECIPITATION (IN)
  YESTERDAY        0.00          2.61 1973   0.15  -0.15     0.44
  MONTH TO DATE    2.61                      4.06  -1.45     2.62
  SINCE MAR 1     10.87                      9.70   1.17     6.49
  SINCE JAN 1     12.46                     11.88   0.58     7.79

DEGREE DAYS
 HEATING
  YESTERDAY        0                         3     -3        0
  MONTH TO DATE  156                       156      0      188
  SINCE MAR 1   1193                      1401   -208     1210
  SINCE JUL 1   5000                      6286  -1286     5264

 COOLING
  YESTERDAY        0                         3     -3        6
  MONTH TO DATE   45                        42      3       37
  SINCE MAR 1     60                        53      7       46
  SINCE JAN 1     60                        53      7       46
..................................................................


WIND (MPH)
  HIGHEST WIND SPEED    16   HIGHEST WIND DIRECTION     N (360)
  HIGHEST GUST SPEED    21   HIGHEST GUST DIRECTION     N (360)
  AVERAGE WIND SPEED     6.6


SKY COVER
  POSSIBLE SUNSHINE  MM
  AVERAGE SKY COVER 0.5


WEATHER CONDITIONS
 THE FOLLOWING WEATHER WAS RECORDED YESTERDAY.
  FOG
  FOG W/VISIBILITY <= 1/4 MILE


RELATIVE HUMIDITY (PERCENT)
 HIGHEST   100          1200 AM
 LOWEST     64           300 PM
 AVERAGE    82

..........................................................


THE OTTUMWA IA CLIMATE NORMALS FOR TODAY
                         NORMAL    RECORD    YEAR
 MAXIMUM TEMPERATURE (F)   76        93      2006
 MINIMUM TEMPERATURE (F)   55        35      1928


SUNRISE AND SUNSET
MAY 28 2017...........SUNRISE   542 AM CDT   SUNSET   833 PM CDT
MAY 29 2017...........SUNRISE   541 AM CDT   SUNSET   834 PM CDT


-  INDICATES NEGATIVE NUMBERS.
R  INDICATES RECORD WAS SET OR TIED.
MM INDICATES DATA IS MISSING.
T  INDICATES TRACE AMOUNT.

$$

ANSORGE
