000
CDUS43 KDMX 030632 RRB
CLIOTM

CLIMATE REPORT
NATIONAL WEATHER SERVICE DES MOINES IA
130 AM CDT THU SEP 3 2015


...................................

...THE OTTUMWA IA CLIMATE SUMMARY FOR SEPTEMBER 2 2015...

CLIMATE NORMAL PERIOD 1981 TO 2010
CLIMATE RECORD PERIOD 1920 TO 2015


WEATHER ITEM   OBSERVED TIME   RECORD YEAR NORMAL DEPARTURE LAST
                VALUE   (LST)  VALUE       VALUE  FROM      YEAR
                                                  NORMAL
..................................................................
TEMPERATURE (F)
 YESTERDAY
  MAXIMUM         86    337 PM 102    1897  81      5       79
  MINIMUM         70    836 AM  40    1946  59     11       59
  AVERAGE         78                        70      8       69

PRECIPITATION (IN)
  YESTERDAY        0.04          2.45 1918   0.14  -0.10     0.00
  MONTH TO DATE    0.04                      0.28  -0.24     0.06
  SINCE SEP 1      0.04                      0.28  -0.24     0.06
  SINCE JAN 1     25.09                     26.98  -1.89    34.21

DEGREE DAYS
 HEATING
  YESTERDAY        0                         1     -1        0
  MONTH TO DATE    0                         2     -2        0
  SINCE SEP 1      0                         2     -2        0
  SINCE JUL 1     22                        13      9       13

 COOLING
  YESTERDAY       13                         6      7        4
  MONTH TO DATE   27                        12     15       12
  SINCE SEP 1     27                        12     15       12
  SINCE JAN 1    755                       846    -91      744
..................................................................


WIND (MPH)
  HIGHEST WIND SPEED    16   HIGHEST WIND DIRECTION    SW (220)
  HIGHEST GUST SPEED    20   HIGHEST GUST DIRECTION    SW (210)
  AVERAGE WIND SPEED     8.5


SKY COVER
  POSSIBLE SUNSHINE  MM
  AVERAGE SKY COVER 0.1


WEATHER CONDITIONS
 THE FOLLOWING WEATHER WAS RECORDED YESTERDAY.
  RAIN
  FOG


RELATIVE HUMIDITY (PERCENT)
 HIGHEST   100           200 AM
 LOWEST     61           200 PM
 AVERAGE    81

..........................................................


THE OTTUMWA IA CLIMATE NORMALS FOR TODAY
                         NORMAL    RECORD    YEAR
 MAXIMUM TEMPERATURE (F)   81       100      1925
 MINIMUM TEMPERATURE (F)   58        40      1974


SUNRISE AND SUNSET
SEPTEMBER  3 2015.....SUNRISE   638 AM CDT   SUNSET   739 PM CDT
SEPTEMBER  4 2015.....SUNRISE   639 AM CDT   SUNSET   738 PM CDT


-  INDICATES NEGATIVE NUMBERS.
R  INDICATES RECORD WAS SET OR TIED.
MM INDICATES DATA IS MISSING.
T  INDICATES TRACE AMOUNT.




$$
