000
CDUS43 KDMX 220632 RRA
CLIOTM

CLIMATE REPORT
NATIONAL WEATHER SERVICE DES MOINES IA
128 AM CDT SAT JUL 22 2017


...................................

...THE OTTUMWA IA CLIMATE SUMMARY FOR JULY 21 2017...

CLIMATE NORMAL PERIOD 1981 TO 2010
CLIMATE RECORD PERIOD 1920 TO 2017


WEATHER ITEM   OBSERVED TIME   RECORD YEAR NORMAL DEPARTURE LAST
                VALUE   (LST)  VALUE       VALUE  FROM      YEAR
                                                  NORMAL
..................................................................
TEMPERATURE (F)
 YESTERDAY
  MAXIMUM         98    358 PM 110    1934  86     12       92
  MINIMUM         73    431 AM  47    1944  65      8       77
  AVERAGE         86                        75     11       85

PRECIPITATION (IN)
  YESTERDAY        T             2.52 1978   0.13  -0.13     0.00
  MONTH TO DATE    0.54                      3.13  -2.59     3.89
  SINCE JUN 1      1.51                      8.22  -6.71     6.47
  SINCE JAN 1     13.97                     20.75  -6.78    15.38

DEGREE DAYS
 HEATING
  YESTERDAY        0                         0      0        0
  MONTH TO DATE    0                         0      0        7
  SINCE JUN 1     10                        21    -11        8
  SINCE JUL 1      0                         0      0        7

 COOLING
  YESTERDAY       21                        10     11       20
  MONTH TO DATE  304                       210     94      176
  SINCE JUN 1    573                       411    162      450
  SINCE JAN 1    634                       475    159      521
..................................................................


WIND (MPH)
  HIGHEST WIND SPEED    20   HIGHEST WIND DIRECTION    SW (210)
  HIGHEST GUST SPEED    27   HIGHEST GUST DIRECTION     S (180)
  AVERAGE WIND SPEED    10.4


SKY COVER
  POSSIBLE SUNSHINE  MM
  AVERAGE SKY COVER 0.1


WEATHER CONDITIONS
 THE FOLLOWING WEATHER WAS RECORDED YESTERDAY.
  THUNDERSTORM
  HEAVY RAIN
  LIGHT RAIN
  FOG


RELATIVE HUMIDITY (PERCENT)
 HIGHEST    93           300 AM
 LOWEST     42           300 PM
 AVERAGE    68

..........................................................


THE OTTUMWA IA CLIMATE NORMALS FOR TODAY
                         NORMAL    RECORD    YEAR
 MAXIMUM TEMPERATURE (F)   86       108      1934
 MINIMUM TEMPERATURE (F)   65        46      1947


SUNRISE AND SUNSET
JULY 22 2017..........SUNRISE   556 AM CDT   SUNSET   836 PM CDT
JULY 23 2017..........SUNRISE   557 AM CDT   SUNSET   835 PM CDT


-  INDICATES NEGATIVE NUMBERS.
R  INDICATES RECORD WAS SET OR TIED.
MM INDICATES DATA IS MISSING.
T  INDICATES TRACE AMOUNT.




$$
