000
CDUS43 KDMX 270637 RRA
CLIOTM

CLIMATE REPORT
NATIONAL WEATHER SERVICE DES MOINES IA
1237 AM CST MON FEB 27 2017

...................................

...THE OTTUMWA IA CLIMATE SUMMARY FOR FEBRUARY 26 2017...

CLIMATE NORMAL PERIOD 1981 TO 2010
CLIMATE RECORD PERIOD 1920 TO 2017


WEATHER ITEM   OBSERVED TIME   RECORD YEAR NORMAL DEPARTURE LAST
                VALUE   (LST)  VALUE       VALUE  FROM      YEAR
                                                  NORMAL
..................................................................
TEMPERATURE (F)
 YESTERDAY
  MAXIMUM         51    214 PM  64    1932  41     10       45
  MINIMUM         29   1159 PM -12    1963  22      7       29
  AVERAGE         40                        31      9       37

PRECIPITATION (IN)
  YESTERDAY        T             1.00 1903   0.07  -0.07     0.00
  MONTH TO DATE    0.16                      1.15  -0.99     0.80
  SINCE DEC 1      2.68                      3.42  -0.74     5.33
  SINCE JAN 1      1.31                      2.05  -0.74     1.30

DEGREE DAYS
 HEATING
  YESTERDAY       25                        34     -9       28
  MONTH TO DATE  688                       995   -307      924
  SINCE DEC 1   2983                      3519   -536     2990
  SINCE JUL 1   3776                      4817  -1041     4001

 COOLING
  YESTERDAY        0                         0      0        0
  MONTH TO DATE    0                         0      0        0
  SINCE DEC 1      0                         0      0        0
  SINCE JAN 1      0                         0      0        0
..................................................................


WIND (MPH)
  HIGHEST WIND SPEED    26   HIGHEST WIND DIRECTION    SW (230)
  HIGHEST GUST SPEED    34   HIGHEST GUST DIRECTION    SW (230)
  AVERAGE WIND SPEED    11.6


SKY COVER
  POSSIBLE SUNSHINE  MM
  AVERAGE SKY COVER 0.6


WEATHER CONDITIONS
 THE FOLLOWING WEATHER WAS RECORDED YESTERDAY.
  LIGHT RAIN


RELATIVE HUMIDITY (PERCENT)
 HIGHEST    78          1100 PM
 LOWEST     39           200 PM
 AVERAGE    59

..........................................................


THE OTTUMWA IA CLIMATE NORMALS FOR TODAY
                         NORMAL    RECORD    YEAR
 MAXIMUM TEMPERATURE (F)   41        72      1976
 MINIMUM TEMPERATURE (F)   22       -23      1934


SUNRISE AND SUNSET
FEBRUARY 27 2017......SUNRISE   647 AM CST   SUNSET   559 PM CST
FEBRUARY 28 2017......SUNRISE   645 AM CST   SUNSET   600 PM CST


-  INDICATES NEGATIVE NUMBERS.
R  INDICATES RECORD WAS SET OR TIED.
MM INDICATES DATA IS MISSING.
T  INDICATES TRACE AMOUNT.

$$

SMALL
